I20260608 09:52:56.521472  5880 consensus_queue.cc:237] T 97c6a507a3ec4cbf8658b5013dbdf8ed P 7ee19c56fffa40a3a62ed60d7d80cec8 [LEADER]: Queue going to LEADER mode. State: All replicated index: 0, Majority replicated index: 3, Committed index: 3, Last appended: 1.3, Last appended by leader: 0, Current term: 1, Majority size: 2, State: 0, Mode: LEADER, active raft config: opid_index: 4 OBSOLETE_local: false peers { permanent_uuid: "6e988fbb1aa1431c992bd9cd87b1087f" member_type: VOTER last_known_addr { host: "127.2.174.2" port: 45593 } } peers { permanent_uuid: "7ee19c56fffa40a3a62ed60d7d80cec8" member_type: VOTER last_known_addr { host: "127.2.174.3" port: 38711 } } peers { permanent_uuid: "ef696d8325b64d35819ee9d5861182d6" member_type: VOTER last_known_addr { host: "127.2.174.4" port: 40859 } attrs { promote: false } }
I20260608 09:52:56.528971  6046 raft_consensus.cc:1275] T 97c6a507a3ec4cbf8658b5013dbdf8ed P ef696d8325b64d35819ee9d5861182d6 [term 1 FOLLOWER]: Refusing update from remote peer 7ee19c56fffa40a3a62ed60d7d80cec8: Log matching property violated. Preceding OpId in replica: term: 1 index: 3. Preceding OpId from leader: term: 1 index: 4. (index mismatch)
I20260608 09:52:56.530175  5804 raft_consensus.cc:1275] T 97c6a507a3ec4cbf8658b5013dbdf8ed P 6e988fbb1aa1431c992bd9cd87b1087f [term 1 FOLLOWER]: Refusing update from remote peer 7ee19c56fffa40a3a62ed60d7d80cec8: Log matching property violated. Preceding OpId in replica: term: 1 index: 3. Preceding OpId from leader: term: 1 index: 4. (index mismatch)
I20260608 09:52:56.531016  5977 consensus_queue.cc:1048] T 97c6a507a3ec4cbf8658b5013dbdf8ed P 7ee19c56fffa40a3a62ed60d7d80cec8 [LEADER]: Connected to new peer: Peer: permanent_uuid: "ef696d8325b64d35819ee9d5861182d6" member_type: VOTER last_known_addr { host: "127.2.174.4" port: 40859 } attrs { promote: false }, Status: LMP_MISMATCH, Last received: 0.0, Next index: 4, Last known committed idx: 3, Time since last communication: 0.001s
I20260608 09:52:56.532145  6136 consensus_queue.cc:1048] T 97c6a507a3ec4cbf8658b5013dbdf8ed P 7ee19c56fffa40a3a62ed60d7d80cec8 [LEADER]: Connected to new peer: Peer: permanent_uuid: "6e988fbb1aa1431c992bd9cd87b1087f" member_type: VOTER last_known_addr { host: "127.2.174.2" port: 45593 }, Status: LMP_MISMATCH, Last received: 0.0, Next index: 4, Last known committed idx: 3, Time since last communication: 0.000s
I20260608 09:52:56.539546  5977 raft_consensus.cc:2955] T 97c6a507a3ec4cbf8658b5013dbdf8ed P 7ee19c56fffa40a3a62ed60d7d80cec8 [term 1 LEADER]: Committing config change with OpId 1.4: config changed from index 3 to 4, VOTER 94015853156c454b97826cb75a94ad41 (127.2.174.1) evicted. New config: { opid_index: 4 OBSOLETE_local: false peers { permanent_uuid: "6e988fbb1aa1431c992bd9cd87b1087f" member_type: VOTER last_known_addr { host: "127.2.174.2" port: 45593 } } peers { permanent_uuid: "7ee19c56fffa40a3a62ed60d7d80cec8" member_type: VOTER last_known_addr { host: "127.2.174.3" port: 38711 } } peers { permanent_uuid: "ef696d8325b64d35819ee9d5861182d6" member_type: VOTER last_known_addr { host: "127.2.174.4" port: 40859 } attrs { promote: false } } }
I20260608 09:52:56.542519  6046 raft_consensus.cc:2955] T 97c6a507a3ec4cbf8658b5013dbdf8ed P ef696d8325b64d35819ee9d5861182d6 [term 1 FOLLOWER]: Committing config change with OpId 1.4: config changed from index 3 to 4, VOTER 94015853156c454b97826cb75a94ad41 (127.2.174.1) evicted. New config: { opid_index: 4 OBSOLETE_local: false peers { permanent_uuid: "6e988fbb1aa1431c992bd9cd87b1087f" member_type: VOTER last_known_addr { host: "127.2.174.2" port: 45593 } } peers { permanent_uuid: "7ee19c56fffa40a3a62ed60d7d80cec8" member_type: VOTER last_known_addr { host: "127.2.174.3" port: 38711 } } peers { permanent_uuid: "ef696d8325b64d35819ee9d5861182d6" member_type: VOTER last_known_addr { host: "127.2.174.4" port: 40859 } attrs { promote: false } } }
I20260608 09:52:56.546983  5807 raft_consensus.cc:2955] T 97c6a507a3ec4cbf8658b5013dbdf8ed P 6e988fbb1aa1431c992bd9cd87b1087f [term 1 FOLLOWER]: Committing config change with OpId 1.4: config changed from index 3 to 4, VOTER 94015853156c454b97826cb75a94ad41 (127.2.174.1) evicted. New config: { opid_index: 4 OBSOLETE_local: false peers { permanent_uuid: "6e988fbb1aa1431c992bd9cd87b1087f" member_type: VOTER last_known_addr { host: "127.2.174.2" port: 45593 } } peers { permanent_uuid: "7ee19c56fffa40a3a62ed60d7d80cec8" member_type: VOTER last_known_addr { host: "127.2.174.3" port: 38711 } } peers { permanent_uuid: "ef696d8325b64d35819ee9d5861182d6" member_type: VOTER last_known_addr { host: "127.2.174.4" port: 40859 } attrs { promote: false } } }
I20260608 09:52:56.550371  5614 catalog_manager.cc:5209] ChangeConfig:REMOVE_PEER RPC for tablet 97c6a507a3ec4cbf8658b5013dbdf8ed with cas_config_opid_index 3: ChangeConfig:REMOVE_PEER succeeded (attempt 1)
I20260608 09:52:56.556316  5626 catalog_manager.cc:5696] T 97c6a507a3ec4cbf8658b5013dbdf8ed P 7ee19c56fffa40a3a62ed60d7d80cec8 reported cstate change: config changed from index 3 to 4, VOTER 94015853156c454b97826cb75a94ad41 (127.2.174.1) evicted. New cstate: current_term: 1 leader_uuid: "7ee19c56fffa40a3a62ed60d7d80cec8" committed_config { opid_index: 4 OBSOLETE_local: false peers { permanent_uuid: "6e988fbb1aa1431c992bd9cd87b1087f" member_type: VOTER last_known_addr { host: "127.2.174.2" port: 45593 } health_report { overall_health: HEALTHY } } peers { permanent_uuid: "7ee19c56fffa40a3a62ed60d7d80cec8" member_type: VOTER last_known_addr { host: "127.2.174.3" port: 38711 } health_report { overall_health: HEALTHY } } peers { permanent_uuid: "ef696d8325b64d35819ee9d5861182d6" member_type: VOTER last_known_addr { host: "127.2.174.4" port: 40859 } attrs { promote: false } health_report { overall_health: HEALTHY } } }
I20260608 09:52:56.573634  5715 tablet_service.cc:1558] Processing DeleteTablet for tablet 97c6a507a3ec4cbf8658b5013dbdf8ed with delete_type TABLET_DATA_TOMBSTONED (TS 94015853156c454b97826cb75a94ad41 not found in new config with opid_index 4) from {username='slave'} at 127.0.0.1:57172
I20260608 09:52:56.582360  6191 tablet_replica.cc:333] T 97c6a507a3ec4cbf8658b5013dbdf8ed P 94015853156c454b97826cb75a94ad41: stopping tablet replica
I20260608 09:52:56.583676  6191 raft_consensus.cc:2243] T 97c6a507a3ec4cbf8658b5013dbdf8ed P 94015853156c454b97826cb75a94ad41 [term 1 FOLLOWER]: Raft consensus shutting down.
I20260608 09:52:56.584554  6191 raft_consensus.cc:2272] T 97c6a507a3ec4cbf8658b5013dbdf8ed P 94015853156c454b97826cb75a94ad41 [term 1 FOLLOWER]: Raft consensus is shut down!
I20260608 09:52:56.588207  6191 ts_tablet_manager.cc:1916] T 97c6a507a3ec4cbf8658b5013dbdf8ed P 94015853156c454b97826cb75a94ad41: Deleting tablet data with delete state TABLET_DATA_TOMBSTONED
I20260608 09:52:56.605108  6191 ts_tablet_manager.cc:1929] T 97c6a507a3ec4cbf8658b5013dbdf8ed P 94015853156c454b97826cb75a94ad41: tablet deleted with delete type TABLET_DATA_TOMBSTONED: last-logged OpId 1.3
I20260608 09:52:56.605697  6191 log.cc:1199] T 97c6a507a3ec4cbf8658b5013dbdf8ed P 94015853156c454b97826cb75a94ad41: Deleting WAL directory at /tmp/dist-test-task7KtysN/test-tmp/auto_rebalancer-test.0.AutoRebalancerTest.RangeAwareRebalancesNewRangeReplicas.1780912295470522-2744-0/minicluster-data/ts-0-root/wals/97c6a507a3ec4cbf8658b5013dbdf8ed
I20260608 09:52:56.607625  5613 catalog_manager.cc:5027] TS 94015853156c454b97826cb75a94ad41 (127.2.174.1:39559): tablet 97c6a507a3ec4cbf8658b5013dbdf8ed (table range_aware_rebalance_new_range [id=16ec970d9b234d5391e9e5b26e495526]) successfully deleted
I20260608 09:52:56.624899  5957 raft_consensus.cc:1064] T 040277368cb14dce80436228db5f1dff P 6e988fbb1aa1431c992bd9cd87b1087f: attempting to promote NON_VOTER ef696d8325b64d35819ee9d5861182d6 to VOTER
I20260608 09:52:56.627372  5957 consensus_queue.cc:237] T 040277368cb14dce80436228db5f1dff P 6e988fbb1aa1431c992bd9cd87b1087f [LEADER]: Queue going to LEADER mode. State: All replicated index: 0, Majority replicated index: 2, Committed index: 2, Last appended: 1.2, Last appended by leader: 0, Current term: 1, Majority size: 3, State: 0, Mode: LEADER, active raft config: opid_index: 3 OBSOLETE_local: false peers { permanent_uuid: "94015853156c454b97826cb75a94ad41" member_type: VOTER last_known_addr { host: "127.2.174.1" port: 39559 } attrs { replace: true } } peers { permanent_uuid: "6e988fbb1aa1431c992bd9cd87b1087f" member_type: VOTER last_known_addr { host: "127.2.174.2" port: 45593 } } peers { permanent_uuid: "7ee19c56fffa40a3a62ed60d7d80cec8" member_type: VOTER last_known_addr { host: "127.2.174.3" port: 38711 } } peers { permanent_uuid: "ef696d8325b64d35819ee9d5861182d6" member_type: VOTER last_known_addr { host: "127.2.174.4" port: 40859 } attrs { promote: false } }
I20260608 09:52:56.637987  6046 raft_consensus.cc:1275] T 040277368cb14dce80436228db5f1dff P ef696d8325b64d35819ee9d5861182d6 [term 1 LEARNER]: Refusing update from remote peer 6e988fbb1aa1431c992bd9cd87b1087f: Log matching property violated. Preceding OpId in replica: term: 1 index: 2. Preceding OpId from leader: term: 1 index: 3. (index mismatch)
I20260608 09:52:56.639014  5880 raft_consensus.cc:1275] T 040277368cb14dce80436228db5f1dff P 7ee19c56fffa40a3a62ed60d7d80cec8 [term 1 FOLLOWER]: Refusing update from remote peer 6e988fbb1aa1431c992bd9cd87b1087f: Log matching property violated. Preceding OpId in replica: term: 1 index: 2. Preceding OpId from leader: term: 1 index: 3. (index mismatch)
I20260608 09:52:56.639114  5730 raft_consensus.cc:1275] T 040277368cb14dce80436228db5f1dff P 94015853156c454b97826cb75a94ad41 [term 1 FOLLOWER]: Refusing update from remote peer 6e988fbb1aa1431c992bd9cd87b1087f: Log matching property violated. Preceding OpId in replica: term: 1 index: 2. Preceding OpId from leader: term: 1 index: 3. (index mismatch)
I20260608 09:52:56.639709  5960 consensus_queue.cc:1048] T 040277368cb14dce80436228db5f1dff P 6e988fbb1aa1431c992bd9cd87b1087f [LEADER]: Connected to new peer: Peer: permanent_uuid: "ef696d8325b64d35819ee9d5861182d6" member_type: VOTER last_known_addr { host: "127.2.174.4" port: 40859 } attrs { promote: false }, Status: LMP_MISMATCH, Last received: 0.0, Next index: 3, Last known committed idx: 2, Time since last communication: 0.001s
I20260608 09:52:56.641150  5939 consensus_queue.cc:1048] T 040277368cb14dce80436228db5f1dff P 6e988fbb1aa1431c992bd9cd87b1087f [LEADER]: Connected to new peer: Peer: permanent_uuid: "7ee19c56fffa40a3a62ed60d7d80cec8" member_type: VOTER last_known_addr { host: "127.2.174.3" port: 38711 }, Status: LMP_MISMATCH, Last received: 0.0, Next index: 3, Last known committed idx: 2, Time since last communication: 0.000s
I20260608 09:52:56.642525  6193 consensus_queue.cc:1048] T 040277368cb14dce80436228db5f1dff P 6e988fbb1aa1431c992bd9cd87b1087f [LEADER]: Connected to new peer: Peer: permanent_uuid: "94015853156c454b97826cb75a94ad41" member_type: VOTER last_known_addr { host: "127.2.174.1" port: 39559 } attrs { replace: true }, Status: LMP_MISMATCH, Last received: 0.0, Next index: 3, Last known committed idx: 2, Time since last communication: 0.001s
I20260608 09:52:56.665812  5939 raft_consensus.cc:2955] T 040277368cb14dce80436228db5f1dff P 6e988fbb1aa1431c992bd9cd87b1087f [term 1 LEADER]: Committing config change with OpId 1.3: config changed from index 2 to 3, ef696d8325b64d35819ee9d5861182d6 (127.2.174.4) changed from NON_VOTER to VOTER. New config: { opid_index: 3 OBSOLETE_local: false peers { permanent_uuid: "94015853156c454b97826cb75a94ad41" member_type: VOTER last_known_addr { host: "127.2.174.1" port: 39559 } attrs { replace: true } } peers { permanent_uuid: "6e988fbb1aa1431c992bd9cd87b1087f" member_type: VOTER last_known_addr { host: "127.2.174.2" port: 45593 } } peers { permanent_uuid: "7ee19c56fffa40a3a62ed60d7d80cec8" member_type: VOTER last_known_addr { host: "127.2.174.3" port: 38711 } } peers { permanent_uuid: "ef696d8325b64d35819ee9d5861182d6" member_type: VOTER last_known_addr { host: "127.2.174.4" port: 40859 } attrs { promote: false } } }
I20260608 09:52:56.667721  5730 raft_consensus.cc:2955] T 040277368cb14dce80436228db5f1dff P 94015853156c454b97826cb75a94ad41 [term 1 FOLLOWER]: Committing config change with OpId 1.3: config changed from index 2 to 3, ef696d8325b64d35819ee9d5861182d6 (127.2.174.4) changed from NON_VOTER to VOTER. New config: { opid_index: 3 OBSOLETE_local: false peers { permanent_uuid: "94015853156c454b97826cb75a94ad41" member_type: VOTER last_known_addr { host: "127.2.174.1" port: 39559 } attrs { replace: true } } peers { permanent_uuid: "6e988fbb1aa1431c992bd9cd87b1087f" member_type: VOTER last_known_addr { host: "127.2.174.2" port: 45593 } } peers { permanent_uuid: "7ee19c56fffa40a3a62ed60d7d80cec8" member_type: VOTER last_known_addr { host: "127.2.174.3" port: 38711 } } peers { permanent_uuid: "ef696d8325b64d35819ee9d5861182d6" member_type: VOTER last_known_addr { host: "127.2.174.4" port: 40859 } attrs { promote: false } } }
I20260608 09:52:56.675994  5880 raft_consensus.cc:2955] T 040277368cb14dce80436228db5f1dff P 7ee19c56fffa40a3a62ed60d7d80cec8 [term 1 FOLLOWER]: Committing config change with OpId 1.3: config changed from index 2 to 3, ef696d8325b64d35819ee9d5861182d6 (127.2.174.4) changed from NON_VOTER to VOTER. New config: { opid_index: 3 OBSOLETE_local: false peers { permanent_uuid: "94015853156c454b97826cb75a94ad41" member_type: VOTER last_known_addr { host: "127.2.174.1" port: 39559 } attrs { replace: true } } peers { permanent_uuid: "6e988fbb1aa1431c992bd9cd87b1087f" member_type: VOTER last_known_addr { host: "127.2.174.2" port: 45593 } } peers { permanent_uuid: "7ee19c56fffa40a3a62ed60d7d80cec8" member_type: VOTER last_known_addr { host: "127.2.174.3" port: 38711 } } peers { permanent_uuid: "ef696d8325b64d35819ee9d5861182d6" member_type: VOTER last_known_addr { host: "127.2.174.4" port: 40859 } attrs { promote: false } } }
I20260608 09:52:56.678103  6046 raft_consensus.cc:2955] T 040277368cb14dce80436228db5f1dff P ef696d8325b64d35819ee9d5861182d6 [term 1 FOLLOWER]: Committing config change with OpId 1.3: config changed from index 2 to 3, ef696d8325b64d35819ee9d5861182d6 (127.2.174.4) changed from NON_VOTER to VOTER. New config: { opid_index: 3 OBSOLETE_local: false peers { permanent_uuid: "94015853156c454b97826cb75a94ad41" member_type: VOTER last_known_addr { host: "127.2.174.1" port: 39559 } attrs { replace: true } } peers { permanent_uuid: "6e988fbb1aa1431c992bd9cd87b1087f" member_type: VOTER last_known_addr { host: "127.2.174.2" port: 45593 } } peers { permanent_uuid: "7ee19c56fffa40a3a62ed60d7d80cec8" member_type: VOTER last_known_addr { host: "127.2.174.3" port: 38711 } } peers { permanent_uuid: "ef696d8325b64d35819ee9d5861182d6" member_type: VOTER last_known_addr { host: "127.2.174.4" port: 40859 } attrs { promote: false } } }
I20260608 09:52:56.685185  5625 catalog_manager.cc:5696] T 040277368cb14dce80436228db5f1dff P 6e988fbb1aa1431c992bd9cd87b1087f reported cstate change: config changed from index 2 to 3, ef696d8325b64d35819ee9d5861182d6 (127.2.174.4) changed from NON_VOTER to VOTER. New cstate: current_term: 1 leader_uuid: "6e988fbb1aa1431c992bd9cd87b1087f" committed_config { opid_index: 3 OBSOLETE_local: false peers { permanent_uuid: "94015853156c454b97826cb75a94ad41" member_type: VOTER last_known_addr { host: "127.2.174.1" port: 39559 } attrs { replace: true } health_report { overall_health: HEALTHY } } peers { permanent_uuid: "6e988fbb1aa1431c992bd9cd87b1087f" member_type: VOTER last_known_addr { host: "127.2.174.2" port: 45593 } health_report { overall_health: HEALTHY } } peers { permanent_uuid: "7ee19c56fffa40a3a62ed60d7d80cec8" member_type: VOTER last_known_addr { host: "127.2.174.3" port: 38711 } health_report { overall_health: HEALTHY } } peers { permanent_uuid: "ef696d8325b64d35819ee9d5861182d6" member_type: VOTER last_known_addr { host: "127.2.174.4" port: 40859 } attrs { promote: false } health_report { overall_health: HEALTHY } } }
I20260608 09:52:56.703022  5807 consensus_queue.cc:237] T 040277368cb14dce80436228db5f1dff P 6e988fbb1aa1431c992bd9cd87b1087f [LEADER]: Queue going to LEADER mode. State: All replicated index: 0, Majority replicated index: 3, Committed index: 3, Last appended: 1.3, Last appended by leader: 0, Current term: 1, Majority size: 2, State: 0, Mode: LEADER, active raft config: opid_index: 4 OBSOLETE_local: false peers { permanent_uuid: "6e988fbb1aa1431c992bd9cd87b1087f" member_type: VOTER last_known_addr { host: "127.2.174.2" port: 45593 } } peers { permanent_uuid: "7ee19c56fffa40a3a62ed60d7d80cec8" member_type: VOTER last_known_addr { host: "127.2.174.3" port: 38711 } } peers { permanent_uuid: "ef696d8325b64d35819ee9d5861182d6" member_type: VOTER last_known_addr { host: "127.2.174.4" port: 40859 } attrs { promote: false } }
I20260608 09:52:56.711153  6045 raft_consensus.cc:1275] T 040277368cb14dce80436228db5f1dff P ef696d8325b64d35819ee9d5861182d6 [term 1 FOLLOWER]: Refusing update from remote peer 6e988fbb1aa1431c992bd9cd87b1087f: Log matching property violated. Preceding OpId in replica: term: 1 index: 3. Preceding OpId from leader: term: 1 index: 4. (index mismatch)
I20260608 09:52:56.713407  5960 consensus_queue.cc:1048] T 040277368cb14dce80436228db5f1dff P 6e988fbb1aa1431c992bd9cd87b1087f [LEADER]: Connected to new peer: Peer: permanent_uuid: "ef696d8325b64d35819ee9d5861182d6" member_type: VOTER last_known_addr { host: "127.2.174.4" port: 40859 } attrs { promote: false }, Status: LMP_MISMATCH, Last received: 0.0, Next index: 4, Last known committed idx: 3, Time since last communication: 0.000s
I20260608 09:52:56.714726  5880 raft_consensus.cc:1275] T 040277368cb14dce80436228db5f1dff P 7ee19c56fffa40a3a62ed60d7d80cec8 [term 1 FOLLOWER]: Refusing update from remote peer 6e988fbb1aa1431c992bd9cd87b1087f: Log matching property violated. Preceding OpId in replica: term: 1 index: 3. Preceding OpId from leader: term: 1 index: 4. (index mismatch)
I20260608 09:52:56.716130  5960 consensus_queue.cc:1048] T 040277368cb14dce80436228db5f1dff P 6e988fbb1aa1431c992bd9cd87b1087f [LEADER]: Connected to new peer: Peer: permanent_uuid: "7ee19c56fffa40a3a62ed60d7d80cec8" member_type: VOTER last_known_addr { host: "127.2.174.3" port: 38711 }, Status: LMP_MISMATCH, Last received: 0.0, Next index: 4, Last known committed idx: 3, Time since last communication: 0.000s
I20260608 09:52:56.720314  5939 raft_consensus.cc:2955] T 040277368cb14dce80436228db5f1dff P 6e988fbb1aa1431c992bd9cd87b1087f [term 1 LEADER]: Committing config change with OpId 1.4: config changed from index 3 to 4, VOTER 94015853156c454b97826cb75a94ad41 (127.2.174.1) evicted. New config: { opid_index: 4 OBSOLETE_local: false peers { permanent_uuid: "6e988fbb1aa1431c992bd9cd87b1087f" member_type: VOTER last_known_addr { host: "127.2.174.2" port: 45593 } } peers { permanent_uuid: "7ee19c56fffa40a3a62ed60d7d80cec8" member_type: VOTER last_known_addr { host: "127.2.174.3" port: 38711 } } peers { permanent_uuid: "ef696d8325b64d35819ee9d5861182d6" member_type: VOTER last_known_addr { host: "127.2.174.4" port: 40859 } attrs { promote: false } } }
I20260608 09:52:56.725548  5880 raft_consensus.cc:2955] T 040277368cb14dce80436228db5f1dff P 7ee19c56fffa40a3a62ed60d7d80cec8 [term 1 FOLLOWER]: Committing config change with OpId 1.4: config changed from index 3 to 4, VOTER 94015853156c454b97826cb75a94ad41 (127.2.174.1) evicted. New config: { opid_index: 4 OBSOLETE_local: false peers { permanent_uuid: "6e988fbb1aa1431c992bd9cd87b1087f" member_type: VOTER last_known_addr { host: "127.2.174.2" port: 45593 } } peers { permanent_uuid: "7ee19c56fffa40a3a62ed60d7d80cec8" member_type: VOTER last_known_addr { host: "127.2.174.3" port: 38711 } } peers { permanent_uuid: "ef696d8325b64d35819ee9d5861182d6" member_type: VOTER last_known_addr { host: "127.2.174.4" port: 40859 } attrs { promote: false } } }
I20260608 09:52:56.728120  5615 catalog_manager.cc:5209] ChangeConfig:REMOVE_PEER RPC for tablet 040277368cb14dce80436228db5f1dff with cas_config_opid_index 3: ChangeConfig:REMOVE_PEER succeeded (attempt 1)
I20260608 09:52:56.730155  6045 raft_consensus.cc:2955] T 040277368cb14dce80436228db5f1dff P ef696d8325b64d35819ee9d5861182d6 [term 1 FOLLOWER]: Committing config change with OpId 1.4: config changed from index 3 to 4, VOTER 94015853156c454b97826cb75a94ad41 (127.2.174.1) evicted. New config: { opid_index: 4 OBSOLETE_local: false peers { permanent_uuid: "6e988fbb1aa1431c992bd9cd87b1087f" member_type: VOTER last_known_addr { host: "127.2.174.2" port: 45593 } } peers { permanent_uuid: "7ee19c56fffa40a3a62ed60d7d80cec8" member_type: VOTER last_known_addr { host: "127.2.174.3" port: 38711 } } peers { permanent_uuid: "ef696d8325b64d35819ee9d5861182d6" member_type: VOTER last_known_addr { host: "127.2.174.4" port: 40859 } attrs { promote: false } } }
I20260608 09:52:56.734711  5624 catalog_manager.cc:5696] T 040277368cb14dce80436228db5f1dff P 6e988fbb1aa1431c992bd9cd87b1087f reported cstate change: config changed from index 3 to 4, VOTER 94015853156c454b97826cb75a94ad41 (127.2.174.1) evicted. New cstate: current_term: 1 leader_uuid: "6e988fbb1aa1431c992bd9cd87b1087f" committed_config { opid_index: 4 OBSOLETE_local: false peers { permanent_uuid: "6e988fbb1aa1431c992bd9cd87b1087f" member_type: VOTER last_known_addr { host: "127.2.174.2" port: 45593 } health_report { overall_health: HEALTHY } } peers { permanent_uuid: "7ee19c56fffa40a3a62ed60d7d80cec8" member_type: VOTER last_known_addr { host: "127.2.174.3" port: 38711 } health_report { overall_health: HEALTHY } } peers { permanent_uuid: "ef696d8325b64d35819ee9d5861182d6" member_type: VOTER last_known_addr { host: "127.2.174.4" port: 40859 } attrs { promote: false } health_report { overall_health: HEALTHY } } }
I20260608 09:52:56.750818  5715 tablet_service.cc:1558] Processing DeleteTablet for tablet 040277368cb14dce80436228db5f1dff with delete_type TABLET_DATA_TOMBSTONED (TS 94015853156c454b97826cb75a94ad41 not found in new config with opid_index 4) from {username='slave'} at 127.0.0.1:57172
I20260608 09:52:56.751842  6191 tablet_replica.cc:333] T 040277368cb14dce80436228db5f1dff P 94015853156c454b97826cb75a94ad41: stopping tablet replica
I20260608 09:52:56.752889  6191 raft_consensus.cc:2243] T 040277368cb14dce80436228db5f1dff P 94015853156c454b97826cb75a94ad41 [term 1 FOLLOWER]: Raft consensus shutting down.
I20260608 09:52:56.753620  6191 raft_consensus.cc:2272] T 040277368cb14dce80436228db5f1dff P 94015853156c454b97826cb75a94ad41 [term 1 FOLLOWER]: Raft consensus is shut down!
I20260608 09:52:56.757539  6191 ts_tablet_manager.cc:1916] T 040277368cb14dce80436228db5f1dff P 94015853156c454b97826cb75a94ad41: Deleting tablet data with delete state TABLET_DATA_TOMBSTONED
I20260608 09:52:56.768837  6191 ts_tablet_manager.cc:1929] T 040277368cb14dce80436228db5f1dff P 94015853156c454b97826cb75a94ad41: tablet deleted with delete type TABLET_DATA_TOMBSTONED: last-logged OpId 1.3
I20260608 09:52:56.769158  6191 log.cc:1199] T 040277368cb14dce80436228db5f1dff P 94015853156c454b97826cb75a94ad41: Deleting WAL directory at /tmp/dist-test-task7KtysN/test-tmp/auto_rebalancer-test.0.AutoRebalancerTest.RangeAwareRebalancesNewRangeReplicas.1780912295470522-2744-0/minicluster-data/ts-0-root/wals/040277368cb14dce80436228db5f1dff
I20260608 09:52:56.770778  5613 catalog_manager.cc:5027] TS 94015853156c454b97826cb75a94ad41 (127.2.174.1:39559): tablet 040277368cb14dce80436228db5f1dff (table range_aware_rebalance_new_range [id=16ec970d9b234d5391e9e5b26e495526]) successfully deleted
I20260608 09:52:56.801033  6178 raft_consensus.cc:1064] T 3dfa84dca9894685bbdad9fb39e9a4cb P 7ee19c56fffa40a3a62ed60d7d80cec8: attempting to promote NON_VOTER ef696d8325b64d35819ee9d5861182d6 to VOTER
I20260608 09:52:56.803239  6178 consensus_queue.cc:237] T 3dfa84dca9894685bbdad9fb39e9a4cb P 7ee19c56fffa40a3a62ed60d7d80cec8 [LEADER]: Queue going to LEADER mode. State: All replicated index: 0, Majority replicated index: 2, Committed index: 2, Last appended: 1.2, Last appended by leader: 0, Current term: 1, Majority size: 3, State: 0, Mode: LEADER, active raft config: opid_index: 3 OBSOLETE_local: false peers { permanent_uuid: "94015853156c454b97826cb75a94ad41" member_type: VOTER last_known_addr { host: "127.2.174.1" port: 39559 } } peers { permanent_uuid: "6e988fbb1aa1431c992bd9cd87b1087f" member_type: VOTER last_known_addr { host: "127.2.174.2" port: 45593 } attrs { replace: true } } peers { permanent_uuid: "7ee19c56fffa40a3a62ed60d7d80cec8" member_type: VOTER last_known_addr { host: "127.2.174.3" port: 38711 } } peers { permanent_uuid: "ef696d8325b64d35819ee9d5861182d6" member_type: VOTER last_known_addr { host: "127.2.174.4" port: 40859 } attrs { promote: false } }
I20260608 09:52:56.809948  5807 raft_consensus.cc:1275] T 3dfa84dca9894685bbdad9fb39e9a4cb P 6e988fbb1aa1431c992bd9cd87b1087f [term 1 FOLLOWER]: Refusing update from remote peer 7ee19c56fffa40a3a62ed60d7d80cec8: Log matching property violated. Preceding OpId in replica: term: 1 index: 2. Preceding OpId from leader: term: 1 index: 3. (index mismatch)
I20260608 09:52:56.810688  6045 raft_consensus.cc:1275] T 3dfa84dca9894685bbdad9fb39e9a4cb P ef696d8325b64d35819ee9d5861182d6 [term 1 LEARNER]: Refusing update from remote peer 7ee19c56fffa40a3a62ed60d7d80cec8: Log matching property violated. Preceding OpId in replica: term: 1 index: 2. Preceding OpId from leader: term: 1 index: 3. (index mismatch)
I20260608 09:52:56.811532  5730 raft_consensus.cc:1275] T 3dfa84dca9894685bbdad9fb39e9a4cb P 94015853156c454b97826cb75a94ad41 [term 1 FOLLOWER]: Refusing update from remote peer 7ee19c56fffa40a3a62ed60d7d80cec8: Log matching property violated. Preceding OpId in replica: term: 1 index: 2. Preceding OpId from leader: term: 1 index: 3. (index mismatch)
I20260608 09:52:56.811575  6178 consensus_queue.cc:1048] T 3dfa84dca9894685bbdad9fb39e9a4cb P 7ee19c56fffa40a3a62ed60d7d80cec8 [LEADER]: Connected to new peer: Peer: permanent_uuid: "6e988fbb1aa1431c992bd9cd87b1087f" member_type: VOTER last_known_addr { host: "127.2.174.2" port: 45593 } attrs { replace: true }, Status: LMP_MISMATCH, Last received: 0.0, Next index: 3, Last known committed idx: 2, Time since last communication: 0.001s
I20260608 09:52:56.812732  5977 consensus_queue.cc:1048] T 3dfa84dca9894685bbdad9fb39e9a4cb P 7ee19c56fffa40a3a62ed60d7d80cec8 [LEADER]: Connected to new peer: Peer: permanent_uuid: "ef696d8325b64d35819ee9d5861182d6" member_type: VOTER last_known_addr { host: "127.2.174.4" port: 40859 } attrs { promote: false }, Status: LMP_MISMATCH, Last received: 0.0, Next index: 3, Last known committed idx: 2, Time since last communication: 0.000s
I20260608 09:52:56.813591  6136 consensus_queue.cc:1048] T 3dfa84dca9894685bbdad9fb39e9a4cb P 7ee19c56fffa40a3a62ed60d7d80cec8 [LEADER]: Connected to new peer: Peer: permanent_uuid: "94015853156c454b97826cb75a94ad41" member_type: VOTER last_known_addr { host: "127.2.174.1" port: 39559 }, Status: LMP_MISMATCH, Last received: 0.0, Next index: 3, Last known committed idx: 2, Time since last communication: 0.000s
I20260608 09:52:56.836359  5977 raft_consensus.cc:2955] T 3dfa84dca9894685bbdad9fb39e9a4cb P 7ee19c56fffa40a3a62ed60d7d80cec8 [term 1 LEADER]: Committing config change with OpId 1.3: config changed from index 2 to 3, ef696d8325b64d35819ee9d5861182d6 (127.2.174.4) changed from NON_VOTER to VOTER. New config: { opid_index: 3 OBSOLETE_local: false peers { permanent_uuid: "94015853156c454b97826cb75a94ad41" member_type: VOTER last_known_addr { host: "127.2.174.1" port: 39559 } } peers { permanent_uuid: "6e988fbb1aa1431c992bd9cd87b1087f" member_type: VOTER last_known_addr { host: "127.2.174.2" port: 45593 } attrs { replace: true } } peers { permanent_uuid: "7ee19c56fffa40a3a62ed60d7d80cec8" member_type: VOTER last_known_addr { host: "127.2.174.3" port: 38711 } } peers { permanent_uuid: "ef696d8325b64d35819ee9d5861182d6" member_type: VOTER last_known_addr { host: "127.2.174.4" port: 40859 } attrs { promote: false } } }
I20260608 09:52:56.838598  6045 raft_consensus.cc:2955] T 3dfa84dca9894685bbdad9fb39e9a4cb P ef696d8325b64d35819ee9d5861182d6 [term 1 FOLLOWER]: Committing config change with OpId 1.3: config changed from index 2 to 3, ef696d8325b64d35819ee9d5861182d6 (127.2.174.4) changed from NON_VOTER to VOTER. New config: { opid_index: 3 OBSOLETE_local: false peers { permanent_uuid: "94015853156c454b97826cb75a94ad41" member_type: VOTER last_known_addr { host: "127.2.174.1" port: 39559 } } peers { permanent_uuid: "6e988fbb1aa1431c992bd9cd87b1087f" member_type: VOTER last_known_addr { host: "127.2.174.2" port: 45593 } attrs { replace: true } } peers { permanent_uuid: "7ee19c56fffa40a3a62ed60d7d80cec8" member_type: VOTER last_known_addr { host: "127.2.174.3" port: 38711 } } peers { permanent_uuid: "ef696d8325b64d35819ee9d5861182d6" member_type: VOTER last_known_addr { host: "127.2.174.4" port: 40859 } attrs { promote: false } } }
I20260608 09:52:56.840642  5807 raft_consensus.cc:2955] T 3dfa84dca9894685bbdad9fb39e9a4cb P 6e988fbb1aa1431c992bd9cd87b1087f [term 1 FOLLOWER]: Committing config change with OpId 1.3: config changed from index 2 to 3, ef696d8325b64d35819ee9d5861182d6 (127.2.174.4) changed from NON_VOTER to VOTER. New config: { opid_index: 3 OBSOLETE_local: false peers { permanent_uuid: "94015853156c454b97826cb75a94ad41" member_type: VOTER last_known_addr { host: "127.2.174.1" port: 39559 } } peers { permanent_uuid: "6e988fbb1aa1431c992bd9cd87b1087f" member_type: VOTER last_known_addr { host: "127.2.174.2" port: 45593 } attrs { replace: true } } peers { permanent_uuid: "7ee19c56fffa40a3a62ed60d7d80cec8" member_type: VOTER last_known_addr { host: "127.2.174.3" port: 38711 } } peers { permanent_uuid: "ef696d8325b64d35819ee9d5861182d6" member_type: VOTER last_known_addr { host: "127.2.174.4" port: 40859 } attrs { promote: false } } }
I20260608 09:52:56.852648  5730 raft_consensus.cc:2955] T 3dfa84dca9894685bbdad9fb39e9a4cb P 94015853156c454b97826cb75a94ad41 [term 1 FOLLOWER]: Committing config change with OpId 1.3: config changed from index 2 to 3, ef696d8325b64d35819ee9d5861182d6 (127.2.174.4) changed from NON_VOTER to VOTER. New config: { opid_index: 3 OBSOLETE_local: false peers { permanent_uuid: "94015853156c454b97826cb75a94ad41" member_type: VOTER last_known_addr { host: "127.2.174.1" port: 39559 } } peers { permanent_uuid: "6e988fbb1aa1431c992bd9cd87b1087f" member_type: VOTER last_known_addr { host: "127.2.174.2" port: 45593 } attrs { replace: true } } peers { permanent_uuid: "7ee19c56fffa40a3a62ed60d7d80cec8" member_type: VOTER last_known_addr { host: "127.2.174.3" port: 38711 } } peers { permanent_uuid: "ef696d8325b64d35819ee9d5861182d6" member_type: VOTER last_known_addr { host: "127.2.174.4" port: 40859 } attrs { promote: false } } }
I20260608 09:52:56.858146  5629 catalog_manager.cc:5696] T 3dfa84dca9894685bbdad9fb39e9a4cb P ef696d8325b64d35819ee9d5861182d6 reported cstate change: config changed from index 2 to 3, ef696d8325b64d35819ee9d5861182d6 (127.2.174.4) changed from NON_VOTER to VOTER. New cstate: current_term: 1 leader_uuid: "7ee19c56fffa40a3a62ed60d7d80cec8" committed_config { opid_index: 3 OBSOLETE_local: false peers { permanent_uuid: "94015853156c454b97826cb75a94ad41" member_type: VOTER last_known_addr { host: "127.2.174.1" port: 39559 } } peers { permanent_uuid: "6e988fbb1aa1431c992bd9cd87b1087f" member_type: VOTER last_known_addr { host: "127.2.174.2" port: 45593 } attrs { replace: true } } peers { permanent_uuid: "7ee19c56fffa40a3a62ed60d7d80cec8" member_type: VOTER last_known_addr { host: "127.2.174.3" port: 38711 } } peers { permanent_uuid: "ef696d8325b64d35819ee9d5861182d6" member_type: VOTER last_known_addr { host: "127.2.174.4" port: 40859 } attrs { promote: false } } }
I20260608 09:52:56.876699  5880 consensus_queue.cc:237] T 3dfa84dca9894685bbdad9fb39e9a4cb P 7ee19c56fffa40a3a62ed60d7d80cec8 [LEADER]: Queue going to LEADER mode. State: All replicated index: 0, Majority replicated index: 3, Committed index: 3, Last appended: 1.3, Last appended by leader: 0, Current term: 1, Majority size: 2, State: 0, Mode: LEADER, active raft config: opid_index: 4 OBSOLETE_local: false peers { permanent_uuid: "94015853156c454b97826cb75a94ad41" member_type: VOTER last_known_addr { host: "127.2.174.1" port: 39559 } } peers { permanent_uuid: "7ee19c56fffa40a3a62ed60d7d80cec8" member_type: VOTER last_known_addr { host: "127.2.174.3" port: 38711 } } peers { permanent_uuid: "ef696d8325b64d35819ee9d5861182d6" member_type: VOTER last_known_addr { host: "127.2.174.4" port: 40859 } attrs { promote: false } }
I20260608 09:52:56.882784  6045 raft_consensus.cc:1275] T 3dfa84dca9894685bbdad9fb39e9a4cb P ef696d8325b64d35819ee9d5861182d6 [term 1 FOLLOWER]: Refusing update from remote peer 7ee19c56fffa40a3a62ed60d7d80cec8: Log matching property violated. Preceding OpId in replica: term: 1 index: 3. Preceding OpId from leader: term: 1 index: 4. (index mismatch)
I20260608 09:52:56.883576  5730 raft_consensus.cc:1275] T 3dfa84dca9894685bbdad9fb39e9a4cb P 94015853156c454b97826cb75a94ad41 [term 1 FOLLOWER]: Refusing update from remote peer 7ee19c56fffa40a3a62ed60d7d80cec8: Log matching property violated. Preceding OpId in replica: term: 1 index: 3. Preceding OpId from leader: term: 1 index: 4. (index mismatch)
I20260608 09:52:56.885142  5977 consensus_queue.cc:1048] T 3dfa84dca9894685bbdad9fb39e9a4cb P 7ee19c56fffa40a3a62ed60d7d80cec8 [LEADER]: Connected to new peer: Peer: permanent_uuid: "ef696d8325b64d35819ee9d5861182d6" member_type: VOTER last_known_addr { host: "127.2.174.4" port: 40859 } attrs { promote: false }, Status: LMP_MISMATCH, Last received: 0.0, Next index: 4, Last known committed idx: 3, Time since last communication: 0.000s
I20260608 09:52:56.886070  6178 consensus_queue.cc:1048] T 3dfa84dca9894685bbdad9fb39e9a4cb P 7ee19c56fffa40a3a62ed60d7d80cec8 [LEADER]: Connected to new peer: Peer: permanent_uuid: "94015853156c454b97826cb75a94ad41" member_type: VOTER last_known_addr { host: "127.2.174.1" port: 39559 }, Status: LMP_MISMATCH, Last received: 0.0, Next index: 4, Last known committed idx: 3, Time since last communication: 0.000s
I20260608 09:52:56.897883  6178 raft_consensus.cc:2955] T 3dfa84dca9894685bbdad9fb39e9a4cb P 7ee19c56fffa40a3a62ed60d7d80cec8 [term 1 LEADER]: Committing config change with OpId 1.4: config changed from index 3 to 4, VOTER 6e988fbb1aa1431c992bd9cd87b1087f (127.2.174.2) evicted. New config: { opid_index: 4 OBSOLETE_local: false peers { permanent_uuid: "94015853156c454b97826cb75a94ad41" member_type: VOTER last_known_addr { host: "127.2.174.1" port: 39559 } } peers { permanent_uuid: "7ee19c56fffa40a3a62ed60d7d80cec8" member_type: VOTER last_known_addr { host: "127.2.174.3" port: 38711 } } peers { permanent_uuid: "ef696d8325b64d35819ee9d5861182d6" member_type: VOTER last_known_addr { host: "127.2.174.4" port: 40859 } attrs { promote: false } } }
I20260608 09:52:56.899852  6045 raft_consensus.cc:2955] T 3dfa84dca9894685bbdad9fb39e9a4cb P ef696d8325b64d35819ee9d5861182d6 [term 1 FOLLOWER]: Committing config change with OpId 1.4: config changed from index 3 to 4, VOTER 6e988fbb1aa1431c992bd9cd87b1087f (127.2.174.2) evicted. New config: { opid_index: 4 OBSOLETE_local: false peers { permanent_uuid: "94015853156c454b97826cb75a94ad41" member_type: VOTER last_known_addr { host: "127.2.174.1" port: 39559 } } peers { permanent_uuid: "7ee19c56fffa40a3a62ed60d7d80cec8" member_type: VOTER last_known_addr { host: "127.2.174.3" port: 38711 } } peers { permanent_uuid: "ef696d8325b64d35819ee9d5861182d6" member_type: VOTER last_known_addr { host: "127.2.174.4" port: 40859 } attrs { promote: false } } }
I20260608 09:52:56.900974  5731 raft_consensus.cc:2955] T 3dfa84dca9894685bbdad9fb39e9a4cb P 94015853156c454b97826cb75a94ad41 [term 1 FOLLOWER]: Committing config change with OpId 1.4: config changed from index 3 to 4, VOTER 6e988fbb1aa1431c992bd9cd87b1087f (127.2.174.2) evicted. New config: { opid_index: 4 OBSOLETE_local: false peers { permanent_uuid: "94015853156c454b97826cb75a94ad41" member_type: VOTER last_known_addr { host: "127.2.174.1" port: 39559 } } peers { permanent_uuid: "7ee19c56fffa40a3a62ed60d7d80cec8" member_type: VOTER last_known_addr { host: "127.2.174.3" port: 38711 } } peers { permanent_uuid: "ef696d8325b64d35819ee9d5861182d6" member_type: VOTER last_known_addr { host: "127.2.174.4" port: 40859 } attrs { promote: false } } }
I20260608 09:52:56.913086  5682 auto_leader_rebalancer.cc:140] leader rebalance for table range_aware_rebalance_new_range
I20260608 09:52:56.916936  5624 catalog_manager.cc:5696] T 3dfa84dca9894685bbdad9fb39e9a4cb P ef696d8325b64d35819ee9d5861182d6 reported cstate change: config changed from index 3 to 4, VOTER 6e988fbb1aa1431c992bd9cd87b1087f (127.2.174.2) evicted. New cstate: current_term: 1 leader_uuid: "7ee19c56fffa40a3a62ed60d7d80cec8" committed_config { opid_index: 4 OBSOLETE_local: false peers { permanent_uuid: "94015853156c454b97826cb75a94ad41" member_type: VOTER last_known_addr { host: "127.2.174.1" port: 39559 } } peers { permanent_uuid: "7ee19c56fffa40a3a62ed60d7d80cec8" member_type: VOTER last_known_addr { host: "127.2.174.3" port: 38711 } } peers { permanent_uuid: "ef696d8325b64d35819ee9d5861182d6" member_type: VOTER last_known_addr { host: "127.2.174.4" port: 40859 } attrs { promote: false } } }
I20260608 09:52:56.925343  5614 catalog_manager.cc:5209] ChangeConfig:REMOVE_PEER RPC for tablet 3dfa84dca9894685bbdad9fb39e9a4cb with cas_config_opid_index 3: ChangeConfig:REMOVE_PEER succeeded (attempt 1)
I20260608 09:52:56.932350  5793 tablet_service.cc:1558] Processing DeleteTablet for tablet 3dfa84dca9894685bbdad9fb39e9a4cb with delete_type TABLET_DATA_TOMBSTONED (TS 6e988fbb1aa1431c992bd9cd87b1087f not found in new config with opid_index 4) from {username='slave'} at 127.0.0.1:51404
I20260608 09:52:56.937323  6204 tablet_replica.cc:333] T 3dfa84dca9894685bbdad9fb39e9a4cb P 6e988fbb1aa1431c992bd9cd87b1087f: stopping tablet replica
I20260608 09:52:56.938591  6204 raft_consensus.cc:2243] T 3dfa84dca9894685bbdad9fb39e9a4cb P 6e988fbb1aa1431c992bd9cd87b1087f [term 1 FOLLOWER]: Raft consensus shutting down.
I20260608 09:52:56.939538  6204 raft_consensus.cc:2272] T 3dfa84dca9894685bbdad9fb39e9a4cb P 6e988fbb1aa1431c992bd9cd87b1087f [term 1 FOLLOWER]: Raft consensus is shut down!
I20260608 09:52:56.943323  6204 ts_tablet_manager.cc:1916] T 3dfa84dca9894685bbdad9fb39e9a4cb P 6e988fbb1aa1431c992bd9cd87b1087f: Deleting tablet data with delete state TABLET_DATA_TOMBSTONED
I20260608 09:52:56.958636  6204 ts_tablet_manager.cc:1929] T 3dfa84dca9894685bbdad9fb39e9a4cb P 6e988fbb1aa1431c992bd9cd87b1087f: tablet deleted with delete type TABLET_DATA_TOMBSTONED: last-logged OpId 1.3
I20260608 09:52:56.959112  6204 log.cc:1199] T 3dfa84dca9894685bbdad9fb39e9a4cb P 6e988fbb1aa1431c992bd9cd87b1087f: Deleting WAL directory at /tmp/dist-test-task7KtysN/test-tmp/auto_rebalancer-test.0.AutoRebalancerTest.RangeAwareRebalancesNewRangeReplicas.1780912295470522-2744-0/minicluster-data/ts-1-root/wals/3dfa84dca9894685bbdad9fb39e9a4cb
I20260608 09:52:56.960973  5615 catalog_manager.cc:5027] TS 6e988fbb1aa1431c992bd9cd87b1087f (127.2.174.2:45593): tablet 3dfa84dca9894685bbdad9fb39e9a4cb (table range_aware_rebalance_new_range [id=16ec970d9b234d5391e9e5b26e495526]) successfully deleted
I20260608 09:52:56.966706  5731 tablet_service.cc:2072] Received LeaderStepDown RPC: tablet_id: "f37bb9e7c2154dd9b1dcfac0c071f47b"
dest_uuid: "94015853156c454b97826cb75a94ad41"
mode: GRACEFUL
new_leader_uuid: "7ee19c56fffa40a3a62ed60d7d80cec8"
 from {username='slave'} at 127.0.0.1:57212
I20260608 09:52:56.967290  5731 raft_consensus.cc:606] T f37bb9e7c2154dd9b1dcfac0c071f47b P 94015853156c454b97826cb75a94ad41 [term 2 LEADER]: Received request to transfer leadership to TS 7ee19c56fffa40a3a62ed60d7d80cec8
I20260608 09:52:56.968495  5682 auto_leader_rebalancer.cc:388] table: range_aware_rebalance_new_range, leader rebalance finish, leader transfer count: 1
I20260608 09:52:56.969105  5682 auto_leader_rebalancer.cc:451] All tables' leader rebalancing finished this round
I20260608 09:52:57.251951  6207 raft_consensus.cc:993] T f37bb9e7c2154dd9b1dcfac0c071f47b P 94015853156c454b97826cb75a94ad41: : Instructing follower 7ee19c56fffa40a3a62ed60d7d80cec8 to start an election
I20260608 09:52:57.252524  6008 raft_consensus.cc:1081] T f37bb9e7c2154dd9b1dcfac0c071f47b P 94015853156c454b97826cb75a94ad41 [term 2 LEADER]: Signalling peer 7ee19c56fffa40a3a62ed60d7d80cec8 to start an election
I20260608 09:52:57.254025  5880 tablet_service.cc:2044] Received Run Leader Election RPC: tablet_id: "f37bb9e7c2154dd9b1dcfac0c071f47b"
dest_uuid: "7ee19c56fffa40a3a62ed60d7d80cec8"
 from {username='slave'} at 127.0.0.1:48002
I20260608 09:52:57.254562  5880 raft_consensus.cc:493] T f37bb9e7c2154dd9b1dcfac0c071f47b P 7ee19c56fffa40a3a62ed60d7d80cec8 [term 2 FOLLOWER]: Starting forced leader election (received explicit request)
I20260608 09:52:57.254922  5880 raft_consensus.cc:3060] T f37bb9e7c2154dd9b1dcfac0c071f47b P 7ee19c56fffa40a3a62ed60d7d80cec8 [term 2 FOLLOWER]: Advancing to term 3
I20260608 09:52:57.259804  5880 raft_consensus.cc:515] T f37bb9e7c2154dd9b1dcfac0c071f47b P 7ee19c56fffa40a3a62ed60d7d80cec8 [term 3 FOLLOWER]: Starting forced leader election with config: opid_index: -1 OBSOLETE_local: false peers { permanent_uuid: "94015853156c454b97826cb75a94ad41" member_type: VOTER last_known_addr { host: "127.2.174.1" port: 39559 } } peers { permanent_uuid: "6e988fbb1aa1431c992bd9cd87b1087f" member_type: VOTER last_known_addr { host: "127.2.174.2" port: 45593 } } peers { permanent_uuid: "7ee19c56fffa40a3a62ed60d7d80cec8" member_type: VOTER last_known_addr { host: "127.2.174.3" port: 38711 } }
I20260608 09:52:57.261624  5880 leader_election.cc:290] T f37bb9e7c2154dd9b1dcfac0c071f47b P 7ee19c56fffa40a3a62ed60d7d80cec8 [CANDIDATE]: Term 3 election: Requested vote from peers 94015853156c454b97826cb75a94ad41 (127.2.174.1:39559), 6e988fbb1aa1431c992bd9cd87b1087f (127.2.174.2:45593)
I20260608 09:52:57.262257  5731 tablet_service.cc:1917] Received RequestConsensusVote() RPC: tablet_id: "f37bb9e7c2154dd9b1dcfac0c071f47b" candidate_uuid: "7ee19c56fffa40a3a62ed60d7d80cec8" candidate_term: 3 candidate_status { last_received { term: 2 index: 2 } } ignore_live_leader: true dest_uuid: "94015853156c454b97826cb75a94ad41"
I20260608 09:52:57.262814  5807 tablet_service.cc:1917] Received RequestConsensusVote() RPC: tablet_id: "f37bb9e7c2154dd9b1dcfac0c071f47b" candidate_uuid: "7ee19c56fffa40a3a62ed60d7d80cec8" candidate_term: 3 candidate_status { last_received { term: 2 index: 2 } } ignore_live_leader: true dest_uuid: "6e988fbb1aa1431c992bd9cd87b1087f"
I20260608 09:52:57.262986  5731 raft_consensus.cc:3055] T f37bb9e7c2154dd9b1dcfac0c071f47b P 94015853156c454b97826cb75a94ad41 [term 2 LEADER]: Stepping down as leader of term 2
I20260608 09:52:57.263320  5731 raft_consensus.cc:740] T f37bb9e7c2154dd9b1dcfac0c071f47b P 94015853156c454b97826cb75a94ad41 [term 2 LEADER]: Becoming Follower/Learner. State: Replica: 94015853156c454b97826cb75a94ad41, State: Running, Role: LEADER
I20260608 09:52:57.263383  5807 raft_consensus.cc:3060] T f37bb9e7c2154dd9b1dcfac0c071f47b P 6e988fbb1aa1431c992bd9cd87b1087f [term 2 FOLLOWER]: Advancing to term 3
I20260608 09:52:57.264133  5731 consensus_queue.cc:260] T f37bb9e7c2154dd9b1dcfac0c071f47b P 94015853156c454b97826cb75a94ad41 [NON_LEADER]: Queue going to NON_LEADER mode. State: All replicated index: 0, Majority replicated index: 2, Committed index: 2, Last appended: 2.2, Last appended by leader: 2, Current term: 2, Majority size: -1, State: 0, Mode: NON_LEADER, active raft config: opid_index: -1 OBSOLETE_local: false peers { permanent_uuid: "94015853156c454b97826cb75a94ad41" member_type: VOTER last_known_addr { host: "127.2.174.1" port: 39559 } } peers { permanent_uuid: "6e988fbb1aa1431c992bd9cd87b1087f" member_type: VOTER last_known_addr { host: "127.2.174.2" port: 45593 } } peers { permanent_uuid: "7ee19c56fffa40a3a62ed60d7d80cec8" member_type: VOTER last_known_addr { host: "127.2.174.3" port: 38711 } }
I20260608 09:52:57.265182  5731 raft_consensus.cc:3060] T f37bb9e7c2154dd9b1dcfac0c071f47b P 94015853156c454b97826cb75a94ad41 [term 2 FOLLOWER]: Advancing to term 3
I20260608 09:52:57.268038  5807 raft_consensus.cc:2468] T f37bb9e7c2154dd9b1dcfac0c071f47b P 6e988fbb1aa1431c992bd9cd87b1087f [term 3 FOLLOWER]: Leader election vote request: Granting yes vote for candidate 7ee19c56fffa40a3a62ed60d7d80cec8 in term 3.
I20260608 09:52:57.269364  5847 leader_election.cc:304] T f37bb9e7c2154dd9b1dcfac0c071f47b P 7ee19c56fffa40a3a62ed60d7d80cec8 [CANDIDATE]: Term 3 election: Election decided. Result: candidate won. Election summary: received 2 responses out of 3 voters: 2 yes votes; 0 no votes. yes voters: 6e988fbb1aa1431c992bd9cd87b1087f, 7ee19c56fffa40a3a62ed60d7d80cec8; no voters: 
I20260608 09:52:57.269891  5731 raft_consensus.cc:2468] T f37bb9e7c2154dd9b1dcfac0c071f47b P 94015853156c454b97826cb75a94ad41 [term 3 FOLLOWER]: Leader election vote request: Granting yes vote for candidate 7ee19c56fffa40a3a62ed60d7d80cec8 in term 3.
I20260608 09:52:57.270248  6202 raft_consensus.cc:2804] T f37bb9e7c2154dd9b1dcfac0c071f47b P 7ee19c56fffa40a3a62ed60d7d80cec8 [term 3 FOLLOWER]: Leader election won for term 3
I20260608 09:52:57.271307  6202 raft_consensus.cc:697] T f37bb9e7c2154dd9b1dcfac0c071f47b P 7ee19c56fffa40a3a62ed60d7d80cec8 [term 3 LEADER]: Becoming Leader. State: Replica: 7ee19c56fffa40a3a62ed60d7d80cec8, State: Running, Role: LEADER
I20260608 09:52:57.272269  6202 consensus_queue.cc:237] T f37bb9e7c2154dd9b1dcfac0c071f47b P 7ee19c56fffa40a3a62ed60d7d80cec8 [LEADER]: Queue going to LEADER mode. State: All replicated index: 0, Majority replicated index: 2, Committed index: 2, Last appended: 2.2, Last appended by leader: 2, Current term: 3, Majority size: 2, State: 0, Mode: LEADER, active raft config: opid_index: -1 OBSOLETE_local: false peers { permanent_uuid: "94015853156c454b97826cb75a94ad41" member_type: VOTER last_known_addr { host: "127.2.174.1" port: 39559 } } peers { permanent_uuid: "6e988fbb1aa1431c992bd9cd87b1087f" member_type: VOTER last_known_addr { host: "127.2.174.2" port: 45593 } } peers { permanent_uuid: "7ee19c56fffa40a3a62ed60d7d80cec8" member_type: VOTER last_known_addr { host: "127.2.174.3" port: 38711 } }
I20260608 09:52:57.278988  5626 catalog_manager.cc:5696] T f37bb9e7c2154dd9b1dcfac0c071f47b P 7ee19c56fffa40a3a62ed60d7d80cec8 reported cstate change: term changed from 2 to 3, leader changed from 94015853156c454b97826cb75a94ad41 (127.2.174.1) to 7ee19c56fffa40a3a62ed60d7d80cec8 (127.2.174.3). New cstate: current_term: 3 leader_uuid: "7ee19c56fffa40a3a62ed60d7d80cec8" committed_config { opid_index: -1 OBSOLETE_local: false peers { permanent_uuid: "94015853156c454b97826cb75a94ad41" member_type: VOTER last_known_addr { host: "127.2.174.1" port: 39559 } health_report { overall_health: UNKNOWN } } peers { permanent_uuid: "6e988fbb1aa1431c992bd9cd87b1087f" member_type: VOTER last_known_addr { host: "127.2.174.2" port: 45593 } health_report { overall_health: UNKNOWN } } peers { permanent_uuid: "7ee19c56fffa40a3a62ed60d7d80cec8" member_type: VOTER last_known_addr { host: "127.2.174.3" port: 38711 } health_report { overall_health: HEALTHY } } }
I20260608 09:52:57.688542  5807 raft_consensus.cc:1275] T f37bb9e7c2154dd9b1dcfac0c071f47b P 6e988fbb1aa1431c992bd9cd87b1087f [term 3 FOLLOWER]: Refusing update from remote peer 7ee19c56fffa40a3a62ed60d7d80cec8: Log matching property violated. Preceding OpId in replica: term: 2 index: 2. Preceding OpId from leader: term: 3 index: 3. (index mismatch)
I20260608 09:52:57.690004  6202 consensus_queue.cc:1048] T f37bb9e7c2154dd9b1dcfac0c071f47b P 7ee19c56fffa40a3a62ed60d7d80cec8 [LEADER]: Connected to new peer: Peer: permanent_uuid: "6e988fbb1aa1431c992bd9cd87b1087f" member_type: VOTER last_known_addr { host: "127.2.174.2" port: 45593 }, Status: LMP_MISMATCH, Last received: 0.0, Next index: 3, Last known committed idx: 2, Time since last communication: 0.000s
I20260608 09:52:57.707065  5731 raft_consensus.cc:1275] T f37bb9e7c2154dd9b1dcfac0c071f47b P 94015853156c454b97826cb75a94ad41 [term 3 FOLLOWER]: Refusing update from remote peer 7ee19c56fffa40a3a62ed60d7d80cec8: Log matching property violated. Preceding OpId in replica: term: 2 index: 2. Preceding OpId from leader: term: 3 index: 3. (index mismatch)
I20260608 09:52:57.708442  6212 consensus_queue.cc:1048] T f37bb9e7c2154dd9b1dcfac0c071f47b P 7ee19c56fffa40a3a62ed60d7d80cec8 [LEADER]: Connected to new peer: Peer: permanent_uuid: "94015853156c454b97826cb75a94ad41" member_type: VOTER last_known_addr { host: "127.2.174.1" port: 39559 }, Status: LMP_MISMATCH, Last received: 0.0, Next index: 3, Last known committed idx: 2, Time since last communication: 0.000s
I20260608 09:52:57.963685  5731 consensus_queue.cc:237] T 4a1d5784b59b4ab7a0ab914b86e901dd P 94015853156c454b97826cb75a94ad41 [LEADER]: Queue going to LEADER mode. State: All replicated index: 0, Majority replicated index: 1, Committed index: 1, Last appended: 1.1, Last appended by leader: 0, Current term: 1, Majority size: 2, State: 0, Mode: LEADER, active raft config: opid_index: 2 OBSOLETE_local: false peers { permanent_uuid: "94015853156c454b97826cb75a94ad41" member_type: VOTER last_known_addr { host: "127.2.174.1" port: 39559 } } peers { permanent_uuid: "6e988fbb1aa1431c992bd9cd87b1087f" member_type: VOTER last_known_addr { host: "127.2.174.2" port: 45593 } } peers { permanent_uuid: "7ee19c56fffa40a3a62ed60d7d80cec8" member_type: VOTER last_known_addr { host: "127.2.174.3" port: 38711 } attrs { replace: true } } peers { permanent_uuid: "ef696d8325b64d35819ee9d5861182d6" member_type: NON_VOTER last_known_addr { host: "127.2.174.4" port: 40859 } attrs { promote: true } }
