[==========] Running 24 tests from 2 test suites.
[----------] Global test environment set-up.
[----------] 22 tests from AutoRebalancerTest
[ RUN      ] AutoRebalancerTest.OnlyLeaderDoesAutoRebalancing
WARNING: Logging before InitGoogleLogging() is written to STDERR
I20260608 09:51:35.658643  2744 internal_mini_cluster.cc:156] Creating distributed mini masters. Addrs: 127.2.174.62:44103,127.2.174.61:46627,127.2.174.60:45535
I20260608 09:51:35.660763  2744 env_posix.cc:2267] Not raising this process' open files per process limit of 1048576; it is already as high as it can go
I20260608 09:51:35.661923  2744 file_cache.cc:492] Constructed file cache file cache with capacity 419430
W20260608 09:51:35.680541  2750 instance_detector.cc:116] could not retrieve AWS instance metadata: Network error: curl error: HTTP response code said error: The requested URL returned error: 404
W20260608 09:51:35.680882  2751 instance_detector.cc:116] could not retrieve Azure instance metadata: Network error: curl error: HTTP response code said error: The requested URL returned error: 404
I20260608 09:51:35.683211  2744 server_base.cc:1061] running on GCE node
W20260608 09:51:35.680966  2753 instance_detector.cc:116] could not retrieve OpenStack instance metadata: Network error: curl error: HTTP response code said error: The requested URL returned error: 404
I20260608 09:51:36.886394  2744 hybrid_clock.cc:584] initializing the hybrid clock with 'system_unsync' time source
W20260608 09:51:36.886696  2744 system_unsync_time.cc:38] NTP support is disabled. Clock error bounds will not be accurate. This configuration is not suitable for distributed clusters.
I20260608 09:51:36.886917  2744 hybrid_clock.cc:648] HybridClock initialized: now 1780912296886896 us; error 0 us; skew 500 ppm
I20260608 09:51:36.887844  2744 server_base.cc:861] Flag tcmalloc_max_total_thread_cache_bytes is not working since tcmalloc is not enabled.
I20260608 09:51:36.893321  2744 webserver.cc:533] Webserver started at http://127.2.174.62:44237/ using document root <none> and password file <none>
I20260608 09:51:36.894224  2744 fs_manager.cc:362] Metadata directory not provided
I20260608 09:51:36.894481  2744 fs_manager.cc:368] Using write-ahead log directory (fs_wal_dir) as metadata directory
I20260608 09:51:36.894964  2744 server_base.cc:909] This appears to be a new deployment of Kudu; creating new FS layout
I20260608 09:51:36.900990  2744 fs_manager.cc:1068] Generated new instance metadata in path /tmp/dist-test-task7KtysN/test-tmp/auto_rebalancer-test.0.AutoRebalancerTest.OnlyLeaderDoesAutoRebalancing.1780912295470522-2744-0/minicluster-data/master-0-root/instance:
uuid: "454a137a9bf849248efda7a52c6ffe49"
format_stamp: "Formatted at 2026-06-08 09:51:36 on dist-test-slave-7ssg"
I20260608 09:51:36.909467  2744 fs_manager.cc:696] Time spent creating directory manager: real 0.008s	user 0.003s	sys 0.005s
I20260608 09:51:36.915417  2759 log_block_manager.cc:4031] Time spent loading block containers with low live blocks: real 0.000s	user 0.000s	sys 0.000s
I20260608 09:51:36.917364  2744 fs_manager.cc:730] Time spent opening block manager: real 0.005s	user 0.003s	sys 0.000s
I20260608 09:51:36.917836  2744 fs_manager.cc:647] Opened local filesystem: /tmp/dist-test-task7KtysN/test-tmp/auto_rebalancer-test.0.AutoRebalancerTest.OnlyLeaderDoesAutoRebalancing.1780912295470522-2744-0/minicluster-data/master-0-root
uuid: "454a137a9bf849248efda7a52c6ffe49"
format_stamp: "Formatted at 2026-06-08 09:51:36 on dist-test-slave-7ssg"
I20260608 09:51:36.918305  2744 fs_report.cc:389] FS layout report
--------------------
wal directory: /tmp/dist-test-task7KtysN/test-tmp/auto_rebalancer-test.0.AutoRebalancerTest.OnlyLeaderDoesAutoRebalancing.1780912295470522-2744-0/minicluster-data/master-0-root
metadata directory: /tmp/dist-test-task7KtysN/test-tmp/auto_rebalancer-test.0.AutoRebalancerTest.OnlyLeaderDoesAutoRebalancing.1780912295470522-2744-0/minicluster-data/master-0-root
1 data directories: /tmp/dist-test-task7KtysN/test-tmp/auto_rebalancer-test.0.AutoRebalancerTest.OnlyLeaderDoesAutoRebalancing.1780912295470522-2744-0/minicluster-data/master-0-root/data
Total live blocks: 0
Total live bytes: 0
Total live bytes (after alignment): 0
Total number of LBM containers: 0 (0 full)
Did not check for missing blocks
Did not check for orphaned blocks
Total full LBM containers with extra space: 0 (0 repaired)
Total full LBM container extra space in bytes: 0 (0 repaired)
Total incomplete LBM containers: 0 (0 repaired)
Total LBM partial records: 0 (0 repaired)
Total corrupted LBM metadata records in RocksDB: 0 (0 repaired)
I20260608 09:51:36.973618  2744 rpc_server.cc:225] running with OpenSSL 1.1.1  11 Sep 2018
I20260608 09:51:36.975961  2744 env_posix.cc:2267] Not raising this process' running threads per effective uid limit of 18446744073709551615; it is already as high as it can go
I20260608 09:51:36.976744  2744 kserver.cc:163] Server-wide thread pool size limit: 3276
I20260608 09:51:37.051807  2744 rpc_server.cc:307] RPC server started. Bound to: 127.2.174.62:44103
I20260608 09:51:37.051985  2810 acceptor_pool.cc:272] collecting diagnostics on the listening RPC socket 127.2.174.62:44103 every 8 connection(s)
I20260608 09:51:37.058081  2744 file_cache.cc:492] Constructed file cache file cache with capacity 419430
I20260608 09:51:37.061088  2811 data_dirs.cc:400] Could only allocate 1 dirs of requested 3 for tablet 00000000000000000000000000000000. 1 dirs total, 0 dirs full, 0 dirs failed
W20260608 09:51:37.064759  2813 instance_detector.cc:116] could not retrieve AWS instance metadata: Network error: curl error: HTTP response code said error: The requested URL returned error: 404
W20260608 09:51:37.067041  2814 instance_detector.cc:116] could not retrieve Azure instance metadata: Network error: curl error: HTTP response code said error: The requested URL returned error: 404
I20260608 09:51:37.072077  2744 server_base.cc:1061] running on GCE node
W20260608 09:51:37.072190  2816 instance_detector.cc:116] could not retrieve OpenStack instance metadata: Network error: curl error: HTTP response code said error: The requested URL returned error: 404
I20260608 09:51:37.073419  2744 hybrid_clock.cc:584] initializing the hybrid clock with 'system_unsync' time source
W20260608 09:51:37.073750  2744 system_unsync_time.cc:38] NTP support is disabled. Clock error bounds will not be accurate. This configuration is not suitable for distributed clusters.
I20260608 09:51:37.073961  2744 hybrid_clock.cc:648] HybridClock initialized: now 1780912297073928 us; error 0 us; skew 500 ppm
I20260608 09:51:37.074746  2744 server_base.cc:861] Flag tcmalloc_max_total_thread_cache_bytes is not working since tcmalloc is not enabled.
I20260608 09:51:37.078527  2744 webserver.cc:533] Webserver started at http://127.2.174.61:38445/ using document root <none> and password file <none>
I20260608 09:51:37.079324  2744 fs_manager.cc:362] Metadata directory not provided
I20260608 09:51:37.079614  2744 fs_manager.cc:368] Using write-ahead log directory (fs_wal_dir) as metadata directory
I20260608 09:51:37.079979  2744 server_base.cc:909] This appears to be a new deployment of Kudu; creating new FS layout
I20260608 09:51:37.081108  2744 fs_manager.cc:1068] Generated new instance metadata in path /tmp/dist-test-task7KtysN/test-tmp/auto_rebalancer-test.0.AutoRebalancerTest.OnlyLeaderDoesAutoRebalancing.1780912295470522-2744-0/minicluster-data/master-1-root/instance:
uuid: "28d5c750ef5b4faab89b8aafa8f08dde"
format_stamp: "Formatted at 2026-06-08 09:51:37 on dist-test-slave-7ssg"
I20260608 09:51:37.086853  2744 fs_manager.cc:696] Time spent creating directory manager: real 0.005s	user 0.005s	sys 0.000s
I20260608 09:51:37.084547  2811 sys_catalog.cc:422] member_type: VOTER last_known_addr { host: "127.2.174.62" port: 44103 } has no permanent_uuid. Determining permanent_uuid...
I20260608 09:51:37.094079  2821 log_block_manager.cc:4031] Time spent loading block containers with low live blocks: real 0.000s	user 0.000s	sys 0.000s
I20260608 09:51:37.095115  2744 fs_manager.cc:730] Time spent opening block manager: real 0.006s	user 0.002s	sys 0.003s
I20260608 09:51:37.095511  2744 fs_manager.cc:647] Opened local filesystem: /tmp/dist-test-task7KtysN/test-tmp/auto_rebalancer-test.0.AutoRebalancerTest.OnlyLeaderDoesAutoRebalancing.1780912295470522-2744-0/minicluster-data/master-1-root
uuid: "28d5c750ef5b4faab89b8aafa8f08dde"
format_stamp: "Formatted at 2026-06-08 09:51:37 on dist-test-slave-7ssg"
I20260608 09:51:37.095825  2744 fs_report.cc:389] FS layout report
--------------------
wal directory: /tmp/dist-test-task7KtysN/test-tmp/auto_rebalancer-test.0.AutoRebalancerTest.OnlyLeaderDoesAutoRebalancing.1780912295470522-2744-0/minicluster-data/master-1-root
metadata directory: /tmp/dist-test-task7KtysN/test-tmp/auto_rebalancer-test.0.AutoRebalancerTest.OnlyLeaderDoesAutoRebalancing.1780912295470522-2744-0/minicluster-data/master-1-root
1 data directories: /tmp/dist-test-task7KtysN/test-tmp/auto_rebalancer-test.0.AutoRebalancerTest.OnlyLeaderDoesAutoRebalancing.1780912295470522-2744-0/minicluster-data/master-1-root/data
Total live blocks: 0
Total live bytes: 0
Total live bytes (after alignment): 0
Total number of LBM containers: 0 (0 full)
Did not check for missing blocks
Did not check for orphaned blocks
Total full LBM containers with extra space: 0 (0 repaired)
Total full LBM container extra space in bytes: 0 (0 repaired)
Total incomplete LBM containers: 0 (0 repaired)
Total LBM partial records: 0 (0 repaired)
Total corrupted LBM metadata records in RocksDB: 0 (0 repaired)
I20260608 09:51:37.119141  2811 sys_catalog.cc:422] member_type: VOTER last_known_addr { host: "127.2.174.61" port: 46627 } has no permanent_uuid. Determining permanent_uuid...
W20260608 09:51:37.121980  2763 proxy.cc:239] Call had error, refreshing address and retrying: Network error: Client connection negotiation failed: client connection to 127.2.174.61:46627: connect: Connection refused (error 111)
W20260608 09:51:37.126735  2811 consensus_peers.cc:760] Error getting permanent uuid from config peer 127.2.174.61:46627: Network error: Client connection negotiation failed: client connection to 127.2.174.61:46627: connect: Connection refused (error 111)
I20260608 09:51:37.131242  2744 rpc_server.cc:225] running with OpenSSL 1.1.1  11 Sep 2018
I20260608 09:51:37.132632  2744 kserver.cc:163] Server-wide thread pool size limit: 3276
I20260608 09:51:37.176375  2811 consensus_peers.cc:770] Retrying to get permanent uuid for remote peer: member_type: VOTER last_known_addr { host: "127.2.174.61" port: 46627 } attempt: 1
W20260608 09:51:37.182188  2811 consensus_peers.cc:760] Error getting permanent uuid from config peer 127.2.174.61:46627: Network error: Client connection negotiation failed: client connection to 127.2.174.61:46627: connect: Connection refused (error 111)
I20260608 09:51:37.202411  2744 rpc_server.cc:307] RPC server started. Bound to: 127.2.174.61:46627
I20260608 09:51:37.202622  2875 acceptor_pool.cc:272] collecting diagnostics on the listening RPC socket 127.2.174.61:46627 every 8 connection(s)
I20260608 09:51:37.208065  2744 file_cache.cc:492] Constructed file cache file cache with capacity 419430
I20260608 09:51:37.208099  2876 data_dirs.cc:400] Could only allocate 1 dirs of requested 3 for tablet 00000000000000000000000000000000. 1 dirs total, 0 dirs full, 0 dirs failed
I20260608 09:51:37.214624  2876 sys_catalog.cc:422] member_type: VOTER last_known_addr { host: "127.2.174.62" port: 44103 } has no permanent_uuid. Determining permanent_uuid...
W20260608 09:51:37.214946  2878 instance_detector.cc:116] could not retrieve AWS instance metadata: Network error: curl error: HTTP response code said error: The requested URL returned error: 404
W20260608 09:51:37.216497  2879 instance_detector.cc:116] could not retrieve Azure instance metadata: Network error: curl error: HTTP response code said error: The requested URL returned error: 404
W20260608 09:51:37.227923  2881 instance_detector.cc:116] could not retrieve OpenStack instance metadata: Network error: curl error: HTTP response code said error: The requested URL returned error: 404
I20260608 09:51:37.229164  2744 server_base.cc:1061] running on GCE node
I20260608 09:51:37.230137  2744 hybrid_clock.cc:584] initializing the hybrid clock with 'system_unsync' time source
W20260608 09:51:37.230334  2744 system_unsync_time.cc:38] NTP support is disabled. Clock error bounds will not be accurate. This configuration is not suitable for distributed clusters.
I20260608 09:51:37.230568  2744 hybrid_clock.cc:648] HybridClock initialized: now 1780912297230532 us; error 0 us; skew 500 ppm
I20260608 09:51:37.231307  2744 server_base.cc:861] Flag tcmalloc_max_total_thread_cache_bytes is not working since tcmalloc is not enabled.
I20260608 09:51:37.235183  2744 webserver.cc:533] Webserver started at http://127.2.174.60:45967/ using document root <none> and password file <none>
I20260608 09:51:37.236003  2744 fs_manager.cc:362] Metadata directory not provided
I20260608 09:51:37.236271  2744 fs_manager.cc:368] Using write-ahead log directory (fs_wal_dir) as metadata directory
I20260608 09:51:37.236656  2744 server_base.cc:909] This appears to be a new deployment of Kudu; creating new FS layout
I20260608 09:51:37.237681  2876 sys_catalog.cc:422] member_type: VOTER last_known_addr { host: "127.2.174.61" port: 46627 } has no permanent_uuid. Determining permanent_uuid...
I20260608 09:51:37.238106  2744 fs_manager.cc:1068] Generated new instance metadata in path /tmp/dist-test-task7KtysN/test-tmp/auto_rebalancer-test.0.AutoRebalancerTest.OnlyLeaderDoesAutoRebalancing.1780912295470522-2744-0/minicluster-data/master-2-root/instance:
uuid: "4327323d0d1342e2aee6d8e071539ad9"
format_stamp: "Formatted at 2026-06-08 09:51:37 on dist-test-slave-7ssg"
I20260608 09:51:37.244853  2744 fs_manager.cc:696] Time spent creating directory manager: real 0.006s	user 0.007s	sys 0.001s
I20260608 09:51:37.250279  2888 log_block_manager.cc:4031] Time spent loading block containers with low live blocks: real 0.000s	user 0.000s	sys 0.000s
I20260608 09:51:37.250708  2811 consensus_peers.cc:770] Retrying to get permanent uuid for remote peer: member_type: VOTER last_known_addr { host: "127.2.174.61" port: 46627 } attempt: 2
I20260608 09:51:37.251325  2876 sys_catalog.cc:422] member_type: VOTER last_known_addr { host: "127.2.174.60" port: 45535 } has no permanent_uuid. Determining permanent_uuid...
I20260608 09:51:37.252883  2744 fs_manager.cc:730] Time spent opening block manager: real 0.005s	user 0.004s	sys 0.002s
I20260608 09:51:37.253192  2744 fs_manager.cc:647] Opened local filesystem: /tmp/dist-test-task7KtysN/test-tmp/auto_rebalancer-test.0.AutoRebalancerTest.OnlyLeaderDoesAutoRebalancing.1780912295470522-2744-0/minicluster-data/master-2-root
uuid: "4327323d0d1342e2aee6d8e071539ad9"
format_stamp: "Formatted at 2026-06-08 09:51:37 on dist-test-slave-7ssg"
I20260608 09:51:37.253497  2744 fs_report.cc:389] FS layout report
--------------------
wal directory: /tmp/dist-test-task7KtysN/test-tmp/auto_rebalancer-test.0.AutoRebalancerTest.OnlyLeaderDoesAutoRebalancing.1780912295470522-2744-0/minicluster-data/master-2-root
metadata directory: /tmp/dist-test-task7KtysN/test-tmp/auto_rebalancer-test.0.AutoRebalancerTest.OnlyLeaderDoesAutoRebalancing.1780912295470522-2744-0/minicluster-data/master-2-root
1 data directories: /tmp/dist-test-task7KtysN/test-tmp/auto_rebalancer-test.0.AutoRebalancerTest.OnlyLeaderDoesAutoRebalancing.1780912295470522-2744-0/minicluster-data/master-2-root/data
Total live blocks: 0
Total live bytes: 0
Total live bytes (after alignment): 0
Total number of LBM containers: 0 (0 full)
Did not check for missing blocks
Did not check for orphaned blocks
Total full LBM containers with extra space: 0 (0 repaired)
Total full LBM container extra space in bytes: 0 (0 repaired)
Total incomplete LBM containers: 0 (0 repaired)
Total LBM partial records: 0 (0 repaired)
Total corrupted LBM metadata records in RocksDB: 0 (0 repaired)
W20260608 09:51:37.260070  2876 consensus_peers.cc:760] Error getting permanent uuid from config peer 127.2.174.60:45535: Network error: Client connection negotiation failed: client connection to 127.2.174.60:45535: connect: Connection refused (error 111)
I20260608 09:51:37.264036  2811 sys_catalog.cc:422] member_type: VOTER last_known_addr { host: "127.2.174.60" port: 45535 } has no permanent_uuid. Determining permanent_uuid...
W20260608 09:51:37.269137  2811 consensus_peers.cc:760] Error getting permanent uuid from config peer 127.2.174.60:45535: Network error: Client connection negotiation failed: client connection to 127.2.174.60:45535: connect: Connection refused (error 111)
I20260608 09:51:37.273382  2744 rpc_server.cc:225] running with OpenSSL 1.1.1  11 Sep 2018
I20260608 09:51:37.274653  2744 kserver.cc:163] Server-wide thread pool size limit: 3276
I20260608 09:51:37.300637  2811 consensus_peers.cc:770] Retrying to get permanent uuid for remote peer: member_type: VOTER last_known_addr { host: "127.2.174.60" port: 45535 } attempt: 1
I20260608 09:51:37.304227  2876 consensus_peers.cc:770] Retrying to get permanent uuid for remote peer: member_type: VOTER last_known_addr { host: "127.2.174.60" port: 45535 } attempt: 1
W20260608 09:51:37.307152  2811 consensus_peers.cc:760] Error getting permanent uuid from config peer 127.2.174.60:45535: Network error: Client connection negotiation failed: client connection to 127.2.174.60:45535: connect: Connection refused (error 111)
W20260608 09:51:37.311138  2876 consensus_peers.cc:760] Error getting permanent uuid from config peer 127.2.174.60:45535: Network error: Client connection negotiation failed: client connection to 127.2.174.60:45535: connect: Connection refused (error 111)
I20260608 09:51:37.345083  2744 rpc_server.cc:307] RPC server started. Bound to: 127.2.174.60:45535
I20260608 09:51:37.345209  2940 acceptor_pool.cc:272] collecting diagnostics on the listening RPC socket 127.2.174.60:45535 every 8 connection(s)
I20260608 09:51:37.349815  2744 internal_mini_cluster.cc:184] Waiting to initialize catalog manager on master 0
I20260608 09:51:37.349978  2941 data_dirs.cc:400] Could only allocate 1 dirs of requested 3 for tablet 00000000000000000000000000000000. 1 dirs total, 0 dirs full, 0 dirs failed
I20260608 09:51:37.355736  2941 sys_catalog.cc:422] member_type: VOTER last_known_addr { host: "127.2.174.62" port: 44103 } has no permanent_uuid. Determining permanent_uuid...
I20260608 09:51:37.368703  2941 sys_catalog.cc:422] member_type: VOTER last_known_addr { host: "127.2.174.61" port: 46627 } has no permanent_uuid. Determining permanent_uuid...
I20260608 09:51:37.378748  2876 consensus_peers.cc:770] Retrying to get permanent uuid for remote peer: member_type: VOTER last_known_addr { host: "127.2.174.60" port: 45535 } attempt: 2
I20260608 09:51:37.379047  2941 sys_catalog.cc:422] member_type: VOTER last_known_addr { host: "127.2.174.60" port: 45535 } has no permanent_uuid. Determining permanent_uuid...
I20260608 09:51:37.383106  2811 consensus_peers.cc:770] Retrying to get permanent uuid for remote peer: member_type: VOTER last_known_addr { host: "127.2.174.60" port: 45535 } attempt: 2
I20260608 09:51:37.403651  2876 tablet_bootstrap.cc:492] T 00000000000000000000000000000000 P 28d5c750ef5b4faab89b8aafa8f08dde: Bootstrap starting.
I20260608 09:51:37.403651  2941 tablet_bootstrap.cc:492] T 00000000000000000000000000000000 P 4327323d0d1342e2aee6d8e071539ad9: Bootstrap starting.
I20260608 09:51:37.408313  2811 tablet_bootstrap.cc:492] T 00000000000000000000000000000000 P 454a137a9bf849248efda7a52c6ffe49: Bootstrap starting.
I20260608 09:51:37.413267  2811 tablet_bootstrap.cc:654] T 00000000000000000000000000000000 P 454a137a9bf849248efda7a52c6ffe49: Neither blocks nor log segments found. Creating new log.
I20260608 09:51:37.413285  2941 tablet_bootstrap.cc:654] T 00000000000000000000000000000000 P 4327323d0d1342e2aee6d8e071539ad9: Neither blocks nor log segments found. Creating new log.
I20260608 09:51:37.413268  2876 tablet_bootstrap.cc:654] T 00000000000000000000000000000000 P 28d5c750ef5b4faab89b8aafa8f08dde: Neither blocks nor log segments found. Creating new log.
I20260608 09:51:37.415597  2811 log.cc:826] T 00000000000000000000000000000000 P 454a137a9bf849248efda7a52c6ffe49: Log is configured to *not* fsync() on all Append() calls
I20260608 09:51:37.422726  2941 tablet_bootstrap.cc:492] T 00000000000000000000000000000000 P 4327323d0d1342e2aee6d8e071539ad9: No bootstrap required, opened a new log
I20260608 09:51:37.422706  2876 tablet_bootstrap.cc:492] T 00000000000000000000000000000000 P 28d5c750ef5b4faab89b8aafa8f08dde: No bootstrap required, opened a new log
I20260608 09:51:37.423113  2811 tablet_bootstrap.cc:492] T 00000000000000000000000000000000 P 454a137a9bf849248efda7a52c6ffe49: No bootstrap required, opened a new log
I20260608 09:51:37.441954  2941 raft_consensus.cc:359] T 00000000000000000000000000000000 P 4327323d0d1342e2aee6d8e071539ad9 [term 0 FOLLOWER]: Replica starting. Triggering 0 pending ops. Active config: opid_index: -1 OBSOLETE_local: false peers { permanent_uuid: "454a137a9bf849248efda7a52c6ffe49" member_type: VOTER last_known_addr { host: "127.2.174.62" port: 44103 } } peers { permanent_uuid: "28d5c750ef5b4faab89b8aafa8f08dde" member_type: VOTER last_known_addr { host: "127.2.174.61" port: 46627 } } peers { permanent_uuid: "4327323d0d1342e2aee6d8e071539ad9" member_type: VOTER last_known_addr { host: "127.2.174.60" port: 45535 } }
I20260608 09:51:37.441972  2876 raft_consensus.cc:359] T 00000000000000000000000000000000 P 28d5c750ef5b4faab89b8aafa8f08dde [term 0 FOLLOWER]: Replica starting. Triggering 0 pending ops. Active config: opid_index: -1 OBSOLETE_local: false peers { permanent_uuid: "454a137a9bf849248efda7a52c6ffe49" member_type: VOTER last_known_addr { host: "127.2.174.62" port: 44103 } } peers { permanent_uuid: "28d5c750ef5b4faab89b8aafa8f08dde" member_type: VOTER last_known_addr { host: "127.2.174.61" port: 46627 } } peers { permanent_uuid: "4327323d0d1342e2aee6d8e071539ad9" member_type: VOTER last_known_addr { host: "127.2.174.60" port: 45535 } }
I20260608 09:51:37.442134  2811 raft_consensus.cc:359] T 00000000000000000000000000000000 P 454a137a9bf849248efda7a52c6ffe49 [term 0 FOLLOWER]: Replica starting. Triggering 0 pending ops. Active config: opid_index: -1 OBSOLETE_local: false peers { permanent_uuid: "454a137a9bf849248efda7a52c6ffe49" member_type: VOTER last_known_addr { host: "127.2.174.62" port: 44103 } } peers { permanent_uuid: "28d5c750ef5b4faab89b8aafa8f08dde" member_type: VOTER last_known_addr { host: "127.2.174.61" port: 46627 } } peers { permanent_uuid: "4327323d0d1342e2aee6d8e071539ad9" member_type: VOTER last_known_addr { host: "127.2.174.60" port: 45535 } }
I20260608 09:51:37.442755  2941 raft_consensus.cc:385] T 00000000000000000000000000000000 P 4327323d0d1342e2aee6d8e071539ad9 [term 0 FOLLOWER]: Consensus starting up: Expiring failure detector timer to make a prompt election more likely
I20260608 09:51:37.442957  2876 raft_consensus.cc:385] T 00000000000000000000000000000000 P 28d5c750ef5b4faab89b8aafa8f08dde [term 0 FOLLOWER]: Consensus starting up: Expiring failure detector timer to make a prompt election more likely
I20260608 09:51:37.443032  2811 raft_consensus.cc:385] T 00000000000000000000000000000000 P 454a137a9bf849248efda7a52c6ffe49 [term 0 FOLLOWER]: Consensus starting up: Expiring failure detector timer to make a prompt election more likely
I20260608 09:51:37.443158  2941 raft_consensus.cc:740] T 00000000000000000000000000000000 P 4327323d0d1342e2aee6d8e071539ad9 [term 0 FOLLOWER]: Becoming Follower/Learner. State: Replica: 4327323d0d1342e2aee6d8e071539ad9, State: Initialized, Role: FOLLOWER
I20260608 09:51:37.443347  2876 raft_consensus.cc:740] T 00000000000000000000000000000000 P 28d5c750ef5b4faab89b8aafa8f08dde [term 0 FOLLOWER]: Becoming Follower/Learner. State: Replica: 28d5c750ef5b4faab89b8aafa8f08dde, State: Initialized, Role: FOLLOWER
I20260608 09:51:37.443382  2811 raft_consensus.cc:740] T 00000000000000000000000000000000 P 454a137a9bf849248efda7a52c6ffe49 [term 0 FOLLOWER]: Becoming Follower/Learner. State: Replica: 454a137a9bf849248efda7a52c6ffe49, State: Initialized, Role: FOLLOWER
I20260608 09:51:37.444532  2941 consensus_queue.cc:260] T 00000000000000000000000000000000 P 4327323d0d1342e2aee6d8e071539ad9 [NON_LEADER]: Queue going to NON_LEADER mode. State: All replicated index: 0, Majority replicated index: 0, Committed index: 0, Last appended: 0.0, Last appended by leader: 0, Current term: 0, Majority size: -1, State: 0, Mode: NON_LEADER, active raft config: opid_index: -1 OBSOLETE_local: false peers { permanent_uuid: "454a137a9bf849248efda7a52c6ffe49" member_type: VOTER last_known_addr { host: "127.2.174.62" port: 44103 } } peers { permanent_uuid: "28d5c750ef5b4faab89b8aafa8f08dde" member_type: VOTER last_known_addr { host: "127.2.174.61" port: 46627 } } peers { permanent_uuid: "4327323d0d1342e2aee6d8e071539ad9" member_type: VOTER last_known_addr { host: "127.2.174.60" port: 45535 } }
I20260608 09:51:37.444530  2811 consensus_queue.cc:260] T 00000000000000000000000000000000 P 454a137a9bf849248efda7a52c6ffe49 [NON_LEADER]: Queue going to NON_LEADER mode. State: All replicated index: 0, Majority replicated index: 0, Committed index: 0, Last appended: 0.0, Last appended by leader: 0, Current term: 0, Majority size: -1, State: 0, Mode: NON_LEADER, active raft config: opid_index: -1 OBSOLETE_local: false peers { permanent_uuid: "454a137a9bf849248efda7a52c6ffe49" member_type: VOTER last_known_addr { host: "127.2.174.62" port: 44103 } } peers { permanent_uuid: "28d5c750ef5b4faab89b8aafa8f08dde" member_type: VOTER last_known_addr { host: "127.2.174.61" port: 46627 } } peers { permanent_uuid: "4327323d0d1342e2aee6d8e071539ad9" member_type: VOTER last_known_addr { host: "127.2.174.60" port: 45535 } }
I20260608 09:51:37.444532  2876 consensus_queue.cc:260] T 00000000000000000000000000000000 P 28d5c750ef5b4faab89b8aafa8f08dde [NON_LEADER]: Queue going to NON_LEADER mode. State: All replicated index: 0, Majority replicated index: 0, Committed index: 0, Last appended: 0.0, Last appended by leader: 0, Current term: 0, Majority size: -1, State: 0, Mode: NON_LEADER, active raft config: opid_index: -1 OBSOLETE_local: false peers { permanent_uuid: "454a137a9bf849248efda7a52c6ffe49" member_type: VOTER last_known_addr { host: "127.2.174.62" port: 44103 } } peers { permanent_uuid: "28d5c750ef5b4faab89b8aafa8f08dde" member_type: VOTER last_known_addr { host: "127.2.174.61" port: 46627 } } peers { permanent_uuid: "4327323d0d1342e2aee6d8e071539ad9" member_type: VOTER last_known_addr { host: "127.2.174.60" port: 45535 } }
I20260608 09:51:37.449505  2952 sys_catalog.cc:455] T 00000000000000000000000000000000 P 28d5c750ef5b4faab89b8aafa8f08dde [sys.catalog]: SysCatalogTable state changed. Reason: RaftConsensus started. Latest consensus state: current_term: 0 committed_config { opid_index: -1 OBSOLETE_local: false peers { permanent_uuid: "454a137a9bf849248efda7a52c6ffe49" member_type: VOTER last_known_addr { host: "127.2.174.62" port: 44103 } } peers { permanent_uuid: "28d5c750ef5b4faab89b8aafa8f08dde" member_type: VOTER last_known_addr { host: "127.2.174.61" port: 46627 } } peers { permanent_uuid: "4327323d0d1342e2aee6d8e071539ad9" member_type: VOTER last_known_addr { host: "127.2.174.60" port: 45535 } } }
I20260608 09:51:37.450368  2952 sys_catalog.cc:458] T 00000000000000000000000000000000 P 28d5c750ef5b4faab89b8aafa8f08dde [sys.catalog]: This master's current role is: FOLLOWER
I20260608 09:51:37.451483  2876 sys_catalog.cc:565] T 00000000000000000000000000000000 P 28d5c750ef5b4faab89b8aafa8f08dde [sys.catalog]: configured and running, proceeding with master startup.
I20260608 09:51:37.456156  2951 sys_catalog.cc:455] T 00000000000000000000000000000000 P 454a137a9bf849248efda7a52c6ffe49 [sys.catalog]: SysCatalogTable state changed. Reason: RaftConsensus started. Latest consensus state: current_term: 0 committed_config { opid_index: -1 OBSOLETE_local: false peers { permanent_uuid: "454a137a9bf849248efda7a52c6ffe49" member_type: VOTER last_known_addr { host: "127.2.174.62" port: 44103 } } peers { permanent_uuid: "28d5c750ef5b4faab89b8aafa8f08dde" member_type: VOTER last_known_addr { host: "127.2.174.61" port: 46627 } } peers { permanent_uuid: "4327323d0d1342e2aee6d8e071539ad9" member_type: VOTER last_known_addr { host: "127.2.174.60" port: 45535 } } }
I20260608 09:51:37.456197  2950 sys_catalog.cc:455] T 00000000000000000000000000000000 P 4327323d0d1342e2aee6d8e071539ad9 [sys.catalog]: SysCatalogTable state changed. Reason: RaftConsensus started. Latest consensus state: current_term: 0 committed_config { opid_index: -1 OBSOLETE_local: false peers { permanent_uuid: "454a137a9bf849248efda7a52c6ffe49" member_type: VOTER last_known_addr { host: "127.2.174.62" port: 44103 } } peers { permanent_uuid: "28d5c750ef5b4faab89b8aafa8f08dde" member_type: VOTER last_known_addr { host: "127.2.174.61" port: 46627 } } peers { permanent_uuid: "4327323d0d1342e2aee6d8e071539ad9" member_type: VOTER last_known_addr { host: "127.2.174.60" port: 45535 } } }
I20260608 09:51:37.457108  2951 sys_catalog.cc:458] T 00000000000000000000000000000000 P 454a137a9bf849248efda7a52c6ffe49 [sys.catalog]: This master's current role is: FOLLOWER
I20260608 09:51:37.457304  2950 sys_catalog.cc:458] T 00000000000000000000000000000000 P 4327323d0d1342e2aee6d8e071539ad9 [sys.catalog]: This master's current role is: FOLLOWER
I20260608 09:51:37.457690  2941 sys_catalog.cc:565] T 00000000000000000000000000000000 P 4327323d0d1342e2aee6d8e071539ad9 [sys.catalog]: configured and running, proceeding with master startup.
I20260608 09:51:37.457783  2811 sys_catalog.cc:565] T 00000000000000000000000000000000 P 454a137a9bf849248efda7a52c6ffe49 [sys.catalog]: configured and running, proceeding with master startup.
W20260608 09:51:37.483422  2765 tablet.cc:2404] T 00000000000000000000000000000000 P 454a137a9bf849248efda7a52c6ffe49: Can't schedule compaction. Clean time has not been advanced past its initial value.
I20260608 09:51:37.498821  2744 internal_mini_cluster.cc:184] Waiting to initialize catalog manager on master 1
I20260608 09:51:37.501719  2744 internal_mini_cluster.cc:184] Waiting to initialize catalog manager on master 2
I20260608 09:51:37.509554  2744 file_cache.cc:492] Constructed file cache file cache with capacity 419430
W20260608 09:51:37.513691  2981 catalog_manager.cc:1593] T 00000000000000000000000000000000 P 28d5c750ef5b4faab89b8aafa8f08dde: loading cluster ID for follower catalog manager: Not found: cluster ID entry not found
W20260608 09:51:37.514124  2981 catalog_manager.cc:883] Not found: cluster ID entry not found: failed to prepare follower catalog manager, will retry
W20260608 09:51:37.515373  2986 catalog_manager.cc:1593] T 00000000000000000000000000000000 P 4327323d0d1342e2aee6d8e071539ad9: loading cluster ID for follower catalog manager: Not found: cluster ID entry not found
W20260608 09:51:37.515712  2986 catalog_manager.cc:883] Not found: cluster ID entry not found: failed to prepare follower catalog manager, will retry
W20260608 09:51:37.517012  2979 catalog_manager.cc:1593] T 00000000000000000000000000000000 P 454a137a9bf849248efda7a52c6ffe49: loading cluster ID for follower catalog manager: Not found: cluster ID entry not found
W20260608 09:51:37.517311  2979 catalog_manager.cc:883] Not found: cluster ID entry not found: failed to prepare follower catalog manager, will retry
W20260608 09:51:37.522893  2987 instance_detector.cc:116] could not retrieve AWS instance metadata: Network error: curl error: HTTP response code said error: The requested URL returned error: 404
W20260608 09:51:37.524462  2988 instance_detector.cc:116] could not retrieve Azure instance metadata: Network error: curl error: HTTP response code said error: The requested URL returned error: 404
W20260608 09:51:37.527513  2990 instance_detector.cc:116] could not retrieve OpenStack instance metadata: Network error: curl error: HTTP response code said error: The requested URL returned error: 404
I20260608 09:51:37.528791  2744 server_base.cc:1061] running on GCE node
I20260608 09:51:37.529753  2744 hybrid_clock.cc:584] initializing the hybrid clock with 'system_unsync' time source
W20260608 09:51:37.529989  2744 system_unsync_time.cc:38] NTP support is disabled. Clock error bounds will not be accurate. This configuration is not suitable for distributed clusters.
I20260608 09:51:37.530169  2744 hybrid_clock.cc:648] HybridClock initialized: now 1780912297530150 us; error 0 us; skew 500 ppm
I20260608 09:51:37.530795  2744 server_base.cc:861] Flag tcmalloc_max_total_thread_cache_bytes is not working since tcmalloc is not enabled.
I20260608 09:51:37.533519  2744 webserver.cc:533] Webserver started at http://127.2.174.1:32819/ using document root <none> and password file <none>
I20260608 09:51:37.534070  2744 fs_manager.cc:362] Metadata directory not provided
I20260608 09:51:37.534324  2744 fs_manager.cc:368] Using write-ahead log directory (fs_wal_dir) as metadata directory
I20260608 09:51:37.534612  2744 server_base.cc:909] This appears to be a new deployment of Kudu; creating new FS layout
I20260608 09:51:37.535799  2744 fs_manager.cc:1068] Generated new instance metadata in path /tmp/dist-test-task7KtysN/test-tmp/auto_rebalancer-test.0.AutoRebalancerTest.OnlyLeaderDoesAutoRebalancing.1780912295470522-2744-0/minicluster-data/ts-0-root/instance:
uuid: "8be5c698ef254376912e66ce7a1d62b7"
format_stamp: "Formatted at 2026-06-08 09:51:37 on dist-test-slave-7ssg"
I20260608 09:51:37.541092  2744 fs_manager.cc:696] Time spent creating directory manager: real 0.005s	user 0.001s	sys 0.003s
I20260608 09:51:37.545260  2995 log_block_manager.cc:4031] Time spent loading block containers with low live blocks: real 0.000s	user 0.000s	sys 0.000s
I20260608 09:51:37.546270  2744 fs_manager.cc:730] Time spent opening block manager: real 0.003s	user 0.004s	sys 0.000s
I20260608 09:51:37.546644  2744 fs_manager.cc:647] Opened local filesystem: /tmp/dist-test-task7KtysN/test-tmp/auto_rebalancer-test.0.AutoRebalancerTest.OnlyLeaderDoesAutoRebalancing.1780912295470522-2744-0/minicluster-data/ts-0-root
uuid: "8be5c698ef254376912e66ce7a1d62b7"
format_stamp: "Formatted at 2026-06-08 09:51:37 on dist-test-slave-7ssg"
I20260608 09:51:37.546947  2744 fs_report.cc:389] FS layout report
--------------------
wal directory: /tmp/dist-test-task7KtysN/test-tmp/auto_rebalancer-test.0.AutoRebalancerTest.OnlyLeaderDoesAutoRebalancing.1780912295470522-2744-0/minicluster-data/ts-0-root
metadata directory: /tmp/dist-test-task7KtysN/test-tmp/auto_rebalancer-test.0.AutoRebalancerTest.OnlyLeaderDoesAutoRebalancing.1780912295470522-2744-0/minicluster-data/ts-0-root
1 data directories: /tmp/dist-test-task7KtysN/test-tmp/auto_rebalancer-test.0.AutoRebalancerTest.OnlyLeaderDoesAutoRebalancing.1780912295470522-2744-0/minicluster-data/ts-0-root/data
Total live blocks: 0
Total live bytes: 0
Total live bytes (after alignment): 0
Total number of LBM containers: 0 (0 full)
Did not check for missing blocks
Did not check for orphaned blocks
Total full LBM containers with extra space: 0 (0 repaired)
Total full LBM container extra space in bytes: 0 (0 repaired)
Total incomplete LBM containers: 0 (0 repaired)
Total LBM partial records: 0 (0 repaired)
Total corrupted LBM metadata records in RocksDB: 0 (0 repaired)
I20260608 09:51:37.595112  2744 rpc_server.cc:225] running with OpenSSL 1.1.1  11 Sep 2018
I20260608 09:51:37.596616  2744 kserver.cc:163] Server-wide thread pool size limit: 3276
I20260608 09:51:37.598333  2744 txn_system_client.cc:432] TxnSystemClient initialization is disabled...
I20260608 09:51:37.602387  2744 ts_tablet_manager.cc:585] Loaded tablet metadata (0 total tablets, 0 live tablets)
I20260608 09:51:37.602602  2744 ts_tablet_manager.cc:531] Time spent load tablet metadata: real 0.000s	user 0.000s	sys 0.000s
I20260608 09:51:37.602906  2744 ts_tablet_manager.cc:616] Registered 0 tablets
I20260608 09:51:37.603056  2744 ts_tablet_manager.cc:595] Time spent register tablets: real 0.000s	user 0.000s	sys 0.000s
I20260608 09:51:37.659519  2950 raft_consensus.cc:493] T 00000000000000000000000000000000 P 4327323d0d1342e2aee6d8e071539ad9 [term 0 FOLLOWER]: Starting pre-election (no leader contacted us within the election timeout)
I20260608 09:51:37.660295  2950 raft_consensus.cc:515] T 00000000000000000000000000000000 P 4327323d0d1342e2aee6d8e071539ad9 [term 0 FOLLOWER]: Starting pre-election with config: opid_index: -1 OBSOLETE_local: false peers { permanent_uuid: "454a137a9bf849248efda7a52c6ffe49" member_type: VOTER last_known_addr { host: "127.2.174.62" port: 44103 } } peers { permanent_uuid: "28d5c750ef5b4faab89b8aafa8f08dde" member_type: VOTER last_known_addr { host: "127.2.174.61" port: 46627 } } peers { permanent_uuid: "4327323d0d1342e2aee6d8e071539ad9" member_type: VOTER last_known_addr { host: "127.2.174.60" port: 45535 } }
I20260608 09:51:37.663437  2952 raft_consensus.cc:493] T 00000000000000000000000000000000 P 28d5c750ef5b4faab89b8aafa8f08dde [term 0 FOLLOWER]: Starting pre-election (no leader contacted us within the election timeout)
I20260608 09:51:37.663970  2952 raft_consensus.cc:515] T 00000000000000000000000000000000 P 28d5c750ef5b4faab89b8aafa8f08dde [term 0 FOLLOWER]: Starting pre-election with config: opid_index: -1 OBSOLETE_local: false peers { permanent_uuid: "454a137a9bf849248efda7a52c6ffe49" member_type: VOTER last_known_addr { host: "127.2.174.62" port: 44103 } } peers { permanent_uuid: "28d5c750ef5b4faab89b8aafa8f08dde" member_type: VOTER last_known_addr { host: "127.2.174.61" port: 46627 } } peers { permanent_uuid: "4327323d0d1342e2aee6d8e071539ad9" member_type: VOTER last_known_addr { host: "127.2.174.60" port: 45535 } }
I20260608 09:51:37.664495  2786 tablet_service.cc:1917] Received RequestConsensusVote() RPC: tablet_id: "00000000000000000000000000000000" candidate_uuid: "4327323d0d1342e2aee6d8e071539ad9" candidate_term: 1 candidate_status { last_received { term: 0 index: 0 } } ignore_live_leader: false dest_uuid: "454a137a9bf849248efda7a52c6ffe49" is_pre_election: true
I20260608 09:51:37.665350  2786 raft_consensus.cc:2468] T 00000000000000000000000000000000 P 454a137a9bf849248efda7a52c6ffe49 [term 0 FOLLOWER]: Leader pre-election vote request: Granting yes vote for candidate 4327323d0d1342e2aee6d8e071539ad9 in term 0.
I20260608 09:51:37.665635  2851 tablet_service.cc:1917] Received RequestConsensusVote() RPC: tablet_id: "00000000000000000000000000000000" candidate_uuid: "4327323d0d1342e2aee6d8e071539ad9" candidate_term: 1 candidate_status { last_received { term: 0 index: 0 } } ignore_live_leader: false dest_uuid: "28d5c750ef5b4faab89b8aafa8f08dde" is_pre_election: true
I20260608 09:51:37.666337  2952 leader_election.cc:290] T 00000000000000000000000000000000 P 28d5c750ef5b4faab89b8aafa8f08dde [CANDIDATE]: Term 1 pre-election: Requested pre-vote from peers 454a137a9bf849248efda7a52c6ffe49 (127.2.174.62:44103), 4327323d0d1342e2aee6d8e071539ad9 (127.2.174.60:45535)
I20260608 09:51:37.666427  2851 raft_consensus.cc:2468] T 00000000000000000000000000000000 P 28d5c750ef5b4faab89b8aafa8f08dde [term 0 FOLLOWER]: Leader pre-election vote request: Granting yes vote for candidate 4327323d0d1342e2aee6d8e071539ad9 in term 0.
I20260608 09:51:37.667326  2891 leader_election.cc:304] T 00000000000000000000000000000000 P 4327323d0d1342e2aee6d8e071539ad9 [CANDIDATE]: Term 1 pre-election: Election decided. Result: candidate won. Election summary: received 2 responses out of 3 voters: 2 yes votes; 0 no votes. yes voters: 4327323d0d1342e2aee6d8e071539ad9, 454a137a9bf849248efda7a52c6ffe49; no voters: 
I20260608 09:51:37.668255  2950 leader_election.cc:290] T 00000000000000000000000000000000 P 4327323d0d1342e2aee6d8e071539ad9 [CANDIDATE]: Term 1 pre-election: Requested pre-vote from peers 454a137a9bf849248efda7a52c6ffe49 (127.2.174.62:44103), 28d5c750ef5b4faab89b8aafa8f08dde (127.2.174.61:46627)
I20260608 09:51:37.668795  2950 raft_consensus.cc:2804] T 00000000000000000000000000000000 P 4327323d0d1342e2aee6d8e071539ad9 [term 0 FOLLOWER]: Leader pre-election won for term 1
I20260608 09:51:37.669166  2950 raft_consensus.cc:493] T 00000000000000000000000000000000 P 4327323d0d1342e2aee6d8e071539ad9 [term 0 FOLLOWER]: Starting leader election (no leader contacted us within the election timeout)
I20260608 09:51:37.669574  2950 raft_consensus.cc:3060] T 00000000000000000000000000000000 P 4327323d0d1342e2aee6d8e071539ad9 [term 0 FOLLOWER]: Advancing to term 1
I20260608 09:51:37.669320  2915 tablet_service.cc:1917] Received RequestConsensusVote() RPC: tablet_id: "00000000000000000000000000000000" candidate_uuid: "28d5c750ef5b4faab89b8aafa8f08dde" candidate_term: 1 candidate_status { last_received { term: 0 index: 0 } } ignore_live_leader: false dest_uuid: "4327323d0d1342e2aee6d8e071539ad9" is_pre_election: true
I20260608 09:51:37.670643  2786 tablet_service.cc:1917] Received RequestConsensusVote() RPC: tablet_id: "00000000000000000000000000000000" candidate_uuid: "28d5c750ef5b4faab89b8aafa8f08dde" candidate_term: 1 candidate_status { last_received { term: 0 index: 0 } } ignore_live_leader: false dest_uuid: "454a137a9bf849248efda7a52c6ffe49" is_pre_election: true
I20260608 09:51:37.671461  2786 raft_consensus.cc:2468] T 00000000000000000000000000000000 P 454a137a9bf849248efda7a52c6ffe49 [term 0 FOLLOWER]: Leader pre-election vote request: Granting yes vote for candidate 28d5c750ef5b4faab89b8aafa8f08dde in term 0.
I20260608 09:51:37.673208  2825 leader_election.cc:304] T 00000000000000000000000000000000 P 28d5c750ef5b4faab89b8aafa8f08dde [CANDIDATE]: Term 1 pre-election: Election decided. Result: candidate won. Election summary: received 2 responses out of 3 voters: 2 yes votes; 0 no votes. yes voters: 28d5c750ef5b4faab89b8aafa8f08dde, 454a137a9bf849248efda7a52c6ffe49; no voters: 
I20260608 09:51:37.674446  2952 raft_consensus.cc:2804] T 00000000000000000000000000000000 P 28d5c750ef5b4faab89b8aafa8f08dde [term 0 FOLLOWER]: Leader pre-election won for term 1
I20260608 09:51:37.674954  2952 raft_consensus.cc:493] T 00000000000000000000000000000000 P 28d5c750ef5b4faab89b8aafa8f08dde [term 0 FOLLOWER]: Starting leader election (no leader contacted us within the election timeout)
I20260608 09:51:37.675609  2952 raft_consensus.cc:3060] T 00000000000000000000000000000000 P 28d5c750ef5b4faab89b8aafa8f08dde [term 0 FOLLOWER]: Advancing to term 1
I20260608 09:51:37.676939  2950 raft_consensus.cc:515] T 00000000000000000000000000000000 P 4327323d0d1342e2aee6d8e071539ad9 [term 1 FOLLOWER]: Starting leader election with config: opid_index: -1 OBSOLETE_local: false peers { permanent_uuid: "454a137a9bf849248efda7a52c6ffe49" member_type: VOTER last_known_addr { host: "127.2.174.62" port: 44103 } } peers { permanent_uuid: "28d5c750ef5b4faab89b8aafa8f08dde" member_type: VOTER last_known_addr { host: "127.2.174.61" port: 46627 } } peers { permanent_uuid: "4327323d0d1342e2aee6d8e071539ad9" member_type: VOTER last_known_addr { host: "127.2.174.60" port: 45535 } }
I20260608 09:51:37.678355  2915 raft_consensus.cc:2393] T 00000000000000000000000000000000 P 4327323d0d1342e2aee6d8e071539ad9 [term 1 FOLLOWER]: Leader pre-election vote request: Denying vote to candidate 28d5c750ef5b4faab89b8aafa8f08dde in current term 1: Already voted for candidate 4327323d0d1342e2aee6d8e071539ad9 in this term.
I20260608 09:51:37.686111  2952 raft_consensus.cc:515] T 00000000000000000000000000000000 P 28d5c750ef5b4faab89b8aafa8f08dde [term 1 FOLLOWER]: Starting leader election with config: opid_index: -1 OBSOLETE_local: false peers { permanent_uuid: "454a137a9bf849248efda7a52c6ffe49" member_type: VOTER last_known_addr { host: "127.2.174.62" port: 44103 } } peers { permanent_uuid: "28d5c750ef5b4faab89b8aafa8f08dde" member_type: VOTER last_known_addr { host: "127.2.174.61" port: 46627 } } peers { permanent_uuid: "4327323d0d1342e2aee6d8e071539ad9" member_type: VOTER last_known_addr { host: "127.2.174.60" port: 45535 } }
I20260608 09:51:37.691123  2786 tablet_service.cc:1917] Received RequestConsensusVote() RPC: tablet_id: "00000000000000000000000000000000" candidate_uuid: "4327323d0d1342e2aee6d8e071539ad9" candidate_term: 1 candidate_status { last_received { term: 0 index: 0 } } ignore_live_leader: false dest_uuid: "454a137a9bf849248efda7a52c6ffe49"
I20260608 09:51:37.692178  2851 tablet_service.cc:1917] Received RequestConsensusVote() RPC: tablet_id: "00000000000000000000000000000000" candidate_uuid: "4327323d0d1342e2aee6d8e071539ad9" candidate_term: 1 candidate_status { last_received { term: 0 index: 0 } } ignore_live_leader: false dest_uuid: "28d5c750ef5b4faab89b8aafa8f08dde"
I20260608 09:51:37.692468  2952 leader_election.cc:290] T 00000000000000000000000000000000 P 28d5c750ef5b4faab89b8aafa8f08dde [CANDIDATE]: Term 1 election: Requested vote from peers 454a137a9bf849248efda7a52c6ffe49 (127.2.174.62:44103), 4327323d0d1342e2aee6d8e071539ad9 (127.2.174.60:45535)
I20260608 09:51:37.693006  2851 raft_consensus.cc:2393] T 00000000000000000000000000000000 P 28d5c750ef5b4faab89b8aafa8f08dde [term 1 FOLLOWER]: Leader election vote request: Denying vote to candidate 4327323d0d1342e2aee6d8e071539ad9 in current term 1: Already voted for candidate 28d5c750ef5b4faab89b8aafa8f08dde in this term.
I20260608 09:51:37.691843  2786 raft_consensus.cc:3060] T 00000000000000000000000000000000 P 454a137a9bf849248efda7a52c6ffe49 [term 0 FOLLOWER]: Advancing to term 1
I20260608 09:51:37.693305  2785 tablet_service.cc:1917] Received RequestConsensusVote() RPC: tablet_id: "00000000000000000000000000000000" candidate_uuid: "28d5c750ef5b4faab89b8aafa8f08dde" candidate_term: 1 candidate_status { last_received { term: 0 index: 0 } } ignore_live_leader: false dest_uuid: "454a137a9bf849248efda7a52c6ffe49"
I20260608 09:51:37.695638  2915 tablet_service.cc:1917] Received RequestConsensusVote() RPC: tablet_id: "00000000000000000000000000000000" candidate_uuid: "28d5c750ef5b4faab89b8aafa8f08dde" candidate_term: 1 candidate_status { last_received { term: 0 index: 0 } } ignore_live_leader: false dest_uuid: "4327323d0d1342e2aee6d8e071539ad9"
I20260608 09:51:37.696494  2915 raft_consensus.cc:2393] T 00000000000000000000000000000000 P 4327323d0d1342e2aee6d8e071539ad9 [term 1 FOLLOWER]: Leader election vote request: Denying vote to candidate 28d5c750ef5b4faab89b8aafa8f08dde in current term 1: Already voted for candidate 4327323d0d1342e2aee6d8e071539ad9 in this term.
I20260608 09:51:37.697237  2950 leader_election.cc:290] T 00000000000000000000000000000000 P 4327323d0d1342e2aee6d8e071539ad9 [CANDIDATE]: Term 1 election: Requested vote from peers 454a137a9bf849248efda7a52c6ffe49 (127.2.174.62:44103), 28d5c750ef5b4faab89b8aafa8f08dde (127.2.174.61:46627)
I20260608 09:51:37.697917  2826 leader_election.cc:304] T 00000000000000000000000000000000 P 28d5c750ef5b4faab89b8aafa8f08dde [CANDIDATE]: Term 1 election: Election decided. Result: candidate lost. Election summary: received 3 responses out of 3 voters: 1 yes votes; 2 no votes. yes voters: 28d5c750ef5b4faab89b8aafa8f08dde; no voters: 4327323d0d1342e2aee6d8e071539ad9, 454a137a9bf849248efda7a52c6ffe49
I20260608 09:51:37.699232  2952 raft_consensus.cc:2749] T 00000000000000000000000000000000 P 28d5c750ef5b4faab89b8aafa8f08dde [term 1 FOLLOWER]: Leader election lost for term 1. Reason: could not achieve majority
I20260608 09:51:37.699653  2786 raft_consensus.cc:2468] T 00000000000000000000000000000000 P 454a137a9bf849248efda7a52c6ffe49 [term 1 FOLLOWER]: Leader election vote request: Granting yes vote for candidate 4327323d0d1342e2aee6d8e071539ad9 in term 1.
I20260608 09:51:37.701033  2891 leader_election.cc:304] T 00000000000000000000000000000000 P 4327323d0d1342e2aee6d8e071539ad9 [CANDIDATE]: Term 1 election: Election decided. Result: candidate won. Election summary: received 3 responses out of 3 voters: 2 yes votes; 1 no votes. yes voters: 4327323d0d1342e2aee6d8e071539ad9, 454a137a9bf849248efda7a52c6ffe49; no voters: 28d5c750ef5b4faab89b8aafa8f08dde
I20260608 09:51:37.702462  2950 raft_consensus.cc:2804] T 00000000000000000000000000000000 P 4327323d0d1342e2aee6d8e071539ad9 [term 1 FOLLOWER]: Leader election won for term 1
I20260608 09:51:37.703605  2950 raft_consensus.cc:697] T 00000000000000000000000000000000 P 4327323d0d1342e2aee6d8e071539ad9 [term 1 LEADER]: Becoming Leader. State: Replica: 4327323d0d1342e2aee6d8e071539ad9, State: Running, Role: LEADER
I20260608 09:51:37.705288  2950 consensus_queue.cc:237] T 00000000000000000000000000000000 P 4327323d0d1342e2aee6d8e071539ad9 [LEADER]: Queue going to LEADER mode. State: All replicated index: 0, Majority replicated index: 0, Committed index: 0, Last appended: 0.0, Last appended by leader: 0, Current term: 1, Majority size: 2, State: 0, Mode: LEADER, active raft config: opid_index: -1 OBSOLETE_local: false peers { permanent_uuid: "454a137a9bf849248efda7a52c6ffe49" member_type: VOTER last_known_addr { host: "127.2.174.62" port: 44103 } } peers { permanent_uuid: "28d5c750ef5b4faab89b8aafa8f08dde" member_type: VOTER last_known_addr { host: "127.2.174.61" port: 46627 } } peers { permanent_uuid: "4327323d0d1342e2aee6d8e071539ad9" member_type: VOTER last_known_addr { host: "127.2.174.60" port: 45535 } }
