I20260608 09:48:43.000089  9359 raft_consensus.cc:697] T 0c2fd1ae050949488ee68416240565c7 P 5b6105104c0d4da395309ab31a115be2 [term 1 LEADER]: Becoming Leader. State: Replica: 5b6105104c0d4da395309ab31a115be2, State: Running, Role: LEADER
W20260608 09:48:43.000702  9088 leader_election.cc:343] T 3b9683cfc414444f91b403e53fe2a49f P a7290099c7a24302815107ec7bcdea40 [CANDIDATE]: Term 1 election: Tablet error from VoteRequest() call to peer 5b6105104c0d4da395309ab31a115be2 (127.5.246.131:33349): Illegal state: must be running to vote when last-logged opid is not known
I20260608 09:48:43.002779  9327 leader_election.cc:290] T 3b9683cfc414444f91b403e53fe2a49f P a7290099c7a24302815107ec7bcdea40 [CANDIDATE]: Term 1 election: Requested vote from peers d70cc179e90d4306b0066e79f2bd054d (127.5.246.130:36469), 5b6105104c0d4da395309ab31a115be2 (127.5.246.131:33349)
I20260608 09:48:42.991182  9121 raft_consensus.cc:2468] T 0c2fd1ae050949488ee68416240565c7 P a7290099c7a24302815107ec7bcdea40 [term 1 FOLLOWER]: Leader election vote request: Granting yes vote for candidate 5b6105104c0d4da395309ab31a115be2 in term 1.
I20260608 09:48:43.005914  9197 raft_consensus.cc:2468] T 3b9683cfc414444f91b403e53fe2a49f P d70cc179e90d4306b0066e79f2bd054d [term 1 FOLLOWER]: Leader election vote request: Granting yes vote for candidate a7290099c7a24302815107ec7bcdea40 in term 1.
I20260608 09:48:43.010974  9086 leader_election.cc:304] T 3b9683cfc414444f91b403e53fe2a49f P a7290099c7a24302815107ec7bcdea40 [CANDIDATE]: Term 1 election: Election decided. Result: candidate won. Election summary: received 3 responses out of 3 voters: 2 yes votes; 1 no votes. yes voters: a7290099c7a24302815107ec7bcdea40, d70cc179e90d4306b0066e79f2bd054d; no voters: 5b6105104c0d4da395309ab31a115be2
I20260608 09:48:43.001241  9359 consensus_queue.cc:237] T 0c2fd1ae050949488ee68416240565c7 P 5b6105104c0d4da395309ab31a115be2 [LEADER]: Queue going to LEADER mode. State: All replicated index: 0, Majority replicated index: 0, Committed index: 0, Last appended: 0.0, Last appended by leader: 0, Current term: 1, Majority size: 2, State: 0, Mode: LEADER, active raft config: opid_index: -1 OBSOLETE_local: false peers { permanent_uuid: "a7290099c7a24302815107ec7bcdea40" member_type: VOTER last_known_addr { host: "127.5.246.129" port: 44663 } } peers { permanent_uuid: "d70cc179e90d4306b0066e79f2bd054d" member_type: VOTER last_known_addr { host: "127.5.246.130" port: 36469 } } peers { permanent_uuid: "5b6105104c0d4da395309ab31a115be2" member_type: VOTER last_known_addr { host: "127.5.246.131" port: 33349 } }
I20260608 09:48:43.012513  9327 raft_consensus.cc:2804] T 3b9683cfc414444f91b403e53fe2a49f P a7290099c7a24302815107ec7bcdea40 [term 1 FOLLOWER]: Leader election won for term 1
I20260608 09:48:43.013438  9121 tablet_service.cc:1917] Received RequestConsensusVote() RPC: tablet_id: "8ef19e3b5ea94c6ea6da44c8a5dba654" candidate_uuid: "d70cc179e90d4306b0066e79f2bd054d" candidate_term: 1 candidate_status { last_received { term: 0 index: 0 } } ignore_live_leader: false dest_uuid: "a7290099c7a24302815107ec7bcdea40" is_pre_election: true
I20260608 09:48:43.014110  9121 raft_consensus.cc:2468] T 8ef19e3b5ea94c6ea6da44c8a5dba654 P a7290099c7a24302815107ec7bcdea40 [term 0 FOLLOWER]: Leader pre-election vote request: Granting yes vote for candidate d70cc179e90d4306b0066e79f2bd054d in term 0.
I20260608 09:48:43.015461  9163 leader_election.cc:304] T 8ef19e3b5ea94c6ea6da44c8a5dba654 P d70cc179e90d4306b0066e79f2bd054d [CANDIDATE]: Term 1 pre-election: Election decided. Result: candidate won. Election summary: received 2 responses out of 3 voters: 2 yes votes; 0 no votes. yes voters: a7290099c7a24302815107ec7bcdea40, d70cc179e90d4306b0066e79f2bd054d; no voters: 
I20260608 09:48:43.015425  9354 raft_consensus.cc:515] T 0de03e2f25ee48778bfcfc7d3db65432 P d70cc179e90d4306b0066e79f2bd054d [term 1 FOLLOWER]: Starting leader election with config: opid_index: -1 OBSOLETE_local: false peers { permanent_uuid: "a7290099c7a24302815107ec7bcdea40" member_type: VOTER last_known_addr { host: "127.5.246.129" port: 44663 } } peers { permanent_uuid: "d70cc179e90d4306b0066e79f2bd054d" member_type: VOTER last_known_addr { host: "127.5.246.130" port: 36469 } } peers { permanent_uuid: "5b6105104c0d4da395309ab31a115be2" member_type: VOTER last_known_addr { host: "127.5.246.131" port: 33349 } }
I20260608 09:48:43.016645  9352 raft_consensus.cc:2804] T 8ef19e3b5ea94c6ea6da44c8a5dba654 P d70cc179e90d4306b0066e79f2bd054d [term 0 FOLLOWER]: Leader pre-election won for term 1
I20260608 09:48:43.017104  9352 raft_consensus.cc:493] T 8ef19e3b5ea94c6ea6da44c8a5dba654 P d70cc179e90d4306b0066e79f2bd054d [term 0 FOLLOWER]: Starting leader election (no leader contacted us within the election timeout)
I20260608 09:48:43.017966  9354 leader_election.cc:290] T 0de03e2f25ee48778bfcfc7d3db65432 P d70cc179e90d4306b0066e79f2bd054d [CANDIDATE]: Term 1 election: Requested vote from peers a7290099c7a24302815107ec7bcdea40 (127.5.246.129:44663), 5b6105104c0d4da395309ab31a115be2 (127.5.246.131:33349)
I20260608 09:48:43.019174  9121 tablet_service.cc:1917] Received RequestConsensusVote() RPC: tablet_id: "0de03e2f25ee48778bfcfc7d3db65432" candidate_uuid: "d70cc179e90d4306b0066e79f2bd054d" candidate_term: 1 candidate_status { last_received { term: 0 index: 0 } } ignore_live_leader: false dest_uuid: "a7290099c7a24302815107ec7bcdea40"
I20260608 09:48:43.019765  9121 raft_consensus.cc:3060] T 0de03e2f25ee48778bfcfc7d3db65432 P a7290099c7a24302815107ec7bcdea40 [term 0 FOLLOWER]: Advancing to term 1
I20260608 09:48:43.028220  9327 raft_consensus.cc:697] T 3b9683cfc414444f91b403e53fe2a49f P a7290099c7a24302815107ec7bcdea40 [term 1 LEADER]: Becoming Leader. State: Replica: a7290099c7a24302815107ec7bcdea40, State: Running, Role: LEADER
I20260608 09:48:43.028666  9270 tablet_service.cc:1917] Received RequestConsensusVote() RPC: tablet_id: "8ef19e3b5ea94c6ea6da44c8a5dba654" candidate_uuid: "d70cc179e90d4306b0066e79f2bd054d" candidate_term: 1 candidate_status { last_received { term: 0 index: 0 } } ignore_live_leader: false dest_uuid: "5b6105104c0d4da395309ab31a115be2" is_pre_election: true
I20260608 09:48:43.026816  9352 raft_consensus.cc:3060] T 8ef19e3b5ea94c6ea6da44c8a5dba654 P d70cc179e90d4306b0066e79f2bd054d [term 0 FOLLOWER]: Advancing to term 1
I20260608 09:48:43.030010  9270 raft_consensus.cc:2468] T 8ef19e3b5ea94c6ea6da44c8a5dba654 P 5b6105104c0d4da395309ab31a115be2 [term 0 FOLLOWER]: Leader pre-election vote request: Granting yes vote for candidate d70cc179e90d4306b0066e79f2bd054d in term 0.
I20260608 09:48:43.033118  9272 tablet_service.cc:1917] Received RequestConsensusVote() RPC: tablet_id: "0de03e2f25ee48778bfcfc7d3db65432" candidate_uuid: "d70cc179e90d4306b0066e79f2bd054d" candidate_term: 1 candidate_status { last_received { term: 0 index: 0 } } ignore_live_leader: false dest_uuid: "5b6105104c0d4da395309ab31a115be2"
I20260608 09:48:43.033833  9272 raft_consensus.cc:3060] T 0de03e2f25ee48778bfcfc7d3db65432 P 5b6105104c0d4da395309ab31a115be2 [term 0 FOLLOWER]: Advancing to term 1
I20260608 09:48:43.029320  9327 consensus_queue.cc:237] T 3b9683cfc414444f91b403e53fe2a49f P a7290099c7a24302815107ec7bcdea40 [LEADER]: Queue going to LEADER mode. State: All replicated index: 0, Majority replicated index: 0, Committed index: 0, Last appended: 0.0, Last appended by leader: 0, Current term: 1, Majority size: 2, State: 0, Mode: LEADER, active raft config: opid_index: -1 OBSOLETE_local: false peers { permanent_uuid: "a7290099c7a24302815107ec7bcdea40" member_type: VOTER last_known_addr { host: "127.5.246.129" port: 44663 } } peers { permanent_uuid: "d70cc179e90d4306b0066e79f2bd054d" member_type: VOTER last_known_addr { host: "127.5.246.130" port: 36469 } } peers { permanent_uuid: "5b6105104c0d4da395309ab31a115be2" member_type: VOTER last_known_addr { host: "127.5.246.131" port: 33349 } }
I20260608 09:48:43.046813  9272 raft_consensus.cc:2468] T 0de03e2f25ee48778bfcfc7d3db65432 P 5b6105104c0d4da395309ab31a115be2 [term 1 FOLLOWER]: Leader election vote request: Granting yes vote for candidate d70cc179e90d4306b0066e79f2bd054d in term 1.
I20260608 09:48:43.047436  9320 tablet_bootstrap.cc:492] T 3b9683cfc414444f91b403e53fe2a49f P 5b6105104c0d4da395309ab31a115be2: No bootstrap required, opened a new log
I20260608 09:48:43.053845  9320 ts_tablet_manager.cc:1403] T 3b9683cfc414444f91b403e53fe2a49f P 5b6105104c0d4da395309ab31a115be2: Time spent bootstrapping tablet: real 0.067s	user 0.024s	sys 0.018s
I20260608 09:48:43.054620  9163 leader_election.cc:304] T 0de03e2f25ee48778bfcfc7d3db65432 P d70cc179e90d4306b0066e79f2bd054d [CANDIDATE]: Term 1 election: Election decided. Result: candidate won. Election summary: received 2 responses out of 3 voters: 2 yes votes; 0 no votes. yes voters: 5b6105104c0d4da395309ab31a115be2, d70cc179e90d4306b0066e79f2bd054d; no voters: 
I20260608 09:48:43.055857  9354 raft_consensus.cc:2804] T 0de03e2f25ee48778bfcfc7d3db65432 P d70cc179e90d4306b0066e79f2bd054d [term 1 FOLLOWER]: Leader election won for term 1
I20260608 09:48:43.056380  9354 raft_consensus.cc:697] T 0de03e2f25ee48778bfcfc7d3db65432 P d70cc179e90d4306b0066e79f2bd054d [term 1 LEADER]: Becoming Leader. State: Replica: d70cc179e90d4306b0066e79f2bd054d, State: Running, Role: LEADER
I20260608 09:48:43.056928  9320 raft_consensus.cc:359] T 3b9683cfc414444f91b403e53fe2a49f P 5b6105104c0d4da395309ab31a115be2 [term 0 FOLLOWER]: Replica starting. Triggering 0 pending ops. Active config: opid_index: -1 OBSOLETE_local: false peers { permanent_uuid: "a7290099c7a24302815107ec7bcdea40" member_type: VOTER last_known_addr { host: "127.5.246.129" port: 44663 } } peers { permanent_uuid: "d70cc179e90d4306b0066e79f2bd054d" member_type: VOTER last_known_addr { host: "127.5.246.130" port: 36469 } } peers { permanent_uuid: "5b6105104c0d4da395309ab31a115be2" member_type: VOTER last_known_addr { host: "127.5.246.131" port: 33349 } }
I20260608 09:48:43.057734  9320 raft_consensus.cc:385] T 3b9683cfc414444f91b403e53fe2a49f P 5b6105104c0d4da395309ab31a115be2 [term 0 FOLLOWER]: Consensus starting up: Expiring failure detector timer to make a prompt election more likely
I20260608 09:48:43.058139  9320 raft_consensus.cc:740] T 3b9683cfc414444f91b403e53fe2a49f P 5b6105104c0d4da395309ab31a115be2 [term 0 FOLLOWER]: Becoming Follower/Learner. State: Replica: 5b6105104c0d4da395309ab31a115be2, State: Initialized, Role: FOLLOWER
I20260608 09:48:43.057632  9354 consensus_queue.cc:237] T 0de03e2f25ee48778bfcfc7d3db65432 P d70cc179e90d4306b0066e79f2bd054d [LEADER]: Queue going to LEADER mode. State: All replicated index: 0, Majority replicated index: 0, Committed index: 0, Last appended: 0.0, Last appended by leader: 0, Current term: 1, Majority size: 2, State: 0, Mode: LEADER, active raft config: opid_index: -1 OBSOLETE_local: false peers { permanent_uuid: "a7290099c7a24302815107ec7bcdea40" member_type: VOTER last_known_addr { host: "127.5.246.129" port: 44663 } } peers { permanent_uuid: "d70cc179e90d4306b0066e79f2bd054d" member_type: VOTER last_known_addr { host: "127.5.246.130" port: 36469 } } peers { permanent_uuid: "5b6105104c0d4da395309ab31a115be2" member_type: VOTER last_known_addr { host: "127.5.246.131" port: 33349 } }
I20260608 09:48:43.058993  9320 consensus_queue.cc:260] T 3b9683cfc414444f91b403e53fe2a49f P 5b6105104c0d4da395309ab31a115be2 [NON_LEADER]: Queue going to NON_LEADER mode. State: All replicated index: 0, Majority replicated index: 0, Committed index: 0, Last appended: 0.0, Last appended by leader: 0, Current term: 0, Majority size: -1, State: 0, Mode: NON_LEADER, active raft config: opid_index: -1 OBSOLETE_local: false peers { permanent_uuid: "a7290099c7a24302815107ec7bcdea40" member_type: VOTER last_known_addr { host: "127.5.246.129" port: 44663 } } peers { permanent_uuid: "d70cc179e90d4306b0066e79f2bd054d" member_type: VOTER last_known_addr { host: "127.5.246.130" port: 36469 } } peers { permanent_uuid: "5b6105104c0d4da395309ab31a115be2" member_type: VOTER last_known_addr { host: "127.5.246.131" port: 33349 } }
I20260608 09:48:43.052088  9121 raft_consensus.cc:2468] T 0de03e2f25ee48778bfcfc7d3db65432 P a7290099c7a24302815107ec7bcdea40 [term 1 FOLLOWER]: Leader election vote request: Granting yes vote for candidate d70cc179e90d4306b0066e79f2bd054d in term 1.
I20260608 09:48:43.059337  9352 raft_consensus.cc:515] T 8ef19e3b5ea94c6ea6da44c8a5dba654 P d70cc179e90d4306b0066e79f2bd054d [term 1 FOLLOWER]: Starting leader election with config: opid_index: -1 OBSOLETE_local: false peers { permanent_uuid: "d70cc179e90d4306b0066e79f2bd054d" member_type: VOTER last_known_addr { host: "127.5.246.130" port: 36469 } } peers { permanent_uuid: "a7290099c7a24302815107ec7bcdea40" member_type: VOTER last_known_addr { host: "127.5.246.129" port: 44663 } } peers { permanent_uuid: "5b6105104c0d4da395309ab31a115be2" member_type: VOTER last_known_addr { host: "127.5.246.131" port: 33349 } }
I20260608 09:48:43.061533  9320 ts_tablet_manager.cc:1434] T 3b9683cfc414444f91b403e53fe2a49f P 5b6105104c0d4da395309ab31a115be2: Time spent starting tablet: real 0.007s	user 0.006s	sys 0.001s
I20260608 09:48:43.061992  9352 leader_election.cc:290] T 8ef19e3b5ea94c6ea6da44c8a5dba654 P d70cc179e90d4306b0066e79f2bd054d [CANDIDATE]: Term 1 election: Requested vote from peers a7290099c7a24302815107ec7bcdea40 (127.5.246.129:44663), 5b6105104c0d4da395309ab31a115be2 (127.5.246.131:33349)
I20260608 09:48:43.064064  9272 tablet_service.cc:1917] Received RequestConsensusVote() RPC: tablet_id: "8ef19e3b5ea94c6ea6da44c8a5dba654" candidate_uuid: "d70cc179e90d4306b0066e79f2bd054d" candidate_term: 1 candidate_status { last_received { term: 0 index: 0 } } ignore_live_leader: false dest_uuid: "5b6105104c0d4da395309ab31a115be2"
I20260608 09:48:43.064167  9121 tablet_service.cc:1917] Received RequestConsensusVote() RPC: tablet_id: "8ef19e3b5ea94c6ea6da44c8a5dba654" candidate_uuid: "d70cc179e90d4306b0066e79f2bd054d" candidate_term: 1 candidate_status { last_received { term: 0 index: 0 } } ignore_live_leader: false dest_uuid: "a7290099c7a24302815107ec7bcdea40"
I20260608 09:48:43.064810  9272 raft_consensus.cc:3060] T 8ef19e3b5ea94c6ea6da44c8a5dba654 P 5b6105104c0d4da395309ab31a115be2 [term 0 FOLLOWER]: Advancing to term 1
I20260608 09:48:43.064901  9121 raft_consensus.cc:3060] T 8ef19e3b5ea94c6ea6da44c8a5dba654 P a7290099c7a24302815107ec7bcdea40 [term 0 FOLLOWER]: Advancing to term 1
I20260608 09:48:43.071679  9272 raft_consensus.cc:2468] T 8ef19e3b5ea94c6ea6da44c8a5dba654 P 5b6105104c0d4da395309ab31a115be2 [term 1 FOLLOWER]: Leader election vote request: Granting yes vote for candidate d70cc179e90d4306b0066e79f2bd054d in term 1.
I20260608 09:48:43.072271  9121 raft_consensus.cc:2468] T 8ef19e3b5ea94c6ea6da44c8a5dba654 P a7290099c7a24302815107ec7bcdea40 [term 1 FOLLOWER]: Leader election vote request: Granting yes vote for candidate d70cc179e90d4306b0066e79f2bd054d in term 1.
I20260608 09:48:43.072865  9163 leader_election.cc:304] T 8ef19e3b5ea94c6ea6da44c8a5dba654 P d70cc179e90d4306b0066e79f2bd054d [CANDIDATE]: Term 1 election: Election decided. Result: candidate won. Election summary: received 2 responses out of 3 voters: 2 yes votes; 0 no votes. yes voters: 5b6105104c0d4da395309ab31a115be2, d70cc179e90d4306b0066e79f2bd054d; no voters: 
I20260608 09:48:43.073752  9352 raft_consensus.cc:2804] T 8ef19e3b5ea94c6ea6da44c8a5dba654 P d70cc179e90d4306b0066e79f2bd054d [term 1 FOLLOWER]: Leader election won for term 1
I20260608 09:48:43.074323  9352 raft_consensus.cc:697] T 8ef19e3b5ea94c6ea6da44c8a5dba654 P d70cc179e90d4306b0066e79f2bd054d [term 1 LEADER]: Becoming Leader. State: Replica: d70cc179e90d4306b0066e79f2bd054d, State: Running, Role: LEADER
I20260608 09:48:43.075096  9352 consensus_queue.cc:237] T 8ef19e3b5ea94c6ea6da44c8a5dba654 P d70cc179e90d4306b0066e79f2bd054d [LEADER]: Queue going to LEADER mode. State: All replicated index: 0, Majority replicated index: 0, Committed index: 0, Last appended: 0.0, Last appended by leader: 0, Current term: 1, Majority size: 2, State: 0, Mode: LEADER, active raft config: opid_index: -1 OBSOLETE_local: false peers { permanent_uuid: "d70cc179e90d4306b0066e79f2bd054d" member_type: VOTER last_known_addr { host: "127.5.246.130" port: 36469 } } peers { permanent_uuid: "a7290099c7a24302815107ec7bcdea40" member_type: VOTER last_known_addr { host: "127.5.246.129" port: 44663 } } peers { permanent_uuid: "5b6105104c0d4da395309ab31a115be2" member_type: VOTER last_known_addr { host: "127.5.246.131" port: 33349 } }
I20260608 09:48:43.080880  9018 catalog_manager.cc:5696] T eea38a4df396430690c9bd68e7967527 P 5b6105104c0d4da395309ab31a115be2 reported cstate change: term changed from 0 to 1, leader changed from <none> to 5b6105104c0d4da395309ab31a115be2 (127.5.246.131). New cstate: current_term: 1 leader_uuid: "5b6105104c0d4da395309ab31a115be2" committed_config { opid_index: -1 OBSOLETE_local: false peers { permanent_uuid: "d70cc179e90d4306b0066e79f2bd054d" member_type: VOTER last_known_addr { host: "127.5.246.130" port: 36469 } health_report { overall_health: UNKNOWN } } peers { permanent_uuid: "5b6105104c0d4da395309ab31a115be2" member_type: VOTER last_known_addr { host: "127.5.246.131" port: 33349 } health_report { overall_health: HEALTHY } } peers { permanent_uuid: "a7290099c7a24302815107ec7bcdea40" member_type: VOTER last_known_addr { host: "127.5.246.129" port: 44663 } health_report { overall_health: UNKNOWN } } }
I20260608 09:48:43.084106  9018 catalog_manager.cc:5696] T 0c2fd1ae050949488ee68416240565c7 P 5b6105104c0d4da395309ab31a115be2 reported cstate change: term changed from 0 to 1, leader changed from <none> to 5b6105104c0d4da395309ab31a115be2 (127.5.246.131). New cstate: current_term: 1 leader_uuid: "5b6105104c0d4da395309ab31a115be2" committed_config { opid_index: -1 OBSOLETE_local: false peers { permanent_uuid: "a7290099c7a24302815107ec7bcdea40" member_type: VOTER last_known_addr { host: "127.5.246.129" port: 44663 } health_report { overall_health: UNKNOWN } } peers { permanent_uuid: "d70cc179e90d4306b0066e79f2bd054d" member_type: VOTER last_known_addr { host: "127.5.246.130" port: 36469 } health_report { overall_health: UNKNOWN } } peers { permanent_uuid: "5b6105104c0d4da395309ab31a115be2" member_type: VOTER last_known_addr { host: "127.5.246.131" port: 33349 } health_report { overall_health: HEALTHY } } }
I20260608 09:48:43.094511  9019 catalog_manager.cc:5696] T 3b9683cfc414444f91b403e53fe2a49f P a7290099c7a24302815107ec7bcdea40 reported cstate change: term changed from 0 to 1, leader changed from <none> to a7290099c7a24302815107ec7bcdea40 (127.5.246.129). New cstate: current_term: 1 leader_uuid: "a7290099c7a24302815107ec7bcdea40" committed_config { opid_index: -1 OBSOLETE_local: false peers { permanent_uuid: "a7290099c7a24302815107ec7bcdea40" member_type: VOTER last_known_addr { host: "127.5.246.129" port: 44663 } health_report { overall_health: HEALTHY } } peers { permanent_uuid: "d70cc179e90d4306b0066e79f2bd054d" member_type: VOTER last_known_addr { host: "127.5.246.130" port: 36469 } health_report { overall_health: UNKNOWN } } peers { permanent_uuid: "5b6105104c0d4da395309ab31a115be2" member_type: VOTER last_known_addr { host: "127.5.246.131" port: 33349 } health_report { overall_health: UNKNOWN } } }
I20260608 09:48:43.094645  9020 catalog_manager.cc:5696] T a4553c8a0e9f4939a39c4a885e7e8ca0 P d70cc179e90d4306b0066e79f2bd054d reported cstate change: term changed from 0 to 1, leader changed from <none> to d70cc179e90d4306b0066e79f2bd054d (127.5.246.130). New cstate: current_term: 1 leader_uuid: "d70cc179e90d4306b0066e79f2bd054d" committed_config { opid_index: -1 OBSOLETE_local: false peers { permanent_uuid: "a7290099c7a24302815107ec7bcdea40" member_type: VOTER last_known_addr { host: "127.5.246.129" port: 44663 } health_report { overall_health: UNKNOWN } } peers { permanent_uuid: "d70cc179e90d4306b0066e79f2bd054d" member_type: VOTER last_known_addr { host: "127.5.246.130" port: 36469 } health_report { overall_health: HEALTHY } } peers { permanent_uuid: "5b6105104c0d4da395309ab31a115be2" member_type: VOTER last_known_addr { host: "127.5.246.131" port: 33349 } health_report { overall_health: UNKNOWN } } }
I20260608 09:48:43.096737  9020 catalog_manager.cc:5696] T 0de03e2f25ee48778bfcfc7d3db65432 P d70cc179e90d4306b0066e79f2bd054d reported cstate change: term changed from 0 to 1, leader changed from <none> to d70cc179e90d4306b0066e79f2bd054d (127.5.246.130). New cstate: current_term: 1 leader_uuid: "d70cc179e90d4306b0066e79f2bd054d" committed_config { opid_index: -1 OBSOLETE_local: false peers { permanent_uuid: "a7290099c7a24302815107ec7bcdea40" member_type: VOTER last_known_addr { host: "127.5.246.129" port: 44663 } health_report { overall_health: UNKNOWN } } peers { permanent_uuid: "d70cc179e90d4306b0066e79f2bd054d" member_type: VOTER last_known_addr { host: "127.5.246.130" port: 36469 } health_report { overall_health: HEALTHY } } peers { permanent_uuid: "5b6105104c0d4da395309ab31a115be2" member_type: VOTER last_known_addr { host: "127.5.246.131" port: 33349 } health_report { overall_health: UNKNOWN } } }
I20260608 09:48:43.111251  9020 catalog_manager.cc:5696] T 8ef19e3b5ea94c6ea6da44c8a5dba654 P d70cc179e90d4306b0066e79f2bd054d reported cstate change: term changed from 0 to 1, leader changed from <none> to d70cc179e90d4306b0066e79f2bd054d (127.5.246.130). New cstate: current_term: 1 leader_uuid: "d70cc179e90d4306b0066e79f2bd054d" committed_config { opid_index: -1 OBSOLETE_local: false peers { permanent_uuid: "d70cc179e90d4306b0066e79f2bd054d" member_type: VOTER last_known_addr { host: "127.5.246.130" port: 36469 } health_report { overall_health: HEALTHY } } peers { permanent_uuid: "a7290099c7a24302815107ec7bcdea40" member_type: VOTER last_known_addr { host: "127.5.246.129" port: 44663 } health_report { overall_health: UNKNOWN } } peers { permanent_uuid: "5b6105104c0d4da395309ab31a115be2" member_type: VOTER last_known_addr { host: "127.5.246.131" port: 33349 } health_report { overall_health: UNKNOWN } } }
I20260608 09:48:43.238657  6106 file_cache.cc:492] Constructed file cache file cache with capacity 419430
W20260608 09:48:43.245716  9375 instance_detector.cc:116] could not retrieve AWS instance metadata: Network error: curl error: HTTP response code said error: The requested URL returned error: 404
W20260608 09:48:43.246455  9376 instance_detector.cc:116] could not retrieve Azure instance metadata: Network error: curl error: HTTP response code said error: The requested URL returned error: 404
I20260608 09:48:43.249627  6106 server_base.cc:1061] running on GCE node
W20260608 09:48:43.250406  9378 instance_detector.cc:116] could not retrieve OpenStack instance metadata: Network error: curl error: HTTP response code said error: The requested URL returned error: 404
I20260608 09:48:43.251850  6106 hybrid_clock.cc:584] initializing the hybrid clock with 'system_unsync' time source
W20260608 09:48:43.252084  6106 system_unsync_time.cc:38] NTP support is disabled. Clock error bounds will not be accurate. This configuration is not suitable for distributed clusters.
I20260608 09:48:43.252238  6106 hybrid_clock.cc:648] HybridClock initialized: now 1780912123252225 us; error 0 us; skew 500 ppm
I20260608 09:48:43.252825  6106 server_base.cc:861] Flag tcmalloc_max_total_thread_cache_bytes is not working since tcmalloc is not enabled.
I20260608 09:48:43.255761  6106 webserver.cc:533] Webserver started at http://127.5.246.132:39063/ using document root <none> and password file <none>
I20260608 09:48:43.256289  6106 fs_manager.cc:362] Metadata directory not provided
I20260608 09:48:43.256460  6106 fs_manager.cc:368] Using write-ahead log directory (fs_wal_dir) as metadata directory
I20260608 09:48:43.256735  6106 server_base.cc:909] This appears to be a new deployment of Kudu; creating new FS layout
I20260608 09:48:43.258080  6106 fs_manager.cc:1068] Generated new instance metadata in path /tmp/dist-test-taskvogt7W/test-tmp/auto_rebalancer-test.0.AutoRebalancerTest.RangeAwareRebalancesNewRangeReplicas.1780912040395176-6106-0/minicluster-data/ts-3-root/instance:
uuid: "1ab56f12834a4d76b4b4791b1f755554"
format_stamp: "Formatted at 2026-06-08 09:48:43 on dist-test-slave-jxbb"
I20260608 09:48:43.263418  6106 fs_manager.cc:696] Time spent creating directory manager: real 0.005s	user 0.002s	sys 0.004s
I20260608 09:48:43.267307  9383 log_block_manager.cc:4031] Time spent loading block containers with low live blocks: real 0.000s	user 0.000s	sys 0.000s
I20260608 09:48:43.268337  6106 fs_manager.cc:730] Time spent opening block manager: real 0.003s	user 0.002s	sys 0.000s
I20260608 09:48:43.268652  6106 fs_manager.cc:647] Opened local filesystem: /tmp/dist-test-taskvogt7W/test-tmp/auto_rebalancer-test.0.AutoRebalancerTest.RangeAwareRebalancesNewRangeReplicas.1780912040395176-6106-0/minicluster-data/ts-3-root
uuid: "1ab56f12834a4d76b4b4791b1f755554"
format_stamp: "Formatted at 2026-06-08 09:48:43 on dist-test-slave-jxbb"
I20260608 09:48:43.268914  6106 fs_report.cc:389] FS layout report
--------------------
wal directory: /tmp/dist-test-taskvogt7W/test-tmp/auto_rebalancer-test.0.AutoRebalancerTest.RangeAwareRebalancesNewRangeReplicas.1780912040395176-6106-0/minicluster-data/ts-3-root
metadata directory: /tmp/dist-test-taskvogt7W/test-tmp/auto_rebalancer-test.0.AutoRebalancerTest.RangeAwareRebalancesNewRangeReplicas.1780912040395176-6106-0/minicluster-data/ts-3-root
1 data directories: /tmp/dist-test-taskvogt7W/test-tmp/auto_rebalancer-test.0.AutoRebalancerTest.RangeAwareRebalancesNewRangeReplicas.1780912040395176-6106-0/minicluster-data/ts-3-root/data
Total live blocks: 0
Total live bytes: 0
Total live bytes (after alignment): 0
Total number of LBM containers: 0 (0 full)
Did not check for missing blocks
Did not check for orphaned blocks
Total full LBM containers with extra space: 0 (0 repaired)
Total full LBM container extra space in bytes: 0 (0 repaired)
Total incomplete LBM containers: 0 (0 repaired)
Total LBM partial records: 0 (0 repaired)
Total corrupted LBM metadata records in RocksDB: 0 (0 repaired)
I20260608 09:48:43.305876  6106 rpc_server.cc:225] running with OpenSSL 1.1.1  11 Sep 2018
I20260608 09:48:43.307420  6106 kserver.cc:163] Server-wide thread pool size limit: 3276
I20260608 09:48:43.309142  6106 txn_system_client.cc:432] TxnSystemClient initialization is disabled...
I20260608 09:48:43.311000  9354 consensus_queue.cc:1048] T 291c8a2369834904a9026e37e83340af P d70cc179e90d4306b0066e79f2bd054d [LEADER]: Connected to new peer: Peer: permanent_uuid: "a7290099c7a24302815107ec7bcdea40" member_type: VOTER last_known_addr { host: "127.5.246.129" port: 44663 }, Status: LMP_MISMATCH, Last received: 0.0, Next index: 1, Last known committed idx: 0, Time since last communication: 0.000s
I20260608 09:48:43.312274  6106 ts_tablet_manager.cc:585] Loaded tablet metadata (0 total tablets, 0 live tablets)
I20260608 09:48:43.312598  6106 ts_tablet_manager.cc:531] Time spent load tablet metadata: real 0.000s	user 0.000s	sys 0.000s
I20260608 09:48:43.312929  6106 ts_tablet_manager.cc:616] Registered 0 tablets
I20260608 09:48:43.313184  6106 ts_tablet_manager.cc:595] Time spent register tablets: real 0.000s	user 0.000s	sys 0.001s
I20260608 09:48:43.318176  9354 consensus_queue.cc:1048] T 291c8a2369834904a9026e37e83340af P d70cc179e90d4306b0066e79f2bd054d [LEADER]: Connected to new peer: Peer: permanent_uuid: "5b6105104c0d4da395309ab31a115be2" member_type: VOTER last_known_addr { host: "127.5.246.131" port: 33349 }, Status: LMP_MISMATCH, Last received: 0.0, Next index: 1, Last known committed idx: 0, Time since last communication: 0.001s
I20260608 09:48:43.332175  9359 raft_consensus.cc:493] T 3b9683cfc414444f91b403e53fe2a49f P 5b6105104c0d4da395309ab31a115be2 [term 0 FOLLOWER]: Starting pre-election (no leader contacted us within the election timeout)
I20260608 09:48:43.332932  9359 raft_consensus.cc:515] T 3b9683cfc414444f91b403e53fe2a49f P 5b6105104c0d4da395309ab31a115be2 [term 0 FOLLOWER]: Starting pre-election with config: opid_index: -1 OBSOLETE_local: false peers { permanent_uuid: "a7290099c7a24302815107ec7bcdea40" member_type: VOTER last_known_addr { host: "127.5.246.129" port: 44663 } } peers { permanent_uuid: "d70cc179e90d4306b0066e79f2bd054d" member_type: VOTER last_known_addr { host: "127.5.246.130" port: 36469 } } peers { permanent_uuid: "5b6105104c0d4da395309ab31a115be2" member_type: VOTER last_known_addr { host: "127.5.246.131" port: 33349 } }
I20260608 09:48:43.336498  9359 leader_election.cc:290] T 3b9683cfc414444f91b403e53fe2a49f P 5b6105104c0d4da395309ab31a115be2 [CANDIDATE]: Term 1 pre-election: Requested pre-vote from peers a7290099c7a24302815107ec7bcdea40 (127.5.246.129:44663), d70cc179e90d4306b0066e79f2bd054d (127.5.246.130:36469)
I20260608 09:48:43.337708  9197 tablet_service.cc:1917] Received RequestConsensusVote() RPC: tablet_id: "3b9683cfc414444f91b403e53fe2a49f" candidate_uuid: "5b6105104c0d4da395309ab31a115be2" candidate_term: 1 candidate_status { last_received { term: 0 index: 0 } } ignore_live_leader: false dest_uuid: "d70cc179e90d4306b0066e79f2bd054d" is_pre_election: true
I20260608 09:48:43.338855  9197 raft_consensus.cc:2393] T 3b9683cfc414444f91b403e53fe2a49f P d70cc179e90d4306b0066e79f2bd054d [term 1 FOLLOWER]: Leader pre-election vote request: Denying vote to candidate 5b6105104c0d4da395309ab31a115be2 in current term 1: Already voted for candidate a7290099c7a24302815107ec7bcdea40 in this term.
I20260608 09:48:43.341465  9121 tablet_service.cc:1917] Received RequestConsensusVote() RPC: tablet_id: "3b9683cfc414444f91b403e53fe2a49f" candidate_uuid: "5b6105104c0d4da395309ab31a115be2" candidate_term: 1 candidate_status { last_received { term: 0 index: 0 } } ignore_live_leader: false dest_uuid: "a7290099c7a24302815107ec7bcdea40" is_pre_election: true
I20260608 09:48:43.343097  9237 leader_election.cc:304] T 3b9683cfc414444f91b403e53fe2a49f P 5b6105104c0d4da395309ab31a115be2 [CANDIDATE]: Term 1 pre-election: Election decided. Result: candidate lost. Election summary: received 3 responses out of 3 voters: 1 yes votes; 2 no votes. yes voters: 5b6105104c0d4da395309ab31a115be2; no voters: a7290099c7a24302815107ec7bcdea40, d70cc179e90d4306b0066e79f2bd054d
I20260608 09:48:43.344522  9359 raft_consensus.cc:3060] T 3b9683cfc414444f91b403e53fe2a49f P 5b6105104c0d4da395309ab31a115be2 [term 0 FOLLOWER]: Advancing to term 1
I20260608 09:48:43.352708  9359 raft_consensus.cc:2749] T 3b9683cfc414444f91b403e53fe2a49f P 5b6105104c0d4da395309ab31a115be2 [term 1 FOLLOWER]: Leader pre-election lost for term 1. Reason: could not achieve majority
I20260608 09:48:43.393527  6106 rpc_server.cc:307] RPC server started. Bound to: 127.5.246.132:35585
I20260608 09:48:43.393682  9450 acceptor_pool.cc:272] collecting diagnostics on the listening RPC socket 127.5.246.132:35585 every 8 connection(s)
I20260608 09:48:43.400787  9019 catalog_manager.cc:3569] Servicing AlterTable request from {username='slave'} at 127.0.0.1:52782:
table { table_name: "range_aware_rebalance_new_range" } alter_schema_steps { type: ADD_RANGE_PARTITION add_range_partition { range_bounds { rows: "\006\001\n\000\000\000\007\001\024\000\000\000""\006\001\n\000\000\000\007\001\024\000\000\000" indirect_data: """" } } } schema { columns { name: "key" type: INT32 is_key: true is_nullable: false encoding: AUTO_ENCODING compression: DEFAULT_COMPRESSION cfile_block_size: 0 immutable: false } } modify_external_catalogs: true
I20260608 09:48:43.410579  9451 heartbeater.cc:344] Connected to a master server at 127.5.246.190:43799
I20260608 09:48:43.411089  9451 heartbeater.cc:461] Registering TS with master...
I20260608 09:48:43.412132  9451 heartbeater.cc:507] Master 127.5.246.190:43799 requested a full tablet report, sending...
I20260608 09:48:43.412282  9359 consensus_queue.cc:1048] T b72279add8fe447a8441eca343390b2f P 5b6105104c0d4da395309ab31a115be2 [LEADER]: Connected to new peer: Peer: permanent_uuid: "a7290099c7a24302815107ec7bcdea40" member_type: VOTER last_known_addr { host: "127.5.246.129" port: 44663 }, Status: LMP_MISMATCH, Last received: 0.0, Next index: 1, Last known committed idx: 0, Time since last communication: 0.000s
I20260608 09:48:43.414696  9020 ts_manager.cc:194] Registered new tserver with Master: 1ab56f12834a4d76b4b4791b1f755554 (127.5.246.132:35585)
I20260608 09:48:43.416517  9020 master_service.cc:502] Signed X509 certificate for tserver {username='slave'} at 127.0.0.1:52788
I20260608 09:48:43.427186  9358 consensus_queue.cc:1048] T b72279add8fe447a8441eca343390b2f P 5b6105104c0d4da395309ab31a115be2 [LEADER]: Connected to new peer: Peer: permanent_uuid: "d70cc179e90d4306b0066e79f2bd054d" member_type: VOTER last_known_addr { host: "127.5.246.130" port: 36469 }, Status: LMP_MISMATCH, Last received: 0.0, Next index: 1, Last known committed idx: 0, Time since last communication: 0.000s
W20260608 09:48:43.429134  9019 catalog_manager.cc:5956] Failed to send alter table request: Not found: failed to reset TS proxy: No leader found: Tablet 3dfa48498f2f4a34943713b65c519a7c has no consensus state
W20260608 09:48:43.430938  9019 catalog_manager.cc:5956] Failed to send alter table request: Not found: failed to reset TS proxy: No leader found: Tablet 0c354fd69faf49a4aa1a84df8dbb1ce9 has no consensus state
W20260608 09:48:43.434197  9019 catalog_manager.cc:5956] Failed to send alter table request: Not found: failed to reset TS proxy: No leader found: Tablet 6f883494cd7147dcb4fb5eee29c16c91 has no consensus state
W20260608 09:48:43.436834  9019 catalog_manager.cc:5956] Failed to send alter table request: Not found: failed to reset TS proxy: No leader found: Tablet 45d0ffd478bc4baba81f6e326ab6f161 has no consensus state
I20260608 09:48:43.438077  9322 consensus_queue.cc:1048] T a4553c8a0e9f4939a39c4a885e7e8ca0 P d70cc179e90d4306b0066e79f2bd054d [LEADER]: Connected to new peer: Peer: permanent_uuid: "5b6105104c0d4da395309ab31a115be2" member_type: VOTER last_known_addr { host: "127.5.246.131" port: 33349 }, Status: LMP_MISMATCH, Last received: 0.0, Next index: 1, Last known committed idx: 0, Time since last communication: 0.000s
W20260608 09:48:43.438551  9019 catalog_manager.cc:5956] Failed to send alter table request: Not found: failed to reset TS proxy: No leader found: Tablet 61b471d150cf4b988c00b6180282d080 has no consensus state
W20260608 09:48:43.445689  9019 catalog_manager.cc:5956] Failed to send alter table request: Not found: failed to reset TS proxy: No leader found: Tablet 4ee42b8440cf4513891cc969f5185b9a has no consensus state
W20260608 09:48:43.447852  9019 catalog_manager.cc:5956] Failed to send alter table request: Not found: failed to reset TS proxy: No leader found: Tablet 759be25813dc483f820f52148f9275a3 has no consensus state
I20260608 09:48:43.451056  9322 consensus_queue.cc:1048] T a4553c8a0e9f4939a39c4a885e7e8ca0 P d70cc179e90d4306b0066e79f2bd054d [LEADER]: Connected to new peer: Peer: permanent_uuid: "a7290099c7a24302815107ec7bcdea40" member_type: VOTER last_known_addr { host: "127.5.246.129" port: 44663 }, Status: LMP_MISMATCH, Last received: 0.0, Next index: 1, Last known committed idx: 0, Time since last communication: 0.000s
W20260608 09:48:43.453492  9019 catalog_manager.cc:5956] Failed to send alter table request: Not found: failed to reset TS proxy: No leader found: Tablet c792a2fb62be4069bc4eb80ba470f799 has no consensus state
W20260608 09:48:43.460748  9008 catalog_manager.cc:4809] Async tablet task AlterTable RPC for tablet 3dfa48498f2f4a34943713b65c519a7c (table range_aware_rebalance_new_range [id=cd456fe6ab3147369b2db0c520e482bf], current schema version=0) failed: Not found: failed to reset TS proxy: No leader found: Tablet 3dfa48498f2f4a34943713b65c519a7c has no consensus state
I20260608 09:48:43.469389  9358 consensus_queue.cc:1048] T eea38a4df396430690c9bd68e7967527 P 5b6105104c0d4da395309ab31a115be2 [LEADER]: Connected to new peer: Peer: permanent_uuid: "a7290099c7a24302815107ec7bcdea40" member_type: VOTER last_known_addr { host: "127.5.246.129" port: 44663 }, Status: LMP_MISMATCH, Last received: 0.0, Next index: 1, Last known committed idx: 0, Time since last communication: 0.000s
I20260608 09:48:43.485948  9322 consensus_queue.cc:1048] T 0de03e2f25ee48778bfcfc7d3db65432 P d70cc179e90d4306b0066e79f2bd054d [LEADER]: Connected to new peer: Peer: permanent_uuid: "5b6105104c0d4da395309ab31a115be2" member_type: VOTER last_known_addr { host: "127.5.246.131" port: 33349 }, Status: LMP_MISMATCH, Last received: 0.0, Next index: 1, Last known committed idx: 0, Time since last communication: 0.001s
I20260608 09:48:43.490701  9327 consensus_queue.cc:1048] T 3b9683cfc414444f91b403e53fe2a49f P a7290099c7a24302815107ec7bcdea40 [LEADER]: Connected to new peer: Peer: permanent_uuid: "5b6105104c0d4da395309ab31a115be2" member_type: VOTER last_known_addr { host: "127.5.246.131" port: 33349 }, Status: LMP_MISMATCH, Last received: 0.0, Next index: 1, Last known committed idx: 0, Time since last communication: 0.001s
I20260608 09:48:43.491602  9355 consensus_queue.cc:1048] T eea38a4df396430690c9bd68e7967527 P 5b6105104c0d4da395309ab31a115be2 [LEADER]: Connected to new peer: Peer: permanent_uuid: "d70cc179e90d4306b0066e79f2bd054d" member_type: VOTER last_known_addr { host: "127.5.246.130" port: 36469 }, Status: LMP_MISMATCH, Last received: 0.0, Next index: 1, Last known committed idx: 0, Time since last communication: 0.001s
I20260608 09:48:43.498608  9106 tablet_service.cc:1511] Processing CreateTablet for tablet 3dfa48498f2f4a34943713b65c519a7c (DEFAULT_TABLE table=range_aware_rebalance_new_range [id=cd456fe6ab3147369b2db0c520e482bf]), partition=HASH (key) PARTITION 0, RANGE (key) PARTITION 10 <= VALUES < 20
I20260608 09:48:43.500351  9106 data_dirs.cc:400] Could only allocate 1 dirs of requested 3 for tablet 3dfa48498f2f4a34943713b65c519a7c. 1 dirs total, 0 dirs full, 0 dirs failed
I20260608 09:48:43.509117  9181 tablet_service.cc:1511] Processing CreateTablet for tablet 3dfa48498f2f4a34943713b65c519a7c (DEFAULT_TABLE table=range_aware_rebalance_new_range [id=cd456fe6ab3147369b2db0c520e482bf]), partition=HASH (key) PARTITION 0, RANGE (key) PARTITION 10 <= VALUES < 20
I20260608 09:48:43.510924  9181 data_dirs.cc:400] Could only allocate 1 dirs of requested 3 for tablet 3dfa48498f2f4a34943713b65c519a7c. 1 dirs total, 0 dirs full, 0 dirs failed
I20260608 09:48:43.529273  9257 tablet_service.cc:1511] Processing CreateTablet for tablet 0c354fd69faf49a4aa1a84df8dbb1ce9 (DEFAULT_TABLE table=range_aware_rebalance_new_range [id=cd456fe6ab3147369b2db0c520e482bf]), partition=HASH (key) PARTITION 1, RANGE (key) PARTITION 10 <= VALUES < 20
I20260608 09:48:43.530198  9322 consensus_queue.cc:1048] T 0de03e2f25ee48778bfcfc7d3db65432 P d70cc179e90d4306b0066e79f2bd054d [LEADER]: Connected to new peer: Peer: permanent_uuid: "a7290099c7a24302815107ec7bcdea40" member_type: VOTER last_known_addr { host: "127.5.246.129" port: 44663 }, Status: LMP_MISMATCH, Last received: 0.0, Next index: 1, Last known committed idx: 0, Time since last communication: 0.001s
I20260608 09:48:43.531502  9257 data_dirs.cc:400] Could only allocate 1 dirs of requested 3 for tablet 0c354fd69faf49a4aa1a84df8dbb1ce9. 1 dirs total, 0 dirs full, 0 dirs failed
I20260608 09:48:43.549472  9113 tablet_service.cc:1511] Processing CreateTablet for tablet 0c354fd69faf49a4aa1a84df8dbb1ce9 (DEFAULT_TABLE table=range_aware_rebalance_new_range [id=cd456fe6ab3147369b2db0c520e482bf]), partition=HASH (key) PARTITION 1, RANGE (key) PARTITION 10 <= VALUES < 20
I20260608 09:48:43.551097  9113 data_dirs.cc:400] Could only allocate 1 dirs of requested 3 for tablet 0c354fd69faf49a4aa1a84df8dbb1ce9. 1 dirs total, 0 dirs full, 0 dirs failed
I20260608 09:48:43.561424  9183 tablet_service.cc:1511] Processing CreateTablet for tablet 6f883494cd7147dcb4fb5eee29c16c91 (DEFAULT_TABLE table=range_aware_rebalance_new_range [id=cd456fe6ab3147369b2db0c520e482bf]), partition=HASH (key) PARTITION 2, RANGE (key) PARTITION 10 <= VALUES < 20
I20260608 09:48:43.563095  9183 data_dirs.cc:400] Could only allocate 1 dirs of requested 3 for tablet 6f883494cd7147dcb4fb5eee29c16c91. 1 dirs total, 0 dirs full, 0 dirs failed
I20260608 09:48:43.566691  9322 consensus_queue.cc:1048] T 8ef19e3b5ea94c6ea6da44c8a5dba654 P d70cc179e90d4306b0066e79f2bd054d [LEADER]: Connected to new peer: Peer: permanent_uuid: "a7290099c7a24302815107ec7bcdea40" member_type: VOTER last_known_addr { host: "127.5.246.129" port: 44663 }, Status: LMP_MISMATCH, Last received: 0.0, Next index: 1, Last known committed idx: 0, Time since last communication: 0.000s
I20260608 09:48:43.578627  9416 tablet_service.cc:1511] Processing CreateTablet for tablet 3dfa48498f2f4a34943713b65c519a7c (DEFAULT_TABLE table=range_aware_rebalance_new_range [id=cd456fe6ab3147369b2db0c520e482bf]), partition=HASH (key) PARTITION 0, RANGE (key) PARTITION 10 <= VALUES < 20
I20260608 09:48:43.580308  9416 data_dirs.cc:400] Could only allocate 1 dirs of requested 3 for tablet 3dfa48498f2f4a34943713b65c519a7c. 1 dirs total, 0 dirs full, 0 dirs failed
I20260608 09:48:43.582326  9415 tablet_service.cc:1511] Processing CreateTablet for tablet 0c354fd69faf49a4aa1a84df8dbb1ce9 (DEFAULT_TABLE table=range_aware_rebalance_new_range [id=cd456fe6ab3147369b2db0c520e482bf]), partition=HASH (key) PARTITION 1, RANGE (key) PARTITION 10 <= VALUES < 20
I20260608 09:48:43.584276  9415 data_dirs.cc:400] Could only allocate 1 dirs of requested 3 for tablet 0c354fd69faf49a4aa1a84df8dbb1ce9. 1 dirs total, 0 dirs full, 0 dirs failed
I20260608 09:48:43.586356  9414 tablet_service.cc:1511] Processing CreateTablet for tablet 6f883494cd7147dcb4fb5eee29c16c91 (DEFAULT_TABLE table=range_aware_rebalance_new_range [id=cd456fe6ab3147369b2db0c520e482bf]), partition=HASH (key) PARTITION 2, RANGE (key) PARTITION 10 <= VALUES < 20
I20260608 09:48:43.588121  9414 data_dirs.cc:400] Could only allocate 1 dirs of requested 3 for tablet 6f883494cd7147dcb4fb5eee29c16c91. 1 dirs total, 0 dirs full, 0 dirs failed
I20260608 09:48:43.598126  9352 consensus_queue.cc:1048] T 8ef19e3b5ea94c6ea6da44c8a5dba654 P d70cc179e90d4306b0066e79f2bd054d [LEADER]: Connected to new peer: Peer: permanent_uuid: "5b6105104c0d4da395309ab31a115be2" member_type: VOTER last_known_addr { host: "127.5.246.131" port: 33349 }, Status: LMP_MISMATCH, Last received: 0.0, Next index: 1, Last known committed idx: 0, Time since last communication: 0.001s
I20260608 09:48:43.606033  9110 tablet_service.cc:1511] Processing CreateTablet for tablet 45d0ffd478bc4baba81f6e326ab6f161 (DEFAULT_TABLE table=range_aware_rebalance_new_range [id=cd456fe6ab3147369b2db0c520e482bf]), partition=HASH (key) PARTITION 3, RANGE (key) PARTITION 10 <= VALUES < 20
I20260608 09:48:43.607929  9110 data_dirs.cc:400] Could only allocate 1 dirs of requested 3 for tablet 45d0ffd478bc4baba81f6e326ab6f161. 1 dirs total, 0 dirs full, 0 dirs failed
I20260608 09:48:43.609715  9413 tablet_service.cc:1511] Processing CreateTablet for tablet 45d0ffd478bc4baba81f6e326ab6f161 (DEFAULT_TABLE table=range_aware_rebalance_new_range [id=cd456fe6ab3147369b2db0c520e482bf]), partition=HASH (key) PARTITION 3, RANGE (key) PARTITION 10 <= VALUES < 20
I20260608 09:48:43.611321  9413 data_dirs.cc:400] Could only allocate 1 dirs of requested 3 for tablet 45d0ffd478bc4baba81f6e326ab6f161. 1 dirs total, 0 dirs full, 0 dirs failed
I20260608 09:48:43.611529  9255 tablet_service.cc:1511] Processing CreateTablet for tablet 6f883494cd7147dcb4fb5eee29c16c91 (DEFAULT_TABLE table=range_aware_rebalance_new_range [id=cd456fe6ab3147369b2db0c520e482bf]), partition=HASH (key) PARTITION 2, RANGE (key) PARTITION 10 <= VALUES < 20
I20260608 09:48:43.613699  9255 data_dirs.cc:400] Could only allocate 1 dirs of requested 3 for tablet 6f883494cd7147dcb4fb5eee29c16c91. 1 dirs total, 0 dirs full, 0 dirs failed
I20260608 09:48:43.618862  9188 tablet_service.cc:1511] Processing CreateTablet for tablet 45d0ffd478bc4baba81f6e326ab6f161 (DEFAULT_TABLE table=range_aware_rebalance_new_range [id=cd456fe6ab3147369b2db0c520e482bf]), partition=HASH (key) PARTITION 3, RANGE (key) PARTITION 10 <= VALUES < 20
I20260608 09:48:43.621784  9188 data_dirs.cc:400] Could only allocate 1 dirs of requested 3 for tablet 45d0ffd478bc4baba81f6e326ab6f161. 1 dirs total, 0 dirs full, 0 dirs failed
I20260608 09:48:43.633044  9258 tablet_service.cc:1511] Processing CreateTablet for tablet 61b471d150cf4b988c00b6180282d080 (DEFAULT_TABLE table=range_aware_rebalance_new_range [id=cd456fe6ab3147369b2db0c520e482bf]), partition=HASH (key) PARTITION 4, RANGE (key) PARTITION 10 <= VALUES < 20
I20260608 09:48:43.634188  9325 consensus_queue.cc:1048] T 0c2fd1ae050949488ee68416240565c7 P 5b6105104c0d4da395309ab31a115be2 [LEADER]: Connected to new peer: Peer: permanent_uuid: "d70cc179e90d4306b0066e79f2bd054d" member_type: VOTER last_known_addr { host: "127.5.246.130" port: 36469 }, Status: LMP_MISMATCH, Last received: 0.0, Next index: 1, Last known committed idx: 0, Time since last communication: 0.000s
I20260608 09:48:43.634620  9258 data_dirs.cc:400] Could only allocate 1 dirs of requested 3 for tablet 61b471d150cf4b988c00b6180282d080. 1 dirs total, 0 dirs full, 0 dirs failed
I20260608 09:48:43.628758  9466 tablet_bootstrap.cc:492] T 3dfa48498f2f4a34943713b65c519a7c P a7290099c7a24302815107ec7bcdea40: Bootstrap starting.
I20260608 09:48:43.635385  9412 tablet_service.cc:1511] Processing CreateTablet for tablet 61b471d150cf4b988c00b6180282d080 (DEFAULT_TABLE table=range_aware_rebalance_new_range [id=cd456fe6ab3147369b2db0c520e482bf]), partition=HASH (key) PARTITION 4, RANGE (key) PARTITION 10 <= VALUES < 20
I20260608 09:48:43.663017  9412 data_dirs.cc:400] Could only allocate 1 dirs of requested 3 for tablet 61b471d150cf4b988c00b6180282d080. 1 dirs total, 0 dirs full, 0 dirs failed
I20260608 09:48:43.665958  9355 consensus_queue.cc:1048] T 0c2fd1ae050949488ee68416240565c7 P 5b6105104c0d4da395309ab31a115be2 [LEADER]: Connected to new peer: Peer: permanent_uuid: "a7290099c7a24302815107ec7bcdea40" member_type: VOTER last_known_addr { host: "127.5.246.129" port: 44663 }, Status: LMP_MISMATCH, Last received: 0.0, Next index: 1, Last known committed idx: 0, Time since last communication: 0.000s
I20260608 09:48:43.666575  9411 tablet_service.cc:1511] Processing CreateTablet for tablet 4ee42b8440cf4513891cc969f5185b9a (DEFAULT_TABLE table=range_aware_rebalance_new_range [id=cd456fe6ab3147369b2db0c520e482bf]), partition=HASH (key) PARTITION 5, RANGE (key) PARTITION 10 <= VALUES < 20
I20260608 09:48:43.673482  9411 data_dirs.cc:400] Could only allocate 1 dirs of requested 3 for tablet 4ee42b8440cf4513891cc969f5185b9a. 1 dirs total, 0 dirs full, 0 dirs failed
I20260608 09:48:43.677486  9260 tablet_service.cc:1511] Processing CreateTablet for tablet 4ee42b8440cf4513891cc969f5185b9a (DEFAULT_TABLE table=range_aware_rebalance_new_range [id=cd456fe6ab3147369b2db0c520e482bf]), partition=HASH (key) PARTITION 5, RANGE (key) PARTITION 10 <= VALUES < 20
I20260608 09:48:43.679162  9260 data_dirs.cc:400] Could only allocate 1 dirs of requested 3 for tablet 4ee42b8440cf4513891cc969f5185b9a. 1 dirs total, 0 dirs full, 0 dirs failed
I20260608 09:48:43.666003  9106 tablet_service.cc:1511] Processing CreateTablet for tablet 61b471d150cf4b988c00b6180282d080 (DEFAULT_TABLE table=range_aware_rebalance_new_range [id=cd456fe6ab3147369b2db0c520e482bf]), partition=HASH (key) PARTITION 4, RANGE (key) PARTITION 10 <= VALUES < 20
I20260608 09:48:43.686264  9106 data_dirs.cc:400] Could only allocate 1 dirs of requested 3 for tablet 61b471d150cf4b988c00b6180282d080. 1 dirs total, 0 dirs full, 0 dirs failed
I20260608 09:48:43.709136  9181 tablet_service.cc:1511] Processing CreateTablet for tablet 4ee42b8440cf4513891cc969f5185b9a (DEFAULT_TABLE table=range_aware_rebalance_new_range [id=cd456fe6ab3147369b2db0c520e482bf]), partition=HASH (key) PARTITION 5, RANGE (key) PARTITION 10 <= VALUES < 20
I20260608 09:48:43.716871  9467 tablet_bootstrap.cc:492] T 3dfa48498f2f4a34943713b65c519a7c P d70cc179e90d4306b0066e79f2bd054d: Bootstrap starting.
I20260608 09:48:43.722556  9470 consensus_queue.cc:1048] T 3b9683cfc414444f91b403e53fe2a49f P a7290099c7a24302815107ec7bcdea40 [LEADER]: Connected to new peer: Peer: permanent_uuid: "d70cc179e90d4306b0066e79f2bd054d" member_type: VOTER last_known_addr { host: "127.5.246.130" port: 36469 }, Status: LMP_MISMATCH, Last received: 0.0, Next index: 1, Last known committed idx: 0, Time since last communication: 0.001s
I20260608 09:48:43.733168  9181 data_dirs.cc:400] Could only allocate 1 dirs of requested 3 for tablet 4ee42b8440cf4513891cc969f5185b9a. 1 dirs total, 0 dirs full, 0 dirs failed
I20260608 09:48:43.745543  9111 tablet_service.cc:1511] Processing CreateTablet for tablet 759be25813dc483f820f52148f9275a3 (DEFAULT_TABLE table=range_aware_rebalance_new_range [id=cd456fe6ab3147369b2db0c520e482bf]), partition=HASH (key) PARTITION 6, RANGE (key) PARTITION 10 <= VALUES < 20
I20260608 09:48:43.747159  9111 data_dirs.cc:400] Could only allocate 1 dirs of requested 3 for tablet 759be25813dc483f820f52148f9275a3. 1 dirs total, 0 dirs full, 0 dirs failed
I20260608 09:48:43.751271  9410 tablet_service.cc:1511] Processing CreateTablet for tablet 759be25813dc483f820f52148f9275a3 (DEFAULT_TABLE table=range_aware_rebalance_new_range [id=cd456fe6ab3147369b2db0c520e482bf]), partition=HASH (key) PARTITION 6, RANGE (key) PARTITION 10 <= VALUES < 20
I20260608 09:48:43.753089  9182 tablet_service.cc:1511] Processing CreateTablet for tablet 759be25813dc483f820f52148f9275a3 (DEFAULT_TABLE table=range_aware_rebalance_new_range [id=cd456fe6ab3147369b2db0c520e482bf]), partition=HASH (key) PARTITION 6, RANGE (key) PARTITION 10 <= VALUES < 20
I20260608 09:48:43.754689  9410 data_dirs.cc:400] Could only allocate 1 dirs of requested 3 for tablet 759be25813dc483f820f52148f9275a3. 1 dirs total, 0 dirs full, 0 dirs failed
