I20260608 09:52:55.473537 28089 tablet_bootstrap.cc:492] T ee814de51c9e42d0940161d4b84f6191 P 34a076260fd84428ab056d5648b073d9: Bootstrap starting.
I20260608 09:52:55.478822 27789 catalog_manager.cc:5696] T daf4188361d74c679dc33e03874bddb9 P 34a076260fd84428ab056d5648b073d9 reported cstate change: term changed from 0 to 1, leader changed from <none> to 34a076260fd84428ab056d5648b073d9 (127.24.85.194). New cstate: current_term: 1 leader_uuid: "34a076260fd84428ab056d5648b073d9" committed_config { opid_index: -1 OBSOLETE_local: false peers { permanent_uuid: "34a076260fd84428ab056d5648b073d9" member_type: VOTER last_known_addr { host: "127.24.85.194" port: 36553 } health_report { overall_health: HEALTHY } } peers { permanent_uuid: "b24b87d5d6914edca35605c994631065" member_type: VOTER last_known_addr { host: "127.24.85.193" port: 39257 } health_report { overall_health: UNKNOWN } } peers { permanent_uuid: "379ed7be94dd4471b71b87ee004a1993" member_type: VOTER last_known_addr { host: "127.24.85.195" port: 41793 } health_report { overall_health: UNKNOWN } } }
I20260608 09:52:55.490746 28089 tablet_bootstrap.cc:654] T ee814de51c9e42d0940161d4b84f6191 P 34a076260fd84428ab056d5648b073d9: Neither blocks nor log segments found. Creating new log.
I20260608 09:52:55.491706 28115 consensus_queue.cc:1048] T 19e6de50f3624e8a9bdcaa02379dbbc9 P 379ed7be94dd4471b71b87ee004a1993 [LEADER]: Connected to new peer: Peer: permanent_uuid: "34a076260fd84428ab056d5648b073d9" member_type: VOTER last_known_addr { host: "127.24.85.194" port: 36553 }, Status: LMP_MISMATCH, Last received: 0.0, Next index: 1, Last known committed idx: 0, Time since last communication: 0.001s
I20260608 09:52:55.494289 28087 tablet_bootstrap.cc:492] T 55c72fa4ad3e4867a2036d9a84ac6605 P b24b87d5d6914edca35605c994631065: No bootstrap required, opened a new log
I20260608 09:52:55.495018 28087 ts_tablet_manager.cc:1403] T 55c72fa4ad3e4867a2036d9a84ac6605 P b24b87d5d6914edca35605c994631065: Time spent bootstrapping tablet: real 0.041s	user 0.015s	sys 0.020s
I20260608 09:52:55.499607 28087 raft_consensus.cc:359] T 55c72fa4ad3e4867a2036d9a84ac6605 P b24b87d5d6914edca35605c994631065 [term 0 FOLLOWER]: Replica starting. Triggering 0 pending ops. Active config: opid_index: -1 OBSOLETE_local: false peers { permanent_uuid: "b24b87d5d6914edca35605c994631065" member_type: VOTER last_known_addr { host: "127.24.85.193" port: 39257 } } peers { permanent_uuid: "34a076260fd84428ab056d5648b073d9" member_type: VOTER last_known_addr { host: "127.24.85.194" port: 36553 } } peers { permanent_uuid: "379ed7be94dd4471b71b87ee004a1993" member_type: VOTER last_known_addr { host: "127.24.85.195" port: 41793 } }
I20260608 09:52:55.500093 28115 consensus_queue.cc:1048] T 19e6de50f3624e8a9bdcaa02379dbbc9 P 379ed7be94dd4471b71b87ee004a1993 [LEADER]: Connected to new peer: Peer: permanent_uuid: "b24b87d5d6914edca35605c994631065" member_type: VOTER last_known_addr { host: "127.24.85.193" port: 39257 }, Status: LMP_MISMATCH, Last received: 0.0, Next index: 1, Last known committed idx: 0, Time since last communication: 0.000s
I20260608 09:52:55.500725 28087 raft_consensus.cc:385] T 55c72fa4ad3e4867a2036d9a84ac6605 P b24b87d5d6914edca35605c994631065 [term 0 FOLLOWER]: Consensus starting up: Expiring failure detector timer to make a prompt election more likely
I20260608 09:52:55.501142 28087 raft_consensus.cc:740] T 55c72fa4ad3e4867a2036d9a84ac6605 P b24b87d5d6914edca35605c994631065 [term 0 FOLLOWER]: Becoming Follower/Learner. State: Replica: b24b87d5d6914edca35605c994631065, State: Initialized, Role: FOLLOWER
I20260608 09:52:55.502128 28087 consensus_queue.cc:260] T 55c72fa4ad3e4867a2036d9a84ac6605 P b24b87d5d6914edca35605c994631065 [NON_LEADER]: Queue going to NON_LEADER mode. State: All replicated index: 0, Majority replicated index: 0, Committed index: 0, Last appended: 0.0, Last appended by leader: 0, Current term: 0, Majority size: -1, State: 0, Mode: NON_LEADER, active raft config: opid_index: -1 OBSOLETE_local: false peers { permanent_uuid: "b24b87d5d6914edca35605c994631065" member_type: VOTER last_known_addr { host: "127.24.85.193" port: 39257 } } peers { permanent_uuid: "34a076260fd84428ab056d5648b073d9" member_type: VOTER last_known_addr { host: "127.24.85.194" port: 36553 } } peers { permanent_uuid: "379ed7be94dd4471b71b87ee004a1993" member_type: VOTER last_known_addr { host: "127.24.85.195" port: 41793 } }
I20260608 09:52:55.505313 28087 ts_tablet_manager.cc:1434] T 55c72fa4ad3e4867a2036d9a84ac6605 P b24b87d5d6914edca35605c994631065: Time spent starting tablet: real 0.010s	user 0.008s	sys 0.000s
I20260608 09:52:55.493939 27786 catalog_manager.cc:5696] T a0256d1b479d4f88ab1e171f66e77f84 P b24b87d5d6914edca35605c994631065 reported cstate change: term changed from 0 to 1, leader changed from <none> to b24b87d5d6914edca35605c994631065 (127.24.85.193). New cstate: current_term: 1 leader_uuid: "b24b87d5d6914edca35605c994631065" committed_config { opid_index: -1 OBSOLETE_local: false peers { permanent_uuid: "b24b87d5d6914edca35605c994631065" member_type: VOTER last_known_addr { host: "127.24.85.193" port: 39257 } health_report { overall_health: HEALTHY } } peers { permanent_uuid: "34a076260fd84428ab056d5648b073d9" member_type: VOTER last_known_addr { host: "127.24.85.194" port: 36553 } health_report { overall_health: UNKNOWN } } peers { permanent_uuid: "379ed7be94dd4471b71b87ee004a1993" member_type: VOTER last_known_addr { host: "127.24.85.195" port: 41793 } health_report { overall_health: UNKNOWN } } }
I20260608 09:52:55.513741 28089 tablet_bootstrap.cc:492] T ee814de51c9e42d0940161d4b84f6191 P 34a076260fd84428ab056d5648b073d9: No bootstrap required, opened a new log
I20260608 09:52:55.514534 28089 ts_tablet_manager.cc:1403] T ee814de51c9e42d0940161d4b84f6191 P 34a076260fd84428ab056d5648b073d9: Time spent bootstrapping tablet: real 0.051s	user 0.020s	sys 0.015s
I20260608 09:52:55.517623 28089 raft_consensus.cc:359] T ee814de51c9e42d0940161d4b84f6191 P 34a076260fd84428ab056d5648b073d9 [term 0 FOLLOWER]: Replica starting. Triggering 0 pending ops. Active config: opid_index: -1 OBSOLETE_local: false peers { permanent_uuid: "b24b87d5d6914edca35605c994631065" member_type: VOTER last_known_addr { host: "127.24.85.193" port: 39257 } } peers { permanent_uuid: "34a076260fd84428ab056d5648b073d9" member_type: VOTER last_known_addr { host: "127.24.85.194" port: 36553 } } peers { permanent_uuid: "379ed7be94dd4471b71b87ee004a1993" member_type: VOTER last_known_addr { host: "127.24.85.195" port: 41793 } }
I20260608 09:52:55.518415 28089 raft_consensus.cc:385] T ee814de51c9e42d0940161d4b84f6191 P 34a076260fd84428ab056d5648b073d9 [term 0 FOLLOWER]: Consensus starting up: Expiring failure detector timer to make a prompt election more likely
I20260608 09:52:55.518788 28089 raft_consensus.cc:740] T ee814de51c9e42d0940161d4b84f6191 P 34a076260fd84428ab056d5648b073d9 [term 0 FOLLOWER]: Becoming Follower/Learner. State: Replica: 34a076260fd84428ab056d5648b073d9, State: Initialized, Role: FOLLOWER
I20260608 09:52:55.519673 28089 consensus_queue.cc:260] T ee814de51c9e42d0940161d4b84f6191 P 34a076260fd84428ab056d5648b073d9 [NON_LEADER]: Queue going to NON_LEADER mode. State: All replicated index: 0, Majority replicated index: 0, Committed index: 0, Last appended: 0.0, Last appended by leader: 0, Current term: 0, Majority size: -1, State: 0, Mode: NON_LEADER, active raft config: opid_index: -1 OBSOLETE_local: false peers { permanent_uuid: "b24b87d5d6914edca35605c994631065" member_type: VOTER last_known_addr { host: "127.24.85.193" port: 39257 } } peers { permanent_uuid: "34a076260fd84428ab056d5648b073d9" member_type: VOTER last_known_addr { host: "127.24.85.194" port: 36553 } } peers { permanent_uuid: "379ed7be94dd4471b71b87ee004a1993" member_type: VOTER last_known_addr { host: "127.24.85.195" port: 41793 } }
I20260608 09:52:55.525156 28089 ts_tablet_manager.cc:1434] T ee814de51c9e42d0940161d4b84f6191 P 34a076260fd84428ab056d5648b073d9: Time spent starting tablet: real 0.010s	user 0.004s	sys 0.003s
I20260608 09:52:55.598758 28095 raft_consensus.cc:493] T 55c72fa4ad3e4867a2036d9a84ac6605 P 34a076260fd84428ab056d5648b073d9 [term 0 FOLLOWER]: Starting pre-election (no leader contacted us within the election timeout)
I20260608 09:52:55.599538 28095 raft_consensus.cc:515] T 55c72fa4ad3e4867a2036d9a84ac6605 P 34a076260fd84428ab056d5648b073d9 [term 0 FOLLOWER]: Starting pre-election with config: opid_index: -1 OBSOLETE_local: false peers { permanent_uuid: "b24b87d5d6914edca35605c994631065" member_type: VOTER last_known_addr { host: "127.24.85.193" port: 39257 } } peers { permanent_uuid: "34a076260fd84428ab056d5648b073d9" member_type: VOTER last_known_addr { host: "127.24.85.194" port: 36553 } } peers { permanent_uuid: "379ed7be94dd4471b71b87ee004a1993" member_type: VOTER last_known_addr { host: "127.24.85.195" port: 41793 } }
I20260608 09:52:55.601872 28095 leader_election.cc:290] T 55c72fa4ad3e4867a2036d9a84ac6605 P 34a076260fd84428ab056d5648b073d9 [CANDIDATE]: Term 1 pre-election: Requested pre-vote from peers b24b87d5d6914edca35605c994631065 (127.24.85.193:39257), 379ed7be94dd4471b71b87ee004a1993 (127.24.85.195:41793)
I20260608 09:52:55.603346 28040 tablet_service.cc:1917] Received RequestConsensusVote() RPC: tablet_id: "55c72fa4ad3e4867a2036d9a84ac6605" candidate_uuid: "34a076260fd84428ab056d5648b073d9" candidate_term: 1 candidate_status { last_received { term: 0 index: 0 } } ignore_live_leader: false dest_uuid: "379ed7be94dd4471b71b87ee004a1993" is_pre_election: true
I20260608 09:52:55.603291 27889 tablet_service.cc:1917] Received RequestConsensusVote() RPC: tablet_id: "55c72fa4ad3e4867a2036d9a84ac6605" candidate_uuid: "34a076260fd84428ab056d5648b073d9" candidate_term: 1 candidate_status { last_received { term: 0 index: 0 } } ignore_live_leader: false dest_uuid: "b24b87d5d6914edca35605c994631065" is_pre_election: true
I20260608 09:52:55.604499 28040 raft_consensus.cc:2468] T 55c72fa4ad3e4867a2036d9a84ac6605 P 379ed7be94dd4471b71b87ee004a1993 [term 0 FOLLOWER]: Leader pre-election vote request: Granting yes vote for candidate 34a076260fd84428ab056d5648b073d9 in term 0.
I20260608 09:52:55.604499 27889 raft_consensus.cc:2468] T 55c72fa4ad3e4867a2036d9a84ac6605 P b24b87d5d6914edca35605c994631065 [term 0 FOLLOWER]: Leader pre-election vote request: Granting yes vote for candidate 34a076260fd84428ab056d5648b073d9 in term 0.
I20260608 09:52:55.606364 27931 leader_election.cc:304] T 55c72fa4ad3e4867a2036d9a84ac6605 P 34a076260fd84428ab056d5648b073d9 [CANDIDATE]: Term 1 pre-election: Election decided. Result: candidate won. Election summary: received 2 responses out of 3 voters: 2 yes votes; 0 no votes. yes voters: 34a076260fd84428ab056d5648b073d9, 379ed7be94dd4471b71b87ee004a1993; no voters: 
I20260608 09:52:55.607398 28095 raft_consensus.cc:2804] T 55c72fa4ad3e4867a2036d9a84ac6605 P 34a076260fd84428ab056d5648b073d9 [term 0 FOLLOWER]: Leader pre-election won for term 1
I20260608 09:52:55.607779 28095 raft_consensus.cc:493] T 55c72fa4ad3e4867a2036d9a84ac6605 P 34a076260fd84428ab056d5648b073d9 [term 0 FOLLOWER]: Starting leader election (no leader contacted us within the election timeout)
I20260608 09:52:55.608136 28095 raft_consensus.cc:3060] T 55c72fa4ad3e4867a2036d9a84ac6605 P 34a076260fd84428ab056d5648b073d9 [term 0 FOLLOWER]: Advancing to term 1
I20260608 09:52:55.614241 28095 raft_consensus.cc:515] T 55c72fa4ad3e4867a2036d9a84ac6605 P 34a076260fd84428ab056d5648b073d9 [term 1 FOLLOWER]: Starting leader election with config: opid_index: -1 OBSOLETE_local: false peers { permanent_uuid: "b24b87d5d6914edca35605c994631065" member_type: VOTER last_known_addr { host: "127.24.85.193" port: 39257 } } peers { permanent_uuid: "34a076260fd84428ab056d5648b073d9" member_type: VOTER last_known_addr { host: "127.24.85.194" port: 36553 } } peers { permanent_uuid: "379ed7be94dd4471b71b87ee004a1993" member_type: VOTER last_known_addr { host: "127.24.85.195" port: 41793 } }
I20260608 09:52:55.616108 28095 leader_election.cc:290] T 55c72fa4ad3e4867a2036d9a84ac6605 P 34a076260fd84428ab056d5648b073d9 [CANDIDATE]: Term 1 election: Requested vote from peers b24b87d5d6914edca35605c994631065 (127.24.85.193:39257), 379ed7be94dd4471b71b87ee004a1993 (127.24.85.195:41793)
I20260608 09:52:55.617179 27889 tablet_service.cc:1917] Received RequestConsensusVote() RPC: tablet_id: "55c72fa4ad3e4867a2036d9a84ac6605" candidate_uuid: "34a076260fd84428ab056d5648b073d9" candidate_term: 1 candidate_status { last_received { term: 0 index: 0 } } ignore_live_leader: false dest_uuid: "b24b87d5d6914edca35605c994631065"
I20260608 09:52:55.617308 28040 tablet_service.cc:1917] Received RequestConsensusVote() RPC: tablet_id: "55c72fa4ad3e4867a2036d9a84ac6605" candidate_uuid: "34a076260fd84428ab056d5648b073d9" candidate_term: 1 candidate_status { last_received { term: 0 index: 0 } } ignore_live_leader: false dest_uuid: "379ed7be94dd4471b71b87ee004a1993"
I20260608 09:52:55.617875 27889 raft_consensus.cc:3060] T 55c72fa4ad3e4867a2036d9a84ac6605 P b24b87d5d6914edca35605c994631065 [term 0 FOLLOWER]: Advancing to term 1
I20260608 09:52:55.617935 28040 raft_consensus.cc:3060] T 55c72fa4ad3e4867a2036d9a84ac6605 P 379ed7be94dd4471b71b87ee004a1993 [term 0 FOLLOWER]: Advancing to term 1
I20260608 09:52:55.623381 28040 raft_consensus.cc:2468] T 55c72fa4ad3e4867a2036d9a84ac6605 P 379ed7be94dd4471b71b87ee004a1993 [term 1 FOLLOWER]: Leader election vote request: Granting yes vote for candidate 34a076260fd84428ab056d5648b073d9 in term 1.
I20260608 09:52:55.624316 27889 raft_consensus.cc:2468] T 55c72fa4ad3e4867a2036d9a84ac6605 P b24b87d5d6914edca35605c994631065 [term 1 FOLLOWER]: Leader election vote request: Granting yes vote for candidate 34a076260fd84428ab056d5648b073d9 in term 1.
I20260608 09:52:55.624487 27931 leader_election.cc:304] T 55c72fa4ad3e4867a2036d9a84ac6605 P 34a076260fd84428ab056d5648b073d9 [CANDIDATE]: Term 1 election: Election decided. Result: candidate won. Election summary: received 2 responses out of 3 voters: 2 yes votes; 0 no votes. yes voters: 34a076260fd84428ab056d5648b073d9, 379ed7be94dd4471b71b87ee004a1993; no voters: 
I20260608 09:52:55.625564 28095 raft_consensus.cc:2804] T 55c72fa4ad3e4867a2036d9a84ac6605 P 34a076260fd84428ab056d5648b073d9 [term 1 FOLLOWER]: Leader election won for term 1
I20260608 09:52:55.626163 28095 raft_consensus.cc:697] T 55c72fa4ad3e4867a2036d9a84ac6605 P 34a076260fd84428ab056d5648b073d9 [term 1 LEADER]: Becoming Leader. State: Replica: 34a076260fd84428ab056d5648b073d9, State: Running, Role: LEADER
I20260608 09:52:55.627151 28095 consensus_queue.cc:237] T 55c72fa4ad3e4867a2036d9a84ac6605 P 34a076260fd84428ab056d5648b073d9 [LEADER]: Queue going to LEADER mode. State: All replicated index: 0, Majority replicated index: 0, Committed index: 0, Last appended: 0.0, Last appended by leader: 0, Current term: 1, Majority size: 2, State: 0, Mode: LEADER, active raft config: opid_index: -1 OBSOLETE_local: false peers { permanent_uuid: "b24b87d5d6914edca35605c994631065" member_type: VOTER last_known_addr { host: "127.24.85.193" port: 39257 } } peers { permanent_uuid: "34a076260fd84428ab056d5648b073d9" member_type: VOTER last_known_addr { host: "127.24.85.194" port: 36553 } } peers { permanent_uuid: "379ed7be94dd4471b71b87ee004a1993" member_type: VOTER last_known_addr { host: "127.24.85.195" port: 41793 } }
I20260608 09:52:55.627712 28094 raft_consensus.cc:493] T 121c1385e5b74ab0855959c2492ecb12 P b24b87d5d6914edca35605c994631065 [term 0 FOLLOWER]: Starting pre-election (no leader contacted us within the election timeout)
I20260608 09:52:55.628304 28094 raft_consensus.cc:515] T 121c1385e5b74ab0855959c2492ecb12 P b24b87d5d6914edca35605c994631065 [term 0 FOLLOWER]: Starting pre-election with config: opid_index: -1 OBSOLETE_local: false peers { permanent_uuid: "b24b87d5d6914edca35605c994631065" member_type: VOTER last_known_addr { host: "127.24.85.193" port: 39257 } } peers { permanent_uuid: "34a076260fd84428ab056d5648b073d9" member_type: VOTER last_known_addr { host: "127.24.85.194" port: 36553 } } peers { permanent_uuid: "379ed7be94dd4471b71b87ee004a1993" member_type: VOTER last_known_addr { host: "127.24.85.195" port: 41793 } }
I20260608 09:52:55.631421 28094 leader_election.cc:290] T 121c1385e5b74ab0855959c2492ecb12 P b24b87d5d6914edca35605c994631065 [CANDIDATE]: Term 1 pre-election: Requested pre-vote from peers 34a076260fd84428ab056d5648b073d9 (127.24.85.194:36553), 379ed7be94dd4471b71b87ee004a1993 (127.24.85.195:41793)
I20260608 09:52:55.631910 27966 tablet_service.cc:1917] Received RequestConsensusVote() RPC: tablet_id: "121c1385e5b74ab0855959c2492ecb12" candidate_uuid: "b24b87d5d6914edca35605c994631065" candidate_term: 1 candidate_status { last_received { term: 0 index: 0 } } ignore_live_leader: false dest_uuid: "34a076260fd84428ab056d5648b073d9" is_pre_election: true
I20260608 09:52:55.632252 28040 tablet_service.cc:1917] Received RequestConsensusVote() RPC: tablet_id: "121c1385e5b74ab0855959c2492ecb12" candidate_uuid: "b24b87d5d6914edca35605c994631065" candidate_term: 1 candidate_status { last_received { term: 0 index: 0 } } ignore_live_leader: false dest_uuid: "379ed7be94dd4471b71b87ee004a1993" is_pre_election: true
I20260608 09:52:55.633133 27966 raft_consensus.cc:2393] T 121c1385e5b74ab0855959c2492ecb12 P 34a076260fd84428ab056d5648b073d9 [term 1 FOLLOWER]: Leader pre-election vote request: Denying vote to candidate b24b87d5d6914edca35605c994631065 in current term 1: Already voted for candidate 379ed7be94dd4471b71b87ee004a1993 in this term.
I20260608 09:52:55.634316 27857 leader_election.cc:304] T 121c1385e5b74ab0855959c2492ecb12 P b24b87d5d6914edca35605c994631065 [CANDIDATE]: Term 1 pre-election: Election decided. Result: candidate lost. Election summary: received 3 responses out of 3 voters: 1 yes votes; 2 no votes. yes voters: b24b87d5d6914edca35605c994631065; no voters: 34a076260fd84428ab056d5648b073d9, 379ed7be94dd4471b71b87ee004a1993
I20260608 09:52:55.635103 28094 raft_consensus.cc:3060] T 121c1385e5b74ab0855959c2492ecb12 P b24b87d5d6914edca35605c994631065 [term 0 FOLLOWER]: Advancing to term 1
I20260608 09:52:55.637181 27788 catalog_manager.cc:5696] T 55c72fa4ad3e4867a2036d9a84ac6605 P 34a076260fd84428ab056d5648b073d9 reported cstate change: term changed from 0 to 1, leader changed from <none> to 34a076260fd84428ab056d5648b073d9 (127.24.85.194). New cstate: current_term: 1 leader_uuid: "34a076260fd84428ab056d5648b073d9" committed_config { opid_index: -1 OBSOLETE_local: false peers { permanent_uuid: "b24b87d5d6914edca35605c994631065" member_type: VOTER last_known_addr { host: "127.24.85.193" port: 39257 } health_report { overall_health: UNKNOWN } } peers { permanent_uuid: "34a076260fd84428ab056d5648b073d9" member_type: VOTER last_known_addr { host: "127.24.85.194" port: 36553 } health_report { overall_health: HEALTHY } } peers { permanent_uuid: "379ed7be94dd4471b71b87ee004a1993" member_type: VOTER last_known_addr { host: "127.24.85.195" port: 41793 } health_report { overall_health: UNKNOWN } } }
I20260608 09:52:55.641840 28094 raft_consensus.cc:2749] T 121c1385e5b74ab0855959c2492ecb12 P b24b87d5d6914edca35605c994631065 [term 1 FOLLOWER]: Leader pre-election lost for term 1. Reason: could not achieve majority
I20260608 09:52:55.663398 28115 consensus_queue.cc:1048] T 121c1385e5b74ab0855959c2492ecb12 P 379ed7be94dd4471b71b87ee004a1993 [LEADER]: Connected to new peer: Peer: permanent_uuid: "b24b87d5d6914edca35605c994631065" member_type: VOTER last_known_addr { host: "127.24.85.193" port: 39257 }, Status: LMP_MISMATCH, Last received: 0.0, Next index: 1, Last known committed idx: 0, Time since last communication: 0.000s
I20260608 09:52:55.677167 28114 consensus_queue.cc:1048] T 121c1385e5b74ab0855959c2492ecb12 P 379ed7be94dd4471b71b87ee004a1993 [LEADER]: Connected to new peer: Peer: permanent_uuid: "34a076260fd84428ab056d5648b073d9" member_type: VOTER last_known_addr { host: "127.24.85.194" port: 36553 }, Status: LMP_MISMATCH, Last received: 0.0, Next index: 1, Last known committed idx: 0, Time since last communication: 0.001s
I20260608 09:52:55.679157 28094 consensus_queue.cc:1048] T e05136d0d1644244b48b2ab43051941a P b24b87d5d6914edca35605c994631065 [LEADER]: Connected to new peer: Peer: permanent_uuid: "34a076260fd84428ab056d5648b073d9" member_type: VOTER last_known_addr { host: "127.24.85.194" port: 36553 }, Status: LMP_MISMATCH, Last received: 0.0, Next index: 1, Last known committed idx: 0, Time since last communication: 0.001s
I20260608 09:52:55.697595 28112 consensus_queue.cc:1048] T e05136d0d1644244b48b2ab43051941a P b24b87d5d6914edca35605c994631065 [LEADER]: Connected to new peer: Peer: permanent_uuid: "379ed7be94dd4471b71b87ee004a1993" member_type: VOTER last_known_addr { host: "127.24.85.195" port: 41793 }, Status: LMP_MISMATCH, Last received: 0.0, Next index: 1, Last known committed idx: 0, Time since last communication: 0.001s
I20260608 09:52:55.796322 28114 consensus_queue.cc:1048] T 8083a8062c3f473cadc7082c0d60bc6b P 379ed7be94dd4471b71b87ee004a1993 [LEADER]: Connected to new peer: Peer: permanent_uuid: "34a076260fd84428ab056d5648b073d9" member_type: VOTER last_known_addr { host: "127.24.85.194" port: 36553 }, Status: LMP_MISMATCH, Last received: 0.0, Next index: 1, Last known committed idx: 0, Time since last communication: 0.000s
I20260608 09:52:55.808554 24919 file_cache.cc:492] Constructed file cache file cache with capacity 419430
I20260608 09:52:55.811223 28114 consensus_queue.cc:1048] T 8083a8062c3f473cadc7082c0d60bc6b P 379ed7be94dd4471b71b87ee004a1993 [LEADER]: Connected to new peer: Peer: permanent_uuid: "b24b87d5d6914edca35605c994631065" member_type: VOTER last_known_addr { host: "127.24.85.193" port: 39257 }, Status: LMP_MISMATCH, Last received: 0.0, Next index: 1, Last known committed idx: 0, Time since last communication: 0.000s
I20260608 09:52:55.811558 28115 consensus_queue.cc:1048] T ee814de51c9e42d0940161d4b84f6191 P 379ed7be94dd4471b71b87ee004a1993 [LEADER]: Connected to new peer: Peer: permanent_uuid: "b24b87d5d6914edca35605c994631065" member_type: VOTER last_known_addr { host: "127.24.85.193" port: 39257 }, Status: LMP_MISMATCH, Last received: 0.0, Next index: 1, Last known committed idx: 0, Time since last communication: 0.000s
W20260608 09:52:55.826666 28154 instance_detector.cc:116] could not retrieve AWS instance metadata: Network error: curl error: HTTP response code said error: The requested URL returned error: 404
I20260608 09:52:55.833348 27963 raft_consensus.cc:3060] T ee814de51c9e42d0940161d4b84f6191 P 34a076260fd84428ab056d5648b073d9 [term 0 FOLLOWER]: Advancing to term 1
W20260608 09:52:55.839344 28157 instance_detector.cc:116] could not retrieve Azure instance metadata: Network error: curl error: HTTP response code said error: The requested URL returned error: 404
I20260608 09:52:55.853479 28115 consensus_queue.cc:1048] T ee814de51c9e42d0940161d4b84f6191 P 379ed7be94dd4471b71b87ee004a1993 [LEADER]: Connected to new peer: Peer: permanent_uuid: "34a076260fd84428ab056d5648b073d9" member_type: VOTER last_known_addr { host: "127.24.85.194" port: 36553 }, Status: LMP_MISMATCH, Last received: 0.0, Next index: 1, Last known committed idx: 0, Time since last communication: 0.000s
W20260608 09:52:55.877388 28159 instance_detector.cc:116] could not retrieve OpenStack instance metadata: Network error: curl error: HTTP response code said error: The requested URL returned error: 404
I20260608 09:52:55.877480 24919 server_base.cc:1061] running on GCE node
I20260608 09:52:55.878801 24919 hybrid_clock.cc:584] initializing the hybrid clock with 'system_unsync' time source
W20260608 09:52:55.879068 24919 system_unsync_time.cc:38] NTP support is disabled. Clock error bounds will not be accurate. This configuration is not suitable for distributed clusters.
I20260608 09:52:55.879281 24919 hybrid_clock.cc:648] HybridClock initialized: now 1780912375879254 us; error 0 us; skew 500 ppm
I20260608 09:52:55.879948 24919 server_base.cc:861] Flag tcmalloc_max_total_thread_cache_bytes is not working since tcmalloc is not enabled.
I20260608 09:52:55.883107 24919 webserver.cc:533] Webserver started at http://127.24.85.196:42081/ using document root <none> and password file <none>
I20260608 09:52:55.883703 24919 fs_manager.cc:362] Metadata directory not provided
I20260608 09:52:55.883932 24919 fs_manager.cc:368] Using write-ahead log directory (fs_wal_dir) as metadata directory
I20260608 09:52:55.884256 24919 server_base.cc:909] This appears to be a new deployment of Kudu; creating new FS layout
I20260608 09:52:55.885645 24919 fs_manager.cc:1068] Generated new instance metadata in path /tmp/dist-test-task01mXS0/test-tmp/auto_rebalancer-test.0.AutoRebalancerTest.RangeAwareRebalancesNewRangeReplicas.1780912294857375-24919-0/minicluster-data/ts-3-root/instance:
uuid: "b131c9a88ca74b389a21d523564db54f"
format_stamp: "Formatted at 2026-06-08 09:52:55 on dist-test-slave-430c"
I20260608 09:52:55.890980 24919 fs_manager.cc:696] Time spent creating directory manager: real 0.005s	user 0.004s	sys 0.003s
I20260608 09:52:55.895156 28165 log_block_manager.cc:4031] Time spent loading block containers with low live blocks: real 0.000s	user 0.000s	sys 0.000s
I20260608 09:52:55.895998 24919 fs_manager.cc:730] Time spent opening block manager: real 0.003s	user 0.002s	sys 0.002s
I20260608 09:52:55.896322 24919 fs_manager.cc:647] Opened local filesystem: /tmp/dist-test-task01mXS0/test-tmp/auto_rebalancer-test.0.AutoRebalancerTest.RangeAwareRebalancesNewRangeReplicas.1780912294857375-24919-0/minicluster-data/ts-3-root
uuid: "b131c9a88ca74b389a21d523564db54f"
format_stamp: "Formatted at 2026-06-08 09:52:55 on dist-test-slave-430c"
I20260608 09:52:55.896636 24919 fs_report.cc:389] FS layout report
--------------------
wal directory: /tmp/dist-test-task01mXS0/test-tmp/auto_rebalancer-test.0.AutoRebalancerTest.RangeAwareRebalancesNewRangeReplicas.1780912294857375-24919-0/minicluster-data/ts-3-root
metadata directory: /tmp/dist-test-task01mXS0/test-tmp/auto_rebalancer-test.0.AutoRebalancerTest.RangeAwareRebalancesNewRangeReplicas.1780912294857375-24919-0/minicluster-data/ts-3-root
1 data directories: /tmp/dist-test-task01mXS0/test-tmp/auto_rebalancer-test.0.AutoRebalancerTest.RangeAwareRebalancesNewRangeReplicas.1780912294857375-24919-0/minicluster-data/ts-3-root/data
Total live blocks: 0
Total live bytes: 0
Total live bytes (after alignment): 0
Total number of LBM containers: 0 (0 full)
Did not check for missing blocks
Did not check for orphaned blocks
Total full LBM containers with extra space: 0 (0 repaired)
Total full LBM container extra space in bytes: 0 (0 repaired)
Total incomplete LBM containers: 0 (0 repaired)
Total LBM partial records: 0 (0 repaired)
Total corrupted LBM metadata records in RocksDB: 0 (0 repaired)
I20260608 09:52:55.920648 24919 rpc_server.cc:225] running with OpenSSL 1.1.1  11 Sep 2018
I20260608 09:52:55.920753 28112 consensus_queue.cc:1048] T a0256d1b479d4f88ab1e171f66e77f84 P b24b87d5d6914edca35605c994631065 [LEADER]: Connected to new peer: Peer: permanent_uuid: "34a076260fd84428ab056d5648b073d9" member_type: VOTER last_known_addr { host: "127.24.85.194" port: 36553 }, Status: LMP_MISMATCH, Last received: 0.0, Next index: 1, Last known committed idx: 0, Time since last communication: 0.000s
I20260608 09:52:55.922621 24919 kserver.cc:163] Server-wide thread pool size limit: 3276
I20260608 09:52:55.924758 24919 txn_system_client.cc:432] TxnSystemClient initialization is disabled...
I20260608 09:52:55.928732 24919 ts_tablet_manager.cc:585] Loaded tablet metadata (0 total tablets, 0 live tablets)
I20260608 09:52:55.929116 24919 ts_tablet_manager.cc:531] Time spent load tablet metadata: real 0.000s	user 0.000s	sys 0.001s
I20260608 09:52:55.929508 24919 ts_tablet_manager.cc:616] Registered 0 tablets
I20260608 09:52:55.929782 24919 ts_tablet_manager.cc:595] Time spent register tablets: real 0.000s	user 0.000s	sys 0.000s
I20260608 09:52:55.934396 28094 consensus_queue.cc:1048] T a0256d1b479d4f88ab1e171f66e77f84 P b24b87d5d6914edca35605c994631065 [LEADER]: Connected to new peer: Peer: permanent_uuid: "379ed7be94dd4471b71b87ee004a1993" member_type: VOTER last_known_addr { host: "127.24.85.195" port: 41793 }, Status: LMP_MISMATCH, Last received: 0.0, Next index: 1, Last known committed idx: 0, Time since last communication: 0.001s
I20260608 09:52:55.969115 28095 consensus_queue.cc:1048] T daf4188361d74c679dc33e03874bddb9 P 34a076260fd84428ab056d5648b073d9 [LEADER]: Connected to new peer: Peer: permanent_uuid: "b24b87d5d6914edca35605c994631065" member_type: VOTER last_known_addr { host: "127.24.85.193" port: 39257 }, Status: LMP_MISMATCH, Last received: 0.0, Next index: 1, Last known committed idx: 0, Time since last communication: 0.001s
I20260608 09:52:55.984210 28139 consensus_queue.cc:1048] T daf4188361d74c679dc33e03874bddb9 P 34a076260fd84428ab056d5648b073d9 [LEADER]: Connected to new peer: Peer: permanent_uuid: "379ed7be94dd4471b71b87ee004a1993" member_type: VOTER last_known_addr { host: "127.24.85.195" port: 41793 }, Status: LMP_MISMATCH, Last received: 0.0, Next index: 1, Last known committed idx: 0, Time since last communication: 0.001s
I20260608 09:52:56.016860 28095 consensus_queue.cc:1048] T 55c72fa4ad3e4867a2036d9a84ac6605 P 34a076260fd84428ab056d5648b073d9 [LEADER]: Connected to new peer: Peer: permanent_uuid: "b24b87d5d6914edca35605c994631065" member_type: VOTER last_known_addr { host: "127.24.85.193" port: 39257 }, Status: LMP_MISMATCH, Last received: 0.0, Next index: 1, Last known committed idx: 0, Time since last communication: 0.000s
I20260608 09:52:56.019049 24919 rpc_server.cc:307] RPC server started. Bound to: 127.24.85.196:33953
I20260608 09:52:56.019230 28231 acceptor_pool.cc:272] collecting diagnostics on the listening RPC socket 127.24.85.196:33953 every 8 connection(s)
I20260608 09:52:56.041822 28095 consensus_queue.cc:1048] T 55c72fa4ad3e4867a2036d9a84ac6605 P 34a076260fd84428ab056d5648b073d9 [LEADER]: Connected to new peer: Peer: permanent_uuid: "379ed7be94dd4471b71b87ee004a1993" member_type: VOTER last_known_addr { host: "127.24.85.195" port: 41793 }, Status: LMP_MISMATCH, Last received: 0.0, Next index: 1, Last known committed idx: 0, Time since last communication: 0.001s
I20260608 09:52:56.042922 27789 catalog_manager.cc:3569] Servicing AlterTable request from {username='slave'} at 127.0.0.1:52824:
table { table_name: "range_aware_rebalance_new_range" } alter_schema_steps { type: ADD_RANGE_PARTITION add_range_partition { range_bounds { rows: "\006\001\n\000\000\000\007\001\024\000\000\000""\006\001\n\000\000\000\007\001\024\000\000\000" indirect_data: """" } } } schema { columns { name: "key" type: INT32 is_key: true is_nullable: false encoding: AUTO_ENCODING compression: DEFAULT_COMPRESSION cfile_block_size: 0 immutable: false } } modify_external_catalogs: true
I20260608 09:52:56.083734 28233 heartbeater.cc:344] Connected to a master server at 127.24.85.254:44239
I20260608 09:52:56.084180 28233 heartbeater.cc:461] Registering TS with master...
I20260608 09:52:56.085098 28233 heartbeater.cc:507] Master 127.24.85.254:44239 requested a full tablet report, sending...
I20260608 09:52:56.088099 27787 ts_manager.cc:194] Registered new tserver with Master: b131c9a88ca74b389a21d523564db54f (127.24.85.196:33953)
W20260608 09:52:56.090062 27789 catalog_manager.cc:5956] Failed to send alter table request: Not found: failed to reset TS proxy: No leader found: Tablet 03ec45b14acf41fb9db5f31ad2f62ae2 has no consensus state
I20260608 09:52:56.090413 27787 master_service.cc:502] Signed X509 certificate for tserver {username='slave'} at 127.0.0.1:52836
W20260608 09:52:56.092433 27789 catalog_manager.cc:5956] Failed to send alter table request: Not found: failed to reset TS proxy: No leader found: Tablet bb89a893836b4940b683d773c105f2c0 has no consensus state
W20260608 09:52:56.094233 27789 catalog_manager.cc:5956] Failed to send alter table request: Not found: failed to reset TS proxy: No leader found: Tablet cc5e8cce27f54a42b34d0fde26fee1fa has no consensus state
W20260608 09:52:56.096016 27789 catalog_manager.cc:5956] Failed to send alter table request: Not found: failed to reset TS proxy: No leader found: Tablet 7f74f9237ad4489590186d77eeebd281 has no consensus state
W20260608 09:52:56.097740 27789 catalog_manager.cc:5956] Failed to send alter table request: Not found: failed to reset TS proxy: No leader found: Tablet 181d7cd276c2405698086e8f159e0e77 has no consensus state
W20260608 09:52:56.099440 27789 catalog_manager.cc:5956] Failed to send alter table request: Not found: failed to reset TS proxy: No leader found: Tablet f42aece787d042f6ac8ddcfb6367d674 has no consensus state
W20260608 09:52:56.101364 27789 catalog_manager.cc:5956] Failed to send alter table request: Not found: failed to reset TS proxy: No leader found: Tablet 8d9a10cb948344a0bb354718f9728546 has no consensus state
W20260608 09:52:56.103190 27789 catalog_manager.cc:5956] Failed to send alter table request: Not found: failed to reset TS proxy: No leader found: Tablet c0053dcd6a384fe283fc887adc788e20 has no consensus state
W20260608 09:52:56.116852 27775 catalog_manager.cc:4809] Async tablet task AlterTable RPC for tablet 7f74f9237ad4489590186d77eeebd281 (table range_aware_rebalance_new_range [id=f4f409b83fcd434b8cf765c9da14f69d], current schema version=0) failed: Not found: failed to reset TS proxy: No leader found: Tablet 7f74f9237ad4489590186d77eeebd281 has no consensus state
I20260608 09:52:56.129593 27878 tablet_service.cc:1511] Processing CreateTablet for tablet 03ec45b14acf41fb9db5f31ad2f62ae2 (DEFAULT_TABLE table=range_aware_rebalance_new_range [id=f4f409b83fcd434b8cf765c9da14f69d]), partition=HASH (key) PARTITION 0, RANGE (key) PARTITION 10 <= VALUES < 20
I20260608 09:52:56.131343 27878 data_dirs.cc:400] Could only allocate 1 dirs of requested 3 for tablet 03ec45b14acf41fb9db5f31ad2f62ae2. 1 dirs total, 0 dirs full, 0 dirs failed
I20260608 09:52:56.134096 27881 tablet_service.cc:1511] Processing CreateTablet for tablet bb89a893836b4940b683d773c105f2c0 (DEFAULT_TABLE table=range_aware_rebalance_new_range [id=f4f409b83fcd434b8cf765c9da14f69d]), partition=HASH (key) PARTITION 1, RANGE (key) PARTITION 10 <= VALUES < 20
I20260608 09:52:56.134867 28029 tablet_service.cc:1511] Processing CreateTablet for tablet bb89a893836b4940b683d773c105f2c0 (DEFAULT_TABLE table=range_aware_rebalance_new_range [id=f4f409b83fcd434b8cf765c9da14f69d]), partition=HASH (key) PARTITION 1, RANGE (key) PARTITION 10 <= VALUES < 20
I20260608 09:52:56.135751 27881 data_dirs.cc:400] Could only allocate 1 dirs of requested 3 for tablet bb89a893836b4940b683d773c105f2c0. 1 dirs total, 0 dirs full, 0 dirs failed
I20260608 09:52:56.136583 28029 data_dirs.cc:400] Could only allocate 1 dirs of requested 3 for tablet bb89a893836b4940b683d773c105f2c0. 1 dirs total, 0 dirs full, 0 dirs failed
I20260608 09:52:56.142202 27880 tablet_service.cc:1511] Processing CreateTablet for tablet 7f74f9237ad4489590186d77eeebd281 (DEFAULT_TABLE table=range_aware_rebalance_new_range [id=f4f409b83fcd434b8cf765c9da14f69d]), partition=HASH (key) PARTITION 3, RANGE (key) PARTITION 10 <= VALUES < 20
I20260608 09:52:56.143839 27880 data_dirs.cc:400] Could only allocate 1 dirs of requested 3 for tablet 7f74f9237ad4489590186d77eeebd281. 1 dirs total, 0 dirs full, 0 dirs failed
I20260608 09:52:56.146865 27952 tablet_service.cc:1511] Processing CreateTablet for tablet 03ec45b14acf41fb9db5f31ad2f62ae2 (DEFAULT_TABLE table=range_aware_rebalance_new_range [id=f4f409b83fcd434b8cf765c9da14f69d]), partition=HASH (key) PARTITION 0, RANGE (key) PARTITION 10 <= VALUES < 20
I20260608 09:52:56.148408 27952 data_dirs.cc:400] Could only allocate 1 dirs of requested 3 for tablet 03ec45b14acf41fb9db5f31ad2f62ae2. 1 dirs total, 0 dirs full, 0 dirs failed
I20260608 09:52:56.150982 27879 tablet_service.cc:1511] Processing CreateTablet for tablet 181d7cd276c2405698086e8f159e0e77 (DEFAULT_TABLE table=range_aware_rebalance_new_range [id=f4f409b83fcd434b8cf765c9da14f69d]), partition=HASH (key) PARTITION 4, RANGE (key) PARTITION 10 <= VALUES < 20
I20260608 09:52:56.152523 27879 data_dirs.cc:400] Could only allocate 1 dirs of requested 3 for tablet 181d7cd276c2405698086e8f159e0e77. 1 dirs total, 0 dirs full, 0 dirs failed
I20260608 09:52:56.156761 27950 tablet_service.cc:1511] Processing CreateTablet for tablet cc5e8cce27f54a42b34d0fde26fee1fa (DEFAULT_TABLE table=range_aware_rebalance_new_range [id=f4f409b83fcd434b8cf765c9da14f69d]), partition=HASH (key) PARTITION 2, RANGE (key) PARTITION 10 <= VALUES < 20
I20260608 09:52:56.158392 27950 data_dirs.cc:400] Could only allocate 1 dirs of requested 3 for tablet cc5e8cce27f54a42b34d0fde26fee1fa. 1 dirs total, 0 dirs full, 0 dirs failed
I20260608 09:52:56.158305 27882 tablet_service.cc:1511] Processing CreateTablet for tablet 8d9a10cb948344a0bb354718f9728546 (DEFAULT_TABLE table=range_aware_rebalance_new_range [id=f4f409b83fcd434b8cf765c9da14f69d]), partition=HASH (key) PARTITION 6, RANGE (key) PARTITION 10 <= VALUES < 20
I20260608 09:52:56.159888 27882 data_dirs.cc:400] Could only allocate 1 dirs of requested 3 for tablet 8d9a10cb948344a0bb354718f9728546. 1 dirs total, 0 dirs full, 0 dirs failed
I20260608 09:52:56.163905 27956 tablet_service.cc:1511] Processing CreateTablet for tablet 7f74f9237ad4489590186d77eeebd281 (DEFAULT_TABLE table=range_aware_rebalance_new_range [id=f4f409b83fcd434b8cf765c9da14f69d]), partition=HASH (key) PARTITION 3, RANGE (key) PARTITION 10 <= VALUES < 20
I20260608 09:52:56.165481 27956 data_dirs.cc:400] Could only allocate 1 dirs of requested 3 for tablet 7f74f9237ad4489590186d77eeebd281. 1 dirs total, 0 dirs full, 0 dirs failed
I20260608 09:52:56.168437 27951 tablet_service.cc:1511] Processing CreateTablet for tablet f42aece787d042f6ac8ddcfb6367d674 (DEFAULT_TABLE table=range_aware_rebalance_new_range [id=f4f409b83fcd434b8cf765c9da14f69d]), partition=HASH (key) PARTITION 5, RANGE (key) PARTITION 10 <= VALUES < 20
I20260608 09:52:56.170257 27951 data_dirs.cc:400] Could only allocate 1 dirs of requested 3 for tablet f42aece787d042f6ac8ddcfb6367d674. 1 dirs total, 0 dirs full, 0 dirs failed
I20260608 09:52:56.172791 27953 tablet_service.cc:1511] Processing CreateTablet for tablet 8d9a10cb948344a0bb354718f9728546 (DEFAULT_TABLE table=range_aware_rebalance_new_range [id=f4f409b83fcd434b8cf765c9da14f69d]), partition=HASH (key) PARTITION 6, RANGE (key) PARTITION 10 <= VALUES < 20
I20260608 09:52:56.177024 27953 data_dirs.cc:400] Could only allocate 1 dirs of requested 3 for tablet 8d9a10cb948344a0bb354718f9728546. 1 dirs total, 0 dirs full, 0 dirs failed
I20260608 09:52:56.181594 28028 tablet_service.cc:1511] Processing CreateTablet for tablet cc5e8cce27f54a42b34d0fde26fee1fa (DEFAULT_TABLE table=range_aware_rebalance_new_range [id=f4f409b83fcd434b8cf765c9da14f69d]), partition=HASH (key) PARTITION 2, RANGE (key) PARTITION 10 <= VALUES < 20
I20260608 09:52:56.183195 28028 data_dirs.cc:400] Could only allocate 1 dirs of requested 3 for tablet cc5e8cce27f54a42b34d0fde26fee1fa. 1 dirs total, 0 dirs full, 0 dirs failed
I20260608 09:52:56.184332 27877 tablet_service.cc:1511] Processing CreateTablet for tablet c0053dcd6a384fe283fc887adc788e20 (DEFAULT_TABLE table=range_aware_rebalance_new_range [id=f4f409b83fcd434b8cf765c9da14f69d]), partition=HASH (key) PARTITION 7, RANGE (key) PARTITION 10 <= VALUES < 20
I20260608 09:52:56.186439 27877 data_dirs.cc:400] Could only allocate 1 dirs of requested 3 for tablet c0053dcd6a384fe283fc887adc788e20. 1 dirs total, 0 dirs full, 0 dirs failed
I20260608 09:52:56.223493 28027 tablet_service.cc:1511] Processing CreateTablet for tablet c0053dcd6a384fe283fc887adc788e20 (DEFAULT_TABLE table=range_aware_rebalance_new_range [id=f4f409b83fcd434b8cf765c9da14f69d]), partition=HASH (key) PARTITION 7, RANGE (key) PARTITION 10 <= VALUES < 20
I20260608 09:52:56.225178 28027 data_dirs.cc:400] Could only allocate 1 dirs of requested 3 for tablet c0053dcd6a384fe283fc887adc788e20. 1 dirs total, 0 dirs full, 0 dirs failed
I20260608 09:52:56.223724 28025 tablet_service.cc:1511] Processing CreateTablet for tablet 181d7cd276c2405698086e8f159e0e77 (DEFAULT_TABLE table=range_aware_rebalance_new_range [id=f4f409b83fcd434b8cf765c9da14f69d]), partition=HASH (key) PARTITION 4, RANGE (key) PARTITION 10 <= VALUES < 20
I20260608 09:52:56.228564 28025 data_dirs.cc:400] Could only allocate 1 dirs of requested 3 for tablet 181d7cd276c2405698086e8f159e0e77. 1 dirs total, 0 dirs full, 0 dirs failed
I20260608 09:52:56.228626 28243 tablet_bootstrap.cc:492] T 7f74f9237ad4489590186d77eeebd281 P b24b87d5d6914edca35605c994631065: Bootstrap starting.
I20260608 09:52:56.221114 28026 tablet_service.cc:1511] Processing CreateTablet for tablet f42aece787d042f6ac8ddcfb6367d674 (DEFAULT_TABLE table=range_aware_rebalance_new_range [id=f4f409b83fcd434b8cf765c9da14f69d]), partition=HASH (key) PARTITION 5, RANGE (key) PARTITION 10 <= VALUES < 20
I20260608 09:52:56.243732 28026 data_dirs.cc:400] Could only allocate 1 dirs of requested 3 for tablet f42aece787d042f6ac8ddcfb6367d674. 1 dirs total, 0 dirs full, 0 dirs failed
I20260608 09:52:56.222249 28195 tablet_service.cc:1511] Processing CreateTablet for tablet 03ec45b14acf41fb9db5f31ad2f62ae2 (DEFAULT_TABLE table=range_aware_rebalance_new_range [id=f4f409b83fcd434b8cf765c9da14f69d]), partition=HASH (key) PARTITION 0, RANGE (key) PARTITION 10 <= VALUES < 20
I20260608 09:52:56.246294 28195 data_dirs.cc:400] Could only allocate 1 dirs of requested 3 for tablet 03ec45b14acf41fb9db5f31ad2f62ae2. 1 dirs total, 0 dirs full, 0 dirs failed
I20260608 09:52:56.253494 28193 tablet_service.cc:1511] Processing CreateTablet for tablet cc5e8cce27f54a42b34d0fde26fee1fa (DEFAULT_TABLE table=range_aware_rebalance_new_range [id=f4f409b83fcd434b8cf765c9da14f69d]), partition=HASH (key) PARTITION 2, RANGE (key) PARTITION 10 <= VALUES < 20
I20260608 09:52:56.259311 28194 tablet_service.cc:1511] Processing CreateTablet for tablet bb89a893836b4940b683d773c105f2c0 (DEFAULT_TABLE table=range_aware_rebalance_new_range [id=f4f409b83fcd434b8cf765c9da14f69d]), partition=HASH (key) PARTITION 1, RANGE (key) PARTITION 10 <= VALUES < 20
I20260608 09:52:56.260852 28189 tablet_service.cc:1511] Processing CreateTablet for tablet 8d9a10cb948344a0bb354718f9728546 (DEFAULT_TABLE table=range_aware_rebalance_new_range [id=f4f409b83fcd434b8cf765c9da14f69d]), partition=HASH (key) PARTITION 6, RANGE (key) PARTITION 10 <= VALUES < 20
I20260608 09:52:56.264037 28192 tablet_service.cc:1511] Processing CreateTablet for tablet 7f74f9237ad4489590186d77eeebd281 (DEFAULT_TABLE table=range_aware_rebalance_new_range [id=f4f409b83fcd434b8cf765c9da14f69d]), partition=HASH (key) PARTITION 3, RANGE (key) PARTITION 10 <= VALUES < 20
I20260608 09:52:56.267916 28190 tablet_service.cc:1511] Processing CreateTablet for tablet f42aece787d042f6ac8ddcfb6367d674 (DEFAULT_TABLE table=range_aware_rebalance_new_range [id=f4f409b83fcd434b8cf765c9da14f69d]), partition=HASH (key) PARTITION 5, RANGE (key) PARTITION 10 <= VALUES < 20
I20260608 09:52:56.270706 28191 tablet_service.cc:1511] Processing CreateTablet for tablet 181d7cd276c2405698086e8f159e0e77 (DEFAULT_TABLE table=range_aware_rebalance_new_range [id=f4f409b83fcd434b8cf765c9da14f69d]), partition=HASH (key) PARTITION 4, RANGE (key) PARTITION 10 <= VALUES < 20
I20260608 09:52:56.263335 28193 data_dirs.cc:400] Could only allocate 1 dirs of requested 3 for tablet cc5e8cce27f54a42b34d0fde26fee1fa. 1 dirs total, 0 dirs full, 0 dirs failed
I20260608 09:52:56.278117 28243 tablet_bootstrap.cc:654] T 7f74f9237ad4489590186d77eeebd281 P b24b87d5d6914edca35605c994631065: Neither blocks nor log segments found. Creating new log.
I20260608 09:52:56.286199 28192 data_dirs.cc:400] Could only allocate 1 dirs of requested 3 for tablet 7f74f9237ad4489590186d77eeebd281. 1 dirs total, 0 dirs full, 0 dirs failed
I20260608 09:52:56.289664 28188 tablet_service.cc:1511] Processing CreateTablet for tablet c0053dcd6a384fe283fc887adc788e20 (DEFAULT_TABLE table=range_aware_rebalance_new_range [id=f4f409b83fcd434b8cf765c9da14f69d]), partition=HASH (key) PARTITION 7, RANGE (key) PARTITION 10 <= VALUES < 20
I20260608 09:52:56.296267 28189 data_dirs.cc:400] Could only allocate 1 dirs of requested 3 for tablet 8d9a10cb948344a0bb354718f9728546. 1 dirs total, 0 dirs full, 0 dirs failed
I20260608 09:52:56.299327 28190 data_dirs.cc:400] Could only allocate 1 dirs of requested 3 for tablet f42aece787d042f6ac8ddcfb6367d674. 1 dirs total, 0 dirs full, 0 dirs failed
I20260608 09:52:56.303164 28242 tablet_bootstrap.cc:492] T bb89a893836b4940b683d773c105f2c0 P 379ed7be94dd4471b71b87ee004a1993: Bootstrap starting.
I20260608 09:52:56.314751 28191 data_dirs.cc:400] Could only allocate 1 dirs of requested 3 for tablet 181d7cd276c2405698086e8f159e0e77. 1 dirs total, 0 dirs full, 0 dirs failed
I20260608 09:52:56.317190 28188 data_dirs.cc:400] Could only allocate 1 dirs of requested 3 for tablet c0053dcd6a384fe283fc887adc788e20. 1 dirs total, 0 dirs full, 0 dirs failed
I20260608 09:52:56.329396 28244 tablet_bootstrap.cc:492] T cc5e8cce27f54a42b34d0fde26fee1fa P 34a076260fd84428ab056d5648b073d9: Bootstrap starting.
I20260608 09:52:56.332613 28194 data_dirs.cc:400] Could only allocate 1 dirs of requested 3 for tablet bb89a893836b4940b683d773c105f2c0. 1 dirs total, 0 dirs full, 0 dirs failed
I20260608 09:52:56.370545 28245 tablet_bootstrap.cc:492] T 03ec45b14acf41fb9db5f31ad2f62ae2 P b131c9a88ca74b389a21d523564db54f: Bootstrap starting.
I20260608 09:52:56.374024 28242 tablet_bootstrap.cc:654] T bb89a893836b4940b683d773c105f2c0 P 379ed7be94dd4471b71b87ee004a1993: Neither blocks nor log segments found. Creating new log.
I20260608 09:52:56.381498 28244 tablet_bootstrap.cc:654] T cc5e8cce27f54a42b34d0fde26fee1fa P 34a076260fd84428ab056d5648b073d9: Neither blocks nor log segments found. Creating new log.
I20260608 09:52:56.379869 28243 tablet_bootstrap.cc:492] T 7f74f9237ad4489590186d77eeebd281 P b24b87d5d6914edca35605c994631065: No bootstrap required, opened a new log
I20260608 09:52:56.392542 28243 ts_tablet_manager.cc:1403] T 7f74f9237ad4489590186d77eeebd281 P b24b87d5d6914edca35605c994631065: Time spent bootstrapping tablet: real 0.164s	user 0.009s	sys 0.016s
I20260608 09:52:56.396334 28245 tablet_bootstrap.cc:654] T 03ec45b14acf41fb9db5f31ad2f62ae2 P b131c9a88ca74b389a21d523564db54f: Neither blocks nor log segments found. Creating new log.
I20260608 09:52:56.397111 28243 raft_consensus.cc:359] T 7f74f9237ad4489590186d77eeebd281 P b24b87d5d6914edca35605c994631065 [term 0 FOLLOWER]: Replica starting. Triggering 0 pending ops. Active config: opid_index: -1 OBSOLETE_local: false peers { permanent_uuid: "b24b87d5d6914edca35605c994631065" member_type: VOTER last_known_addr { host: "127.24.85.193" port: 39257 } } peers { permanent_uuid: "b131c9a88ca74b389a21d523564db54f" member_type: VOTER last_known_addr { host: "127.24.85.196" port: 33953 } } peers { permanent_uuid: "34a076260fd84428ab056d5648b073d9" member_type: VOTER last_known_addr { host: "127.24.85.194" port: 36553 } }
I20260608 09:52:56.397994 28243 raft_consensus.cc:385] T 7f74f9237ad4489590186d77eeebd281 P b24b87d5d6914edca35605c994631065 [term 0 FOLLOWER]: Consensus starting up: Expiring failure detector timer to make a prompt election more likely
I20260608 09:52:56.398365 28243 raft_consensus.cc:740] T 7f74f9237ad4489590186d77eeebd281 P b24b87d5d6914edca35605c994631065 [term 0 FOLLOWER]: Becoming Follower/Learner. State: Replica: b24b87d5d6914edca35605c994631065, State: Initialized, Role: FOLLOWER
I20260608 09:52:56.399381 28243 consensus_queue.cc:260] T 7f74f9237ad4489590186d77eeebd281 P b24b87d5d6914edca35605c994631065 [NON_LEADER]: Queue going to NON_LEADER mode. State: All replicated index: 0, Majority replicated index: 0, Committed index: 0, Last appended: 0.0, Last appended by leader: 0, Current term: 0, Majority size: -1, State: 0, Mode: NON_LEADER, active raft config: opid_index: -1 OBSOLETE_local: false peers { permanent_uuid: "b24b87d5d6914edca35605c994631065" member_type: VOTER last_known_addr { host: "127.24.85.193" port: 39257 } } peers { permanent_uuid: "b131c9a88ca74b389a21d523564db54f" member_type: VOTER last_known_addr { host: "127.24.85.196" port: 33953 } } peers { permanent_uuid: "34a076260fd84428ab056d5648b073d9" member_type: VOTER last_known_addr { host: "127.24.85.194" port: 36553 } }
I20260608 09:52:56.402278 28243 ts_tablet_manager.cc:1434] T 7f74f9237ad4489590186d77eeebd281 P b24b87d5d6914edca35605c994631065: Time spent starting tablet: real 0.009s	user 0.004s	sys 0.003s
I20260608 09:52:56.403527 28243 tablet_bootstrap.cc:492] T 03ec45b14acf41fb9db5f31ad2f62ae2 P b24b87d5d6914edca35605c994631065: Bootstrap starting.
I20260608 09:52:56.409545 28244 tablet_bootstrap.cc:492] T cc5e8cce27f54a42b34d0fde26fee1fa P 34a076260fd84428ab056d5648b073d9: No bootstrap required, opened a new log
I20260608 09:52:56.410231 28244 ts_tablet_manager.cc:1403] T cc5e8cce27f54a42b34d0fde26fee1fa P 34a076260fd84428ab056d5648b073d9: Time spent bootstrapping tablet: real 0.091s	user 0.011s	sys 0.009s
I20260608 09:52:56.413630 28244 raft_consensus.cc:359] T cc5e8cce27f54a42b34d0fde26fee1fa P 34a076260fd84428ab056d5648b073d9 [term 0 FOLLOWER]: Replica starting. Triggering 0 pending ops. Active config: opid_index: -1 OBSOLETE_local: false peers { permanent_uuid: "b131c9a88ca74b389a21d523564db54f" member_type: VOTER last_known_addr { host: "127.24.85.196" port: 33953 } } peers { permanent_uuid: "34a076260fd84428ab056d5648b073d9" member_type: VOTER last_known_addr { host: "127.24.85.194" port: 36553 } } peers { permanent_uuid: "379ed7be94dd4471b71b87ee004a1993" member_type: VOTER last_known_addr { host: "127.24.85.195" port: 41793 } }
I20260608 09:52:56.419131 28244 raft_consensus.cc:385] T cc5e8cce27f54a42b34d0fde26fee1fa P 34a076260fd84428ab056d5648b073d9 [term 0 FOLLOWER]: Consensus starting up: Expiring failure detector timer to make a prompt election more likely
