I20260608 09:51:37.129144 25126 sys_catalog.cc:455] T 00000000000000000000000000000000 P 8f4c1d575f0a41248107247ad07b3d74 [sys.catalog]: SysCatalogTable state changed. Reason: New leader deb3b07d6d3d4748a2dfe27422516a60. Latest consensus state: current_term: 1 leader_uuid: "deb3b07d6d3d4748a2dfe27422516a60" committed_config { opid_index: -1 OBSOLETE_local: false peers { permanent_uuid: "acf65f1e6e9f46e9abe7e67fdd117556" member_type: VOTER last_known_addr { host: "127.24.85.254" port: 46707 } } peers { permanent_uuid: "deb3b07d6d3d4748a2dfe27422516a60" member_type: VOTER last_known_addr { host: "127.24.85.253" port: 37647 } } peers { permanent_uuid: "8f4c1d575f0a41248107247ad07b3d74" member_type: VOTER last_known_addr { host: "127.24.85.252" port: 43783 } } }
I20260608 09:51:37.130136 25126 sys_catalog.cc:458] T 00000000000000000000000000000000 P 8f4c1d575f0a41248107247ad07b3d74 [sys.catalog]: This master's current role is: FOLLOWER
I20260608 09:51:37.137970 25168 sys_catalog.cc:455] T 00000000000000000000000000000000 P deb3b07d6d3d4748a2dfe27422516a60 [sys.catalog]: SysCatalogTable state changed. Reason: Peer health change. Latest consensus state: current_term: 1 leader_uuid: "deb3b07d6d3d4748a2dfe27422516a60" committed_config { opid_index: -1 OBSOLETE_local: false peers { permanent_uuid: "acf65f1e6e9f46e9abe7e67fdd117556" member_type: VOTER last_known_addr { host: "127.24.85.254" port: 46707 } } peers { permanent_uuid: "deb3b07d6d3d4748a2dfe27422516a60" member_type: VOTER last_known_addr { host: "127.24.85.253" port: 37647 } } peers { permanent_uuid: "8f4c1d575f0a41248107247ad07b3d74" member_type: VOTER last_known_addr { host: "127.24.85.252" port: 43783 } } }
I20260608 09:51:37.144129 25168 sys_catalog.cc:458] T 00000000000000000000000000000000 P deb3b07d6d3d4748a2dfe27422516a60 [sys.catalog]: This master's current role is: LEADER
I20260608 09:51:37.152997 25126 sys_catalog.cc:455] T 00000000000000000000000000000000 P 8f4c1d575f0a41248107247ad07b3d74 [sys.catalog]: SysCatalogTable state changed. Reason: Replicated consensus-only round. Latest consensus state: current_term: 1 leader_uuid: "deb3b07d6d3d4748a2dfe27422516a60" committed_config { opid_index: -1 OBSOLETE_local: false peers { permanent_uuid: "acf65f1e6e9f46e9abe7e67fdd117556" member_type: VOTER last_known_addr { host: "127.24.85.254" port: 46707 } } peers { permanent_uuid: "deb3b07d6d3d4748a2dfe27422516a60" member_type: VOTER last_known_addr { host: "127.24.85.253" port: 37647 } } peers { permanent_uuid: "8f4c1d575f0a41248107247ad07b3d74" member_type: VOTER last_known_addr { host: "127.24.85.252" port: 43783 } } }
I20260608 09:51:37.153980 25126 sys_catalog.cc:458] T 00000000000000000000000000000000 P 8f4c1d575f0a41248107247ad07b3d74 [sys.catalog]: This master's current role is: FOLLOWER
I20260608 09:51:37.207306 25172 catalog_manager.cc:1405] Generated new certificate authority record
I20260608 09:51:37.209187 25172 catalog_manager.cc:1539] Loading token signing keys...
I20260608 09:51:37.242542 25172 catalog_manager.cc:6069] T 00000000000000000000000000000000 P deb3b07d6d3d4748a2dfe27422516a60: Generated new TSK 0
I20260608 09:51:37.243963 25172 catalog_manager.cc:1549] Initializing in-progress tserver states...
I20260608 09:51:37.298761 24919 rpc_server.cc:307] RPC server started. Bound to: 127.24.85.193:38041
I20260608 09:51:37.299023 25242 acceptor_pool.cc:272] collecting diagnostics on the listening RPC socket 127.24.85.193:38041 every 8 connection(s)
I20260608 09:51:37.336066 24919 file_cache.cc:492] Constructed file cache file cache with capacity 419430
I20260608 09:51:37.343238 25244 heartbeater.cc:344] Connected to a master server at 127.24.85.253:37647
I20260608 09:51:37.343770 25244 heartbeater.cc:461] Registering TS with master...
I20260608 09:51:37.345155 25244 heartbeater.cc:507] Master 127.24.85.253:37647 requested a full tablet report, sending...
I20260608 09:51:37.349737 25016 ts_manager.cc:194] Registered new tserver with Master: bbab2fed40f64d5ba449d28d8cebd1a4 (127.24.85.193:38041)
I20260608 09:51:37.351262 25245 heartbeater.cc:344] Connected to a master server at 127.24.85.254:46707
I20260608 09:51:37.351747 25245 heartbeater.cc:461] Registering TS with master...
I20260608 09:51:37.352749 25245 heartbeater.cc:507] Master 127.24.85.254:46707 requested a full tablet report, sending...
I20260608 09:51:37.354368 25016 master_service.cc:502] Signed X509 certificate for tserver {username='slave'} at 127.0.0.1:60328
I20260608 09:51:37.356307 24951 ts_manager.cc:194] Registered new tserver with Master: bbab2fed40f64d5ba449d28d8cebd1a4 (127.24.85.193:38041)
I20260608 09:51:37.362700 25243 heartbeater.cc:344] Connected to a master server at 127.24.85.252:43783
I20260608 09:51:37.363209 25243 heartbeater.cc:461] Registering TS with master...
I20260608 09:51:37.364143 25243 heartbeater.cc:507] Master 127.24.85.252:43783 requested a full tablet report, sending...
W20260608 09:51:37.364741 25251 instance_detector.cc:116] could not retrieve Azure instance metadata: Network error: curl error: HTTP response code said error: The requested URL returned error: 404
W20260608 09:51:37.366532 25250 instance_detector.cc:116] could not retrieve AWS instance metadata: Network error: curl error: HTTP response code said error: The requested URL returned error: 404
I20260608 09:51:37.368162 25081 ts_manager.cc:194] Registered new tserver with Master: bbab2fed40f64d5ba449d28d8cebd1a4 (127.24.85.193:38041)
I20260608 09:51:37.373270 24919 server_base.cc:1061] running on GCE node
W20260608 09:51:37.374312 25253 instance_detector.cc:116] could not retrieve OpenStack instance metadata: Network error: curl error: HTTP response code said error: The requested URL returned error: 404
I20260608 09:51:37.375617 24919 hybrid_clock.cc:584] initializing the hybrid clock with 'system_unsync' time source
W20260608 09:51:37.375936 24919 system_unsync_time.cc:38] NTP support is disabled. Clock error bounds will not be accurate. This configuration is not suitable for distributed clusters.
I20260608 09:51:37.376181 24919 hybrid_clock.cc:648] HybridClock initialized: now 1780912297376161 us; error 0 us; skew 500 ppm
I20260608 09:51:37.377200 24919 server_base.cc:861] Flag tcmalloc_max_total_thread_cache_bytes is not working since tcmalloc is not enabled.
I20260608 09:51:37.380436 24919 webserver.cc:533] Webserver started at http://127.24.85.194:43193/ using document root <none> and password file <none>
I20260608 09:51:37.381246 24919 fs_manager.cc:362] Metadata directory not provided
I20260608 09:51:37.381534 24919 fs_manager.cc:368] Using write-ahead log directory (fs_wal_dir) as metadata directory
I20260608 09:51:37.381930 24919 server_base.cc:909] This appears to be a new deployment of Kudu; creating new FS layout
I20260608 09:51:37.383677 24919 fs_manager.cc:1068] Generated new instance metadata in path /tmp/dist-test-task01mXS0/test-tmp/auto_rebalancer-test.0.AutoRebalancerTest.OnlyLeaderDoesAutoRebalancing.1780912294857375-24919-0/minicluster-data/ts-1-root/instance:
uuid: "7a1b9fa6cb3047e79f71cd72c8dfbd25"
format_stamp: "Formatted at 2026-06-08 09:51:37 on dist-test-slave-430c"
I20260608 09:51:37.390132 24919 fs_manager.cc:696] Time spent creating directory manager: real 0.006s	user 0.006s	sys 0.001s
I20260608 09:51:37.394893 25258 log_block_manager.cc:4031] Time spent loading block containers with low live blocks: real 0.000s	user 0.000s	sys 0.000s
I20260608 09:51:37.395850 24919 fs_manager.cc:730] Time spent opening block manager: real 0.003s	user 0.004s	sys 0.000s
I20260608 09:51:37.396214 24919 fs_manager.cc:647] Opened local filesystem: /tmp/dist-test-task01mXS0/test-tmp/auto_rebalancer-test.0.AutoRebalancerTest.OnlyLeaderDoesAutoRebalancing.1780912294857375-24919-0/minicluster-data/ts-1-root
uuid: "7a1b9fa6cb3047e79f71cd72c8dfbd25"
format_stamp: "Formatted at 2026-06-08 09:51:37 on dist-test-slave-430c"
I20260608 09:51:37.396600 24919 fs_report.cc:389] FS layout report
--------------------
wal directory: /tmp/dist-test-task01mXS0/test-tmp/auto_rebalancer-test.0.AutoRebalancerTest.OnlyLeaderDoesAutoRebalancing.1780912294857375-24919-0/minicluster-data/ts-1-root
metadata directory: /tmp/dist-test-task01mXS0/test-tmp/auto_rebalancer-test.0.AutoRebalancerTest.OnlyLeaderDoesAutoRebalancing.1780912294857375-24919-0/minicluster-data/ts-1-root
1 data directories: /tmp/dist-test-task01mXS0/test-tmp/auto_rebalancer-test.0.AutoRebalancerTest.OnlyLeaderDoesAutoRebalancing.1780912294857375-24919-0/minicluster-data/ts-1-root/data
Total live blocks: 0
Total live bytes: 0
Total live bytes (after alignment): 0
Total number of LBM containers: 0 (0 full)
Did not check for missing blocks
Did not check for orphaned blocks
Total full LBM containers with extra space: 0 (0 repaired)
Total full LBM container extra space in bytes: 0 (0 repaired)
Total incomplete LBM containers: 0 (0 repaired)
Total LBM partial records: 0 (0 repaired)
Total corrupted LBM metadata records in RocksDB: 0 (0 repaired)
I20260608 09:51:37.430913 24919 rpc_server.cc:225] running with OpenSSL 1.1.1  11 Sep 2018
I20260608 09:51:37.432727 24919 kserver.cc:163] Server-wide thread pool size limit: 3276
I20260608 09:51:37.435369 24919 txn_system_client.cc:432] TxnSystemClient initialization is disabled...
I20260608 09:51:37.439432 24919 ts_tablet_manager.cc:585] Loaded tablet metadata (0 total tablets, 0 live tablets)
I20260608 09:51:37.439733 24919 ts_tablet_manager.cc:531] Time spent load tablet metadata: real 0.000s	user 0.000s	sys 0.000s
I20260608 09:51:37.440030 24919 ts_tablet_manager.cc:616] Registered 0 tablets
I20260608 09:51:37.440280 24919 ts_tablet_manager.cc:595] Time spent register tablets: real 0.000s	user 0.000s	sys 0.000s
I20260608 09:51:37.548889 24919 rpc_server.cc:307] RPC server started. Bound to: 127.24.85.194:39405
I20260608 09:51:37.549043 25320 acceptor_pool.cc:272] collecting diagnostics on the listening RPC socket 127.24.85.194:39405 every 8 connection(s)
I20260608 09:51:37.577584 24919 file_cache.cc:492] Constructed file cache file cache with capacity 419430
I20260608 09:51:37.579025 25321 heartbeater.cc:344] Connected to a master server at 127.24.85.252:43783
I20260608 09:51:37.579490 25321 heartbeater.cc:461] Registering TS with master...
I20260608 09:51:37.580822 25321 heartbeater.cc:507] Master 127.24.85.252:43783 requested a full tablet report, sending...
I20260608 09:51:37.585858 25081 ts_manager.cc:194] Registered new tserver with Master: 7a1b9fa6cb3047e79f71cd72c8dfbd25 (127.24.85.194:39405)
I20260608 09:51:37.600015 25323 heartbeater.cc:344] Connected to a master server at 127.24.85.254:46707
I20260608 09:51:37.600744 25323 heartbeater.cc:461] Registering TS with master...
W20260608 09:51:37.601044 25327 instance_detector.cc:116] could not retrieve AWS instance metadata: Network error: curl error: HTTP response code said error: The requested URL returned error: 404
I20260608 09:51:37.600140 25322 heartbeater.cc:344] Connected to a master server at 127.24.85.253:37647
I20260608 09:51:37.602800 25322 heartbeater.cc:461] Registering TS with master...
W20260608 09:51:37.603848 25328 instance_detector.cc:116] could not retrieve Azure instance metadata: Network error: curl error: HTTP response code said error: The requested URL returned error: 404
I20260608 09:51:37.604149 25322 heartbeater.cc:507] Master 127.24.85.253:37647 requested a full tablet report, sending...
I20260608 09:51:37.602226 25323 heartbeater.cc:507] Master 127.24.85.254:46707 requested a full tablet report, sending...
I20260608 09:51:37.607491 25016 ts_manager.cc:194] Registered new tserver with Master: 7a1b9fa6cb3047e79f71cd72c8dfbd25 (127.24.85.194:39405)
I20260608 09:51:37.608788 24951 ts_manager.cc:194] Registered new tserver with Master: 7a1b9fa6cb3047e79f71cd72c8dfbd25 (127.24.85.194:39405)
I20260608 09:51:37.609943 25016 master_service.cc:502] Signed X509 certificate for tserver {username='slave'} at 127.0.0.1:60330
W20260608 09:51:37.617215 25330 instance_detector.cc:116] could not retrieve OpenStack instance metadata: Network error: curl error: HTTP response code said error: The requested URL returned error: 404
I20260608 09:51:37.617251 24919 server_base.cc:1061] running on GCE node
I20260608 09:51:37.618777 24919 hybrid_clock.cc:584] initializing the hybrid clock with 'system_unsync' time source
W20260608 09:51:37.619011 24919 system_unsync_time.cc:38] NTP support is disabled. Clock error bounds will not be accurate. This configuration is not suitable for distributed clusters.
I20260608 09:51:37.619223 24919 hybrid_clock.cc:648] HybridClock initialized: now 1780912297619204 us; error 0 us; skew 500 ppm
I20260608 09:51:37.619828 24919 server_base.cc:861] Flag tcmalloc_max_total_thread_cache_bytes is not working since tcmalloc is not enabled.
I20260608 09:51:37.622661 24919 webserver.cc:533] Webserver started at http://127.24.85.195:38099/ using document root <none> and password file <none>
I20260608 09:51:37.623210 24919 fs_manager.cc:362] Metadata directory not provided
I20260608 09:51:37.623425 24919 fs_manager.cc:368] Using write-ahead log directory (fs_wal_dir) as metadata directory
I20260608 09:51:37.623716 24919 server_base.cc:909] This appears to be a new deployment of Kudu; creating new FS layout
I20260608 09:51:37.624817 24919 fs_manager.cc:1068] Generated new instance metadata in path /tmp/dist-test-task01mXS0/test-tmp/auto_rebalancer-test.0.AutoRebalancerTest.OnlyLeaderDoesAutoRebalancing.1780912294857375-24919-0/minicluster-data/ts-2-root/instance:
uuid: "94a1d32ea6c14505b1637a40a703c5d7"
format_stamp: "Formatted at 2026-06-08 09:51:37 on dist-test-slave-430c"
I20260608 09:51:37.630568 24919 fs_manager.cc:696] Time spent creating directory manager: real 0.005s	user 0.007s	sys 0.000s
I20260608 09:51:37.635035 25335 log_block_manager.cc:4031] Time spent loading block containers with low live blocks: real 0.000s	user 0.000s	sys 0.000s
I20260608 09:51:37.635979 24919 fs_manager.cc:730] Time spent opening block manager: real 0.003s	user 0.000s	sys 0.004s
I20260608 09:51:37.636346 24919 fs_manager.cc:647] Opened local filesystem: /tmp/dist-test-task01mXS0/test-tmp/auto_rebalancer-test.0.AutoRebalancerTest.OnlyLeaderDoesAutoRebalancing.1780912294857375-24919-0/minicluster-data/ts-2-root
uuid: "94a1d32ea6c14505b1637a40a703c5d7"
format_stamp: "Formatted at 2026-06-08 09:51:37 on dist-test-slave-430c"
I20260608 09:51:37.636745 24919 fs_report.cc:389] FS layout report
--------------------
wal directory: /tmp/dist-test-task01mXS0/test-tmp/auto_rebalancer-test.0.AutoRebalancerTest.OnlyLeaderDoesAutoRebalancing.1780912294857375-24919-0/minicluster-data/ts-2-root
metadata directory: /tmp/dist-test-task01mXS0/test-tmp/auto_rebalancer-test.0.AutoRebalancerTest.OnlyLeaderDoesAutoRebalancing.1780912294857375-24919-0/minicluster-data/ts-2-root
1 data directories: /tmp/dist-test-task01mXS0/test-tmp/auto_rebalancer-test.0.AutoRebalancerTest.OnlyLeaderDoesAutoRebalancing.1780912294857375-24919-0/minicluster-data/ts-2-root/data
Total live blocks: 0
Total live bytes: 0
Total live bytes (after alignment): 0
Total number of LBM containers: 0 (0 full)
Did not check for missing blocks
Did not check for orphaned blocks
Total full LBM containers with extra space: 0 (0 repaired)
Total full LBM container extra space in bytes: 0 (0 repaired)
Total incomplete LBM containers: 0 (0 repaired)
Total LBM partial records: 0 (0 repaired)
Total corrupted LBM metadata records in RocksDB: 0 (0 repaired)
I20260608 09:51:37.671381 24919 rpc_server.cc:225] running with OpenSSL 1.1.1  11 Sep 2018
I20260608 09:51:37.673316 24919 kserver.cc:163] Server-wide thread pool size limit: 3276
I20260608 09:51:37.675221 24919 txn_system_client.cc:432] TxnSystemClient initialization is disabled...
I20260608 09:51:37.679386 24919 ts_tablet_manager.cc:585] Loaded tablet metadata (0 total tablets, 0 live tablets)
I20260608 09:51:37.679682 24919 ts_tablet_manager.cc:531] Time spent load tablet metadata: real 0.000s	user 0.000s	sys 0.000s
I20260608 09:51:37.680020 24919 ts_tablet_manager.cc:616] Registered 0 tablets
I20260608 09:51:37.680258 24919 ts_tablet_manager.cc:595] Time spent register tablets: real 0.000s	user 0.000s	sys 0.000s
I20260608 09:51:37.773145 24919 rpc_server.cc:307] RPC server started. Bound to: 127.24.85.195:34697
I20260608 09:51:37.773236 25397 acceptor_pool.cc:272] collecting diagnostics on the listening RPC socket 127.24.85.195:34697 every 8 connection(s)
I20260608 09:51:37.802253 25399 heartbeater.cc:344] Connected to a master server at 127.24.85.253:37647
I20260608 09:51:37.802821 25399 heartbeater.cc:461] Registering TS with master...
I20260608 09:51:37.803938 25399 heartbeater.cc:507] Master 127.24.85.253:37647 requested a full tablet report, sending...
I20260608 09:51:37.805452 25398 heartbeater.cc:344] Connected to a master server at 127.24.85.252:43783
I20260608 09:51:37.806006 25398 heartbeater.cc:461] Registering TS with master...
I20260608 09:51:37.806600 25016 ts_manager.cc:194] Registered new tserver with Master: 94a1d32ea6c14505b1637a40a703c5d7 (127.24.85.195:34697)
I20260608 09:51:37.807430 25398 heartbeater.cc:507] Master 127.24.85.252:43783 requested a full tablet report, sending...
I20260608 09:51:37.808493 25016 master_service.cc:502] Signed X509 certificate for tserver {username='slave'} at 127.0.0.1:60334
I20260608 09:51:37.811261 25081 ts_manager.cc:194] Registered new tserver with Master: 94a1d32ea6c14505b1637a40a703c5d7 (127.24.85.195:34697)
I20260608 09:51:37.818862 25400 heartbeater.cc:344] Connected to a master server at 127.24.85.254:46707
I20260608 09:51:37.819427 25400 heartbeater.cc:461] Registering TS with master...
I20260608 09:51:37.820216 25400 heartbeater.cc:507] Master 127.24.85.254:46707 requested a full tablet report, sending...
I20260608 09:51:37.829921 24951 ts_manager.cc:194] Registered new tserver with Master: 94a1d32ea6c14505b1637a40a703c5d7 (127.24.85.195:34697)
I20260608 09:51:37.830204 24919 internal_mini_cluster.cc:371] 3 TS(s) registered with all masters after 0.01419011s
I20260608 09:51:37.963164 25154 catalog_manager.cc:1294] Loaded cluster ID: affc273d93a54f0cbc5f0ea0c5c3977e
I20260608 09:51:37.963517 25154 catalog_manager.cc:1587] T 00000000000000000000000000000000 P 8f4c1d575f0a41248107247ad07b3d74: loading cluster ID for follower catalog manager: success
I20260608 09:51:37.964783 25151 catalog_manager.cc:1294] Loaded cluster ID: affc273d93a54f0cbc5f0ea0c5c3977e
I20260608 09:51:37.965111 25151 catalog_manager.cc:1587] T 00000000000000000000000000000000 P acf65f1e6e9f46e9abe7e67fdd117556: loading cluster ID for follower catalog manager: success
I20260608 09:51:37.968637 25154 catalog_manager.cc:1609] T 00000000000000000000000000000000 P 8f4c1d575f0a41248107247ad07b3d74: acquiring CA information for follower catalog manager: success
I20260608 09:51:37.972337 25151 catalog_manager.cc:1609] T 00000000000000000000000000000000 P acf65f1e6e9f46e9abe7e67fdd117556: acquiring CA information for follower catalog manager: success
I20260608 09:51:37.973770 25154 catalog_manager.cc:1637] T 00000000000000000000000000000000 P 8f4c1d575f0a41248107247ad07b3d74: importing token verification keys for follower catalog manager: success; most recent TSK sequence number 0
I20260608 09:51:37.978084 25151 catalog_manager.cc:1637] T 00000000000000000000000000000000 P acf65f1e6e9f46e9abe7e67fdd117556: importing token verification keys for follower catalog manager: success; most recent TSK sequence number 0
I20260608 09:51:38.362053 25244 heartbeater.cc:499] Master 127.24.85.253:37647 was elected leader, sending a full tablet report...
I20260608 09:51:38.613842 25322 heartbeater.cc:499] Master 127.24.85.253:37647 was elected leader, sending a full tablet report...
I20260608 09:51:38.811374 25399 heartbeater.cc:499] Master 127.24.85.253:37647 was elected leader, sending a full tablet report...
I20260608 09:51:38.962271 25159 auto_leader_rebalancer.cc:451] All tables' leader rebalancing finished this round
I20260608 09:51:39.087800 25016 catalog_manager.cc:2282] Servicing CreateTable request from {username='slave'} at 127.0.0.1:60342:
name: "test-workload"
schema {
  columns {
    name: "key"
    type: INT32
    is_key: true
    is_nullable: false
    encoding: AUTO_ENCODING
    compression: DEFAULT_COMPRESSION
    cfile_block_size: 0
    immutable: false
  }
  columns {
    name: "int_val"
    type: INT32
    is_key: false
    is_nullable: false
    encoding: AUTO_ENCODING
    compression: DEFAULT_COMPRESSION
    cfile_block_size: 0
    immutable: false
  }
  columns {
    name: "string_val"
    type: STRING
    is_key: false
    is_nullable: true
    encoding: AUTO_ENCODING
    compression: DEFAULT_COMPRESSION
    cfile_block_size: 0
    immutable: false
  }
}
num_replicas: 1
split_rows_range_bounds {
  rows: "\004\001\000\377\377\377\037\004\001\000\376\377\377?\004\001\000\375\377\377_""\004\001\000\377\377\377\037\004\001\000\376\377\377?\004\001\000\375\377\377_"
  indirect_data: """"
}
partition_schema {
  range_schema {
    columns {
      name: "key"
    }
  }
}
I20260608 09:51:39.226971 25363 tablet_service.cc:1511] Processing CreateTablet for tablet 00532423c60449a0af48e5af409971a4 (DEFAULT_TABLE table=test-workload [id=65621632b384498fbc92f6ec949168ca]), partition=RANGE (key) PARTITION VALUES < 536870911
I20260608 09:51:39.228920 25363 data_dirs.cc:400] Could only allocate 1 dirs of requested 3 for tablet 00532423c60449a0af48e5af409971a4. 1 dirs total, 0 dirs full, 0 dirs failed
I20260608 09:51:39.230358 25286 tablet_service.cc:1511] Processing CreateTablet for tablet f35932f0d61c422291352dafa05cad30 (DEFAULT_TABLE table=test-workload [id=65621632b384498fbc92f6ec949168ca]), partition=RANGE (key) PARTITION 1073741822 <= VALUES < 1610612733
I20260608 09:51:39.231823 25286 data_dirs.cc:400] Could only allocate 1 dirs of requested 3 for tablet f35932f0d61c422291352dafa05cad30. 1 dirs total, 0 dirs full, 0 dirs failed
I20260608 09:51:39.233477 25208 tablet_service.cc:1511] Processing CreateTablet for tablet 3a0236bfd0254d38ae1cfff87d1a1e2b (DEFAULT_TABLE table=test-workload [id=65621632b384498fbc92f6ec949168ca]), partition=RANGE (key) PARTITION 536870911 <= VALUES < 1073741822
I20260608 09:51:39.233920 25207 tablet_service.cc:1511] Processing CreateTablet for tablet 736c36d41ac548a1bbe2d98a735154a1 (DEFAULT_TABLE table=test-workload [id=65621632b384498fbc92f6ec949168ca]), partition=RANGE (key) PARTITION 1610612733 <= VALUES
I20260608 09:51:39.235098 25208 data_dirs.cc:400] Could only allocate 1 dirs of requested 3 for tablet 3a0236bfd0254d38ae1cfff87d1a1e2b. 1 dirs total, 0 dirs full, 0 dirs failed
I20260608 09:51:39.235882 25207 data_dirs.cc:400] Could only allocate 1 dirs of requested 3 for tablet 736c36d41ac548a1bbe2d98a735154a1. 1 dirs total, 0 dirs full, 0 dirs failed
I20260608 09:51:39.255782 25434 tablet_bootstrap.cc:492] T 00532423c60449a0af48e5af409971a4 P 94a1d32ea6c14505b1637a40a703c5d7: Bootstrap starting.
I20260608 09:51:39.256979 25435 tablet_bootstrap.cc:492] T f35932f0d61c422291352dafa05cad30 P 7a1b9fa6cb3047e79f71cd72c8dfbd25: Bootstrap starting.
I20260608 09:51:39.265003 25436 tablet_bootstrap.cc:492] T 736c36d41ac548a1bbe2d98a735154a1 P bbab2fed40f64d5ba449d28d8cebd1a4: Bootstrap starting.
I20260608 09:51:39.266427 25434 tablet_bootstrap.cc:654] T 00532423c60449a0af48e5af409971a4 P 94a1d32ea6c14505b1637a40a703c5d7: Neither blocks nor log segments found. Creating new log.
I20260608 09:51:39.268501 25435 tablet_bootstrap.cc:654] T f35932f0d61c422291352dafa05cad30 P 7a1b9fa6cb3047e79f71cd72c8dfbd25: Neither blocks nor log segments found. Creating new log.
I20260608 09:51:39.273908 25434 tablet_bootstrap.cc:492] T 00532423c60449a0af48e5af409971a4 P 94a1d32ea6c14505b1637a40a703c5d7: No bootstrap required, opened a new log
I20260608 09:51:39.274092 25436 tablet_bootstrap.cc:654] T 736c36d41ac548a1bbe2d98a735154a1 P bbab2fed40f64d5ba449d28d8cebd1a4: Neither blocks nor log segments found. Creating new log.
I20260608 09:51:39.274533 25434 ts_tablet_manager.cc:1403] T 00532423c60449a0af48e5af409971a4 P 94a1d32ea6c14505b1637a40a703c5d7: Time spent bootstrapping tablet: real 0.019s	user 0.012s	sys 0.007s
I20260608 09:51:39.277406 25435 tablet_bootstrap.cc:492] T f35932f0d61c422291352dafa05cad30 P 7a1b9fa6cb3047e79f71cd72c8dfbd25: No bootstrap required, opened a new log
I20260608 09:51:39.277901 25435 ts_tablet_manager.cc:1403] T f35932f0d61c422291352dafa05cad30 P 7a1b9fa6cb3047e79f71cd72c8dfbd25: Time spent bootstrapping tablet: real 0.021s	user 0.013s	sys 0.004s
I20260608 09:51:39.278716 25434 raft_consensus.cc:359] T 00532423c60449a0af48e5af409971a4 P 94a1d32ea6c14505b1637a40a703c5d7 [term 0 FOLLOWER]: Replica starting. Triggering 0 pending ops. Active config: opid_index: -1 OBSOLETE_local: true peers { permanent_uuid: "94a1d32ea6c14505b1637a40a703c5d7" member_type: VOTER last_known_addr { host: "127.24.85.195" port: 34697 } }
I20260608 09:51:39.279495 25434 raft_consensus.cc:385] T 00532423c60449a0af48e5af409971a4 P 94a1d32ea6c14505b1637a40a703c5d7 [term 0 FOLLOWER]: Consensus starting up: Expiring failure detector timer to make a prompt election more likely
I20260608 09:51:39.279801 25434 raft_consensus.cc:740] T 00532423c60449a0af48e5af409971a4 P 94a1d32ea6c14505b1637a40a703c5d7 [term 0 FOLLOWER]: Becoming Follower/Learner. State: Replica: 94a1d32ea6c14505b1637a40a703c5d7, State: Initialized, Role: FOLLOWER
I20260608 09:51:39.280593 25434 consensus_queue.cc:260] T 00532423c60449a0af48e5af409971a4 P 94a1d32ea6c14505b1637a40a703c5d7 [NON_LEADER]: Queue going to NON_LEADER mode. State: All replicated index: 0, Majority replicated index: 0, Committed index: 0, Last appended: 0.0, Last appended by leader: 0, Current term: 0, Majority size: -1, State: 0, Mode: NON_LEADER, active raft config: opid_index: -1 OBSOLETE_local: true peers { permanent_uuid: "94a1d32ea6c14505b1637a40a703c5d7" member_type: VOTER last_known_addr { host: "127.24.85.195" port: 34697 } }
I20260608 09:51:39.281088 25435 raft_consensus.cc:359] T f35932f0d61c422291352dafa05cad30 P 7a1b9fa6cb3047e79f71cd72c8dfbd25 [term 0 FOLLOWER]: Replica starting. Triggering 0 pending ops. Active config: opid_index: -1 OBSOLETE_local: true peers { permanent_uuid: "7a1b9fa6cb3047e79f71cd72c8dfbd25" member_type: VOTER last_known_addr { host: "127.24.85.194" port: 39405 } }
I20260608 09:51:39.281307 25434 raft_consensus.cc:399] T 00532423c60449a0af48e5af409971a4 P 94a1d32ea6c14505b1637a40a703c5d7 [term 0 FOLLOWER]: Only one voter in the Raft config. Triggering election immediately
I20260608 09:51:39.281716 25435 raft_consensus.cc:385] T f35932f0d61c422291352dafa05cad30 P 7a1b9fa6cb3047e79f71cd72c8dfbd25 [term 0 FOLLOWER]: Consensus starting up: Expiring failure detector timer to make a prompt election more likely
I20260608 09:51:39.281780 25434 raft_consensus.cc:493] T 00532423c60449a0af48e5af409971a4 P 94a1d32ea6c14505b1637a40a703c5d7 [term 0 FOLLOWER]: Starting leader election (initial election of a single-replica configuration)
I20260608 09:51:39.281906 25436 tablet_bootstrap.cc:492] T 736c36d41ac548a1bbe2d98a735154a1 P bbab2fed40f64d5ba449d28d8cebd1a4: No bootstrap required, opened a new log
I20260608 09:51:39.282056 25435 raft_consensus.cc:740] T f35932f0d61c422291352dafa05cad30 P 7a1b9fa6cb3047e79f71cd72c8dfbd25 [term 0 FOLLOWER]: Becoming Follower/Learner. State: Replica: 7a1b9fa6cb3047e79f71cd72c8dfbd25, State: Initialized, Role: FOLLOWER
I20260608 09:51:39.282328 25434 raft_consensus.cc:3060] T 00532423c60449a0af48e5af409971a4 P 94a1d32ea6c14505b1637a40a703c5d7 [term 0 FOLLOWER]: Advancing to term 1
I20260608 09:51:39.282671 25436 ts_tablet_manager.cc:1403] T 736c36d41ac548a1bbe2d98a735154a1 P bbab2fed40f64d5ba449d28d8cebd1a4: Time spent bootstrapping tablet: real 0.018s	user 0.003s	sys 0.014s
I20260608 09:51:39.283114 25435 consensus_queue.cc:260] T f35932f0d61c422291352dafa05cad30 P 7a1b9fa6cb3047e79f71cd72c8dfbd25 [NON_LEADER]: Queue going to NON_LEADER mode. State: All replicated index: 0, Majority replicated index: 0, Committed index: 0, Last appended: 0.0, Last appended by leader: 0, Current term: 0, Majority size: -1, State: 0, Mode: NON_LEADER, active raft config: opid_index: -1 OBSOLETE_local: true peers { permanent_uuid: "7a1b9fa6cb3047e79f71cd72c8dfbd25" member_type: VOTER last_known_addr { host: "127.24.85.194" port: 39405 } }
I20260608 09:51:39.283839 25435 raft_consensus.cc:399] T f35932f0d61c422291352dafa05cad30 P 7a1b9fa6cb3047e79f71cd72c8dfbd25 [term 0 FOLLOWER]: Only one voter in the Raft config. Triggering election immediately
I20260608 09:51:39.284158 25435 raft_consensus.cc:493] T f35932f0d61c422291352dafa05cad30 P 7a1b9fa6cb3047e79f71cd72c8dfbd25 [term 0 FOLLOWER]: Starting leader election (initial election of a single-replica configuration)
I20260608 09:51:39.284525 25435 raft_consensus.cc:3060] T f35932f0d61c422291352dafa05cad30 P 7a1b9fa6cb3047e79f71cd72c8dfbd25 [term 0 FOLLOWER]: Advancing to term 1
I20260608 09:51:39.286645 25436 raft_consensus.cc:359] T 736c36d41ac548a1bbe2d98a735154a1 P bbab2fed40f64d5ba449d28d8cebd1a4 [term 0 FOLLOWER]: Replica starting. Triggering 0 pending ops. Active config: opid_index: -1 OBSOLETE_local: true peers { permanent_uuid: "bbab2fed40f64d5ba449d28d8cebd1a4" member_type: VOTER last_known_addr { host: "127.24.85.193" port: 38041 } }
I20260608 09:51:39.287243 25436 raft_consensus.cc:385] T 736c36d41ac548a1bbe2d98a735154a1 P bbab2fed40f64d5ba449d28d8cebd1a4 [term 0 FOLLOWER]: Consensus starting up: Expiring failure detector timer to make a prompt election more likely
I20260608 09:51:39.287551 25436 raft_consensus.cc:740] T 736c36d41ac548a1bbe2d98a735154a1 P bbab2fed40f64d5ba449d28d8cebd1a4 [term 0 FOLLOWER]: Becoming Follower/Learner. State: Replica: bbab2fed40f64d5ba449d28d8cebd1a4, State: Initialized, Role: FOLLOWER
I20260608 09:51:39.288333 25436 consensus_queue.cc:260] T 736c36d41ac548a1bbe2d98a735154a1 P bbab2fed40f64d5ba449d28d8cebd1a4 [NON_LEADER]: Queue going to NON_LEADER mode. State: All replicated index: 0, Majority replicated index: 0, Committed index: 0, Last appended: 0.0, Last appended by leader: 0, Current term: 0, Majority size: -1, State: 0, Mode: NON_LEADER, active raft config: opid_index: -1 OBSOLETE_local: true peers { permanent_uuid: "bbab2fed40f64d5ba449d28d8cebd1a4" member_type: VOTER last_known_addr { host: "127.24.85.193" port: 38041 } }
I20260608 09:51:39.289006 25436 raft_consensus.cc:399] T 736c36d41ac548a1bbe2d98a735154a1 P bbab2fed40f64d5ba449d28d8cebd1a4 [term 0 FOLLOWER]: Only one voter in the Raft config. Triggering election immediately
I20260608 09:51:39.289234 25434 raft_consensus.cc:515] T 00532423c60449a0af48e5af409971a4 P 94a1d32ea6c14505b1637a40a703c5d7 [term 1 FOLLOWER]: Starting leader election with config: opid_index: -1 OBSOLETE_local: true peers { permanent_uuid: "94a1d32ea6c14505b1637a40a703c5d7" member_type: VOTER last_known_addr { host: "127.24.85.195" port: 34697 } }
I20260608 09:51:39.289332 25436 raft_consensus.cc:493] T 736c36d41ac548a1bbe2d98a735154a1 P bbab2fed40f64d5ba449d28d8cebd1a4 [term 0 FOLLOWER]: Starting leader election (initial election of a single-replica configuration)
I20260608 09:51:39.289994 25436 raft_consensus.cc:3060] T 736c36d41ac548a1bbe2d98a735154a1 P bbab2fed40f64d5ba449d28d8cebd1a4 [term 0 FOLLOWER]: Advancing to term 1
I20260608 09:51:39.290132 25434 leader_election.cc:304] T 00532423c60449a0af48e5af409971a4 P 94a1d32ea6c14505b1637a40a703c5d7 [CANDIDATE]: Term 1 election: Election decided. Result: candidate won. Election summary: received 1 responses out of 1 voters: 1 yes votes; 0 no votes. yes voters: 94a1d32ea6c14505b1637a40a703c5d7; no voters: 
I20260608 09:51:39.291441 25435 raft_consensus.cc:515] T f35932f0d61c422291352dafa05cad30 P 7a1b9fa6cb3047e79f71cd72c8dfbd25 [term 1 FOLLOWER]: Starting leader election with config: opid_index: -1 OBSOLETE_local: true peers { permanent_uuid: "7a1b9fa6cb3047e79f71cd72c8dfbd25" member_type: VOTER last_known_addr { host: "127.24.85.194" port: 39405 } }
I20260608 09:51:39.292500 25435 leader_election.cc:304] T f35932f0d61c422291352dafa05cad30 P 7a1b9fa6cb3047e79f71cd72c8dfbd25 [CANDIDATE]: Term 1 election: Election decided. Result: candidate won. Election summary: received 1 responses out of 1 voters: 1 yes votes; 0 no votes. yes voters: 7a1b9fa6cb3047e79f71cd72c8dfbd25; no voters: 
I20260608 09:51:39.292677 25434 leader_election.cc:290] T 00532423c60449a0af48e5af409971a4 P 94a1d32ea6c14505b1637a40a703c5d7 [CANDIDATE]: Term 1 election: Requested vote from peers 
I20260608 09:51:39.293469 25440 raft_consensus.cc:2804] T 00532423c60449a0af48e5af409971a4 P 94a1d32ea6c14505b1637a40a703c5d7 [term 1 FOLLOWER]: Leader election won for term 1
I20260608 09:51:39.296083 25435 leader_election.cc:290] T f35932f0d61c422291352dafa05cad30 P 7a1b9fa6cb3047e79f71cd72c8dfbd25 [CANDIDATE]: Term 1 election: Requested vote from peers 
I20260608 09:51:39.296926 25441 raft_consensus.cc:2804] T f35932f0d61c422291352dafa05cad30 P 7a1b9fa6cb3047e79f71cd72c8dfbd25 [term 1 FOLLOWER]: Leader election won for term 1
I20260608 09:51:39.298606 25436 raft_consensus.cc:515] T 736c36d41ac548a1bbe2d98a735154a1 P bbab2fed40f64d5ba449d28d8cebd1a4 [term 1 FOLLOWER]: Starting leader election with config: opid_index: -1 OBSOLETE_local: true peers { permanent_uuid: "bbab2fed40f64d5ba449d28d8cebd1a4" member_type: VOTER last_known_addr { host: "127.24.85.193" port: 38041 } }
I20260608 09:51:39.299733 25436 leader_election.cc:304] T 736c36d41ac548a1bbe2d98a735154a1 P bbab2fed40f64d5ba449d28d8cebd1a4 [CANDIDATE]: Term 1 election: Election decided. Result: candidate won. Election summary: received 1 responses out of 1 voters: 1 yes votes; 0 no votes. yes voters: bbab2fed40f64d5ba449d28d8cebd1a4; no voters: 
I20260608 09:51:39.301505 25434 ts_tablet_manager.cc:1434] T 00532423c60449a0af48e5af409971a4 P 94a1d32ea6c14505b1637a40a703c5d7: Time spent starting tablet: real 0.027s	user 0.018s	sys 0.003s
I20260608 09:51:39.303118 25440 raft_consensus.cc:697] T 00532423c60449a0af48e5af409971a4 P 94a1d32ea6c14505b1637a40a703c5d7 [term 1 LEADER]: Becoming Leader. State: Replica: 94a1d32ea6c14505b1637a40a703c5d7, State: Running, Role: LEADER
I20260608 09:51:39.304206 25440 consensus_queue.cc:237] T 00532423c60449a0af48e5af409971a4 P 94a1d32ea6c14505b1637a40a703c5d7 [LEADER]: Queue going to LEADER mode. State: All replicated index: 0, Majority replicated index: 0, Committed index: 0, Last appended: 0.0, Last appended by leader: 0, Current term: 1, Majority size: 1, State: 0, Mode: LEADER, active raft config: opid_index: -1 OBSOLETE_local: true peers { permanent_uuid: "94a1d32ea6c14505b1637a40a703c5d7" member_type: VOTER last_known_addr { host: "127.24.85.195" port: 34697 } }
I20260608 09:51:39.305680 25435 ts_tablet_manager.cc:1434] T f35932f0d61c422291352dafa05cad30 P 7a1b9fa6cb3047e79f71cd72c8dfbd25: Time spent starting tablet: real 0.027s	user 0.016s	sys 0.008s
I20260608 09:51:39.307758 25441 raft_consensus.cc:697] T f35932f0d61c422291352dafa05cad30 P 7a1b9fa6cb3047e79f71cd72c8dfbd25 [term 1 LEADER]: Becoming Leader. State: Replica: 7a1b9fa6cb3047e79f71cd72c8dfbd25, State: Running, Role: LEADER
I20260608 09:51:39.308947 25441 consensus_queue.cc:237] T f35932f0d61c422291352dafa05cad30 P 7a1b9fa6cb3047e79f71cd72c8dfbd25 [LEADER]: Queue going to LEADER mode. State: All replicated index: 0, Majority replicated index: 0, Committed index: 0, Last appended: 0.0, Last appended by leader: 0, Current term: 1, Majority size: 1, State: 0, Mode: LEADER, active raft config: opid_index: -1 OBSOLETE_local: true peers { permanent_uuid: "7a1b9fa6cb3047e79f71cd72c8dfbd25" member_type: VOTER last_known_addr { host: "127.24.85.194" port: 39405 } }
I20260608 09:51:39.330680 25016 catalog_manager.cc:5696] T f35932f0d61c422291352dafa05cad30 P 7a1b9fa6cb3047e79f71cd72c8dfbd25 reported cstate change: term changed from 0 to 1, leader changed from <none> to 7a1b9fa6cb3047e79f71cd72c8dfbd25 (127.24.85.194). New cstate: current_term: 1 leader_uuid: "7a1b9fa6cb3047e79f71cd72c8dfbd25" committed_config { opid_index: -1 OBSOLETE_local: true peers { permanent_uuid: "7a1b9fa6cb3047e79f71cd72c8dfbd25" member_type: VOTER last_known_addr { host: "127.24.85.194" port: 39405 } health_report { overall_health: HEALTHY } } }
I20260608 09:51:39.336541 25015 catalog_manager.cc:5696] T 00532423c60449a0af48e5af409971a4 P 94a1d32ea6c14505b1637a40a703c5d7 reported cstate change: term changed from 0 to 1, leader changed from <none> to 94a1d32ea6c14505b1637a40a703c5d7 (127.24.85.195). New cstate: current_term: 1 leader_uuid: "94a1d32ea6c14505b1637a40a703c5d7" committed_config { opid_index: -1 OBSOLETE_local: true peers { permanent_uuid: "94a1d32ea6c14505b1637a40a703c5d7" member_type: VOTER last_known_addr { host: "127.24.85.195" port: 34697 } health_report { overall_health: HEALTHY } } }
I20260608 09:51:39.366580 25436 leader_election.cc:290] T 736c36d41ac548a1bbe2d98a735154a1 P bbab2fed40f64d5ba449d28d8cebd1a4 [CANDIDATE]: Term 1 election: Requested vote from peers 
I20260608 09:51:39.394229 25446 raft_consensus.cc:2804] T 736c36d41ac548a1bbe2d98a735154a1 P bbab2fed40f64d5ba449d28d8cebd1a4 [term 1 FOLLOWER]: Leader election won for term 1
I20260608 09:51:39.408450 25436 ts_tablet_manager.cc:1434] T 736c36d41ac548a1bbe2d98a735154a1 P bbab2fed40f64d5ba449d28d8cebd1a4: Time spent starting tablet: real 0.125s	user 0.039s	sys 0.071s
I20260608 09:51:39.410684 25446 raft_consensus.cc:697] T 736c36d41ac548a1bbe2d98a735154a1 P bbab2fed40f64d5ba449d28d8cebd1a4 [term 1 LEADER]: Becoming Leader. State: Replica: bbab2fed40f64d5ba449d28d8cebd1a4, State: Running, Role: LEADER
I20260608 09:51:39.411594 25436 tablet_bootstrap.cc:492] T 3a0236bfd0254d38ae1cfff87d1a1e2b P bbab2fed40f64d5ba449d28d8cebd1a4: Bootstrap starting.
I20260608 09:51:39.411594 25446 consensus_queue.cc:237] T 736c36d41ac548a1bbe2d98a735154a1 P bbab2fed40f64d5ba449d28d8cebd1a4 [LEADER]: Queue going to LEADER mode. State: All replicated index: 0, Majority replicated index: 0, Committed index: 0, Last appended: 0.0, Last appended by leader: 0, Current term: 1, Majority size: 1, State: 0, Mode: LEADER, active raft config: opid_index: -1 OBSOLETE_local: true peers { permanent_uuid: "bbab2fed40f64d5ba449d28d8cebd1a4" member_type: VOTER last_known_addr { host: "127.24.85.193" port: 38041 } }
I20260608 09:51:39.420454 25436 tablet_bootstrap.cc:654] T 3a0236bfd0254d38ae1cfff87d1a1e2b P bbab2fed40f64d5ba449d28d8cebd1a4: Neither blocks nor log segments found. Creating new log.
I20260608 09:51:39.426537 25014 catalog_manager.cc:5696] T 736c36d41ac548a1bbe2d98a735154a1 P bbab2fed40f64d5ba449d28d8cebd1a4 reported cstate change: term changed from 0 to 1, leader changed from <none> to bbab2fed40f64d5ba449d28d8cebd1a4 (127.24.85.193). New cstate: current_term: 1 leader_uuid: "bbab2fed40f64d5ba449d28d8cebd1a4" committed_config { opid_index: -1 OBSOLETE_local: true peers { permanent_uuid: "bbab2fed40f64d5ba449d28d8cebd1a4" member_type: VOTER last_known_addr { host: "127.24.85.193" port: 38041 } health_report { overall_health: HEALTHY } } }
I20260608 09:51:39.440471 25436 tablet_bootstrap.cc:492] T 3a0236bfd0254d38ae1cfff87d1a1e2b P bbab2fed40f64d5ba449d28d8cebd1a4: No bootstrap required, opened a new log
I20260608 09:51:39.441052 25436 ts_tablet_manager.cc:1403] T 3a0236bfd0254d38ae1cfff87d1a1e2b P bbab2fed40f64d5ba449d28d8cebd1a4: Time spent bootstrapping tablet: real 0.030s	user 0.014s	sys 0.013s
I20260608 09:51:39.444881 25436 raft_consensus.cc:359] T 3a0236bfd0254d38ae1cfff87d1a1e2b P bbab2fed40f64d5ba449d28d8cebd1a4 [term 0 FOLLOWER]: Replica starting. Triggering 0 pending ops. Active config: opid_index: -1 OBSOLETE_local: true peers { permanent_uuid: "bbab2fed40f64d5ba449d28d8cebd1a4" member_type: VOTER last_known_addr { host: "127.24.85.193" port: 38041 } }
I20260608 09:51:39.445513 25436 raft_consensus.cc:385] T 3a0236bfd0254d38ae1cfff87d1a1e2b P bbab2fed40f64d5ba449d28d8cebd1a4 [term 0 FOLLOWER]: Consensus starting up: Expiring failure detector timer to make a prompt election more likely
I20260608 09:51:39.445734 25436 raft_consensus.cc:740] T 3a0236bfd0254d38ae1cfff87d1a1e2b P bbab2fed40f64d5ba449d28d8cebd1a4 [term 0 FOLLOWER]: Becoming Follower/Learner. State: Replica: bbab2fed40f64d5ba449d28d8cebd1a4, State: Initialized, Role: FOLLOWER
I20260608 09:51:39.446353 25436 consensus_queue.cc:260] T 3a0236bfd0254d38ae1cfff87d1a1e2b P bbab2fed40f64d5ba449d28d8cebd1a4 [NON_LEADER]: Queue going to NON_LEADER mode. State: All replicated index: 0, Majority replicated index: 0, Committed index: 0, Last appended: 0.0, Last appended by leader: 0, Current term: 0, Majority size: -1, State: 0, Mode: NON_LEADER, active raft config: opid_index: -1 OBSOLETE_local: true peers { permanent_uuid: "bbab2fed40f64d5ba449d28d8cebd1a4" member_type: VOTER last_known_addr { host: "127.24.85.193" port: 38041 } }
I20260608 09:51:39.447089 25436 raft_consensus.cc:399] T 3a0236bfd0254d38ae1cfff87d1a1e2b P bbab2fed40f64d5ba449d28d8cebd1a4 [term 0 FOLLOWER]: Only one voter in the Raft config. Triggering election immediately
I20260608 09:51:39.447415 25436 raft_consensus.cc:493] T 3a0236bfd0254d38ae1cfff87d1a1e2b P bbab2fed40f64d5ba449d28d8cebd1a4 [term 0 FOLLOWER]: Starting leader election (initial election of a single-replica configuration)
I20260608 09:51:39.447818 25436 raft_consensus.cc:3060] T 3a0236bfd0254d38ae1cfff87d1a1e2b P bbab2fed40f64d5ba449d28d8cebd1a4 [term 0 FOLLOWER]: Advancing to term 1
I20260608 09:51:39.452989 25436 raft_consensus.cc:515] T 3a0236bfd0254d38ae1cfff87d1a1e2b P bbab2fed40f64d5ba449d28d8cebd1a4 [term 1 FOLLOWER]: Starting leader election with config: opid_index: -1 OBSOLETE_local: true peers { permanent_uuid: "bbab2fed40f64d5ba449d28d8cebd1a4" member_type: VOTER last_known_addr { host: "127.24.85.193" port: 38041 } }
I20260608 09:51:39.453678 25436 leader_election.cc:304] T 3a0236bfd0254d38ae1cfff87d1a1e2b P bbab2fed40f64d5ba449d28d8cebd1a4 [CANDIDATE]: Term 1 election: Election decided. Result: candidate won. Election summary: received 1 responses out of 1 voters: 1 yes votes; 0 no votes. yes voters: bbab2fed40f64d5ba449d28d8cebd1a4; no voters: 
I20260608 09:51:39.454365 25436 leader_election.cc:290] T 3a0236bfd0254d38ae1cfff87d1a1e2b P bbab2fed40f64d5ba449d28d8cebd1a4 [CANDIDATE]: Term 1 election: Requested vote from peers 
I20260608 09:51:39.455194 25452 raft_consensus.cc:2804] T 3a0236bfd0254d38ae1cfff87d1a1e2b P bbab2fed40f64d5ba449d28d8cebd1a4 [term 1 FOLLOWER]: Leader election won for term 1
I20260608 09:51:39.455714 25452 raft_consensus.cc:697] T 3a0236bfd0254d38ae1cfff87d1a1e2b P bbab2fed40f64d5ba449d28d8cebd1a4 [term 1 LEADER]: Becoming Leader. State: Replica: bbab2fed40f64d5ba449d28d8cebd1a4, State: Running, Role: LEADER
I20260608 09:51:39.456511 25452 consensus_queue.cc:237] T 3a0236bfd0254d38ae1cfff87d1a1e2b P bbab2fed40f64d5ba449d28d8cebd1a4 [LEADER]: Queue going to LEADER mode. State: All replicated index: 0, Majority replicated index: 0, Committed index: 0, Last appended: 0.0, Last appended by leader: 0, Current term: 1, Majority size: 1, State: 0, Mode: LEADER, active raft config: opid_index: -1 OBSOLETE_local: true peers { permanent_uuid: "bbab2fed40f64d5ba449d28d8cebd1a4" member_type: VOTER last_known_addr { host: "127.24.85.193" port: 38041 } }
I20260608 09:51:39.460719 25436 ts_tablet_manager.cc:1434] T 3a0236bfd0254d38ae1cfff87d1a1e2b P bbab2fed40f64d5ba449d28d8cebd1a4: Time spent starting tablet: real 0.019s	user 0.014s	sys 0.000s
I20260608 09:51:39.471132 25014 catalog_manager.cc:5696] T 3a0236bfd0254d38ae1cfff87d1a1e2b P bbab2fed40f64d5ba449d28d8cebd1a4 reported cstate change: term changed from 0 to 1, leader changed from <none> to bbab2fed40f64d5ba449d28d8cebd1a4 (127.24.85.193). New cstate: current_term: 1 leader_uuid: "bbab2fed40f64d5ba449d28d8cebd1a4" committed_config { opid_index: -1 OBSOLETE_local: true peers { permanent_uuid: "bbab2fed40f64d5ba449d28d8cebd1a4" member_type: VOTER last_known_addr { host: "127.24.85.193" port: 38041 } health_report { overall_health: HEALTHY } } }
I20260608 09:51:39.514535 24919 tablet_server.cc:179] TabletServer@127.24.85.193:0 shutting down...
I20260608 09:51:39.535866 24919 ts_tablet_manager.cc:1507] Shutting down tablet manager...
I20260608 09:51:39.536979 24919 tablet_replica.cc:333] T 3a0236bfd0254d38ae1cfff87d1a1e2b P bbab2fed40f64d5ba449d28d8cebd1a4: stopping tablet replica
I20260608 09:51:39.537701 24919 raft_consensus.cc:2243] T 3a0236bfd0254d38ae1cfff87d1a1e2b P bbab2fed40f64d5ba449d28d8cebd1a4 [term 1 LEADER]: Raft consensus shutting down.
I20260608 09:51:39.538250 24919 raft_consensus.cc:2272] T 3a0236bfd0254d38ae1cfff87d1a1e2b P bbab2fed40f64d5ba449d28d8cebd1a4 [term 1 FOLLOWER]: Raft consensus is shut down!
I20260608 09:51:39.541438 24919 tablet_replica.cc:333] T 736c36d41ac548a1bbe2d98a735154a1 P bbab2fed40f64d5ba449d28d8cebd1a4: stopping tablet replica
I20260608 09:51:39.541970 24919 raft_consensus.cc:2243] T 736c36d41ac548a1bbe2d98a735154a1 P bbab2fed40f64d5ba449d28d8cebd1a4 [term 1 LEADER]: Raft consensus shutting down.
I20260608 09:51:39.542433 24919 raft_consensus.cc:2272] T 736c36d41ac548a1bbe2d98a735154a1 P bbab2fed40f64d5ba449d28d8cebd1a4 [term 1 FOLLOWER]: Raft consensus is shut down!
I20260608 09:51:39.703836 24919 tablet_server.cc:196] TabletServer@127.24.85.193:0 shutdown complete.
I20260608 09:51:39.714434 24919 tablet_server.cc:179] TabletServer@127.24.85.194:0 shutting down...
I20260608 09:51:39.733191 24919 ts_tablet_manager.cc:1507] Shutting down tablet manager...
I20260608 09:51:39.734004 24919 tablet_replica.cc:333] T f35932f0d61c422291352dafa05cad30 P 7a1b9fa6cb3047e79f71cd72c8dfbd25: stopping tablet replica
I20260608 09:51:39.734651 24919 raft_consensus.cc:2243] T f35932f0d61c422291352dafa05cad30 P 7a1b9fa6cb3047e79f71cd72c8dfbd25 [term 1 LEADER]: Raft consensus shutting down.
I20260608 09:51:39.735136 24919 raft_consensus.cc:2272] T f35932f0d61c422291352dafa05cad30 P 7a1b9fa6cb3047e79f71cd72c8dfbd25 [term 1 FOLLOWER]: Raft consensus is shut down!
I20260608 09:51:39.744836 24919 tablet_server.cc:196] TabletServer@127.24.85.194:0 shutdown complete.
I20260608 09:51:39.756223 24919 tablet_server.cc:179] TabletServer@127.24.85.195:0 shutting down...
I20260608 09:51:39.784608 24919 ts_tablet_manager.cc:1507] Shutting down tablet manager...
I20260608 09:51:39.785514 24919 tablet_replica.cc:333] T 00532423c60449a0af48e5af409971a4 P 94a1d32ea6c14505b1637a40a703c5d7: stopping tablet replica
I20260608 09:51:39.786116 24919 raft_consensus.cc:2243] T 00532423c60449a0af48e5af409971a4 P 94a1d32ea6c14505b1637a40a703c5d7 [term 1 LEADER]: Raft consensus shutting down.
I20260608 09:51:39.786672 24919 raft_consensus.cc:2272] T 00532423c60449a0af48e5af409971a4 P 94a1d32ea6c14505b1637a40a703c5d7 [term 1 FOLLOWER]: Raft consensus is shut down!
I20260608 09:51:39.806603 24919 tablet_server.cc:196] TabletServer@127.24.85.195:0 shutdown complete.
I20260608 09:51:39.815819 24919 master.cc:562] Master@127.24.85.254:46707 shutting down...
I20260608 09:51:39.914620 24919 raft_consensus.cc:2243] T 00000000000000000000000000000000 P acf65f1e6e9f46e9abe7e67fdd117556 [term 1 FOLLOWER]: Raft consensus shutting down.
I20260608 09:51:39.915153 24919 raft_consensus.cc:2272] T 00000000000000000000000000000000 P acf65f1e6e9f46e9abe7e67fdd117556 [term 1 FOLLOWER]: Raft consensus is shut down!
I20260608 09:51:39.915445 24919 tablet_replica.cc:333] T 00000000000000000000000000000000 P acf65f1e6e9f46e9abe7e67fdd117556: stopping tablet replica
I20260608 09:51:39.935019 24919 master.cc:584] Master@127.24.85.254:46707 shutdown complete.
I20260608 09:51:39.946748 24919 master.cc:562] Master@127.24.85.253:37647 shutting down...
I20260608 09:51:39.963264 24919 raft_consensus.cc:2243] T 00000000000000000000000000000000 P deb3b07d6d3d4748a2dfe27422516a60 [term 1 LEADER]: Raft consensus shutting down.
I20260608 09:51:39.964133 24919 raft_consensus.cc:2272] T 00000000000000000000000000000000 P deb3b07d6d3d4748a2dfe27422516a60 [term 1 FOLLOWER]: Raft consensus is shut down!
I20260608 09:51:39.964450 24919 tablet_replica.cc:333] T 00000000000000000000000000000000 P deb3b07d6d3d4748a2dfe27422516a60: stopping tablet replica
I20260608 09:51:40.011588 24919 master.cc:584] Master@127.24.85.253:37647 shutdown complete.
I20260608 09:51:40.023396 24919 master.cc:562] Master@127.24.85.252:43783 shutting down...
I20260608 09:51:40.037660 24919 raft_consensus.cc:2243] T 00000000000000000000000000000000 P 8f4c1d575f0a41248107247ad07b3d74 [term 1 FOLLOWER]: Raft consensus shutting down.
I20260608 09:51:40.038242 24919 raft_consensus.cc:2272] T 00000000000000000000000000000000 P 8f4c1d575f0a41248107247ad07b3d74 [term 1 FOLLOWER]: Raft consensus is shut down!
I20260608 09:51:40.038615 24919 tablet_replica.cc:333] T 00000000000000000000000000000000 P 8f4c1d575f0a41248107247ad07b3d74: stopping tablet replica
I20260608 09:51:40.056690 24919 master.cc:584] Master@127.24.85.252:43783 shutdown complete.
[       OK ] AutoRebalancerTest.OnlyLeaderDoesAutoRebalancing (5045 ms)
[ RUN      ] AutoRebalancerTest.AutoRebalancingTurnOffAndOn
I20260608 09:51:40.083581 24919 internal_mini_cluster.cc:156] Creating distributed mini masters. Addrs: 127.24.85.254:38063
I20260608 09:51:40.084751 24919 file_cache.cc:492] Constructed file cache file cache with capacity 419430
W20260608 09:51:40.090183 25458 instance_detector.cc:116] could not retrieve Azure instance metadata: Network error: curl error: HTTP response code said error: The requested URL returned error: 404
W20260608 09:51:40.091102 25457 instance_detector.cc:116] could not retrieve AWS instance metadata: Network error: curl error: HTTP response code said error: The requested URL returned error: 404
W20260608 09:51:40.092420 25460 instance_detector.cc:116] could not retrieve OpenStack instance metadata: Network error: curl error: HTTP response code said error: The requested URL returned error: 404
I20260608 09:51:40.092830 24919 server_base.cc:1061] running on GCE node
