I20260608 09:51:49.434357 27442 webserver.cc:533] Webserver started at http://127.26.204.131:45095/ using document root <none> and password file <none>
I20260608 09:51:49.434871 27442 fs_manager.cc:362] Metadata directory not provided
I20260608 09:51:49.435180 27442 fs_manager.cc:368] Using write-ahead log directory (fs_wal_dir) as metadata directory
I20260608 09:51:49.435565 27442 server_base.cc:909] This appears to be a new deployment of Kudu; creating new FS layout
I20260608 09:51:49.437038 27442 fs_manager.cc:1068] Generated new instance metadata in path /tmp/dist-test-taskEfBeJW/test-tmp/auto_rebalancer-test.0.AutoRebalancerTest.NextLeaderResumesAutoRebalancing.1780912294495744-27442-0/minicluster-data/ts-2-root/instance:
uuid: "520049ab3f7f439e8ea2ac47ab87e47d"
format_stamp: "Formatted at 2026-06-08 09:51:49 on dist-test-slave-gd16"
I20260608 09:51:49.444180 27442 fs_manager.cc:696] Time spent creating directory manager: real 0.006s	user 0.005s	sys 0.000s
I20260608 09:51:49.447715 28839 catalog_manager.cc:6069] T 00000000000000000000000000000000 P 927d909d6e614b288d6b59d66cc7b69f: Generated new TSK 0
I20260608 09:51:49.448485 28839 catalog_manager.cc:1549] Initializing in-progress tserver states...
I20260608 09:51:49.449855 28899 log_block_manager.cc:4031] Time spent loading block containers with low live blocks: real 0.000s	user 0.000s	sys 0.000s
I20260608 09:51:49.450871 27442 fs_manager.cc:730] Time spent opening block manager: real 0.004s	user 0.004s	sys 0.000s
I20260608 09:51:49.451327 27442 fs_manager.cc:647] Opened local filesystem: /tmp/dist-test-taskEfBeJW/test-tmp/auto_rebalancer-test.0.AutoRebalancerTest.NextLeaderResumesAutoRebalancing.1780912294495744-27442-0/minicluster-data/ts-2-root
uuid: "520049ab3f7f439e8ea2ac47ab87e47d"
format_stamp: "Formatted at 2026-06-08 09:51:49 on dist-test-slave-gd16"
I20260608 09:51:49.451659 27442 fs_report.cc:389] FS layout report
--------------------
wal directory: /tmp/dist-test-taskEfBeJW/test-tmp/auto_rebalancer-test.0.AutoRebalancerTest.NextLeaderResumesAutoRebalancing.1780912294495744-27442-0/minicluster-data/ts-2-root
metadata directory: /tmp/dist-test-taskEfBeJW/test-tmp/auto_rebalancer-test.0.AutoRebalancerTest.NextLeaderResumesAutoRebalancing.1780912294495744-27442-0/minicluster-data/ts-2-root
1 data directories: /tmp/dist-test-taskEfBeJW/test-tmp/auto_rebalancer-test.0.AutoRebalancerTest.NextLeaderResumesAutoRebalancing.1780912294495744-27442-0/minicluster-data/ts-2-root/data
Total live blocks: 0
Total live bytes: 0
Total live bytes (after alignment): 0
Total number of LBM containers: 0 (0 full)
Did not check for missing blocks
Did not check for orphaned blocks
Total full LBM containers with extra space: 0 (0 repaired)
Total full LBM container extra space in bytes: 0 (0 repaired)
Total incomplete LBM containers: 0 (0 repaired)
Total LBM partial records: 0 (0 repaired)
Total corrupted LBM metadata records in RocksDB: 0 (0 repaired)
I20260608 09:51:49.463600 27442 rpc_server.cc:225] running with OpenSSL 1.1.1  11 Sep 2018
I20260608 09:51:49.464884 27442 kserver.cc:163] Server-wide thread pool size limit: 3276
I20260608 09:51:49.466317 27442 txn_system_client.cc:432] TxnSystemClient initialization is disabled...
I20260608 09:51:49.468686 27442 ts_tablet_manager.cc:585] Loaded tablet metadata (0 total tablets, 0 live tablets)
I20260608 09:51:49.468914 27442 ts_tablet_manager.cc:531] Time spent load tablet metadata: real 0.000s	user 0.000s	sys 0.000s
I20260608 09:51:49.469197 27442 ts_tablet_manager.cc:616] Registered 0 tablets
I20260608 09:51:49.469445 27442 ts_tablet_manager.cc:595] Time spent register tablets: real 0.000s	user 0.000s	sys 0.000s
I20260608 09:51:49.510399 27442 rpc_server.cc:307] RPC server started. Bound to: 127.26.204.131:45729
I20260608 09:51:49.510486 28961 acceptor_pool.cc:272] collecting diagnostics on the listening RPC socket 127.26.204.131:45729 every 8 connection(s)
I20260608 09:51:49.532068 28962 heartbeater.cc:344] Connected to a master server at 127.26.204.188:42489
I20260608 09:51:49.532529 28962 heartbeater.cc:461] Registering TS with master...
I20260608 09:51:49.533804 28962 heartbeater.cc:507] Master 127.26.204.188:42489 requested a full tablet report, sending...
I20260608 09:51:49.534801 28964 heartbeater.cc:344] Connected to a master server at 127.26.204.190:43069
I20260608 09:51:49.535248 28964 heartbeater.cc:461] Registering TS with master...
I20260608 09:51:49.536109 28964 heartbeater.cc:507] Master 127.26.204.190:43069 requested a full tablet report, sending...
I20260608 09:51:49.536607 28645 ts_manager.cc:194] Registered new tserver with Master: 520049ab3f7f439e8ea2ac47ab87e47d (127.26.204.131:45729)
I20260608 09:51:49.538584 28514 ts_manager.cc:194] Registered new tserver with Master: 520049ab3f7f439e8ea2ac47ab87e47d (127.26.204.131:45729)
I20260608 09:51:49.539732 28963 heartbeater.cc:344] Connected to a master server at 127.26.204.189:41733
I20260608 09:51:49.540133 28963 heartbeater.cc:461] Registering TS with master...
I20260608 09:51:49.540838 28963 heartbeater.cc:507] Master 127.26.204.189:41733 requested a full tablet report, sending...
I20260608 09:51:49.542843 28579 ts_manager.cc:194] Registered new tserver with Master: 520049ab3f7f439e8ea2ac47ab87e47d (127.26.204.131:45729)
I20260608 09:51:49.543020 27442 internal_mini_cluster.cc:371] 3 TS(s) registered with all masters after 0.01987225s
I20260608 09:51:49.545571 28579 master_service.cc:502] Signed X509 certificate for tserver {username='slave'} at 127.0.0.1:35804
I20260608 09:51:50.052558 28699 catalog_manager.cc:1294] Loaded cluster ID: 88ba0dbf3adf406fa7b549e48af5b368
I20260608 09:51:50.052995 28699 catalog_manager.cc:1587] T 00000000000000000000000000000000 P 3dc41d0123bf4c2eb6d3e78b16f5d09d: loading cluster ID for follower catalog manager: success
I20260608 09:51:50.058139 28699 catalog_manager.cc:1609] T 00000000000000000000000000000000 P 3dc41d0123bf4c2eb6d3e78b16f5d09d: acquiring CA information for follower catalog manager: success
I20260608 09:51:50.062317 28699 catalog_manager.cc:1637] T 00000000000000000000000000000000 P 3dc41d0123bf4c2eb6d3e78b16f5d09d: importing token verification keys for follower catalog manager: success; most recent TSK sequence number 0
I20260608 09:51:50.076646 28719 catalog_manager.cc:1294] Loaded cluster ID: 88ba0dbf3adf406fa7b549e48af5b368
I20260608 09:51:50.076907 28719 catalog_manager.cc:1587] T 00000000000000000000000000000000 P 03fde10ca21648e497c0b45329d01bb8: loading cluster ID for follower catalog manager: success
I20260608 09:51:50.082126 28719 catalog_manager.cc:1609] T 00000000000000000000000000000000 P 03fde10ca21648e497c0b45329d01bb8: acquiring CA information for follower catalog manager: success
I20260608 09:51:50.085548 28719 catalog_manager.cc:1637] T 00000000000000000000000000000000 P 03fde10ca21648e497c0b45329d01bb8: importing token verification keys for follower catalog manager: success; most recent TSK sequence number 0
I20260608 09:51:50.203323 28579 master_service.cc:502] Signed X509 certificate for tserver {username='slave'} at 127.0.0.1:35800
I20260608 09:51:50.429589 28579 master_service.cc:502] Signed X509 certificate for tserver {username='slave'} at 127.0.0.1:35802
I20260608 09:51:50.548170 28963 heartbeater.cc:499] Master 127.26.204.189:41733 was elected leader, sending a full tablet report...
I20260608 09:51:51.069443 28721 auto_leader_rebalancer.cc:451] All tables' leader rebalancing finished this round
I20260608 09:51:51.151378 28579 catalog_manager.cc:2282] Servicing CreateTable request from {username='slave'} at 127.0.0.1:35814:
name: "test-workload"
schema {
  columns {
    name: "key"
    type: INT32
    is_key: true
    is_nullable: false
    encoding: AUTO_ENCODING
    compression: DEFAULT_COMPRESSION
    cfile_block_size: 0
    immutable: false
  }
  columns {
    name: "int_val"
    type: INT32
    is_key: false
    is_nullable: false
    encoding: AUTO_ENCODING
    compression: DEFAULT_COMPRESSION
    cfile_block_size: 0
    immutable: false
  }
  columns {
    name: "string_val"
    type: STRING
    is_key: false
    is_nullable: true
    encoding: AUTO_ENCODING
    compression: DEFAULT_COMPRESSION
    cfile_block_size: 0
    immutable: false
  }
}
num_replicas: 1
split_rows_range_bounds {
  rows: "\004\001\000\252\252\252*\004\001\000TUUU""\004\001\000\252\252\252*\004\001\000TUUU"
  indirect_data: """"
}
partition_schema {
  range_schema {
    columns {
      name: "key"
    }
  }
}
I20260608 09:51:51.205834 28795 heartbeater.cc:499] Master 127.26.204.189:41733 was elected leader, sending a full tablet report...
I20260608 09:51:51.243285 28840 tablet_service.cc:1511] Processing CreateTablet for tablet 1fe428ab004d482897e331abddc89056 (DEFAULT_TABLE table=test-workload [id=18d16873070c4bf08aa073005f56dbd9]), partition=RANGE (key) PARTITION 715827882 <= VALUES < 1431655764
I20260608 09:51:51.244884 28840 data_dirs.cc:400] Could only allocate 1 dirs of requested 3 for tablet 1fe428ab004d482897e331abddc89056. 1 dirs total, 0 dirs full, 0 dirs failed
I20260608 09:51:51.245306 28927 tablet_service.cc:1511] Processing CreateTablet for tablet 77d8282521a14947aad307f9a26da1ef (DEFAULT_TABLE table=test-workload [id=18d16873070c4bf08aa073005f56dbd9]), partition=RANGE (key) PARTITION VALUES < 715827882
I20260608 09:51:51.246675 28927 data_dirs.cc:400] Could only allocate 1 dirs of requested 3 for tablet 77d8282521a14947aad307f9a26da1ef. 1 dirs total, 0 dirs full, 0 dirs failed
I20260608 09:51:51.250356 28759 tablet_service.cc:1511] Processing CreateTablet for tablet dfb6a2d219ea494d8855ebcdfc57bea7 (DEFAULT_TABLE table=test-workload [id=18d16873070c4bf08aa073005f56dbd9]), partition=RANGE (key) PARTITION 1431655764 <= VALUES
I20260608 09:51:51.251766 28759 data_dirs.cc:400] Could only allocate 1 dirs of requested 3 for tablet dfb6a2d219ea494d8855ebcdfc57bea7. 1 dirs total, 0 dirs full, 0 dirs failed
I20260608 09:51:51.259776 28997 tablet_bootstrap.cc:492] T 77d8282521a14947aad307f9a26da1ef P 520049ab3f7f439e8ea2ac47ab87e47d: Bootstrap starting.
I20260608 09:51:51.265662 28998 tablet_bootstrap.cc:492] T 1fe428ab004d482897e331abddc89056 P 0a6bd1053b3843879cfbf3d0e43e5a01: Bootstrap starting.
I20260608 09:51:51.267940 28997 tablet_bootstrap.cc:654] T 77d8282521a14947aad307f9a26da1ef P 520049ab3f7f439e8ea2ac47ab87e47d: Neither blocks nor log segments found. Creating new log.
I20260608 09:51:51.269666 28999 tablet_bootstrap.cc:492] T dfb6a2d219ea494d8855ebcdfc57bea7 P 89cd72eb761d4974a78942c884617e43: Bootstrap starting.
I20260608 09:51:51.272974 28998 tablet_bootstrap.cc:654] T 1fe428ab004d482897e331abddc89056 P 0a6bd1053b3843879cfbf3d0e43e5a01: Neither blocks nor log segments found. Creating new log.
I20260608 09:51:51.274039 28997 tablet_bootstrap.cc:492] T 77d8282521a14947aad307f9a26da1ef P 520049ab3f7f439e8ea2ac47ab87e47d: No bootstrap required, opened a new log
I20260608 09:51:51.274552 28997 ts_tablet_manager.cc:1403] T 77d8282521a14947aad307f9a26da1ef P 520049ab3f7f439e8ea2ac47ab87e47d: Time spent bootstrapping tablet: real 0.015s	user 0.006s	sys 0.005s
I20260608 09:51:51.275379 28999 tablet_bootstrap.cc:654] T dfb6a2d219ea494d8855ebcdfc57bea7 P 89cd72eb761d4974a78942c884617e43: Neither blocks nor log segments found. Creating new log.
I20260608 09:51:51.277999 28997 raft_consensus.cc:359] T 77d8282521a14947aad307f9a26da1ef P 520049ab3f7f439e8ea2ac47ab87e47d [term 0 FOLLOWER]: Replica starting. Triggering 0 pending ops. Active config: opid_index: -1 OBSOLETE_local: true peers { permanent_uuid: "520049ab3f7f439e8ea2ac47ab87e47d" member_type: VOTER last_known_addr { host: "127.26.204.131" port: 45729 } }
I20260608 09:51:51.279510 28997 raft_consensus.cc:385] T 77d8282521a14947aad307f9a26da1ef P 520049ab3f7f439e8ea2ac47ab87e47d [term 0 FOLLOWER]: Consensus starting up: Expiring failure detector timer to make a prompt election more likely
I20260608 09:51:51.279134 28998 tablet_bootstrap.cc:492] T 1fe428ab004d482897e331abddc89056 P 0a6bd1053b3843879cfbf3d0e43e5a01: No bootstrap required, opened a new log
I20260608 09:51:51.279865 28997 raft_consensus.cc:740] T 77d8282521a14947aad307f9a26da1ef P 520049ab3f7f439e8ea2ac47ab87e47d [term 0 FOLLOWER]: Becoming Follower/Learner. State: Replica: 520049ab3f7f439e8ea2ac47ab87e47d, State: Initialized, Role: FOLLOWER
I20260608 09:51:51.280251 28998 ts_tablet_manager.cc:1403] T 1fe428ab004d482897e331abddc89056 P 0a6bd1053b3843879cfbf3d0e43e5a01: Time spent bootstrapping tablet: real 0.015s	user 0.013s	sys 0.000s
I20260608 09:51:51.280766 28997 consensus_queue.cc:260] T 77d8282521a14947aad307f9a26da1ef P 520049ab3f7f439e8ea2ac47ab87e47d [NON_LEADER]: Queue going to NON_LEADER mode. State: All replicated index: 0, Majority replicated index: 0, Committed index: 0, Last appended: 0.0, Last appended by leader: 0, Current term: 0, Majority size: -1, State: 0, Mode: NON_LEADER, active raft config: opid_index: -1 OBSOLETE_local: true peers { permanent_uuid: "520049ab3f7f439e8ea2ac47ab87e47d" member_type: VOTER last_known_addr { host: "127.26.204.131" port: 45729 } }
I20260608 09:51:51.281481 28999 tablet_bootstrap.cc:492] T dfb6a2d219ea494d8855ebcdfc57bea7 P 89cd72eb761d4974a78942c884617e43: No bootstrap required, opened a new log
I20260608 09:51:51.281517 28997 raft_consensus.cc:399] T 77d8282521a14947aad307f9a26da1ef P 520049ab3f7f439e8ea2ac47ab87e47d [term 0 FOLLOWER]: Only one voter in the Raft config. Triggering election immediately
I20260608 09:51:51.282091 28999 ts_tablet_manager.cc:1403] T dfb6a2d219ea494d8855ebcdfc57bea7 P 89cd72eb761d4974a78942c884617e43: Time spent bootstrapping tablet: real 0.013s	user 0.011s	sys 0.000s
I20260608 09:51:51.282903 28998 raft_consensus.cc:359] T 1fe428ab004d482897e331abddc89056 P 0a6bd1053b3843879cfbf3d0e43e5a01 [term 0 FOLLOWER]: Replica starting. Triggering 0 pending ops. Active config: opid_index: -1 OBSOLETE_local: true peers { permanent_uuid: "0a6bd1053b3843879cfbf3d0e43e5a01" member_type: VOTER last_known_addr { host: "127.26.204.130" port: 46199 } }
I20260608 09:51:51.282037 28997 raft_consensus.cc:493] T 77d8282521a14947aad307f9a26da1ef P 520049ab3f7f439e8ea2ac47ab87e47d [term 0 FOLLOWER]: Starting leader election (initial election of a single-replica configuration)
I20260608 09:51:51.283375 28998 raft_consensus.cc:385] T 1fe428ab004d482897e331abddc89056 P 0a6bd1053b3843879cfbf3d0e43e5a01 [term 0 FOLLOWER]: Consensus starting up: Expiring failure detector timer to make a prompt election more likely
I20260608 09:51:51.283509 28997 raft_consensus.cc:3060] T 77d8282521a14947aad307f9a26da1ef P 520049ab3f7f439e8ea2ac47ab87e47d [term 0 FOLLOWER]: Advancing to term 1
I20260608 09:51:51.283722 28998 raft_consensus.cc:740] T 1fe428ab004d482897e331abddc89056 P 0a6bd1053b3843879cfbf3d0e43e5a01 [term 0 FOLLOWER]: Becoming Follower/Learner. State: Replica: 0a6bd1053b3843879cfbf3d0e43e5a01, State: Initialized, Role: FOLLOWER
I20260608 09:51:51.284520 28998 consensus_queue.cc:260] T 1fe428ab004d482897e331abddc89056 P 0a6bd1053b3843879cfbf3d0e43e5a01 [NON_LEADER]: Queue going to NON_LEADER mode. State: All replicated index: 0, Majority replicated index: 0, Committed index: 0, Last appended: 0.0, Last appended by leader: 0, Current term: 0, Majority size: -1, State: 0, Mode: NON_LEADER, active raft config: opid_index: -1 OBSOLETE_local: true peers { permanent_uuid: "0a6bd1053b3843879cfbf3d0e43e5a01" member_type: VOTER last_known_addr { host: "127.26.204.130" port: 46199 } }
I20260608 09:51:51.284682 28999 raft_consensus.cc:359] T dfb6a2d219ea494d8855ebcdfc57bea7 P 89cd72eb761d4974a78942c884617e43 [term 0 FOLLOWER]: Replica starting. Triggering 0 pending ops. Active config: opid_index: -1 OBSOLETE_local: true peers { permanent_uuid: "89cd72eb761d4974a78942c884617e43" member_type: VOTER last_known_addr { host: "127.26.204.129" port: 33667 } }
I20260608 09:51:51.285212 28998 raft_consensus.cc:399] T 1fe428ab004d482897e331abddc89056 P 0a6bd1053b3843879cfbf3d0e43e5a01 [term 0 FOLLOWER]: Only one voter in the Raft config. Triggering election immediately
I20260608 09:51:51.285342 28999 raft_consensus.cc:385] T dfb6a2d219ea494d8855ebcdfc57bea7 P 89cd72eb761d4974a78942c884617e43 [term 0 FOLLOWER]: Consensus starting up: Expiring failure detector timer to make a prompt election more likely
I20260608 09:51:51.285645 28998 raft_consensus.cc:493] T 1fe428ab004d482897e331abddc89056 P 0a6bd1053b3843879cfbf3d0e43e5a01 [term 0 FOLLOWER]: Starting leader election (initial election of a single-replica configuration)
I20260608 09:51:51.285712 28999 raft_consensus.cc:740] T dfb6a2d219ea494d8855ebcdfc57bea7 P 89cd72eb761d4974a78942c884617e43 [term 0 FOLLOWER]: Becoming Follower/Learner. State: Replica: 89cd72eb761d4974a78942c884617e43, State: Initialized, Role: FOLLOWER
I20260608 09:51:51.286240 28998 raft_consensus.cc:3060] T 1fe428ab004d482897e331abddc89056 P 0a6bd1053b3843879cfbf3d0e43e5a01 [term 0 FOLLOWER]: Advancing to term 1
I20260608 09:51:51.286669 28999 consensus_queue.cc:260] T dfb6a2d219ea494d8855ebcdfc57bea7 P 89cd72eb761d4974a78942c884617e43 [NON_LEADER]: Queue going to NON_LEADER mode. State: All replicated index: 0, Majority replicated index: 0, Committed index: 0, Last appended: 0.0, Last appended by leader: 0, Current term: 0, Majority size: -1, State: 0, Mode: NON_LEADER, active raft config: opid_index: -1 OBSOLETE_local: true peers { permanent_uuid: "89cd72eb761d4974a78942c884617e43" member_type: VOTER last_known_addr { host: "127.26.204.129" port: 33667 } }
I20260608 09:51:51.287225 28999 raft_consensus.cc:399] T dfb6a2d219ea494d8855ebcdfc57bea7 P 89cd72eb761d4974a78942c884617e43 [term 0 FOLLOWER]: Only one voter in the Raft config. Triggering election immediately
I20260608 09:51:51.287493 28999 raft_consensus.cc:493] T dfb6a2d219ea494d8855ebcdfc57bea7 P 89cd72eb761d4974a78942c884617e43 [term 0 FOLLOWER]: Starting leader election (initial election of a single-replica configuration)
I20260608 09:51:51.287791 28999 raft_consensus.cc:3060] T dfb6a2d219ea494d8855ebcdfc57bea7 P 89cd72eb761d4974a78942c884617e43 [term 0 FOLLOWER]: Advancing to term 1
I20260608 09:51:51.290599 28997 raft_consensus.cc:515] T 77d8282521a14947aad307f9a26da1ef P 520049ab3f7f439e8ea2ac47ab87e47d [term 1 FOLLOWER]: Starting leader election with config: opid_index: -1 OBSOLETE_local: true peers { permanent_uuid: "520049ab3f7f439e8ea2ac47ab87e47d" member_type: VOTER last_known_addr { host: "127.26.204.131" port: 45729 } }
I20260608 09:51:51.291375 28997 leader_election.cc:304] T 77d8282521a14947aad307f9a26da1ef P 520049ab3f7f439e8ea2ac47ab87e47d [CANDIDATE]: Term 1 election: Election decided. Result: candidate won. Election summary: received 1 responses out of 1 voters: 1 yes votes; 0 no votes. yes voters: 520049ab3f7f439e8ea2ac47ab87e47d; no voters: 
I20260608 09:51:51.292742 28999 raft_consensus.cc:515] T dfb6a2d219ea494d8855ebcdfc57bea7 P 89cd72eb761d4974a78942c884617e43 [term 1 FOLLOWER]: Starting leader election with config: opid_index: -1 OBSOLETE_local: true peers { permanent_uuid: "89cd72eb761d4974a78942c884617e43" member_type: VOTER last_known_addr { host: "127.26.204.129" port: 33667 } }
I20260608 09:51:51.293321 28998 raft_consensus.cc:515] T 1fe428ab004d482897e331abddc89056 P 0a6bd1053b3843879cfbf3d0e43e5a01 [term 1 FOLLOWER]: Starting leader election with config: opid_index: -1 OBSOLETE_local: true peers { permanent_uuid: "0a6bd1053b3843879cfbf3d0e43e5a01" member_type: VOTER last_known_addr { host: "127.26.204.130" port: 46199 } }
I20260608 09:51:51.293561 28999 leader_election.cc:304] T dfb6a2d219ea494d8855ebcdfc57bea7 P 89cd72eb761d4974a78942c884617e43 [CANDIDATE]: Term 1 election: Election decided. Result: candidate won. Election summary: received 1 responses out of 1 voters: 1 yes votes; 0 no votes. yes voters: 89cd72eb761d4974a78942c884617e43; no voters: 
I20260608 09:51:51.294102 28998 leader_election.cc:304] T 1fe428ab004d482897e331abddc89056 P 0a6bd1053b3843879cfbf3d0e43e5a01 [CANDIDATE]: Term 1 election: Election decided. Result: candidate won. Election summary: received 1 responses out of 1 voters: 1 yes votes; 0 no votes. yes voters: 0a6bd1053b3843879cfbf3d0e43e5a01; no voters: 
I20260608 09:51:51.297636 28999 leader_election.cc:290] T dfb6a2d219ea494d8855ebcdfc57bea7 P 89cd72eb761d4974a78942c884617e43 [CANDIDATE]: Term 1 election: Requested vote from peers 
I20260608 09:51:51.298151 29004 raft_consensus.cc:2804] T dfb6a2d219ea494d8855ebcdfc57bea7 P 89cd72eb761d4974a78942c884617e43 [term 1 FOLLOWER]: Leader election won for term 1
I20260608 09:51:51.300905 29003 raft_consensus.cc:2804] T 77d8282521a14947aad307f9a26da1ef P 520049ab3f7f439e8ea2ac47ab87e47d [term 1 FOLLOWER]: Leader election won for term 1
I20260608 09:51:51.301661 28997 leader_election.cc:290] T 77d8282521a14947aad307f9a26da1ef P 520049ab3f7f439e8ea2ac47ab87e47d [CANDIDATE]: Term 1 election: Requested vote from peers 
I20260608 09:51:51.304972 28998 leader_election.cc:290] T 1fe428ab004d482897e331abddc89056 P 0a6bd1053b3843879cfbf3d0e43e5a01 [CANDIDATE]: Term 1 election: Requested vote from peers 
I20260608 09:51:51.306576 29005 raft_consensus.cc:2804] T 1fe428ab004d482897e331abddc89056 P 0a6bd1053b3843879cfbf3d0e43e5a01 [term 1 FOLLOWER]: Leader election won for term 1
I20260608 09:51:51.307191 29004 raft_consensus.cc:697] T dfb6a2d219ea494d8855ebcdfc57bea7 P 89cd72eb761d4974a78942c884617e43 [term 1 LEADER]: Becoming Leader. State: Replica: 89cd72eb761d4974a78942c884617e43, State: Running, Role: LEADER
I20260608 09:51:51.308554 28997 ts_tablet_manager.cc:1434] T 77d8282521a14947aad307f9a26da1ef P 520049ab3f7f439e8ea2ac47ab87e47d: Time spent starting tablet: real 0.034s	user 0.023s	sys 0.003s
I20260608 09:51:51.309577 29004 consensus_queue.cc:237] T dfb6a2d219ea494d8855ebcdfc57bea7 P 89cd72eb761d4974a78942c884617e43 [LEADER]: Queue going to LEADER mode. State: All replicated index: 0, Majority replicated index: 0, Committed index: 0, Last appended: 0.0, Last appended by leader: 0, Current term: 1, Majority size: 1, State: 0, Mode: LEADER, active raft config: opid_index: -1 OBSOLETE_local: true peers { permanent_uuid: "89cd72eb761d4974a78942c884617e43" member_type: VOTER last_known_addr { host: "127.26.204.129" port: 33667 } }
I20260608 09:51:51.315598 29003 raft_consensus.cc:697] T 77d8282521a14947aad307f9a26da1ef P 520049ab3f7f439e8ea2ac47ab87e47d [term 1 LEADER]: Becoming Leader. State: Replica: 520049ab3f7f439e8ea2ac47ab87e47d, State: Running, Role: LEADER
I20260608 09:51:51.318920 29003 consensus_queue.cc:237] T 77d8282521a14947aad307f9a26da1ef P 520049ab3f7f439e8ea2ac47ab87e47d [LEADER]: Queue going to LEADER mode. State: All replicated index: 0, Majority replicated index: 0, Committed index: 0, Last appended: 0.0, Last appended by leader: 0, Current term: 1, Majority size: 1, State: 0, Mode: LEADER, active raft config: opid_index: -1 OBSOLETE_local: true peers { permanent_uuid: "520049ab3f7f439e8ea2ac47ab87e47d" member_type: VOTER last_known_addr { host: "127.26.204.131" port: 45729 } }
I20260608 09:51:51.317965 28999 ts_tablet_manager.cc:1434] T dfb6a2d219ea494d8855ebcdfc57bea7 P 89cd72eb761d4974a78942c884617e43: Time spent starting tablet: real 0.035s	user 0.012s	sys 0.012s
I20260608 09:51:51.322153 29005 raft_consensus.cc:697] T 1fe428ab004d482897e331abddc89056 P 0a6bd1053b3843879cfbf3d0e43e5a01 [term 1 LEADER]: Becoming Leader. State: Replica: 0a6bd1053b3843879cfbf3d0e43e5a01, State: Running, Role: LEADER
I20260608 09:51:51.322849 29005 consensus_queue.cc:237] T 1fe428ab004d482897e331abddc89056 P 0a6bd1053b3843879cfbf3d0e43e5a01 [LEADER]: Queue going to LEADER mode. State: All replicated index: 0, Majority replicated index: 0, Committed index: 0, Last appended: 0.0, Last appended by leader: 0, Current term: 1, Majority size: 1, State: 0, Mode: LEADER, active raft config: opid_index: -1 OBSOLETE_local: true peers { permanent_uuid: "0a6bd1053b3843879cfbf3d0e43e5a01" member_type: VOTER last_known_addr { host: "127.26.204.130" port: 46199 } }
I20260608 09:51:51.330190 28578 catalog_manager.cc:5696] T dfb6a2d219ea494d8855ebcdfc57bea7 P 89cd72eb761d4974a78942c884617e43 reported cstate change: term changed from 0 to 1, leader changed from <none> to 89cd72eb761d4974a78942c884617e43 (127.26.204.129). New cstate: current_term: 1 leader_uuid: "89cd72eb761d4974a78942c884617e43" committed_config { opid_index: -1 OBSOLETE_local: true peers { permanent_uuid: "89cd72eb761d4974a78942c884617e43" member_type: VOTER last_known_addr { host: "127.26.204.129" port: 33667 } health_report { overall_health: HEALTHY } } }
I20260608 09:51:51.339445 28998 ts_tablet_manager.cc:1434] T 1fe428ab004d482897e331abddc89056 P 0a6bd1053b3843879cfbf3d0e43e5a01: Time spent starting tablet: real 0.059s	user 0.014s	sys 0.024s
I20260608 09:51:51.340425 28884 heartbeater.cc:499] Master 127.26.204.189:41733 was elected leader, sending a full tablet report...
I20260608 09:51:51.373567 28577 catalog_manager.cc:5696] T 77d8282521a14947aad307f9a26da1ef P 520049ab3f7f439e8ea2ac47ab87e47d reported cstate change: term changed from 0 to 1, leader changed from <none> to 520049ab3f7f439e8ea2ac47ab87e47d (127.26.204.131). New cstate: current_term: 1 leader_uuid: "520049ab3f7f439e8ea2ac47ab87e47d" committed_config { opid_index: -1 OBSOLETE_local: true peers { permanent_uuid: "520049ab3f7f439e8ea2ac47ab87e47d" member_type: VOTER last_known_addr { host: "127.26.204.131" port: 45729 } health_report { overall_health: HEALTHY } } }
I20260608 09:51:51.414980 28579 catalog_manager.cc:5696] T 1fe428ab004d482897e331abddc89056 P 0a6bd1053b3843879cfbf3d0e43e5a01 reported cstate change: term changed from 0 to 1, leader changed from <none> to 0a6bd1053b3843879cfbf3d0e43e5a01 (127.26.204.130). New cstate: current_term: 1 leader_uuid: "0a6bd1053b3843879cfbf3d0e43e5a01" committed_config { opid_index: -1 OBSOLETE_local: true peers { permanent_uuid: "0a6bd1053b3843879cfbf3d0e43e5a01" member_type: VOTER last_known_addr { host: "127.26.204.130" port: 46199 } health_report { overall_health: HEALTHY } } }
I20260608 09:51:51.457849 27442 master.cc:562] Master@127.26.204.189:41733 shutting down...
I20260608 09:51:51.472849 27442 raft_consensus.cc:2243] T 00000000000000000000000000000000 P 927d909d6e614b288d6b59d66cc7b69f [term 1 LEADER]: Raft consensus shutting down.
I20260608 09:51:51.473716 27442 raft_consensus.cc:2272] T 00000000000000000000000000000000 P 927d909d6e614b288d6b59d66cc7b69f [term 1 FOLLOWER]: Raft consensus is shut down!
I20260608 09:51:51.474030 27442 tablet_replica.cc:333] T 00000000000000000000000000000000 P 927d909d6e614b288d6b59d66cc7b69f: stopping tablet replica
I20260608 09:51:51.486253 27442 master.cc:584] Master@127.26.204.189:41733 shutdown complete.
W20260608 09:51:52.412307 28795 heartbeater.cc:646] Failed to heartbeat to 127.26.204.189:41733 (0 consecutive failures): Network error: Failed to send heartbeat to master: Client connection negotiation failed: client connection to 127.26.204.189:41733: connect: Connection refused (error 111)
I20260608 09:51:52.932612 29021 raft_consensus.cc:493] T 00000000000000000000000000000000 P 3dc41d0123bf4c2eb6d3e78b16f5d09d [term 1 FOLLOWER]: Starting pre-election (detected failure of leader 927d909d6e614b288d6b59d66cc7b69f)
I20260608 09:51:52.933189 29022 raft_consensus.cc:493] T 00000000000000000000000000000000 P 03fde10ca21648e497c0b45329d01bb8 [term 1 FOLLOWER]: Starting pre-election (detected failure of leader 927d909d6e614b288d6b59d66cc7b69f)
I20260608 09:51:52.933224 29021 raft_consensus.cc:515] T 00000000000000000000000000000000 P 3dc41d0123bf4c2eb6d3e78b16f5d09d [term 1 FOLLOWER]: Starting pre-election with config: opid_index: -1 OBSOLETE_local: false peers { permanent_uuid: "03fde10ca21648e497c0b45329d01bb8" member_type: VOTER last_known_addr { host: "127.26.204.190" port: 43069 } } peers { permanent_uuid: "927d909d6e614b288d6b59d66cc7b69f" member_type: VOTER last_known_addr { host: "127.26.204.189" port: 41733 } } peers { permanent_uuid: "3dc41d0123bf4c2eb6d3e78b16f5d09d" member_type: VOTER last_known_addr { host: "127.26.204.188" port: 42489 } }
I20260608 09:51:52.933816 29022 raft_consensus.cc:515] T 00000000000000000000000000000000 P 03fde10ca21648e497c0b45329d01bb8 [term 1 FOLLOWER]: Starting pre-election with config: opid_index: -1 OBSOLETE_local: false peers { permanent_uuid: "03fde10ca21648e497c0b45329d01bb8" member_type: VOTER last_known_addr { host: "127.26.204.190" port: 43069 } } peers { permanent_uuid: "927d909d6e614b288d6b59d66cc7b69f" member_type: VOTER last_known_addr { host: "127.26.204.189" port: 41733 } } peers { permanent_uuid: "3dc41d0123bf4c2eb6d3e78b16f5d09d" member_type: VOTER last_known_addr { host: "127.26.204.188" port: 42489 } }
I20260608 09:51:52.935452 29021 leader_election.cc:290] T 00000000000000000000000000000000 P 3dc41d0123bf4c2eb6d3e78b16f5d09d [CANDIDATE]: Term 2 pre-election: Requested pre-vote from peers 03fde10ca21648e497c0b45329d01bb8 (127.26.204.190:43069), 927d909d6e614b288d6b59d66cc7b69f (127.26.204.189:41733)
I20260608 09:51:52.935886 29022 leader_election.cc:290] T 00000000000000000000000000000000 P 03fde10ca21648e497c0b45329d01bb8 [CANDIDATE]: Term 2 pre-election: Requested pre-vote from peers 927d909d6e614b288d6b59d66cc7b69f (127.26.204.189:41733), 3dc41d0123bf4c2eb6d3e78b16f5d09d (127.26.204.188:42489)
I20260608 09:51:52.936384 28523 tablet_service.cc:1917] Received RequestConsensusVote() RPC: tablet_id: "00000000000000000000000000000000" candidate_uuid: "3dc41d0123bf4c2eb6d3e78b16f5d09d" candidate_term: 2 candidate_status { last_received { term: 1 index: 9 } } ignore_live_leader: false dest_uuid: "03fde10ca21648e497c0b45329d01bb8" is_pre_election: true
I20260608 09:51:52.937189 28523 raft_consensus.cc:2468] T 00000000000000000000000000000000 P 03fde10ca21648e497c0b45329d01bb8 [term 1 FOLLOWER]: Leader pre-election vote request: Granting yes vote for candidate 3dc41d0123bf4c2eb6d3e78b16f5d09d in term 1.
I20260608 09:51:52.938840 28629 leader_election.cc:304] T 00000000000000000000000000000000 P 3dc41d0123bf4c2eb6d3e78b16f5d09d [CANDIDATE]: Term 2 pre-election: Election decided. Result: candidate won. Election summary: received 2 responses out of 3 voters: 2 yes votes; 0 no votes. yes voters: 03fde10ca21648e497c0b45329d01bb8, 3dc41d0123bf4c2eb6d3e78b16f5d09d; no voters: 
I20260608 09:51:52.939055 28654 tablet_service.cc:1917] Received RequestConsensusVote() RPC: tablet_id: "00000000000000000000000000000000" candidate_uuid: "03fde10ca21648e497c0b45329d01bb8" candidate_term: 2 candidate_status { last_received { term: 1 index: 9 } } ignore_live_leader: false dest_uuid: "3dc41d0123bf4c2eb6d3e78b16f5d09d" is_pre_election: true
I20260608 09:51:52.939996 28654 raft_consensus.cc:2468] T 00000000000000000000000000000000 P 3dc41d0123bf4c2eb6d3e78b16f5d09d [term 1 FOLLOWER]: Leader pre-election vote request: Granting yes vote for candidate 03fde10ca21648e497c0b45329d01bb8 in term 1.
I20260608 09:51:52.940682 29021 raft_consensus.cc:2804] T 00000000000000000000000000000000 P 3dc41d0123bf4c2eb6d3e78b16f5d09d [term 1 FOLLOWER]: Leader pre-election won for term 2
I20260608 09:51:52.941210 29021 raft_consensus.cc:493] T 00000000000000000000000000000000 P 3dc41d0123bf4c2eb6d3e78b16f5d09d [term 1 FOLLOWER]: Starting leader election (detected failure of leader 927d909d6e614b288d6b59d66cc7b69f)
I20260608 09:51:52.941401 28500 leader_election.cc:304] T 00000000000000000000000000000000 P 03fde10ca21648e497c0b45329d01bb8 [CANDIDATE]: Term 2 pre-election: Election decided. Result: candidate won. Election summary: received 2 responses out of 3 voters: 2 yes votes; 0 no votes. yes voters: 03fde10ca21648e497c0b45329d01bb8, 3dc41d0123bf4c2eb6d3e78b16f5d09d; no voters: 
I20260608 09:51:52.941653 29021 raft_consensus.cc:3060] T 00000000000000000000000000000000 P 3dc41d0123bf4c2eb6d3e78b16f5d09d [term 1 FOLLOWER]: Advancing to term 2
I20260608 09:51:52.942420 29022 raft_consensus.cc:2804] T 00000000000000000000000000000000 P 03fde10ca21648e497c0b45329d01bb8 [term 1 FOLLOWER]: Leader pre-election won for term 2
I20260608 09:51:52.942852 29022 raft_consensus.cc:493] T 00000000000000000000000000000000 P 03fde10ca21648e497c0b45329d01bb8 [term 1 FOLLOWER]: Starting leader election (detected failure of leader 927d909d6e614b288d6b59d66cc7b69f)
I20260608 09:51:52.943506 29022 raft_consensus.cc:3060] T 00000000000000000000000000000000 P 03fde10ca21648e497c0b45329d01bb8 [term 1 FOLLOWER]: Advancing to term 2
W20260608 09:51:52.945111 28500 leader_election.cc:336] T 00000000000000000000000000000000 P 03fde10ca21648e497c0b45329d01bb8 [CANDIDATE]: Term 2 pre-election: RPC error from VoteRequest() call to peer 927d909d6e614b288d6b59d66cc7b69f (127.26.204.189:41733): Network error: Client connection negotiation failed: client connection to 127.26.204.189:41733: connect: Connection refused (error 111)
W20260608 09:51:52.946100 28630 leader_election.cc:336] T 00000000000000000000000000000000 P 3dc41d0123bf4c2eb6d3e78b16f5d09d [CANDIDATE]: Term 2 pre-election: RPC error from VoteRequest() call to peer 927d909d6e614b288d6b59d66cc7b69f (127.26.204.189:41733): Network error: Client connection negotiation failed: client connection to 127.26.204.189:41733: connect: Connection refused (error 111)
I20260608 09:51:52.949515 29021 raft_consensus.cc:515] T 00000000000000000000000000000000 P 3dc41d0123bf4c2eb6d3e78b16f5d09d [term 2 FOLLOWER]: Starting leader election with config: opid_index: -1 OBSOLETE_local: false peers { permanent_uuid: "03fde10ca21648e497c0b45329d01bb8" member_type: VOTER last_known_addr { host: "127.26.204.190" port: 43069 } } peers { permanent_uuid: "927d909d6e614b288d6b59d66cc7b69f" member_type: VOTER last_known_addr { host: "127.26.204.189" port: 41733 } } peers { permanent_uuid: "3dc41d0123bf4c2eb6d3e78b16f5d09d" member_type: VOTER last_known_addr { host: "127.26.204.188" port: 42489 } }
I20260608 09:51:52.950376 29022 raft_consensus.cc:515] T 00000000000000000000000000000000 P 03fde10ca21648e497c0b45329d01bb8 [term 2 FOLLOWER]: Starting leader election with config: opid_index: -1 OBSOLETE_local: false peers { permanent_uuid: "03fde10ca21648e497c0b45329d01bb8" member_type: VOTER last_known_addr { host: "127.26.204.190" port: 43069 } } peers { permanent_uuid: "927d909d6e614b288d6b59d66cc7b69f" member_type: VOTER last_known_addr { host: "127.26.204.189" port: 41733 } } peers { permanent_uuid: "3dc41d0123bf4c2eb6d3e78b16f5d09d" member_type: VOTER last_known_addr { host: "127.26.204.188" port: 42489 } }
I20260608 09:51:52.952306 29021 leader_election.cc:290] T 00000000000000000000000000000000 P 3dc41d0123bf4c2eb6d3e78b16f5d09d [CANDIDATE]: Term 2 election: Requested vote from peers 03fde10ca21648e497c0b45329d01bb8 (127.26.204.190:43069), 927d909d6e614b288d6b59d66cc7b69f (127.26.204.189:41733)
I20260608 09:51:52.952471 28523 tablet_service.cc:1917] Received RequestConsensusVote() RPC: tablet_id: "00000000000000000000000000000000" candidate_uuid: "3dc41d0123bf4c2eb6d3e78b16f5d09d" candidate_term: 2 candidate_status { last_received { term: 1 index: 9 } } ignore_live_leader: false dest_uuid: "03fde10ca21648e497c0b45329d01bb8"
I20260608 09:51:52.953472 28523 raft_consensus.cc:2393] T 00000000000000000000000000000000 P 03fde10ca21648e497c0b45329d01bb8 [term 2 FOLLOWER]: Leader election vote request: Denying vote to candidate 3dc41d0123bf4c2eb6d3e78b16f5d09d in current term 2: Already voted for candidate 03fde10ca21648e497c0b45329d01bb8 in this term.
I20260608 09:51:52.953488 29022 leader_election.cc:290] T 00000000000000000000000000000000 P 03fde10ca21648e497c0b45329d01bb8 [CANDIDATE]: Term 2 election: Requested vote from peers 927d909d6e614b288d6b59d66cc7b69f (127.26.204.189:41733), 3dc41d0123bf4c2eb6d3e78b16f5d09d (127.26.204.188:42489)
I20260608 09:51:52.955125 28654 tablet_service.cc:1917] Received RequestConsensusVote() RPC: tablet_id: "00000000000000000000000000000000" candidate_uuid: "03fde10ca21648e497c0b45329d01bb8" candidate_term: 2 candidate_status { last_received { term: 1 index: 9 } } ignore_live_leader: false dest_uuid: "3dc41d0123bf4c2eb6d3e78b16f5d09d"
I20260608 09:51:52.955809 28654 raft_consensus.cc:2393] T 00000000000000000000000000000000 P 3dc41d0123bf4c2eb6d3e78b16f5d09d [term 2 FOLLOWER]: Leader election vote request: Denying vote to candidate 03fde10ca21648e497c0b45329d01bb8 in current term 2: Already voted for candidate 3dc41d0123bf4c2eb6d3e78b16f5d09d in this term.
W20260608 09:51:52.957130 28500 leader_election.cc:336] T 00000000000000000000000000000000 P 03fde10ca21648e497c0b45329d01bb8 [CANDIDATE]: Term 2 election: RPC error from VoteRequest() call to peer 927d909d6e614b288d6b59d66cc7b69f (127.26.204.189:41733): Network error: Client connection negotiation failed: client connection to 127.26.204.189:41733: connect: Connection refused (error 111)
I20260608 09:51:52.957618 28500 leader_election.cc:304] T 00000000000000000000000000000000 P 03fde10ca21648e497c0b45329d01bb8 [CANDIDATE]: Term 2 election: Election decided. Result: candidate lost. Election summary: received 3 responses out of 3 voters: 1 yes votes; 2 no votes. yes voters: 03fde10ca21648e497c0b45329d01bb8; no voters: 3dc41d0123bf4c2eb6d3e78b16f5d09d, 927d909d6e614b288d6b59d66cc7b69f
I20260608 09:51:52.958343 29022 raft_consensus.cc:2749] T 00000000000000000000000000000000 P 03fde10ca21648e497c0b45329d01bb8 [term 2 FOLLOWER]: Leader election lost for term 2. Reason: could not achieve majority
W20260608 09:51:52.959048 28630 leader_election.cc:336] T 00000000000000000000000000000000 P 3dc41d0123bf4c2eb6d3e78b16f5d09d [CANDIDATE]: Term 2 election: RPC error from VoteRequest() call to peer 927d909d6e614b288d6b59d66cc7b69f (127.26.204.189:41733): Network error: Client connection negotiation failed: client connection to 127.26.204.189:41733: connect: Connection refused (error 111)
I20260608 09:51:52.959439 28630 leader_election.cc:304] T 00000000000000000000000000000000 P 3dc41d0123bf4c2eb6d3e78b16f5d09d [CANDIDATE]: Term 2 election: Election decided. Result: candidate lost. Election summary: received 3 responses out of 3 voters: 1 yes votes; 2 no votes. yes voters: 3dc41d0123bf4c2eb6d3e78b16f5d09d; no voters: 03fde10ca21648e497c0b45329d01bb8, 927d909d6e614b288d6b59d66cc7b69f
I20260608 09:51:52.960033 29021 raft_consensus.cc:2749] T 00000000000000000000000000000000 P 3dc41d0123bf4c2eb6d3e78b16f5d09d [term 2 FOLLOWER]: Leader election lost for term 2. Reason: could not achieve majority
W20260608 09:51:53.006716 28545 debug-util.cc:398] Leaking SignalData structure 0x7b08000c14a0 after lost signal to thread 27445
W20260608 09:51:53.007596 28545 debug-util.cc:398] Leaking SignalData structure 0x7b08000c1b80 after lost signal to thread 28548
W20260608 09:51:53.008422 28545 debug-util.cc:398] Leaking SignalData structure 0x7b08000760a0 after lost signal to thread 28679
W20260608 09:51:53.009452 28545 debug-util.cc:398] Leaking SignalData structure 0x7b0800083c60 after lost signal to thread 28793
W20260608 09:51:53.010286 28545 debug-util.cc:398] Leaking SignalData structure 0x7b080007d8c0 after lost signal to thread 28882
W20260608 09:51:53.011130 28545 debug-util.cc:398] Leaking SignalData structure 0x7b08000c9380 after lost signal to thread 28961
I20260608 09:51:54.950388 29034 raft_consensus.cc:493] T 00000000000000000000000000000000 P 3dc41d0123bf4c2eb6d3e78b16f5d09d [term 2 FOLLOWER]: Starting pre-election (no leader contacted us within the election timeout)
I20260608 09:51:54.951191 29034 raft_consensus.cc:515] T 00000000000000000000000000000000 P 3dc41d0123bf4c2eb6d3e78b16f5d09d [term 2 FOLLOWER]: Starting pre-election with config: opid_index: -1 OBSOLETE_local: false peers { permanent_uuid: "03fde10ca21648e497c0b45329d01bb8" member_type: VOTER last_known_addr { host: "127.26.204.190" port: 43069 } } peers { permanent_uuid: "927d909d6e614b288d6b59d66cc7b69f" member_type: VOTER last_known_addr { host: "127.26.204.189" port: 41733 } } peers { permanent_uuid: "3dc41d0123bf4c2eb6d3e78b16f5d09d" member_type: VOTER last_known_addr { host: "127.26.204.188" port: 42489 } }
I20260608 09:51:54.953644 29034 leader_election.cc:290] T 00000000000000000000000000000000 P 3dc41d0123bf4c2eb6d3e78b16f5d09d [CANDIDATE]: Term 3 pre-election: Requested pre-vote from peers 03fde10ca21648e497c0b45329d01bb8 (127.26.204.190:43069), 927d909d6e614b288d6b59d66cc7b69f (127.26.204.189:41733)
I20260608 09:51:54.955629 28523 tablet_service.cc:1917] Received RequestConsensusVote() RPC: tablet_id: "00000000000000000000000000000000" candidate_uuid: "3dc41d0123bf4c2eb6d3e78b16f5d09d" candidate_term: 3 candidate_status { last_received { term: 1 index: 9 } } ignore_live_leader: false dest_uuid: "03fde10ca21648e497c0b45329d01bb8" is_pre_election: true
I20260608 09:51:54.956476 28523 raft_consensus.cc:2468] T 00000000000000000000000000000000 P 03fde10ca21648e497c0b45329d01bb8 [term 2 FOLLOWER]: Leader pre-election vote request: Granting yes vote for candidate 3dc41d0123bf4c2eb6d3e78b16f5d09d in term 2.
W20260608 09:51:54.957553 28630 proxy.cc:239] Call had error, refreshing address and retrying: Network error: Client connection negotiation failed: client connection to 127.26.204.189:41733: connect: Connection refused (error 111) [suppressed 14 similar messages]
I20260608 09:51:54.958122 28629 leader_election.cc:304] T 00000000000000000000000000000000 P 3dc41d0123bf4c2eb6d3e78b16f5d09d [CANDIDATE]: Term 3 pre-election: Election decided. Result: candidate won. Election summary: received 2 responses out of 3 voters: 2 yes votes; 0 no votes. yes voters: 03fde10ca21648e497c0b45329d01bb8, 3dc41d0123bf4c2eb6d3e78b16f5d09d; no voters: 
I20260608 09:51:54.959225 29034 raft_consensus.cc:2804] T 00000000000000000000000000000000 P 3dc41d0123bf4c2eb6d3e78b16f5d09d [term 2 FOLLOWER]: Leader pre-election won for term 3
I20260608 09:51:54.959694 29034 raft_consensus.cc:493] T 00000000000000000000000000000000 P 3dc41d0123bf4c2eb6d3e78b16f5d09d [term 2 FOLLOWER]: Starting leader election (no leader contacted us within the election timeout)
I20260608 09:51:54.960089 29034 raft_consensus.cc:3060] T 00000000000000000000000000000000 P 3dc41d0123bf4c2eb6d3e78b16f5d09d [term 2 FOLLOWER]: Advancing to term 3
W20260608 09:51:54.961836 28630 leader_election.cc:336] T 00000000000000000000000000000000 P 3dc41d0123bf4c2eb6d3e78b16f5d09d [CANDIDATE]: Term 3 pre-election: RPC error from VoteRequest() call to peer 927d909d6e614b288d6b59d66cc7b69f (127.26.204.189:41733): Network error: Client connection negotiation failed: client connection to 127.26.204.189:41733: connect: Connection refused (error 111)
I20260608 09:51:54.969683 29034 raft_consensus.cc:515] T 00000000000000000000000000000000 P 3dc41d0123bf4c2eb6d3e78b16f5d09d [term 3 FOLLOWER]: Starting leader election with config: opid_index: -1 OBSOLETE_local: false peers { permanent_uuid: "03fde10ca21648e497c0b45329d01bb8" member_type: VOTER last_known_addr { host: "127.26.204.190" port: 43069 } } peers { permanent_uuid: "927d909d6e614b288d6b59d66cc7b69f" member_type: VOTER last_known_addr { host: "127.26.204.189" port: 41733 } } peers { permanent_uuid: "3dc41d0123bf4c2eb6d3e78b16f5d09d" member_type: VOTER last_known_addr { host: "127.26.204.188" port: 42489 } }
I20260608 09:51:54.972358 29034 leader_election.cc:290] T 00000000000000000000000000000000 P 3dc41d0123bf4c2eb6d3e78b16f5d09d [CANDIDATE]: Term 3 election: Requested vote from peers 03fde10ca21648e497c0b45329d01bb8 (127.26.204.190:43069), 927d909d6e614b288d6b59d66cc7b69f (127.26.204.189:41733)
I20260608 09:51:54.973021 28523 tablet_service.cc:1917] Received RequestConsensusVote() RPC: tablet_id: "00000000000000000000000000000000" candidate_uuid: "3dc41d0123bf4c2eb6d3e78b16f5d09d" candidate_term: 3 candidate_status { last_received { term: 1 index: 9 } } ignore_live_leader: false dest_uuid: "03fde10ca21648e497c0b45329d01bb8"
I20260608 09:51:54.973619 28523 raft_consensus.cc:3060] T 00000000000000000000000000000000 P 03fde10ca21648e497c0b45329d01bb8 [term 2 FOLLOWER]: Advancing to term 3
W20260608 09:51:54.977090 28630 leader_election.cc:336] T 00000000000000000000000000000000 P 3dc41d0123bf4c2eb6d3e78b16f5d09d [CANDIDATE]: Term 3 election: RPC error from VoteRequest() call to peer 927d909d6e614b288d6b59d66cc7b69f (127.26.204.189:41733): Network error: Client connection negotiation failed: client connection to 127.26.204.189:41733: connect: Connection refused (error 111)
I20260608 09:51:54.979676 28523 raft_consensus.cc:2468] T 00000000000000000000000000000000 P 03fde10ca21648e497c0b45329d01bb8 [term 3 FOLLOWER]: Leader election vote request: Granting yes vote for candidate 3dc41d0123bf4c2eb6d3e78b16f5d09d in term 3.
I20260608 09:51:54.980671 28629 leader_election.cc:304] T 00000000000000000000000000000000 P 3dc41d0123bf4c2eb6d3e78b16f5d09d [CANDIDATE]: Term 3 election: Election decided. Result: candidate won. Election summary: received 3 responses out of 3 voters: 2 yes votes; 1 no votes. yes voters: 03fde10ca21648e497c0b45329d01bb8, 3dc41d0123bf4c2eb6d3e78b16f5d09d; no voters: 927d909d6e614b288d6b59d66cc7b69f
I20260608 09:51:54.981402 29034 raft_consensus.cc:2804] T 00000000000000000000000000000000 P 3dc41d0123bf4c2eb6d3e78b16f5d09d [term 3 FOLLOWER]: Leader election won for term 3
I20260608 09:51:54.982474 29034 raft_consensus.cc:697] T 00000000000000000000000000000000 P 3dc41d0123bf4c2eb6d3e78b16f5d09d [term 3 LEADER]: Becoming Leader. State: Replica: 3dc41d0123bf4c2eb6d3e78b16f5d09d, State: Running, Role: LEADER
I20260608 09:51:54.983565 29034 consensus_queue.cc:237] T 00000000000000000000000000000000 P 3dc41d0123bf4c2eb6d3e78b16f5d09d [LEADER]: Queue going to LEADER mode. State: All replicated index: 0, Majority replicated index: 9, Committed index: 9, Last appended: 1.9, Last appended by leader: 9, Current term: 3, Majority size: 2, State: 0, Mode: LEADER, active raft config: opid_index: -1 OBSOLETE_local: false peers { permanent_uuid: "03fde10ca21648e497c0b45329d01bb8" member_type: VOTER last_known_addr { host: "127.26.204.190" port: 43069 } } peers { permanent_uuid: "927d909d6e614b288d6b59d66cc7b69f" member_type: VOTER last_known_addr { host: "127.26.204.189" port: 41733 } } peers { permanent_uuid: "3dc41d0123bf4c2eb6d3e78b16f5d09d" member_type: VOTER last_known_addr { host: "127.26.204.188" port: 42489 } }
I20260608 09:51:54.991900 29037 sys_catalog.cc:455] T 00000000000000000000000000000000 P 3dc41d0123bf4c2eb6d3e78b16f5d09d [sys.catalog]: SysCatalogTable state changed. Reason: New leader 3dc41d0123bf4c2eb6d3e78b16f5d09d. Latest consensus state: current_term: 3 leader_uuid: "3dc41d0123bf4c2eb6d3e78b16f5d09d" committed_config { opid_index: -1 OBSOLETE_local: false peers { permanent_uuid: "03fde10ca21648e497c0b45329d01bb8" member_type: VOTER last_known_addr { host: "127.26.204.190" port: 43069 } } peers { permanent_uuid: "927d909d6e614b288d6b59d66cc7b69f" member_type: VOTER last_known_addr { host: "127.26.204.189" port: 41733 } } peers { permanent_uuid: "3dc41d0123bf4c2eb6d3e78b16f5d09d" member_type: VOTER last_known_addr { host: "127.26.204.188" port: 42489 } } }
I20260608 09:51:54.992597 29037 sys_catalog.cc:458] T 00000000000000000000000000000000 P 3dc41d0123bf4c2eb6d3e78b16f5d09d [sys.catalog]: This master's current role is: LEADER
I20260608 09:51:54.994504 29039 catalog_manager.cc:1510] Loading table and tablet metadata into memory...
I20260608 09:51:55.001968 29039 catalog_manager.cc:679] Loaded metadata for table test-workload [id=18d16873070c4bf08aa073005f56dbd9]
I20260608 09:51:55.006717 29039 tablet_loader.cc:96] loaded metadata for tablet 1fe428ab004d482897e331abddc89056 (table test-workload [id=18d16873070c4bf08aa073005f56dbd9])
I20260608 09:51:55.007709 29039 tablet_loader.cc:96] loaded metadata for tablet 77d8282521a14947aad307f9a26da1ef (table test-workload [id=18d16873070c4bf08aa073005f56dbd9])
I20260608 09:51:55.008772 29039 tablet_loader.cc:96] loaded metadata for tablet dfb6a2d219ea494d8855ebcdfc57bea7 (table test-workload [id=18d16873070c4bf08aa073005f56dbd9])
I20260608 09:51:55.009722 29039 catalog_manager.cc:1519] Initializing Kudu cluster ID...
I20260608 09:51:55.012876 29039 catalog_manager.cc:1294] Loaded cluster ID: 88ba0dbf3adf406fa7b549e48af5b368
I20260608 09:51:55.013152 29039 catalog_manager.cc:1530] Initializing Kudu internal certificate authority...
I20260608 09:51:55.016917 29039 catalog_manager.cc:1539] Loading token signing keys...
I20260608 09:51:55.020136 29039 catalog_manager.cc:6080] T 00000000000000000000000000000000 P 3dc41d0123bf4c2eb6d3e78b16f5d09d: Loaded TSK: 0
I20260608 09:51:55.021421 29039 catalog_manager.cc:1549] Initializing in-progress tserver states...
I20260608 09:51:55.046931 28698 auto_leader_rebalancer.cc:140] leader rebalance for table test-workload
I20260608 09:51:55.047413 28698 auto_leader_rebalancer.cc:451] All tables' leader rebalancing finished this round
I20260608 09:51:55.094002 27442 tablet_server.cc:179] TabletServer@127.26.204.129:0 shutting down...
I20260608 09:51:55.138291 27442 ts_tablet_manager.cc:1507] Shutting down tablet manager...
I20260608 09:51:55.139335 27442 tablet_replica.cc:333] T dfb6a2d219ea494d8855ebcdfc57bea7 P 89cd72eb761d4974a78942c884617e43: stopping tablet replica
I20260608 09:51:55.140215 27442 raft_consensus.cc:2243] T dfb6a2d219ea494d8855ebcdfc57bea7 P 89cd72eb761d4974a78942c884617e43 [term 1 LEADER]: Raft consensus shutting down.
I20260608 09:51:55.141171 27442 raft_consensus.cc:2272] T dfb6a2d219ea494d8855ebcdfc57bea7 P 89cd72eb761d4974a78942c884617e43 [term 1 FOLLOWER]: Raft consensus is shut down!
I20260608 09:51:55.161842 27442 tablet_server.cc:196] TabletServer@127.26.204.129:0 shutdown complete.
I20260608 09:51:55.176496 27442 tablet_server.cc:179] TabletServer@127.26.204.130:0 shutting down...
I20260608 09:51:55.212199 27442 ts_tablet_manager.cc:1507] Shutting down tablet manager...
I20260608 09:51:55.213147 27442 tablet_replica.cc:333] T 1fe428ab004d482897e331abddc89056 P 0a6bd1053b3843879cfbf3d0e43e5a01: stopping tablet replica
