W20260608 09:51:39.624833 29329 instance_detector.cc:116] could not retrieve OpenStack instance metadata: Network error: curl error: HTTP response code said error: The requested URL returned error: 404
I20260608 09:51:39.625202 28785 server_base.cc:1061] running on GCE node
I20260608 09:51:39.626024 28785 hybrid_clock.cc:584] initializing the hybrid clock with 'system_unsync' time source
W20260608 09:51:39.626237 28785 system_unsync_time.cc:38] NTP support is disabled. Clock error bounds will not be accurate. This configuration is not suitable for distributed clusters.
I20260608 09:51:39.626493 28785 hybrid_clock.cc:648] HybridClock initialized: now 1780912299626473 us; error 0 us; skew 500 ppm
I20260608 09:51:39.627089 28785 server_base.cc:861] Flag tcmalloc_max_total_thread_cache_bytes is not working since tcmalloc is not enabled.
I20260608 09:51:39.629436 28785 webserver.cc:533] Webserver started at http://127.28.28.126:41203/ using document root <none> and password file <none>
I20260608 09:51:39.629961 28785 fs_manager.cc:362] Metadata directory not provided
I20260608 09:51:39.630174 28785 fs_manager.cc:368] Using write-ahead log directory (fs_wal_dir) as metadata directory
I20260608 09:51:39.630513 28785 server_base.cc:909] This appears to be a new deployment of Kudu; creating new FS layout
I20260608 09:51:39.631632 28785 fs_manager.cc:1068] Generated new instance metadata in path /tmp/dist-test-tasktsQ8U3/test-tmp/auto_rebalancer-test.0.AutoRebalancerTest.AutoRebalancingTurnOffAndOn.1780912294513294-28785-0/minicluster-data/master-0-root/instance:
uuid: "c30b8f8a7bc74ee69ae3d22db06e147a"
format_stamp: "Formatted at 2026-06-08 09:51:39 on dist-test-slave-l651"
I20260608 09:51:39.636742 28785 fs_manager.cc:696] Time spent creating directory manager: real 0.005s	user 0.006s	sys 0.000s
I20260608 09:51:39.640341 29334 log_block_manager.cc:4031] Time spent loading block containers with low live blocks: real 0.000s	user 0.000s	sys 0.000s
I20260608 09:51:39.641249 28785 fs_manager.cc:730] Time spent opening block manager: real 0.002s	user 0.002s	sys 0.000s
I20260608 09:51:39.641587 28785 fs_manager.cc:647] Opened local filesystem: /tmp/dist-test-tasktsQ8U3/test-tmp/auto_rebalancer-test.0.AutoRebalancerTest.AutoRebalancingTurnOffAndOn.1780912294513294-28785-0/minicluster-data/master-0-root
uuid: "c30b8f8a7bc74ee69ae3d22db06e147a"
format_stamp: "Formatted at 2026-06-08 09:51:39 on dist-test-slave-l651"
I20260608 09:51:39.641912 28785 fs_report.cc:389] FS layout report
--------------------
wal directory: /tmp/dist-test-tasktsQ8U3/test-tmp/auto_rebalancer-test.0.AutoRebalancerTest.AutoRebalancingTurnOffAndOn.1780912294513294-28785-0/minicluster-data/master-0-root
metadata directory: /tmp/dist-test-tasktsQ8U3/test-tmp/auto_rebalancer-test.0.AutoRebalancerTest.AutoRebalancingTurnOffAndOn.1780912294513294-28785-0/minicluster-data/master-0-root
1 data directories: /tmp/dist-test-tasktsQ8U3/test-tmp/auto_rebalancer-test.0.AutoRebalancerTest.AutoRebalancingTurnOffAndOn.1780912294513294-28785-0/minicluster-data/master-0-root/data
Total live blocks: 0
Total live bytes: 0
Total live bytes (after alignment): 0
Total number of LBM containers: 0 (0 full)
Did not check for missing blocks
Did not check for orphaned blocks
Total full LBM containers with extra space: 0 (0 repaired)
Total full LBM container extra space in bytes: 0 (0 repaired)
Total incomplete LBM containers: 0 (0 repaired)
Total LBM partial records: 0 (0 repaired)
Total corrupted LBM metadata records in RocksDB: 0 (0 repaired)
I20260608 09:51:39.654398 28785 rpc_server.cc:225] running with OpenSSL 1.1.1  11 Sep 2018
I20260608 09:51:39.655617 28785 kserver.cc:163] Server-wide thread pool size limit: 3276
I20260608 09:51:39.691442 28785 rpc_server.cc:307] RPC server started. Bound to: 127.28.28.126:41465
I20260608 09:51:39.691545 29385 acceptor_pool.cc:272] collecting diagnostics on the listening RPC socket 127.28.28.126:41465 every 8 connection(s)
I20260608 09:51:39.695614 29386 data_dirs.cc:400] Could only allocate 1 dirs of requested 3 for tablet 00000000000000000000000000000000. 1 dirs total, 0 dirs full, 0 dirs failed
I20260608 09:51:39.704864 29386 tablet_bootstrap.cc:492] T 00000000000000000000000000000000 P c30b8f8a7bc74ee69ae3d22db06e147a: Bootstrap starting.
I20260608 09:51:39.709224 29386 tablet_bootstrap.cc:654] T 00000000000000000000000000000000 P c30b8f8a7bc74ee69ae3d22db06e147a: Neither blocks nor log segments found. Creating new log.
I20260608 09:51:39.713328 29386 tablet_bootstrap.cc:492] T 00000000000000000000000000000000 P c30b8f8a7bc74ee69ae3d22db06e147a: No bootstrap required, opened a new log
I20260608 09:51:39.715523 29386 raft_consensus.cc:359] T 00000000000000000000000000000000 P c30b8f8a7bc74ee69ae3d22db06e147a [term 0 FOLLOWER]: Replica starting. Triggering 0 pending ops. Active config: opid_index: -1 OBSOLETE_local: true peers { permanent_uuid: "c30b8f8a7bc74ee69ae3d22db06e147a" member_type: VOTER }
I20260608 09:51:39.715957 29386 raft_consensus.cc:385] T 00000000000000000000000000000000 P c30b8f8a7bc74ee69ae3d22db06e147a [term 0 FOLLOWER]: Consensus starting up: Expiring failure detector timer to make a prompt election more likely
I20260608 09:51:39.716257 29386 raft_consensus.cc:740] T 00000000000000000000000000000000 P c30b8f8a7bc74ee69ae3d22db06e147a [term 0 FOLLOWER]: Becoming Follower/Learner. State: Replica: c30b8f8a7bc74ee69ae3d22db06e147a, State: Initialized, Role: FOLLOWER
I20260608 09:51:39.716897 29386 consensus_queue.cc:260] T 00000000000000000000000000000000 P c30b8f8a7bc74ee69ae3d22db06e147a [NON_LEADER]: Queue going to NON_LEADER mode. State: All replicated index: 0, Majority replicated index: 0, Committed index: 0, Last appended: 0.0, Last appended by leader: 0, Current term: 0, Majority size: -1, State: 0, Mode: NON_LEADER, active raft config: opid_index: -1 OBSOLETE_local: true peers { permanent_uuid: "c30b8f8a7bc74ee69ae3d22db06e147a" member_type: VOTER }
I20260608 09:51:39.717381 29386 raft_consensus.cc:399] T 00000000000000000000000000000000 P c30b8f8a7bc74ee69ae3d22db06e147a [term 0 FOLLOWER]: Only one voter in the Raft config. Triggering election immediately
I20260608 09:51:39.717622 29386 raft_consensus.cc:493] T 00000000000000000000000000000000 P c30b8f8a7bc74ee69ae3d22db06e147a [term 0 FOLLOWER]: Starting leader election (initial election of a single-replica configuration)
I20260608 09:51:39.717928 29386 raft_consensus.cc:3060] T 00000000000000000000000000000000 P c30b8f8a7bc74ee69ae3d22db06e147a [term 0 FOLLOWER]: Advancing to term 1
I20260608 09:51:39.722078 29386 raft_consensus.cc:515] T 00000000000000000000000000000000 P c30b8f8a7bc74ee69ae3d22db06e147a [term 1 FOLLOWER]: Starting leader election with config: opid_index: -1 OBSOLETE_local: true peers { permanent_uuid: "c30b8f8a7bc74ee69ae3d22db06e147a" member_type: VOTER }
I20260608 09:51:39.722677 29386 leader_election.cc:304] T 00000000000000000000000000000000 P c30b8f8a7bc74ee69ae3d22db06e147a [CANDIDATE]: Term 1 election: Election decided. Result: candidate won. Election summary: received 1 responses out of 1 voters: 1 yes votes; 0 no votes. yes voters: c30b8f8a7bc74ee69ae3d22db06e147a; no voters: 
I20260608 09:51:39.723856 29386 leader_election.cc:290] T 00000000000000000000000000000000 P c30b8f8a7bc74ee69ae3d22db06e147a [CANDIDATE]: Term 1 election: Requested vote from peers 
I20260608 09:51:39.724263 29389 raft_consensus.cc:2804] T 00000000000000000000000000000000 P c30b8f8a7bc74ee69ae3d22db06e147a [term 1 FOLLOWER]: Leader election won for term 1
I20260608 09:51:39.725663 29389 raft_consensus.cc:697] T 00000000000000000000000000000000 P c30b8f8a7bc74ee69ae3d22db06e147a [term 1 LEADER]: Becoming Leader. State: Replica: c30b8f8a7bc74ee69ae3d22db06e147a, State: Running, Role: LEADER
I20260608 09:51:39.726456 29389 consensus_queue.cc:237] T 00000000000000000000000000000000 P c30b8f8a7bc74ee69ae3d22db06e147a [LEADER]: Queue going to LEADER mode. State: All replicated index: 0, Majority replicated index: 0, Committed index: 0, Last appended: 0.0, Last appended by leader: 0, Current term: 1, Majority size: 1, State: 0, Mode: LEADER, active raft config: opid_index: -1 OBSOLETE_local: true peers { permanent_uuid: "c30b8f8a7bc74ee69ae3d22db06e147a" member_type: VOTER }
I20260608 09:51:39.726961 29386 sys_catalog.cc:565] T 00000000000000000000000000000000 P c30b8f8a7bc74ee69ae3d22db06e147a [sys.catalog]: configured and running, proceeding with master startup.
I20260608 09:51:39.729440 29391 sys_catalog.cc:455] T 00000000000000000000000000000000 P c30b8f8a7bc74ee69ae3d22db06e147a [sys.catalog]: SysCatalogTable state changed. Reason: New leader c30b8f8a7bc74ee69ae3d22db06e147a. Latest consensus state: current_term: 1 leader_uuid: "c30b8f8a7bc74ee69ae3d22db06e147a" committed_config { opid_index: -1 OBSOLETE_local: true peers { permanent_uuid: "c30b8f8a7bc74ee69ae3d22db06e147a" member_type: VOTER } }
I20260608 09:51:39.729403 29390 sys_catalog.cc:455] T 00000000000000000000000000000000 P c30b8f8a7bc74ee69ae3d22db06e147a [sys.catalog]: SysCatalogTable state changed. Reason: RaftConsensus started. Latest consensus state: current_term: 1 leader_uuid: "c30b8f8a7bc74ee69ae3d22db06e147a" committed_config { opid_index: -1 OBSOLETE_local: true peers { permanent_uuid: "c30b8f8a7bc74ee69ae3d22db06e147a" member_type: VOTER } }
I20260608 09:51:39.730194 29390 sys_catalog.cc:458] T 00000000000000000000000000000000 P c30b8f8a7bc74ee69ae3d22db06e147a [sys.catalog]: This master's current role is: LEADER
I20260608 09:51:39.730161 29391 sys_catalog.cc:458] T 00000000000000000000000000000000 P c30b8f8a7bc74ee69ae3d22db06e147a [sys.catalog]: This master's current role is: LEADER
I20260608 09:51:39.735607 29394 catalog_manager.cc:1510] Loading table and tablet metadata into memory...
I20260608 09:51:39.741995 29394 catalog_manager.cc:1519] Initializing Kudu cluster ID...
I20260608 09:51:39.743114 28785 internal_mini_cluster.cc:184] Waiting to initialize catalog manager on master 0
I20260608 09:51:39.751964 29394 catalog_manager.cc:1382] Generated new cluster ID: 31bc1bc64080427c9808c8eb60a423ad
I20260608 09:51:39.752249 29394 catalog_manager.cc:1530] Initializing Kudu internal certificate authority...
I20260608 09:51:39.772102 29394 catalog_manager.cc:1405] Generated new certificate authority record
I20260608 09:51:39.773433 29394 catalog_manager.cc:1539] Loading token signing keys...
I20260608 09:51:39.785305 29394 catalog_manager.cc:6069] T 00000000000000000000000000000000 P c30b8f8a7bc74ee69ae3d22db06e147a: Generated new TSK 0
I20260608 09:51:39.785988 29394 catalog_manager.cc:1549] Initializing in-progress tserver states...
I20260608 09:51:39.809723 28785 file_cache.cc:492] Constructed file cache file cache with capacity 419430
W20260608 09:51:39.815970 29407 instance_detector.cc:116] could not retrieve AWS instance metadata: Network error: curl error: HTTP response code said error: The requested URL returned error: 404
W20260608 09:51:39.817063 29408 instance_detector.cc:116] could not retrieve Azure instance metadata: Network error: curl error: HTTP response code said error: The requested URL returned error: 404
W20260608 09:51:39.820138 29410 instance_detector.cc:116] could not retrieve OpenStack instance metadata: Network error: curl error: HTTP response code said error: The requested URL returned error: 404
I20260608 09:51:39.820194 28785 server_base.cc:1061] running on GCE node
I20260608 09:51:39.821264 28785 hybrid_clock.cc:584] initializing the hybrid clock with 'system_unsync' time source
W20260608 09:51:39.821484 28785 system_unsync_time.cc:38] NTP support is disabled. Clock error bounds will not be accurate. This configuration is not suitable for distributed clusters.
I20260608 09:51:39.821671 28785 hybrid_clock.cc:648] HybridClock initialized: now 1780912299821650 us; error 0 us; skew 500 ppm
I20260608 09:51:39.822294 28785 server_base.cc:861] Flag tcmalloc_max_total_thread_cache_bytes is not working since tcmalloc is not enabled.
I20260608 09:51:39.824734 28785 webserver.cc:533] Webserver started at http://127.28.28.65:41499/ using document root <none> and password file <none>
I20260608 09:51:39.825304 28785 fs_manager.cc:362] Metadata directory not provided
I20260608 09:51:39.825511 28785 fs_manager.cc:368] Using write-ahead log directory (fs_wal_dir) as metadata directory
I20260608 09:51:39.825826 28785 server_base.cc:909] This appears to be a new deployment of Kudu; creating new FS layout
I20260608 09:51:39.827026 28785 fs_manager.cc:1068] Generated new instance metadata in path /tmp/dist-test-tasktsQ8U3/test-tmp/auto_rebalancer-test.0.AutoRebalancerTest.AutoRebalancingTurnOffAndOn.1780912294513294-28785-0/minicluster-data/ts-0-root/instance:
uuid: "e1731ccc964c49c0a4758584a8f21210"
format_stamp: "Formatted at 2026-06-08 09:51:39 on dist-test-slave-l651"
I20260608 09:51:39.832072 28785 fs_manager.cc:696] Time spent creating directory manager: real 0.004s	user 0.005s	sys 0.000s
I20260608 09:51:39.835808 29415 log_block_manager.cc:4031] Time spent loading block containers with low live blocks: real 0.000s	user 0.000s	sys 0.000s
I20260608 09:51:39.836701 28785 fs_manager.cc:730] Time spent opening block manager: real 0.003s	user 0.002s	sys 0.002s
I20260608 09:51:39.837025 28785 fs_manager.cc:647] Opened local filesystem: /tmp/dist-test-tasktsQ8U3/test-tmp/auto_rebalancer-test.0.AutoRebalancerTest.AutoRebalancingTurnOffAndOn.1780912294513294-28785-0/minicluster-data/ts-0-root
uuid: "e1731ccc964c49c0a4758584a8f21210"
format_stamp: "Formatted at 2026-06-08 09:51:39 on dist-test-slave-l651"
I20260608 09:51:39.837334 28785 fs_report.cc:389] FS layout report
--------------------
wal directory: /tmp/dist-test-tasktsQ8U3/test-tmp/auto_rebalancer-test.0.AutoRebalancerTest.AutoRebalancingTurnOffAndOn.1780912294513294-28785-0/minicluster-data/ts-0-root
metadata directory: /tmp/dist-test-tasktsQ8U3/test-tmp/auto_rebalancer-test.0.AutoRebalancerTest.AutoRebalancingTurnOffAndOn.1780912294513294-28785-0/minicluster-data/ts-0-root
1 data directories: /tmp/dist-test-tasktsQ8U3/test-tmp/auto_rebalancer-test.0.AutoRebalancerTest.AutoRebalancingTurnOffAndOn.1780912294513294-28785-0/minicluster-data/ts-0-root/data
Total live blocks: 0
Total live bytes: 0
Total live bytes (after alignment): 0
Total number of LBM containers: 0 (0 full)
Did not check for missing blocks
Did not check for orphaned blocks
Total full LBM containers with extra space: 0 (0 repaired)
Total full LBM container extra space in bytes: 0 (0 repaired)
Total incomplete LBM containers: 0 (0 repaired)
Total LBM partial records: 0 (0 repaired)
Total corrupted LBM metadata records in RocksDB: 0 (0 repaired)
I20260608 09:51:39.869488 28785 rpc_server.cc:225] running with OpenSSL 1.1.1  11 Sep 2018
I20260608 09:51:39.870731 28785 kserver.cc:163] Server-wide thread pool size limit: 3276
I20260608 09:51:39.872218 28785 txn_system_client.cc:432] TxnSystemClient initialization is disabled...
I20260608 09:51:39.874681 28785 ts_tablet_manager.cc:585] Loaded tablet metadata (0 total tablets, 0 live tablets)
I20260608 09:51:39.874876 28785 ts_tablet_manager.cc:531] Time spent load tablet metadata: real 0.000s	user 0.000s	sys 0.000s
I20260608 09:51:39.875185 28785 ts_tablet_manager.cc:616] Registered 0 tablets
I20260608 09:51:39.875365 28785 ts_tablet_manager.cc:595] Time spent register tablets: real 0.000s	user 0.000s	sys 0.000s
I20260608 09:51:39.913131 28785 rpc_server.cc:307] RPC server started. Bound to: 127.28.28.65:36923
I20260608 09:51:39.913239 29477 acceptor_pool.cc:272] collecting diagnostics on the listening RPC socket 127.28.28.65:36923 every 8 connection(s)
I20260608 09:51:39.918452 28785 file_cache.cc:492] Constructed file cache file cache with capacity 419430
W20260608 09:51:39.925732 29482 instance_detector.cc:116] could not retrieve AWS instance metadata: Network error: curl error: HTTP response code said error: The requested URL returned error: 404
W20260608 09:51:39.927446 29483 instance_detector.cc:116] could not retrieve Azure instance metadata: Network error: curl error: HTTP response code said error: The requested URL returned error: 404
W20260608 09:51:39.929311 29485 instance_detector.cc:116] could not retrieve OpenStack instance metadata: Network error: curl error: HTTP response code said error: The requested URL returned error: 404
I20260608 09:51:39.930085 28785 server_base.cc:1061] running on GCE node
I20260608 09:51:39.931252 28785 hybrid_clock.cc:584] initializing the hybrid clock with 'system_unsync' time source
W20260608 09:51:39.931481 28785 system_unsync_time.cc:38] NTP support is disabled. Clock error bounds will not be accurate. This configuration is not suitable for distributed clusters.
I20260608 09:51:39.931653 28785 hybrid_clock.cc:648] HybridClock initialized: now 1780912299931635 us; error 0 us; skew 500 ppm
I20260608 09:51:39.932474 28785 server_base.cc:861] Flag tcmalloc_max_total_thread_cache_bytes is not working since tcmalloc is not enabled.
I20260608 09:51:39.932556 29478 heartbeater.cc:344] Connected to a master server at 127.28.28.126:41465
I20260608 09:51:39.933015 29478 heartbeater.cc:461] Registering TS with master...
I20260608 09:51:39.933768 29478 heartbeater.cc:507] Master 127.28.28.126:41465 requested a full tablet report, sending...
I20260608 09:51:39.935696 28785 webserver.cc:533] Webserver started at http://127.28.28.66:34101/ using document root <none> and password file <none>
I20260608 09:51:39.936444 28785 fs_manager.cc:362] Metadata directory not provided
I20260608 09:51:39.936426 29351 ts_manager.cc:194] Registered new tserver with Master: e1731ccc964c49c0a4758584a8f21210 (127.28.28.65:36923)
I20260608 09:51:39.936869 28785 fs_manager.cc:368] Using write-ahead log directory (fs_wal_dir) as metadata directory
I20260608 09:51:39.937265 28785 server_base.cc:909] This appears to be a new deployment of Kudu; creating new FS layout
I20260608 09:51:39.938740 28785 fs_manager.cc:1068] Generated new instance metadata in path /tmp/dist-test-tasktsQ8U3/test-tmp/auto_rebalancer-test.0.AutoRebalancerTest.AutoRebalancingTurnOffAndOn.1780912294513294-28785-0/minicluster-data/ts-1-root/instance:
uuid: "d442d0ee68164d04bf7f608769b629b3"
format_stamp: "Formatted at 2026-06-08 09:51:39 on dist-test-slave-l651"
I20260608 09:51:39.939129 29351 master_service.cc:502] Signed X509 certificate for tserver {username='slave'} at 127.0.0.1:55954
I20260608 09:51:39.943701 28785 fs_manager.cc:696] Time spent creating directory manager: real 0.004s	user 0.005s	sys 0.000s
I20260608 09:51:39.947196 29490 log_block_manager.cc:4031] Time spent loading block containers with low live blocks: real 0.000s	user 0.000s	sys 0.000s
I20260608 09:51:39.948014 28785 fs_manager.cc:730] Time spent opening block manager: real 0.002s	user 0.003s	sys 0.000s
I20260608 09:51:39.948297 28785 fs_manager.cc:647] Opened local filesystem: /tmp/dist-test-tasktsQ8U3/test-tmp/auto_rebalancer-test.0.AutoRebalancerTest.AutoRebalancingTurnOffAndOn.1780912294513294-28785-0/minicluster-data/ts-1-root
uuid: "d442d0ee68164d04bf7f608769b629b3"
format_stamp: "Formatted at 2026-06-08 09:51:39 on dist-test-slave-l651"
I20260608 09:51:39.948554 28785 fs_report.cc:389] FS layout report
--------------------
wal directory: /tmp/dist-test-tasktsQ8U3/test-tmp/auto_rebalancer-test.0.AutoRebalancerTest.AutoRebalancingTurnOffAndOn.1780912294513294-28785-0/minicluster-data/ts-1-root
metadata directory: /tmp/dist-test-tasktsQ8U3/test-tmp/auto_rebalancer-test.0.AutoRebalancerTest.AutoRebalancingTurnOffAndOn.1780912294513294-28785-0/minicluster-data/ts-1-root
1 data directories: /tmp/dist-test-tasktsQ8U3/test-tmp/auto_rebalancer-test.0.AutoRebalancerTest.AutoRebalancingTurnOffAndOn.1780912294513294-28785-0/minicluster-data/ts-1-root/data
Total live blocks: 0
Total live bytes: 0
Total live bytes (after alignment): 0
Total number of LBM containers: 0 (0 full)
Did not check for missing blocks
Did not check for orphaned blocks
Total full LBM containers with extra space: 0 (0 repaired)
Total full LBM container extra space in bytes: 0 (0 repaired)
Total incomplete LBM containers: 0 (0 repaired)
Total LBM partial records: 0 (0 repaired)
Total corrupted LBM metadata records in RocksDB: 0 (0 repaired)
I20260608 09:51:39.963622 28785 rpc_server.cc:225] running with OpenSSL 1.1.1  11 Sep 2018
I20260608 09:51:39.964958 28785 kserver.cc:163] Server-wide thread pool size limit: 3276
I20260608 09:51:39.966533 28785 txn_system_client.cc:432] TxnSystemClient initialization is disabled...
I20260608 09:51:39.968904 28785 ts_tablet_manager.cc:585] Loaded tablet metadata (0 total tablets, 0 live tablets)
I20260608 09:51:39.969101 28785 ts_tablet_manager.cc:531] Time spent load tablet metadata: real 0.000s	user 0.000s	sys 0.000s
I20260608 09:51:39.969430 28785 ts_tablet_manager.cc:616] Registered 0 tablets
I20260608 09:51:39.969602 28785 ts_tablet_manager.cc:595] Time spent register tablets: real 0.000s	user 0.000s	sys 0.000s
I20260608 09:51:40.007282 28785 rpc_server.cc:307] RPC server started. Bound to: 127.28.28.66:34993
I20260608 09:51:40.007382 29552 acceptor_pool.cc:272] collecting diagnostics on the listening RPC socket 127.28.28.66:34993 every 8 connection(s)
I20260608 09:51:40.012384 28785 file_cache.cc:492] Constructed file cache file cache with capacity 419430
W20260608 09:51:40.019730 29556 instance_detector.cc:116] could not retrieve AWS instance metadata: Network error: curl error: HTTP response code said error: The requested URL returned error: 404
W20260608 09:51:40.021689 29557 instance_detector.cc:116] could not retrieve Azure instance metadata: Network error: curl error: HTTP response code said error: The requested URL returned error: 404
I20260608 09:51:40.023169 28785 server_base.cc:1061] running on GCE node
W20260608 09:51:40.023512 29559 instance_detector.cc:116] could not retrieve OpenStack instance metadata: Network error: curl error: HTTP response code said error: The requested URL returned error: 404
I20260608 09:51:40.024932 28785 hybrid_clock.cc:584] initializing the hybrid clock with 'system_unsync' time source
W20260608 09:51:40.025190 28785 system_unsync_time.cc:38] NTP support is disabled. Clock error bounds will not be accurate. This configuration is not suitable for distributed clusters.
I20260608 09:51:40.025422 28785 hybrid_clock.cc:648] HybridClock initialized: now 1780912300025401 us; error 0 us; skew 500 ppm
I20260608 09:51:40.025645 29553 heartbeater.cc:344] Connected to a master server at 127.28.28.126:41465
I20260608 09:51:40.026096 29553 heartbeater.cc:461] Registering TS with master...
I20260608 09:51:40.026161 28785 server_base.cc:861] Flag tcmalloc_max_total_thread_cache_bytes is not working since tcmalloc is not enabled.
I20260608 09:51:40.026961 29553 heartbeater.cc:507] Master 127.28.28.126:41465 requested a full tablet report, sending...
I20260608 09:51:40.029198 29351 ts_manager.cc:194] Registered new tserver with Master: d442d0ee68164d04bf7f608769b629b3 (127.28.28.66:34993)
I20260608 09:51:40.029353 28785 webserver.cc:533] Webserver started at http://127.28.28.67:36087/ using document root <none> and password file <none>
I20260608 09:51:40.030054 28785 fs_manager.cc:362] Metadata directory not provided
I20260608 09:51:40.030260 28785 fs_manager.cc:368] Using write-ahead log directory (fs_wal_dir) as metadata directory
I20260608 09:51:40.030637 28785 server_base.cc:909] This appears to be a new deployment of Kudu; creating new FS layout
I20260608 09:51:40.030900 29351 master_service.cc:502] Signed X509 certificate for tserver {username='slave'} at 127.0.0.1:55962
I20260608 09:51:40.031898 28785 fs_manager.cc:1068] Generated new instance metadata in path /tmp/dist-test-tasktsQ8U3/test-tmp/auto_rebalancer-test.0.AutoRebalancerTest.AutoRebalancingTurnOffAndOn.1780912294513294-28785-0/minicluster-data/ts-2-root/instance:
uuid: "855c326590ed42159398c2d99b8bbc96"
format_stamp: "Formatted at 2026-06-08 09:51:40 on dist-test-slave-l651"
I20260608 09:51:40.036787 28785 fs_manager.cc:696] Time spent creating directory manager: real 0.004s	user 0.006s	sys 0.000s
I20260608 09:51:40.040258 29564 log_block_manager.cc:4031] Time spent loading block containers with low live blocks: real 0.000s	user 0.000s	sys 0.000s
I20260608 09:51:40.041060 28785 fs_manager.cc:730] Time spent opening block manager: real 0.002s	user 0.001s	sys 0.000s
I20260608 09:51:40.041386 28785 fs_manager.cc:647] Opened local filesystem: /tmp/dist-test-tasktsQ8U3/test-tmp/auto_rebalancer-test.0.AutoRebalancerTest.AutoRebalancingTurnOffAndOn.1780912294513294-28785-0/minicluster-data/ts-2-root
uuid: "855c326590ed42159398c2d99b8bbc96"
format_stamp: "Formatted at 2026-06-08 09:51:40 on dist-test-slave-l651"
I20260608 09:51:40.041684 28785 fs_report.cc:389] FS layout report
--------------------
wal directory: /tmp/dist-test-tasktsQ8U3/test-tmp/auto_rebalancer-test.0.AutoRebalancerTest.AutoRebalancingTurnOffAndOn.1780912294513294-28785-0/minicluster-data/ts-2-root
metadata directory: /tmp/dist-test-tasktsQ8U3/test-tmp/auto_rebalancer-test.0.AutoRebalancerTest.AutoRebalancingTurnOffAndOn.1780912294513294-28785-0/minicluster-data/ts-2-root
1 data directories: /tmp/dist-test-tasktsQ8U3/test-tmp/auto_rebalancer-test.0.AutoRebalancerTest.AutoRebalancingTurnOffAndOn.1780912294513294-28785-0/minicluster-data/ts-2-root/data
Total live blocks: 0
Total live bytes: 0
Total live bytes (after alignment): 0
Total number of LBM containers: 0 (0 full)
Did not check for missing blocks
Did not check for orphaned blocks
Total full LBM containers with extra space: 0 (0 repaired)
Total full LBM container extra space in bytes: 0 (0 repaired)
Total incomplete LBM containers: 0 (0 repaired)
Total LBM partial records: 0 (0 repaired)
Total corrupted LBM metadata records in RocksDB: 0 (0 repaired)
I20260608 09:51:40.055431 28785 rpc_server.cc:225] running with OpenSSL 1.1.1  11 Sep 2018
I20260608 09:51:40.056654 28785 kserver.cc:163] Server-wide thread pool size limit: 3276
I20260608 09:51:40.058100 28785 txn_system_client.cc:432] TxnSystemClient initialization is disabled...
I20260608 09:51:40.060499 28785 ts_tablet_manager.cc:585] Loaded tablet metadata (0 total tablets, 0 live tablets)
I20260608 09:51:40.060724 28785 ts_tablet_manager.cc:531] Time spent load tablet metadata: real 0.000s	user 0.000s	sys 0.000s
I20260608 09:51:40.060987 28785 ts_tablet_manager.cc:616] Registered 0 tablets
I20260608 09:51:40.061149 28785 ts_tablet_manager.cc:595] Time spent register tablets: real 0.000s	user 0.000s	sys 0.000s
I20260608 09:51:40.099256 28785 rpc_server.cc:307] RPC server started. Bound to: 127.28.28.67:37639
I20260608 09:51:40.099380 29626 acceptor_pool.cc:272] collecting diagnostics on the listening RPC socket 127.28.28.67:37639 every 8 connection(s)
I20260608 09:51:40.113446 29627 heartbeater.cc:344] Connected to a master server at 127.28.28.126:41465
I20260608 09:51:40.113886 29627 heartbeater.cc:461] Registering TS with master...
I20260608 09:51:40.114728 29627 heartbeater.cc:507] Master 127.28.28.126:41465 requested a full tablet report, sending...
I20260608 09:51:40.116814 29351 ts_manager.cc:194] Registered new tserver with Master: 855c326590ed42159398c2d99b8bbc96 (127.28.28.67:37639)
I20260608 09:51:40.117574 28785 internal_mini_cluster.cc:371] 3 TS(s) registered with all masters after 0.014852788s
I20260608 09:51:40.118288 29351 master_service.cc:502] Signed X509 certificate for tserver {username='slave'} at 127.0.0.1:55976
I20260608 09:51:40.941918 29478 heartbeater.cc:499] Master 127.28.28.126:41465 was elected leader, sending a full tablet report...
I20260608 09:51:41.033445 29553 heartbeater.cc:499] Master 127.28.28.126:41465 was elected leader, sending a full tablet report...
I20260608 09:51:41.120949 29627 heartbeater.cc:499] Master 127.28.28.126:41465 was elected leader, sending a full tablet report...
I20260608 09:51:41.174834 29351 catalog_manager.cc:2282] Servicing CreateTable request from {username='slave'} at 127.0.0.1:55988:
name: "test-workload"
schema {
  columns {
    name: "key"
    type: INT32
    is_key: true
    is_nullable: false
    encoding: AUTO_ENCODING
    compression: DEFAULT_COMPRESSION
    cfile_block_size: 0
    immutable: false
  }
  columns {
    name: "int_val"
    type: INT32
    is_key: false
    is_nullable: false
    encoding: AUTO_ENCODING
    compression: DEFAULT_COMPRESSION
    cfile_block_size: 0
    immutable: false
  }
  columns {
    name: "string_val"
    type: STRING
    is_key: false
    is_nullable: true
    encoding: AUTO_ENCODING
    compression: DEFAULT_COMPRESSION
    cfile_block_size: 0
    immutable: false
  }
}
num_replicas: 3
split_rows_range_bounds {
  rows: "\004\001\000\377\377\377\017\004\001\000\376\377\377\037\004\001\000\375\377\377/\004\001\000\374\377\377?\004\001\000\373\377\377O\004\001\000\372\377\377_\004\001\000\371\377\377o""\004\001\000\377\377\377\017\004\001\000\376\377\377\037\004\001\000\375\377\377/\004\001\000\374\377\377?\004\001\000\373\377\377O\004\001\000\372\377\377_\004\001\000\371\377\377o"
  indirect_data: """"
}
partition_schema {
  range_schema {
    columns {
      name: "key"
    }
  }
}
W20260608 09:51:41.177464 29351 catalog_manager.cc:7076] The number of live tablet servers is not enough to re-replicate a tablet replica of the newly created table test-workload in case of a server failure: 4 tablet servers would be needed, 3 are available. Consider bringing up more tablet servers.
I20260608 09:51:41.258351 29592 tablet_service.cc:1511] Processing CreateTablet for tablet 552a135ed95043c8b4ebd8244ea10106 (DEFAULT_TABLE table=test-workload [id=2d1f1c3c27ee476f97e0d112d0172007]), partition=RANGE (key) PARTITION VALUES < 268435455
I20260608 09:51:41.259212 29439 tablet_service.cc:1511] Processing CreateTablet for tablet 522ca09ec7af4fdcb41a71211b6fdcd8 (DEFAULT_TABLE table=test-workload [id=2d1f1c3c27ee476f97e0d112d0172007]), partition=RANGE (key) PARTITION 1073741820 <= VALUES < 1342177275
I20260608 09:51:41.259858 29592 data_dirs.cc:400] Could only allocate 1 dirs of requested 3 for tablet 552a135ed95043c8b4ebd8244ea10106. 1 dirs total, 0 dirs full, 0 dirs failed
I20260608 09:51:41.260699 29439 data_dirs.cc:400] Could only allocate 1 dirs of requested 3 for tablet 522ca09ec7af4fdcb41a71211b6fdcd8. 1 dirs total, 0 dirs full, 0 dirs failed
I20260608 09:51:41.263671 29440 tablet_service.cc:1511] Processing CreateTablet for tablet cc7c98abe93245398e3767c18590aba6 (DEFAULT_TABLE table=test-workload [id=2d1f1c3c27ee476f97e0d112d0172007]), partition=RANGE (key) PARTITION 805306365 <= VALUES < 1073741820
I20260608 09:51:41.264213 29591 tablet_service.cc:1511] Processing CreateTablet for tablet b3780d50ff7f4cc09f559b237d2a5f06 (DEFAULT_TABLE table=test-workload [id=2d1f1c3c27ee476f97e0d112d0172007]), partition=RANGE (key) PARTITION 268435455 <= VALUES < 536870910
I20260608 09:51:41.265156 29440 data_dirs.cc:400] Could only allocate 1 dirs of requested 3 for tablet cc7c98abe93245398e3767c18590aba6. 1 dirs total, 0 dirs full, 0 dirs failed
I20260608 09:51:41.265650 29591 data_dirs.cc:400] Could only allocate 1 dirs of requested 3 for tablet b3780d50ff7f4cc09f559b237d2a5f06. 1 dirs total, 0 dirs full, 0 dirs failed
I20260608 09:51:41.267539 29441 tablet_service.cc:1511] Processing CreateTablet for tablet e0627327302b4168846556855a97ccbd (DEFAULT_TABLE table=test-workload [id=2d1f1c3c27ee476f97e0d112d0172007]), partition=RANGE (key) PARTITION 536870910 <= VALUES < 805306365
I20260608 09:51:41.268930 29441 data_dirs.cc:400] Could only allocate 1 dirs of requested 3 for tablet e0627327302b4168846556855a97ccbd. 1 dirs total, 0 dirs full, 0 dirs failed
I20260608 09:51:41.269773 29518 tablet_service.cc:1511] Processing CreateTablet for tablet 552a135ed95043c8b4ebd8244ea10106 (DEFAULT_TABLE table=test-workload [id=2d1f1c3c27ee476f97e0d112d0172007]), partition=RANGE (key) PARTITION VALUES < 268435455
I20260608 09:51:41.271292 29518 data_dirs.cc:400] Could only allocate 1 dirs of requested 3 for tablet 552a135ed95043c8b4ebd8244ea10106. 1 dirs total, 0 dirs full, 0 dirs failed
I20260608 09:51:41.271698 29443 tablet_service.cc:1511] Processing CreateTablet for tablet 552a135ed95043c8b4ebd8244ea10106 (DEFAULT_TABLE table=test-workload [id=2d1f1c3c27ee476f97e0d112d0172007]), partition=RANGE (key) PARTITION VALUES < 268435455
I20260608 09:51:41.271883 29512 tablet_service.cc:1511] Processing CreateTablet for tablet d5688ab31f51443d9f87fd7c0526c4fb (DEFAULT_TABLE table=test-workload [id=2d1f1c3c27ee476f97e0d112d0172007]), partition=RANGE (key) PARTITION 1610612730 <= VALUES < 1879048185
I20260608 09:51:41.273058 29443 data_dirs.cc:400] Could only allocate 1 dirs of requested 3 for tablet 552a135ed95043c8b4ebd8244ea10106. 1 dirs total, 0 dirs full, 0 dirs failed
I20260608 09:51:41.273263 29512 data_dirs.cc:400] Could only allocate 1 dirs of requested 3 for tablet d5688ab31f51443d9f87fd7c0526c4fb. 1 dirs total, 0 dirs full, 0 dirs failed
I20260608 09:51:41.275694 29517 tablet_service.cc:1511] Processing CreateTablet for tablet b3780d50ff7f4cc09f559b237d2a5f06 (DEFAULT_TABLE table=test-workload [id=2d1f1c3c27ee476f97e0d112d0172007]), partition=RANGE (key) PARTITION 268435455 <= VALUES < 536870910
I20260608 09:51:41.276410 29438 tablet_service.cc:1511] Processing CreateTablet for tablet baedfba55d7a4efd8ffeb1f75a29b862 (DEFAULT_TABLE table=test-workload [id=2d1f1c3c27ee476f97e0d112d0172007]), partition=RANGE (key) PARTITION 1342177275 <= VALUES < 1610612730
I20260608 09:51:41.276535 29590 tablet_service.cc:1511] Processing CreateTablet for tablet e0627327302b4168846556855a97ccbd (DEFAULT_TABLE table=test-workload [id=2d1f1c3c27ee476f97e0d112d0172007]), partition=RANGE (key) PARTITION 536870910 <= VALUES < 805306365
I20260608 09:51:41.277181 29517 data_dirs.cc:400] Could only allocate 1 dirs of requested 3 for tablet b3780d50ff7f4cc09f559b237d2a5f06. 1 dirs total, 0 dirs full, 0 dirs failed
I20260608 09:51:41.277765 29438 data_dirs.cc:400] Could only allocate 1 dirs of requested 3 for tablet baedfba55d7a4efd8ffeb1f75a29b862. 1 dirs total, 0 dirs full, 0 dirs failed
I20260608 09:51:41.277953 29590 data_dirs.cc:400] Could only allocate 1 dirs of requested 3 for tablet e0627327302b4168846556855a97ccbd. 1 dirs total, 0 dirs full, 0 dirs failed
I20260608 09:51:41.279516 29516 tablet_service.cc:1511] Processing CreateTablet for tablet e0627327302b4168846556855a97ccbd (DEFAULT_TABLE table=test-workload [id=2d1f1c3c27ee476f97e0d112d0172007]), partition=RANGE (key) PARTITION 536870910 <= VALUES < 805306365
I20260608 09:51:41.281087 29516 data_dirs.cc:400] Could only allocate 1 dirs of requested 3 for tablet e0627327302b4168846556855a97ccbd. 1 dirs total, 0 dirs full, 0 dirs failed
I20260608 09:51:41.283702 29515 tablet_service.cc:1511] Processing CreateTablet for tablet cc7c98abe93245398e3767c18590aba6 (DEFAULT_TABLE table=test-workload [id=2d1f1c3c27ee476f97e0d112d0172007]), partition=RANGE (key) PARTITION 805306365 <= VALUES < 1073741820
I20260608 09:51:41.285491 29515 data_dirs.cc:400] Could only allocate 1 dirs of requested 3 for tablet cc7c98abe93245398e3767c18590aba6. 1 dirs total, 0 dirs full, 0 dirs failed
I20260608 09:51:41.287629 29514 tablet_service.cc:1511] Processing CreateTablet for tablet 522ca09ec7af4fdcb41a71211b6fdcd8 (DEFAULT_TABLE table=test-workload [id=2d1f1c3c27ee476f97e0d112d0172007]), partition=RANGE (key) PARTITION 1073741820 <= VALUES < 1342177275
I20260608 09:51:41.289171 29514 data_dirs.cc:400] Could only allocate 1 dirs of requested 3 for tablet 522ca09ec7af4fdcb41a71211b6fdcd8. 1 dirs total, 0 dirs full, 0 dirs failed
I20260608 09:51:41.287627 29513 tablet_service.cc:1511] Processing CreateTablet for tablet baedfba55d7a4efd8ffeb1f75a29b862 (DEFAULT_TABLE table=test-workload [id=2d1f1c3c27ee476f97e0d112d0172007]), partition=RANGE (key) PARTITION 1342177275 <= VALUES < 1610612730
I20260608 09:51:41.289610 29442 tablet_service.cc:1511] Processing CreateTablet for tablet b3780d50ff7f4cc09f559b237d2a5f06 (DEFAULT_TABLE table=test-workload [id=2d1f1c3c27ee476f97e0d112d0172007]), partition=RANGE (key) PARTITION 268435455 <= VALUES < 536870910
I20260608 09:51:41.290966 29442 data_dirs.cc:400] Could only allocate 1 dirs of requested 3 for tablet b3780d50ff7f4cc09f559b237d2a5f06. 1 dirs total, 0 dirs full, 0 dirs failed
I20260608 09:51:41.290957 29513 data_dirs.cc:400] Could only allocate 1 dirs of requested 3 for tablet baedfba55d7a4efd8ffeb1f75a29b862. 1 dirs total, 0 dirs full, 0 dirs failed
I20260608 09:51:41.308264 29437 tablet_service.cc:1511] Processing CreateTablet for tablet d5688ab31f51443d9f87fd7c0526c4fb (DEFAULT_TABLE table=test-workload [id=2d1f1c3c27ee476f97e0d112d0172007]), partition=RANGE (key) PARTITION 1610612730 <= VALUES < 1879048185
I20260608 09:51:41.309799 29437 data_dirs.cc:400] Could only allocate 1 dirs of requested 3 for tablet d5688ab31f51443d9f87fd7c0526c4fb. 1 dirs total, 0 dirs full, 0 dirs failed
I20260608 09:51:41.313624 29589 tablet_service.cc:1511] Processing CreateTablet for tablet cc7c98abe93245398e3767c18590aba6 (DEFAULT_TABLE table=test-workload [id=2d1f1c3c27ee476f97e0d112d0172007]), partition=RANGE (key) PARTITION 805306365 <= VALUES < 1073741820
I20260608 09:51:41.315609 29588 tablet_service.cc:1511] Processing CreateTablet for tablet 522ca09ec7af4fdcb41a71211b6fdcd8 (DEFAULT_TABLE table=test-workload [id=2d1f1c3c27ee476f97e0d112d0172007]), partition=RANGE (key) PARTITION 1073741820 <= VALUES < 1342177275
I20260608 09:51:41.317478 29587 tablet_service.cc:1511] Processing CreateTablet for tablet baedfba55d7a4efd8ffeb1f75a29b862 (DEFAULT_TABLE table=test-workload [id=2d1f1c3c27ee476f97e0d112d0172007]), partition=RANGE (key) PARTITION 1342177275 <= VALUES < 1610612730
I20260608 09:51:41.319902 29589 data_dirs.cc:400] Could only allocate 1 dirs of requested 3 for tablet cc7c98abe93245398e3767c18590aba6. 1 dirs total, 0 dirs full, 0 dirs failed
I20260608 09:51:41.323719 29586 tablet_service.cc:1511] Processing CreateTablet for tablet d5688ab31f51443d9f87fd7c0526c4fb (DEFAULT_TABLE table=test-workload [id=2d1f1c3c27ee476f97e0d112d0172007]), partition=RANGE (key) PARTITION 1610612730 <= VALUES < 1879048185
I20260608 09:51:41.325778 29586 data_dirs.cc:400] Could only allocate 1 dirs of requested 3 for tablet d5688ab31f51443d9f87fd7c0526c4fb. 1 dirs total, 0 dirs full, 0 dirs failed
I20260608 09:51:41.333662 29585 tablet_service.cc:1511] Processing CreateTablet for tablet eadf097fa8eb49b4be3568735663d3a9 (DEFAULT_TABLE table=test-workload [id=2d1f1c3c27ee476f97e0d112d0172007]), partition=RANGE (key) PARTITION 1879048185 <= VALUES
I20260608 09:51:41.335192 29511 tablet_service.cc:1511] Processing CreateTablet for tablet eadf097fa8eb49b4be3568735663d3a9 (DEFAULT_TABLE table=test-workload [id=2d1f1c3c27ee476f97e0d112d0172007]), partition=RANGE (key) PARTITION 1879048185 <= VALUES
I20260608 09:51:41.337191 29436 tablet_service.cc:1511] Processing CreateTablet for tablet eadf097fa8eb49b4be3568735663d3a9 (DEFAULT_TABLE table=test-workload [id=2d1f1c3c27ee476f97e0d112d0172007]), partition=RANGE (key) PARTITION 1879048185 <= VALUES
I20260608 09:51:41.338125 29511 data_dirs.cc:400] Could only allocate 1 dirs of requested 3 for tablet eadf097fa8eb49b4be3568735663d3a9. 1 dirs total, 0 dirs full, 0 dirs failed
I20260608 09:51:41.338629 29436 data_dirs.cc:400] Could only allocate 1 dirs of requested 3 for tablet eadf097fa8eb49b4be3568735663d3a9. 1 dirs total, 0 dirs full, 0 dirs failed
I20260608 09:51:41.340997 29588 data_dirs.cc:400] Could only allocate 1 dirs of requested 3 for tablet 522ca09ec7af4fdcb41a71211b6fdcd8. 1 dirs total, 0 dirs full, 0 dirs failed
I20260608 09:51:41.348208 29585 data_dirs.cc:400] Could only allocate 1 dirs of requested 3 for tablet eadf097fa8eb49b4be3568735663d3a9. 1 dirs total, 0 dirs full, 0 dirs failed
I20260608 09:51:41.349380 29587 data_dirs.cc:400] Could only allocate 1 dirs of requested 3 for tablet baedfba55d7a4efd8ffeb1f75a29b862. 1 dirs total, 0 dirs full, 0 dirs failed
I20260608 09:51:41.355050 29647 tablet_bootstrap.cc:492] T d5688ab31f51443d9f87fd7c0526c4fb P d442d0ee68164d04bf7f608769b629b3: Bootstrap starting.
I20260608 09:51:41.422092 29648 tablet_bootstrap.cc:492] T b3780d50ff7f4cc09f559b237d2a5f06 P 855c326590ed42159398c2d99b8bbc96: Bootstrap starting.
I20260608 09:51:41.427239 29649 tablet_bootstrap.cc:492] T 522ca09ec7af4fdcb41a71211b6fdcd8 P e1731ccc964c49c0a4758584a8f21210: Bootstrap starting.
I20260608 09:51:41.434023 29647 tablet_bootstrap.cc:654] T d5688ab31f51443d9f87fd7c0526c4fb P d442d0ee68164d04bf7f608769b629b3: Neither blocks nor log segments found. Creating new log.
I20260608 09:51:41.441056 29648 tablet_bootstrap.cc:654] T b3780d50ff7f4cc09f559b237d2a5f06 P 855c326590ed42159398c2d99b8bbc96: Neither blocks nor log segments found. Creating new log.
I20260608 09:51:41.449239 29649 tablet_bootstrap.cc:654] T 522ca09ec7af4fdcb41a71211b6fdcd8 P e1731ccc964c49c0a4758584a8f21210: Neither blocks nor log segments found. Creating new log.
I20260608 09:51:41.455808 29647 tablet_bootstrap.cc:492] T d5688ab31f51443d9f87fd7c0526c4fb P d442d0ee68164d04bf7f608769b629b3: No bootstrap required, opened a new log
I20260608 09:51:41.456562 29647 ts_tablet_manager.cc:1403] T d5688ab31f51443d9f87fd7c0526c4fb P d442d0ee68164d04bf7f608769b629b3: Time spent bootstrapping tablet: real 0.102s	user 0.020s	sys 0.002s
I20260608 09:51:41.460959 29647 raft_consensus.cc:359] T d5688ab31f51443d9f87fd7c0526c4fb P d442d0ee68164d04bf7f608769b629b3 [term 0 FOLLOWER]: Replica starting. Triggering 0 pending ops. Active config: opid_index: -1 OBSOLETE_local: false peers { permanent_uuid: "e1731ccc964c49c0a4758584a8f21210" member_type: VOTER last_known_addr { host: "127.28.28.65" port: 36923 } } peers { permanent_uuid: "d442d0ee68164d04bf7f608769b629b3" member_type: VOTER last_known_addr { host: "127.28.28.66" port: 34993 } } peers { permanent_uuid: "855c326590ed42159398c2d99b8bbc96" member_type: VOTER last_known_addr { host: "127.28.28.67" port: 37639 } }
I20260608 09:51:41.462013 29647 raft_consensus.cc:385] T d5688ab31f51443d9f87fd7c0526c4fb P d442d0ee68164d04bf7f608769b629b3 [term 0 FOLLOWER]: Consensus starting up: Expiring failure detector timer to make a prompt election more likely
I20260608 09:51:41.463451 29647 raft_consensus.cc:740] T d5688ab31f51443d9f87fd7c0526c4fb P d442d0ee68164d04bf7f608769b629b3 [term 0 FOLLOWER]: Becoming Follower/Learner. State: Replica: d442d0ee68164d04bf7f608769b629b3, State: Initialized, Role: FOLLOWER
I20260608 09:51:41.464445 29648 tablet_bootstrap.cc:492] T b3780d50ff7f4cc09f559b237d2a5f06 P 855c326590ed42159398c2d99b8bbc96: No bootstrap required, opened a new log
I20260608 09:51:41.464681 29649 tablet_bootstrap.cc:492] T 522ca09ec7af4fdcb41a71211b6fdcd8 P e1731ccc964c49c0a4758584a8f21210: No bootstrap required, opened a new log
I20260608 09:51:41.464298 29647 consensus_queue.cc:260] T d5688ab31f51443d9f87fd7c0526c4fb P d442d0ee68164d04bf7f608769b629b3 [NON_LEADER]: Queue going to NON_LEADER mode. State: All replicated index: 0, Majority replicated index: 0, Committed index: 0, Last appended: 0.0, Last appended by leader: 0, Current term: 0, Majority size: -1, State: 0, Mode: NON_LEADER, active raft config: opid_index: -1 OBSOLETE_local: false peers { permanent_uuid: "e1731ccc964c49c0a4758584a8f21210" member_type: VOTER last_known_addr { host: "127.28.28.65" port: 36923 } } peers { permanent_uuid: "d442d0ee68164d04bf7f608769b629b3" member_type: VOTER last_known_addr { host: "127.28.28.66" port: 34993 } } peers { permanent_uuid: "855c326590ed42159398c2d99b8bbc96" member_type: VOTER last_known_addr { host: "127.28.28.67" port: 37639 } }
I20260608 09:51:41.464891 29648 ts_tablet_manager.cc:1403] T b3780d50ff7f4cc09f559b237d2a5f06 P 855c326590ed42159398c2d99b8bbc96: Time spent bootstrapping tablet: real 0.043s	user 0.016s	sys 0.013s
I20260608 09:51:41.465178 29649 ts_tablet_manager.cc:1403] T 522ca09ec7af4fdcb41a71211b6fdcd8 P e1731ccc964c49c0a4758584a8f21210: Time spent bootstrapping tablet: real 0.038s	user 0.012s	sys 0.006s
I20260608 09:51:41.467394 29647 ts_tablet_manager.cc:1434] T d5688ab31f51443d9f87fd7c0526c4fb P d442d0ee68164d04bf7f608769b629b3: Time spent starting tablet: real 0.010s	user 0.005s	sys 0.003s
I20260608 09:51:41.468447 29647 tablet_bootstrap.cc:492] T 522ca09ec7af4fdcb41a71211b6fdcd8 P d442d0ee68164d04bf7f608769b629b3: Bootstrap starting.
I20260608 09:51:41.468170 29648 raft_consensus.cc:359] T b3780d50ff7f4cc09f559b237d2a5f06 P 855c326590ed42159398c2d99b8bbc96 [term 0 FOLLOWER]: Replica starting. Triggering 0 pending ops. Active config: opid_index: -1 OBSOLETE_local: false peers { permanent_uuid: "e1731ccc964c49c0a4758584a8f21210" member_type: VOTER last_known_addr { host: "127.28.28.65" port: 36923 } } peers { permanent_uuid: "d442d0ee68164d04bf7f608769b629b3" member_type: VOTER last_known_addr { host: "127.28.28.66" port: 34993 } } peers { permanent_uuid: "855c326590ed42159398c2d99b8bbc96" member_type: VOTER last_known_addr { host: "127.28.28.67" port: 37639 } }
I20260608 09:51:41.468447 29649 raft_consensus.cc:359] T 522ca09ec7af4fdcb41a71211b6fdcd8 P e1731ccc964c49c0a4758584a8f21210 [term 0 FOLLOWER]: Replica starting. Triggering 0 pending ops. Active config: opid_index: -1 OBSOLETE_local: false peers { permanent_uuid: "e1731ccc964c49c0a4758584a8f21210" member_type: VOTER last_known_addr { host: "127.28.28.65" port: 36923 } } peers { permanent_uuid: "d442d0ee68164d04bf7f608769b629b3" member_type: VOTER last_known_addr { host: "127.28.28.66" port: 34993 } } peers { permanent_uuid: "855c326590ed42159398c2d99b8bbc96" member_type: VOTER last_known_addr { host: "127.28.28.67" port: 37639 } }
I20260608 09:51:41.469036 29648 raft_consensus.cc:385] T b3780d50ff7f4cc09f559b237d2a5f06 P 855c326590ed42159398c2d99b8bbc96 [term 0 FOLLOWER]: Consensus starting up: Expiring failure detector timer to make a prompt election more likely
I20260608 09:51:41.469440 29649 raft_consensus.cc:385] T 522ca09ec7af4fdcb41a71211b6fdcd8 P e1731ccc964c49c0a4758584a8f21210 [term 0 FOLLOWER]: Consensus starting up: Expiring failure detector timer to make a prompt election more likely
I20260608 09:51:41.469460 29648 raft_consensus.cc:740] T b3780d50ff7f4cc09f559b237d2a5f06 P 855c326590ed42159398c2d99b8bbc96 [term 0 FOLLOWER]: Becoming Follower/Learner. State: Replica: 855c326590ed42159398c2d99b8bbc96, State: Initialized, Role: FOLLOWER
I20260608 09:51:41.470086 29649 raft_consensus.cc:740] T 522ca09ec7af4fdcb41a71211b6fdcd8 P e1731ccc964c49c0a4758584a8f21210 [term 0 FOLLOWER]: Becoming Follower/Learner. State: Replica: e1731ccc964c49c0a4758584a8f21210, State: Initialized, Role: FOLLOWER
I20260608 09:51:41.470970 29648 consensus_queue.cc:260] T b3780d50ff7f4cc09f559b237d2a5f06 P 855c326590ed42159398c2d99b8bbc96 [NON_LEADER]: Queue going to NON_LEADER mode. State: All replicated index: 0, Majority replicated index: 0, Committed index: 0, Last appended: 0.0, Last appended by leader: 0, Current term: 0, Majority size: -1, State: 0, Mode: NON_LEADER, active raft config: opid_index: -1 OBSOLETE_local: false peers { permanent_uuid: "e1731ccc964c49c0a4758584a8f21210" member_type: VOTER last_known_addr { host: "127.28.28.65" port: 36923 } } peers { permanent_uuid: "d442d0ee68164d04bf7f608769b629b3" member_type: VOTER last_known_addr { host: "127.28.28.66" port: 34993 } } peers { permanent_uuid: "855c326590ed42159398c2d99b8bbc96" member_type: VOTER last_known_addr { host: "127.28.28.67" port: 37639 } }
I20260608 09:51:41.470974 29649 consensus_queue.cc:260] T 522ca09ec7af4fdcb41a71211b6fdcd8 P e1731ccc964c49c0a4758584a8f21210 [NON_LEADER]: Queue going to NON_LEADER mode. State: All replicated index: 0, Majority replicated index: 0, Committed index: 0, Last appended: 0.0, Last appended by leader: 0, Current term: 0, Majority size: -1, State: 0, Mode: NON_LEADER, active raft config: opid_index: -1 OBSOLETE_local: false peers { permanent_uuid: "e1731ccc964c49c0a4758584a8f21210" member_type: VOTER last_known_addr { host: "127.28.28.65" port: 36923 } } peers { permanent_uuid: "d442d0ee68164d04bf7f608769b629b3" member_type: VOTER last_known_addr { host: "127.28.28.66" port: 34993 } } peers { permanent_uuid: "855c326590ed42159398c2d99b8bbc96" member_type: VOTER last_known_addr { host: "127.28.28.67" port: 37639 } }
I20260608 09:51:41.474119 29648 ts_tablet_manager.cc:1434] T b3780d50ff7f4cc09f559b237d2a5f06 P 855c326590ed42159398c2d99b8bbc96: Time spent starting tablet: real 0.009s	user 0.008s	sys 0.002s
I20260608 09:51:41.479452 29649 ts_tablet_manager.cc:1434] T 522ca09ec7af4fdcb41a71211b6fdcd8 P e1731ccc964c49c0a4758584a8f21210: Time spent starting tablet: real 0.014s	user 0.012s	sys 0.003s
I20260608 09:51:41.480532 29649 tablet_bootstrap.cc:492] T cc7c98abe93245398e3767c18590aba6 P e1731ccc964c49c0a4758584a8f21210: Bootstrap starting.
I20260608 09:51:41.485443 29647 tablet_bootstrap.cc:654] T 522ca09ec7af4fdcb41a71211b6fdcd8 P d442d0ee68164d04bf7f608769b629b3: Neither blocks nor log segments found. Creating new log.
I20260608 09:51:41.486832 29649 tablet_bootstrap.cc:654] T cc7c98abe93245398e3767c18590aba6 P e1731ccc964c49c0a4758584a8f21210: Neither blocks nor log segments found. Creating new log.
I20260608 09:51:41.493804 29648 tablet_bootstrap.cc:492] T e0627327302b4168846556855a97ccbd P 855c326590ed42159398c2d99b8bbc96: Bootstrap starting.
I20260608 09:51:41.500952 29648 tablet_bootstrap.cc:654] T e0627327302b4168846556855a97ccbd P 855c326590ed42159398c2d99b8bbc96: Neither blocks nor log segments found. Creating new log.
I20260608 09:51:41.502883 29647 tablet_bootstrap.cc:492] T 522ca09ec7af4fdcb41a71211b6fdcd8 P d442d0ee68164d04bf7f608769b629b3: No bootstrap required, opened a new log
I20260608 09:51:41.503633 29647 ts_tablet_manager.cc:1403] T 522ca09ec7af4fdcb41a71211b6fdcd8 P d442d0ee68164d04bf7f608769b629b3: Time spent bootstrapping tablet: real 0.035s	user 0.007s	sys 0.010s
