I20260608 09:51:41.505726 29648 tablet_bootstrap.cc:492] T e0627327302b4168846556855a97ccbd P 855c326590ed42159398c2d99b8bbc96: No bootstrap required, opened a new log
I20260608 09:51:41.506237 29648 ts_tablet_manager.cc:1403] T e0627327302b4168846556855a97ccbd P 855c326590ed42159398c2d99b8bbc96: Time spent bootstrapping tablet: real 0.013s	user 0.007s	sys 0.003s
I20260608 09:51:41.507177 29647 raft_consensus.cc:359] T 522ca09ec7af4fdcb41a71211b6fdcd8 P d442d0ee68164d04bf7f608769b629b3 [term 0 FOLLOWER]: Replica starting. Triggering 0 pending ops. Active config: opid_index: -1 OBSOLETE_local: false peers { permanent_uuid: "e1731ccc964c49c0a4758584a8f21210" member_type: VOTER last_known_addr { host: "127.28.28.65" port: 36923 } } peers { permanent_uuid: "d442d0ee68164d04bf7f608769b629b3" member_type: VOTER last_known_addr { host: "127.28.28.66" port: 34993 } } peers { permanent_uuid: "855c326590ed42159398c2d99b8bbc96" member_type: VOTER last_known_addr { host: "127.28.28.67" port: 37639 } }
I20260608 09:51:41.507958 29647 raft_consensus.cc:385] T 522ca09ec7af4fdcb41a71211b6fdcd8 P d442d0ee68164d04bf7f608769b629b3 [term 0 FOLLOWER]: Consensus starting up: Expiring failure detector timer to make a prompt election more likely
I20260608 09:51:41.508275 29647 raft_consensus.cc:740] T 522ca09ec7af4fdcb41a71211b6fdcd8 P d442d0ee68164d04bf7f608769b629b3 [term 0 FOLLOWER]: Becoming Follower/Learner. State: Replica: d442d0ee68164d04bf7f608769b629b3, State: Initialized, Role: FOLLOWER
I20260608 09:51:41.509140 29649 tablet_bootstrap.cc:492] T cc7c98abe93245398e3767c18590aba6 P e1731ccc964c49c0a4758584a8f21210: No bootstrap required, opened a new log
I20260608 09:51:41.509116 29648 raft_consensus.cc:359] T e0627327302b4168846556855a97ccbd P 855c326590ed42159398c2d99b8bbc96 [term 0 FOLLOWER]: Replica starting. Triggering 0 pending ops. Active config: opid_index: -1 OBSOLETE_local: false peers { permanent_uuid: "e1731ccc964c49c0a4758584a8f21210" member_type: VOTER last_known_addr { host: "127.28.28.65" port: 36923 } } peers { permanent_uuid: "d442d0ee68164d04bf7f608769b629b3" member_type: VOTER last_known_addr { host: "127.28.28.66" port: 34993 } } peers { permanent_uuid: "855c326590ed42159398c2d99b8bbc96" member_type: VOTER last_known_addr { host: "127.28.28.67" port: 37639 } }
I20260608 09:51:41.509114 29647 consensus_queue.cc:260] T 522ca09ec7af4fdcb41a71211b6fdcd8 P d442d0ee68164d04bf7f608769b629b3 [NON_LEADER]: Queue going to NON_LEADER mode. State: All replicated index: 0, Majority replicated index: 0, Committed index: 0, Last appended: 0.0, Last appended by leader: 0, Current term: 0, Majority size: -1, State: 0, Mode: NON_LEADER, active raft config: opid_index: -1 OBSOLETE_local: false peers { permanent_uuid: "e1731ccc964c49c0a4758584a8f21210" member_type: VOTER last_known_addr { host: "127.28.28.65" port: 36923 } } peers { permanent_uuid: "d442d0ee68164d04bf7f608769b629b3" member_type: VOTER last_known_addr { host: "127.28.28.66" port: 34993 } } peers { permanent_uuid: "855c326590ed42159398c2d99b8bbc96" member_type: VOTER last_known_addr { host: "127.28.28.67" port: 37639 } }
I20260608 09:51:41.509949 29649 ts_tablet_manager.cc:1403] T cc7c98abe93245398e3767c18590aba6 P e1731ccc964c49c0a4758584a8f21210: Time spent bootstrapping tablet: real 0.030s	user 0.012s	sys 0.016s
I20260608 09:51:41.510088 29648 raft_consensus.cc:385] T e0627327302b4168846556855a97ccbd P 855c326590ed42159398c2d99b8bbc96 [term 0 FOLLOWER]: Consensus starting up: Expiring failure detector timer to make a prompt election more likely
I20260608 09:51:41.510885 29648 raft_consensus.cc:740] T e0627327302b4168846556855a97ccbd P 855c326590ed42159398c2d99b8bbc96 [term 0 FOLLOWER]: Becoming Follower/Learner. State: Replica: 855c326590ed42159398c2d99b8bbc96, State: Initialized, Role: FOLLOWER
I20260608 09:51:41.511828 29647 ts_tablet_manager.cc:1434] T 522ca09ec7af4fdcb41a71211b6fdcd8 P d442d0ee68164d04bf7f608769b629b3: Time spent starting tablet: real 0.008s	user 0.002s	sys 0.006s
I20260608 09:51:41.511694 29648 consensus_queue.cc:260] T e0627327302b4168846556855a97ccbd P 855c326590ed42159398c2d99b8bbc96 [NON_LEADER]: Queue going to NON_LEADER mode. State: All replicated index: 0, Majority replicated index: 0, Committed index: 0, Last appended: 0.0, Last appended by leader: 0, Current term: 0, Majority size: -1, State: 0, Mode: NON_LEADER, active raft config: opid_index: -1 OBSOLETE_local: false peers { permanent_uuid: "e1731ccc964c49c0a4758584a8f21210" member_type: VOTER last_known_addr { host: "127.28.28.65" port: 36923 } } peers { permanent_uuid: "d442d0ee68164d04bf7f608769b629b3" member_type: VOTER last_known_addr { host: "127.28.28.66" port: 34993 } } peers { permanent_uuid: "855c326590ed42159398c2d99b8bbc96" member_type: VOTER last_known_addr { host: "127.28.28.67" port: 37639 } }
I20260608 09:51:41.512846 29647 tablet_bootstrap.cc:492] T 552a135ed95043c8b4ebd8244ea10106 P d442d0ee68164d04bf7f608769b629b3: Bootstrap starting.
I20260608 09:51:41.513092 29649 raft_consensus.cc:359] T cc7c98abe93245398e3767c18590aba6 P e1731ccc964c49c0a4758584a8f21210 [term 0 FOLLOWER]: Replica starting. Triggering 0 pending ops. Active config: opid_index: -1 OBSOLETE_local: false peers { permanent_uuid: "e1731ccc964c49c0a4758584a8f21210" member_type: VOTER last_known_addr { host: "127.28.28.65" port: 36923 } } peers { permanent_uuid: "d442d0ee68164d04bf7f608769b629b3" member_type: VOTER last_known_addr { host: "127.28.28.66" port: 34993 } } peers { permanent_uuid: "855c326590ed42159398c2d99b8bbc96" member_type: VOTER last_known_addr { host: "127.28.28.67" port: 37639 } }
I20260608 09:51:41.513814 29649 raft_consensus.cc:385] T cc7c98abe93245398e3767c18590aba6 P e1731ccc964c49c0a4758584a8f21210 [term 0 FOLLOWER]: Consensus starting up: Expiring failure detector timer to make a prompt election more likely
I20260608 09:51:41.514120 29649 raft_consensus.cc:740] T cc7c98abe93245398e3767c18590aba6 P e1731ccc964c49c0a4758584a8f21210 [term 0 FOLLOWER]: Becoming Follower/Learner. State: Replica: e1731ccc964c49c0a4758584a8f21210, State: Initialized, Role: FOLLOWER
I20260608 09:51:41.514261 29648 ts_tablet_manager.cc:1434] T e0627327302b4168846556855a97ccbd P 855c326590ed42159398c2d99b8bbc96: Time spent starting tablet: real 0.008s	user 0.006s	sys 0.000s
I20260608 09:51:41.515481 29648 tablet_bootstrap.cc:492] T d5688ab31f51443d9f87fd7c0526c4fb P 855c326590ed42159398c2d99b8bbc96: Bootstrap starting.
I20260608 09:51:41.515347 29649 consensus_queue.cc:260] T cc7c98abe93245398e3767c18590aba6 P e1731ccc964c49c0a4758584a8f21210 [NON_LEADER]: Queue going to NON_LEADER mode. State: All replicated index: 0, Majority replicated index: 0, Committed index: 0, Last appended: 0.0, Last appended by leader: 0, Current term: 0, Majority size: -1, State: 0, Mode: NON_LEADER, active raft config: opid_index: -1 OBSOLETE_local: false peers { permanent_uuid: "e1731ccc964c49c0a4758584a8f21210" member_type: VOTER last_known_addr { host: "127.28.28.65" port: 36923 } } peers { permanent_uuid: "d442d0ee68164d04bf7f608769b629b3" member_type: VOTER last_known_addr { host: "127.28.28.66" port: 34993 } } peers { permanent_uuid: "855c326590ed42159398c2d99b8bbc96" member_type: VOTER last_known_addr { host: "127.28.28.67" port: 37639 } }
I20260608 09:51:41.517808 29649 ts_tablet_manager.cc:1434] T cc7c98abe93245398e3767c18590aba6 P e1731ccc964c49c0a4758584a8f21210: Time spent starting tablet: real 0.007s	user 0.002s	sys 0.003s
I20260608 09:51:41.518965 29649 tablet_bootstrap.cc:492] T d5688ab31f51443d9f87fd7c0526c4fb P e1731ccc964c49c0a4758584a8f21210: Bootstrap starting.
I20260608 09:51:41.521214 29647 tablet_bootstrap.cc:654] T 552a135ed95043c8b4ebd8244ea10106 P d442d0ee68164d04bf7f608769b629b3: Neither blocks nor log segments found. Creating new log.
I20260608 09:51:41.522943 29648 tablet_bootstrap.cc:654] T d5688ab31f51443d9f87fd7c0526c4fb P 855c326590ed42159398c2d99b8bbc96: Neither blocks nor log segments found. Creating new log.
I20260608 09:51:41.525805 29649 tablet_bootstrap.cc:654] T d5688ab31f51443d9f87fd7c0526c4fb P e1731ccc964c49c0a4758584a8f21210: Neither blocks nor log segments found. Creating new log.
I20260608 09:51:41.525929 29655 raft_consensus.cc:493] T 522ca09ec7af4fdcb41a71211b6fdcd8 P e1731ccc964c49c0a4758584a8f21210 [term 0 FOLLOWER]: Starting pre-election (no leader contacted us within the election timeout)
I20260608 09:51:41.526485 29655 raft_consensus.cc:515] T 522ca09ec7af4fdcb41a71211b6fdcd8 P e1731ccc964c49c0a4758584a8f21210 [term 0 FOLLOWER]: Starting pre-election with config: opid_index: -1 OBSOLETE_local: false peers { permanent_uuid: "e1731ccc964c49c0a4758584a8f21210" member_type: VOTER last_known_addr { host: "127.28.28.65" port: 36923 } } peers { permanent_uuid: "d442d0ee68164d04bf7f608769b629b3" member_type: VOTER last_known_addr { host: "127.28.28.66" port: 34993 } } peers { permanent_uuid: "855c326590ed42159398c2d99b8bbc96" member_type: VOTER last_known_addr { host: "127.28.28.67" port: 37639 } }
I20260608 09:51:41.538403 29649 tablet_bootstrap.cc:492] T d5688ab31f51443d9f87fd7c0526c4fb P e1731ccc964c49c0a4758584a8f21210: No bootstrap required, opened a new log
I20260608 09:51:41.539072 29649 ts_tablet_manager.cc:1403] T d5688ab31f51443d9f87fd7c0526c4fb P e1731ccc964c49c0a4758584a8f21210: Time spent bootstrapping tablet: real 0.020s	user 0.011s	sys 0.007s
I20260608 09:51:41.542063 29655 leader_election.cc:290] T 522ca09ec7af4fdcb41a71211b6fdcd8 P e1731ccc964c49c0a4758584a8f21210 [CANDIDATE]: Term 1 pre-election: Requested pre-vote from peers d442d0ee68164d04bf7f608769b629b3 (127.28.28.66:34993), 855c326590ed42159398c2d99b8bbc96 (127.28.28.67:37639)
I20260608 09:51:41.542593 29649 raft_consensus.cc:359] T d5688ab31f51443d9f87fd7c0526c4fb P e1731ccc964c49c0a4758584a8f21210 [term 0 FOLLOWER]: Replica starting. Triggering 0 pending ops. Active config: opid_index: -1 OBSOLETE_local: false peers { permanent_uuid: "e1731ccc964c49c0a4758584a8f21210" member_type: VOTER last_known_addr { host: "127.28.28.65" port: 36923 } } peers { permanent_uuid: "d442d0ee68164d04bf7f608769b629b3" member_type: VOTER last_known_addr { host: "127.28.28.66" port: 34993 } } peers { permanent_uuid: "855c326590ed42159398c2d99b8bbc96" member_type: VOTER last_known_addr { host: "127.28.28.67" port: 37639 } }
I20260608 09:51:41.543550 29649 raft_consensus.cc:385] T d5688ab31f51443d9f87fd7c0526c4fb P e1731ccc964c49c0a4758584a8f21210 [term 0 FOLLOWER]: Consensus starting up: Expiring failure detector timer to make a prompt election more likely
I20260608 09:51:41.543922 29649 raft_consensus.cc:740] T d5688ab31f51443d9f87fd7c0526c4fb P e1731ccc964c49c0a4758584a8f21210 [term 0 FOLLOWER]: Becoming Follower/Learner. State: Replica: e1731ccc964c49c0a4758584a8f21210, State: Initialized, Role: FOLLOWER
I20260608 09:51:41.545172 29649 consensus_queue.cc:260] T d5688ab31f51443d9f87fd7c0526c4fb P e1731ccc964c49c0a4758584a8f21210 [NON_LEADER]: Queue going to NON_LEADER mode. State: All replicated index: 0, Majority replicated index: 0, Committed index: 0, Last appended: 0.0, Last appended by leader: 0, Current term: 0, Majority size: -1, State: 0, Mode: NON_LEADER, active raft config: opid_index: -1 OBSOLETE_local: false peers { permanent_uuid: "e1731ccc964c49c0a4758584a8f21210" member_type: VOTER last_known_addr { host: "127.28.28.65" port: 36923 } } peers { permanent_uuid: "d442d0ee68164d04bf7f608769b629b3" member_type: VOTER last_known_addr { host: "127.28.28.66" port: 34993 } } peers { permanent_uuid: "855c326590ed42159398c2d99b8bbc96" member_type: VOTER last_known_addr { host: "127.28.28.67" port: 37639 } }
I20260608 09:51:41.548142 29649 ts_tablet_manager.cc:1434] T d5688ab31f51443d9f87fd7c0526c4fb P e1731ccc964c49c0a4758584a8f21210: Time spent starting tablet: real 0.009s	user 0.008s	sys 0.000s
I20260608 09:51:41.549419 29649 tablet_bootstrap.cc:492] T baedfba55d7a4efd8ffeb1f75a29b862 P e1731ccc964c49c0a4758584a8f21210: Bootstrap starting.
I20260608 09:51:41.555315 29647 tablet_bootstrap.cc:492] T 552a135ed95043c8b4ebd8244ea10106 P d442d0ee68164d04bf7f608769b629b3: No bootstrap required, opened a new log
I20260608 09:51:41.556154 29647 ts_tablet_manager.cc:1403] T 552a135ed95043c8b4ebd8244ea10106 P d442d0ee68164d04bf7f608769b629b3: Time spent bootstrapping tablet: real 0.044s	user 0.011s	sys 0.004s
I20260608 09:51:41.556767 29649 tablet_bootstrap.cc:654] T baedfba55d7a4efd8ffeb1f75a29b862 P e1731ccc964c49c0a4758584a8f21210: Neither blocks nor log segments found. Creating new log.
I20260608 09:51:41.560479 29647 raft_consensus.cc:359] T 552a135ed95043c8b4ebd8244ea10106 P d442d0ee68164d04bf7f608769b629b3 [term 0 FOLLOWER]: Replica starting. Triggering 0 pending ops. Active config: opid_index: -1 OBSOLETE_local: false peers { permanent_uuid: "e1731ccc964c49c0a4758584a8f21210" member_type: VOTER last_known_addr { host: "127.28.28.65" port: 36923 } } peers { permanent_uuid: "d442d0ee68164d04bf7f608769b629b3" member_type: VOTER last_known_addr { host: "127.28.28.66" port: 34993 } } peers { permanent_uuid: "855c326590ed42159398c2d99b8bbc96" member_type: VOTER last_known_addr { host: "127.28.28.67" port: 37639 } }
I20260608 09:51:41.561686 29647 raft_consensus.cc:385] T 552a135ed95043c8b4ebd8244ea10106 P d442d0ee68164d04bf7f608769b629b3 [term 0 FOLLOWER]: Consensus starting up: Expiring failure detector timer to make a prompt election more likely
I20260608 09:51:41.562150 29647 raft_consensus.cc:740] T 552a135ed95043c8b4ebd8244ea10106 P d442d0ee68164d04bf7f608769b629b3 [term 0 FOLLOWER]: Becoming Follower/Learner. State: Replica: d442d0ee68164d04bf7f608769b629b3, State: Initialized, Role: FOLLOWER
I20260608 09:51:41.563320 29647 consensus_queue.cc:260] T 552a135ed95043c8b4ebd8244ea10106 P d442d0ee68164d04bf7f608769b629b3 [NON_LEADER]: Queue going to NON_LEADER mode. State: All replicated index: 0, Majority replicated index: 0, Committed index: 0, Last appended: 0.0, Last appended by leader: 0, Current term: 0, Majority size: -1, State: 0, Mode: NON_LEADER, active raft config: opid_index: -1 OBSOLETE_local: false peers { permanent_uuid: "e1731ccc964c49c0a4758584a8f21210" member_type: VOTER last_known_addr { host: "127.28.28.65" port: 36923 } } peers { permanent_uuid: "d442d0ee68164d04bf7f608769b629b3" member_type: VOTER last_known_addr { host: "127.28.28.66" port: 34993 } } peers { permanent_uuid: "855c326590ed42159398c2d99b8bbc96" member_type: VOTER last_known_addr { host: "127.28.28.67" port: 37639 } }
I20260608 09:51:41.566166 29647 ts_tablet_manager.cc:1434] T 552a135ed95043c8b4ebd8244ea10106 P d442d0ee68164d04bf7f608769b629b3: Time spent starting tablet: real 0.009s	user 0.008s	sys 0.000s
I20260608 09:51:41.567373 29647 tablet_bootstrap.cc:492] T cc7c98abe93245398e3767c18590aba6 P d442d0ee68164d04bf7f608769b629b3: Bootstrap starting.
I20260608 09:51:41.568991 29649 tablet_bootstrap.cc:492] T baedfba55d7a4efd8ffeb1f75a29b862 P e1731ccc964c49c0a4758584a8f21210: No bootstrap required, opened a new log
I20260608 09:51:41.569514 29649 ts_tablet_manager.cc:1403] T baedfba55d7a4efd8ffeb1f75a29b862 P e1731ccc964c49c0a4758584a8f21210: Time spent bootstrapping tablet: real 0.020s	user 0.017s	sys 0.000s
I20260608 09:51:41.572584 29649 raft_consensus.cc:359] T baedfba55d7a4efd8ffeb1f75a29b862 P e1731ccc964c49c0a4758584a8f21210 [term 0 FOLLOWER]: Replica starting. Triggering 0 pending ops. Active config: opid_index: -1 OBSOLETE_local: false peers { permanent_uuid: "e1731ccc964c49c0a4758584a8f21210" member_type: VOTER last_known_addr { host: "127.28.28.65" port: 36923 } } peers { permanent_uuid: "d442d0ee68164d04bf7f608769b629b3" member_type: VOTER last_known_addr { host: "127.28.28.66" port: 34993 } } peers { permanent_uuid: "855c326590ed42159398c2d99b8bbc96" member_type: VOTER last_known_addr { host: "127.28.28.67" port: 37639 } }
I20260608 09:51:41.573347 29649 raft_consensus.cc:385] T baedfba55d7a4efd8ffeb1f75a29b862 P e1731ccc964c49c0a4758584a8f21210 [term 0 FOLLOWER]: Consensus starting up: Expiring failure detector timer to make a prompt election more likely
I20260608 09:51:41.573663 29649 raft_consensus.cc:740] T baedfba55d7a4efd8ffeb1f75a29b862 P e1731ccc964c49c0a4758584a8f21210 [term 0 FOLLOWER]: Becoming Follower/Learner. State: Replica: e1731ccc964c49c0a4758584a8f21210, State: Initialized, Role: FOLLOWER
I20260608 09:51:41.574455 29649 consensus_queue.cc:260] T baedfba55d7a4efd8ffeb1f75a29b862 P e1731ccc964c49c0a4758584a8f21210 [NON_LEADER]: Queue going to NON_LEADER mode. State: All replicated index: 0, Majority replicated index: 0, Committed index: 0, Last appended: 0.0, Last appended by leader: 0, Current term: 0, Majority size: -1, State: 0, Mode: NON_LEADER, active raft config: opid_index: -1 OBSOLETE_local: false peers { permanent_uuid: "e1731ccc964c49c0a4758584a8f21210" member_type: VOTER last_known_addr { host: "127.28.28.65" port: 36923 } } peers { permanent_uuid: "d442d0ee68164d04bf7f608769b629b3" member_type: VOTER last_known_addr { host: "127.28.28.66" port: 34993 } } peers { permanent_uuid: "855c326590ed42159398c2d99b8bbc96" member_type: VOTER last_known_addr { host: "127.28.28.67" port: 37639 } }
I20260608 09:51:41.576372 29647 tablet_bootstrap.cc:654] T cc7c98abe93245398e3767c18590aba6 P d442d0ee68164d04bf7f608769b629b3: Neither blocks nor log segments found. Creating new log.
I20260608 09:51:41.577100 29649 ts_tablet_manager.cc:1434] T baedfba55d7a4efd8ffeb1f75a29b862 P e1731ccc964c49c0a4758584a8f21210: Time spent starting tablet: real 0.007s	user 0.008s	sys 0.000s
I20260608 09:51:41.578199 29649 tablet_bootstrap.cc:492] T eadf097fa8eb49b4be3568735663d3a9 P e1731ccc964c49c0a4758584a8f21210: Bootstrap starting.
I20260608 09:51:41.584445 29649 tablet_bootstrap.cc:654] T eadf097fa8eb49b4be3568735663d3a9 P e1731ccc964c49c0a4758584a8f21210: Neither blocks nor log segments found. Creating new log.
I20260608 09:51:41.591542 29647 tablet_bootstrap.cc:492] T cc7c98abe93245398e3767c18590aba6 P d442d0ee68164d04bf7f608769b629b3: No bootstrap required, opened a new log
I20260608 09:51:41.592263 29647 ts_tablet_manager.cc:1403] T cc7c98abe93245398e3767c18590aba6 P d442d0ee68164d04bf7f608769b629b3: Time spent bootstrapping tablet: real 0.025s	user 0.018s	sys 0.004s
I20260608 09:51:41.596299 29647 raft_consensus.cc:359] T cc7c98abe93245398e3767c18590aba6 P d442d0ee68164d04bf7f608769b629b3 [term 0 FOLLOWER]: Replica starting. Triggering 0 pending ops. Active config: opid_index: -1 OBSOLETE_local: false peers { permanent_uuid: "e1731ccc964c49c0a4758584a8f21210" member_type: VOTER last_known_addr { host: "127.28.28.65" port: 36923 } } peers { permanent_uuid: "d442d0ee68164d04bf7f608769b629b3" member_type: VOTER last_known_addr { host: "127.28.28.66" port: 34993 } } peers { permanent_uuid: "855c326590ed42159398c2d99b8bbc96" member_type: VOTER last_known_addr { host: "127.28.28.67" port: 37639 } }
I20260608 09:51:41.597357 29647 raft_consensus.cc:385] T cc7c98abe93245398e3767c18590aba6 P d442d0ee68164d04bf7f608769b629b3 [term 0 FOLLOWER]: Consensus starting up: Expiring failure detector timer to make a prompt election more likely
I20260608 09:51:41.597746 29647 raft_consensus.cc:740] T cc7c98abe93245398e3767c18590aba6 P d442d0ee68164d04bf7f608769b629b3 [term 0 FOLLOWER]: Becoming Follower/Learner. State: Replica: d442d0ee68164d04bf7f608769b629b3, State: Initialized, Role: FOLLOWER
I20260608 09:51:41.599042 29528 tablet_service.cc:1917] Received RequestConsensusVote() RPC: tablet_id: "522ca09ec7af4fdcb41a71211b6fdcd8" candidate_uuid: "e1731ccc964c49c0a4758584a8f21210" candidate_term: 1 candidate_status { last_received { term: 0 index: 0 } } ignore_live_leader: false dest_uuid: "d442d0ee68164d04bf7f608769b629b3" is_pre_election: true
I20260608 09:51:41.599784 29528 raft_consensus.cc:2468] T 522ca09ec7af4fdcb41a71211b6fdcd8 P d442d0ee68164d04bf7f608769b629b3 [term 0 FOLLOWER]: Leader pre-election vote request: Granting yes vote for candidate e1731ccc964c49c0a4758584a8f21210 in term 0.
I20260608 09:51:41.600212 29647 consensus_queue.cc:260] T cc7c98abe93245398e3767c18590aba6 P d442d0ee68164d04bf7f608769b629b3 [NON_LEADER]: Queue going to NON_LEADER mode. State: All replicated index: 0, Majority replicated index: 0, Committed index: 0, Last appended: 0.0, Last appended by leader: 0, Current term: 0, Majority size: -1, State: 0, Mode: NON_LEADER, active raft config: opid_index: -1 OBSOLETE_local: false peers { permanent_uuid: "e1731ccc964c49c0a4758584a8f21210" member_type: VOTER last_known_addr { host: "127.28.28.65" port: 36923 } } peers { permanent_uuid: "d442d0ee68164d04bf7f608769b629b3" member_type: VOTER last_known_addr { host: "127.28.28.66" port: 34993 } } peers { permanent_uuid: "855c326590ed42159398c2d99b8bbc96" member_type: VOTER last_known_addr { host: "127.28.28.67" port: 37639 } }
I20260608 09:51:41.601603 29649 tablet_bootstrap.cc:492] T eadf097fa8eb49b4be3568735663d3a9 P e1731ccc964c49c0a4758584a8f21210: No bootstrap required, opened a new log
I20260608 09:51:41.601990 29655 raft_consensus.cc:493] T cc7c98abe93245398e3767c18590aba6 P e1731ccc964c49c0a4758584a8f21210 [term 0 FOLLOWER]: Starting pre-election (no leader contacted us within the election timeout)
I20260608 09:51:41.602252 29649 ts_tablet_manager.cc:1403] T eadf097fa8eb49b4be3568735663d3a9 P e1731ccc964c49c0a4758584a8f21210: Time spent bootstrapping tablet: real 0.024s	user 0.012s	sys 0.000s
I20260608 09:51:41.602653 29667 raft_consensus.cc:493] T baedfba55d7a4efd8ffeb1f75a29b862 P e1731ccc964c49c0a4758584a8f21210 [term 0 FOLLOWER]: Starting pre-election (no leader contacted us within the election timeout)
I20260608 09:51:41.602540 29655 raft_consensus.cc:515] T cc7c98abe93245398e3767c18590aba6 P e1731ccc964c49c0a4758584a8f21210 [term 0 FOLLOWER]: Starting pre-election with config: opid_index: -1 OBSOLETE_local: false peers { permanent_uuid: "e1731ccc964c49c0a4758584a8f21210" member_type: VOTER last_known_addr { host: "127.28.28.65" port: 36923 } } peers { permanent_uuid: "d442d0ee68164d04bf7f608769b629b3" member_type: VOTER last_known_addr { host: "127.28.28.66" port: 34993 } } peers { permanent_uuid: "855c326590ed42159398c2d99b8bbc96" member_type: VOTER last_known_addr { host: "127.28.28.67" port: 37639 } }
I20260608 09:51:41.603207 29667 raft_consensus.cc:515] T baedfba55d7a4efd8ffeb1f75a29b862 P e1731ccc964c49c0a4758584a8f21210 [term 0 FOLLOWER]: Starting pre-election with config: opid_index: -1 OBSOLETE_local: false peers { permanent_uuid: "e1731ccc964c49c0a4758584a8f21210" member_type: VOTER last_known_addr { host: "127.28.28.65" port: 36923 } } peers { permanent_uuid: "d442d0ee68164d04bf7f608769b629b3" member_type: VOTER last_known_addr { host: "127.28.28.66" port: 34993 } } peers { permanent_uuid: "855c326590ed42159398c2d99b8bbc96" member_type: VOTER last_known_addr { host: "127.28.28.67" port: 37639 } }
I20260608 09:51:41.604899 29655 leader_election.cc:290] T cc7c98abe93245398e3767c18590aba6 P e1731ccc964c49c0a4758584a8f21210 [CANDIDATE]: Term 1 pre-election: Requested pre-vote from peers d442d0ee68164d04bf7f608769b629b3 (127.28.28.66:34993), 855c326590ed42159398c2d99b8bbc96 (127.28.28.67:37639)
I20260608 09:51:41.605631 29667 leader_election.cc:290] T baedfba55d7a4efd8ffeb1f75a29b862 P e1731ccc964c49c0a4758584a8f21210 [CANDIDATE]: Term 1 pre-election: Requested pre-vote from peers d442d0ee68164d04bf7f608769b629b3 (127.28.28.66:34993), 855c326590ed42159398c2d99b8bbc96 (127.28.28.67:37639)
I20260608 09:51:41.605829 29649 raft_consensus.cc:359] T eadf097fa8eb49b4be3568735663d3a9 P e1731ccc964c49c0a4758584a8f21210 [term 0 FOLLOWER]: Replica starting. Triggering 0 pending ops. Active config: opid_index: -1 OBSOLETE_local: false peers { permanent_uuid: "e1731ccc964c49c0a4758584a8f21210" member_type: VOTER last_known_addr { host: "127.28.28.65" port: 36923 } } peers { permanent_uuid: "d442d0ee68164d04bf7f608769b629b3" member_type: VOTER last_known_addr { host: "127.28.28.66" port: 34993 } } peers { permanent_uuid: "855c326590ed42159398c2d99b8bbc96" member_type: VOTER last_known_addr { host: "127.28.28.67" port: 37639 } }
I20260608 09:51:41.606735 29649 raft_consensus.cc:385] T eadf097fa8eb49b4be3568735663d3a9 P e1731ccc964c49c0a4758584a8f21210 [term 0 FOLLOWER]: Consensus starting up: Expiring failure detector timer to make a prompt election more likely
I20260608 09:51:41.606931 29647 ts_tablet_manager.cc:1434] T cc7c98abe93245398e3767c18590aba6 P d442d0ee68164d04bf7f608769b629b3: Time spent starting tablet: real 0.014s	user 0.010s	sys 0.000s
I20260608 09:51:41.607117 29649 raft_consensus.cc:740] T eadf097fa8eb49b4be3568735663d3a9 P e1731ccc964c49c0a4758584a8f21210 [term 0 FOLLOWER]: Becoming Follower/Learner. State: Replica: e1731ccc964c49c0a4758584a8f21210, State: Initialized, Role: FOLLOWER
I20260608 09:51:41.608491 29647 tablet_bootstrap.cc:492] T b3780d50ff7f4cc09f559b237d2a5f06 P d442d0ee68164d04bf7f608769b629b3: Bootstrap starting.
I20260608 09:51:41.608127 29649 consensus_queue.cc:260] T eadf097fa8eb49b4be3568735663d3a9 P e1731ccc964c49c0a4758584a8f21210 [NON_LEADER]: Queue going to NON_LEADER mode. State: All replicated index: 0, Majority replicated index: 0, Committed index: 0, Last appended: 0.0, Last appended by leader: 0, Current term: 0, Majority size: -1, State: 0, Mode: NON_LEADER, active raft config: opid_index: -1 OBSOLETE_local: false peers { permanent_uuid: "e1731ccc964c49c0a4758584a8f21210" member_type: VOTER last_known_addr { host: "127.28.28.65" port: 36923 } } peers { permanent_uuid: "d442d0ee68164d04bf7f608769b629b3" member_type: VOTER last_known_addr { host: "127.28.28.66" port: 34993 } } peers { permanent_uuid: "855c326590ed42159398c2d99b8bbc96" member_type: VOTER last_known_addr { host: "127.28.28.67" port: 37639 } }
I20260608 09:51:41.610675 29649 ts_tablet_manager.cc:1434] T eadf097fa8eb49b4be3568735663d3a9 P e1731ccc964c49c0a4758584a8f21210: Time spent starting tablet: real 0.008s	user 0.007s	sys 0.000s
I20260608 09:51:41.611689 29649 tablet_bootstrap.cc:492] T e0627327302b4168846556855a97ccbd P e1731ccc964c49c0a4758584a8f21210: Bootstrap starting.
I20260608 09:51:41.617345 29647 tablet_bootstrap.cc:654] T b3780d50ff7f4cc09f559b237d2a5f06 P d442d0ee68164d04bf7f608769b629b3: Neither blocks nor log segments found. Creating new log.
I20260608 09:51:41.618381 29649 tablet_bootstrap.cc:654] T e0627327302b4168846556855a97ccbd P e1731ccc964c49c0a4758584a8f21210: Neither blocks nor log segments found. Creating new log.
I20260608 09:51:41.619495 29528 tablet_service.cc:1917] Received RequestConsensusVote() RPC: tablet_id: "cc7c98abe93245398e3767c18590aba6" candidate_uuid: "e1731ccc964c49c0a4758584a8f21210" candidate_term: 1 candidate_status { last_received { term: 0 index: 0 } } ignore_live_leader: false dest_uuid: "d442d0ee68164d04bf7f608769b629b3" is_pre_election: true
I20260608 09:51:41.620213 29528 raft_consensus.cc:2468] T cc7c98abe93245398e3767c18590aba6 P d442d0ee68164d04bf7f608769b629b3 [term 0 FOLLOWER]: Leader pre-election vote request: Granting yes vote for candidate e1731ccc964c49c0a4758584a8f21210 in term 0.
I20260608 09:51:41.622841 29528 tablet_service.cc:1917] Received RequestConsensusVote() RPC: tablet_id: "baedfba55d7a4efd8ffeb1f75a29b862" candidate_uuid: "e1731ccc964c49c0a4758584a8f21210" candidate_term: 1 candidate_status { last_received { term: 0 index: 0 } } ignore_live_leader: false dest_uuid: "d442d0ee68164d04bf7f608769b629b3" is_pre_election: true
I20260608 09:51:41.631119 29416 leader_election.cc:304] T 522ca09ec7af4fdcb41a71211b6fdcd8 P e1731ccc964c49c0a4758584a8f21210 [CANDIDATE]: Term 1 pre-election: Election decided. Result: candidate won. Election summary: received 2 responses out of 3 voters: 2 yes votes; 0 no votes. yes voters: d442d0ee68164d04bf7f608769b629b3, e1731ccc964c49c0a4758584a8f21210; no voters: 
I20260608 09:51:41.631654 29649 tablet_bootstrap.cc:492] T e0627327302b4168846556855a97ccbd P e1731ccc964c49c0a4758584a8f21210: No bootstrap required, opened a new log
I20260608 09:51:41.632052 29667 raft_consensus.cc:2804] T 522ca09ec7af4fdcb41a71211b6fdcd8 P e1731ccc964c49c0a4758584a8f21210 [term 0 FOLLOWER]: Leader pre-election won for term 1
I20260608 09:51:41.632242 29649 ts_tablet_manager.cc:1403] T e0627327302b4168846556855a97ccbd P e1731ccc964c49c0a4758584a8f21210: Time spent bootstrapping tablet: real 0.021s	user 0.015s	sys 0.004s
I20260608 09:51:41.632511 29647 tablet_bootstrap.cc:492] T b3780d50ff7f4cc09f559b237d2a5f06 P d442d0ee68164d04bf7f608769b629b3: No bootstrap required, opened a new log
I20260608 09:51:41.632511 29667 raft_consensus.cc:493] T 522ca09ec7af4fdcb41a71211b6fdcd8 P e1731ccc964c49c0a4758584a8f21210 [term 0 FOLLOWER]: Starting leader election (no leader contacted us within the election timeout)
I20260608 09:51:41.633144 29667 raft_consensus.cc:3060] T 522ca09ec7af4fdcb41a71211b6fdcd8 P e1731ccc964c49c0a4758584a8f21210 [term 0 FOLLOWER]: Advancing to term 1
I20260608 09:51:41.633277 29647 ts_tablet_manager.cc:1403] T b3780d50ff7f4cc09f559b237d2a5f06 P d442d0ee68164d04bf7f608769b629b3: Time spent bootstrapping tablet: real 0.025s	user 0.018s	sys 0.004s
I20260608 09:51:41.634358 29602 tablet_service.cc:1917] Received RequestConsensusVote() RPC: tablet_id: "522ca09ec7af4fdcb41a71211b6fdcd8" candidate_uuid: "e1731ccc964c49c0a4758584a8f21210" candidate_term: 1 candidate_status { last_received { term: 0 index: 0 } } ignore_live_leader: false dest_uuid: "855c326590ed42159398c2d99b8bbc96" is_pre_election: true
I20260608 09:51:41.636214 29649 raft_consensus.cc:359] T e0627327302b4168846556855a97ccbd P e1731ccc964c49c0a4758584a8f21210 [term 0 FOLLOWER]: Replica starting. Triggering 0 pending ops. Active config: opid_index: -1 OBSOLETE_local: false peers { permanent_uuid: "e1731ccc964c49c0a4758584a8f21210" member_type: VOTER last_known_addr { host: "127.28.28.65" port: 36923 } } peers { permanent_uuid: "d442d0ee68164d04bf7f608769b629b3" member_type: VOTER last_known_addr { host: "127.28.28.66" port: 34993 } } peers { permanent_uuid: "855c326590ed42159398c2d99b8bbc96" member_type: VOTER last_known_addr { host: "127.28.28.67" port: 37639 } }
I20260608 09:51:41.636610 29647 raft_consensus.cc:359] T b3780d50ff7f4cc09f559b237d2a5f06 P d442d0ee68164d04bf7f608769b629b3 [term 0 FOLLOWER]: Replica starting. Triggering 0 pending ops. Active config: opid_index: -1 OBSOLETE_local: false peers { permanent_uuid: "e1731ccc964c49c0a4758584a8f21210" member_type: VOTER last_known_addr { host: "127.28.28.65" port: 36923 } } peers { permanent_uuid: "d442d0ee68164d04bf7f608769b629b3" member_type: VOTER last_known_addr { host: "127.28.28.66" port: 34993 } } peers { permanent_uuid: "855c326590ed42159398c2d99b8bbc96" member_type: VOTER last_known_addr { host: "127.28.28.67" port: 37639 } }
I20260608 09:51:41.637028 29649 raft_consensus.cc:385] T e0627327302b4168846556855a97ccbd P e1731ccc964c49c0a4758584a8f21210 [term 0 FOLLOWER]: Consensus starting up: Expiring failure detector timer to make a prompt election more likely
I20260608 09:51:41.636991 29602 tablet_service.cc:1917] Received RequestConsensusVote() RPC: tablet_id: "cc7c98abe93245398e3767c18590aba6" candidate_uuid: "e1731ccc964c49c0a4758584a8f21210" candidate_term: 1 candidate_status { last_received { term: 0 index: 0 } } ignore_live_leader: false dest_uuid: "855c326590ed42159398c2d99b8bbc96" is_pre_election: true
I20260608 09:51:41.637496 29647 raft_consensus.cc:385] T b3780d50ff7f4cc09f559b237d2a5f06 P d442d0ee68164d04bf7f608769b629b3 [term 0 FOLLOWER]: Consensus starting up: Expiring failure detector timer to make a prompt election more likely
I20260608 09:51:41.637846 29647 raft_consensus.cc:740] T b3780d50ff7f4cc09f559b237d2a5f06 P d442d0ee68164d04bf7f608769b629b3 [term 0 FOLLOWER]: Becoming Follower/Learner. State: Replica: d442d0ee68164d04bf7f608769b629b3, State: Initialized, Role: FOLLOWER
I20260608 09:51:41.638234 29649 raft_consensus.cc:740] T e0627327302b4168846556855a97ccbd P e1731ccc964c49c0a4758584a8f21210 [term 0 FOLLOWER]: Becoming Follower/Learner. State: Replica: e1731ccc964c49c0a4758584a8f21210, State: Initialized, Role: FOLLOWER
I20260608 09:51:41.638734 29647 consensus_queue.cc:260] T b3780d50ff7f4cc09f559b237d2a5f06 P d442d0ee68164d04bf7f608769b629b3 [NON_LEADER]: Queue going to NON_LEADER mode. State: All replicated index: 0, Majority replicated index: 0, Committed index: 0, Last appended: 0.0, Last appended by leader: 0, Current term: 0, Majority size: -1, State: 0, Mode: NON_LEADER, active raft config: opid_index: -1 OBSOLETE_local: false peers { permanent_uuid: "e1731ccc964c49c0a4758584a8f21210" member_type: VOTER last_known_addr { host: "127.28.28.65" port: 36923 } } peers { permanent_uuid: "d442d0ee68164d04bf7f608769b629b3" member_type: VOTER last_known_addr { host: "127.28.28.66" port: 34993 } } peers { permanent_uuid: "855c326590ed42159398c2d99b8bbc96" member_type: VOTER last_known_addr { host: "127.28.28.67" port: 37639 } }
I20260608 09:51:41.639674 29602 tablet_service.cc:1917] Received RequestConsensusVote() RPC: tablet_id: "baedfba55d7a4efd8ffeb1f75a29b862" candidate_uuid: "e1731ccc964c49c0a4758584a8f21210" candidate_term: 1 candidate_status { last_received { term: 0 index: 0 } } ignore_live_leader: false dest_uuid: "855c326590ed42159398c2d99b8bbc96" is_pre_election: true
I20260608 09:51:41.639302 29649 consensus_queue.cc:260] T e0627327302b4168846556855a97ccbd P e1731ccc964c49c0a4758584a8f21210 [NON_LEADER]: Queue going to NON_LEADER mode. State: All replicated index: 0, Majority replicated index: 0, Committed index: 0, Last appended: 0.0, Last appended by leader: 0, Current term: 0, Majority size: -1, State: 0, Mode: NON_LEADER, active raft config: opid_index: -1 OBSOLETE_local: false peers { permanent_uuid: "e1731ccc964c49c0a4758584a8f21210" member_type: VOTER last_known_addr { host: "127.28.28.65" port: 36923 } } peers { permanent_uuid: "d442d0ee68164d04bf7f608769b629b3" member_type: VOTER last_known_addr { host: "127.28.28.66" port: 34993 } } peers { permanent_uuid: "855c326590ed42159398c2d99b8bbc96" member_type: VOTER last_known_addr { host: "127.28.28.67" port: 37639 } }
W20260608 09:51:41.638299 29419 leader_election.cc:343] T 522ca09ec7af4fdcb41a71211b6fdcd8 P e1731ccc964c49c0a4758584a8f21210 [CANDIDATE]: Term 1 pre-election: Tablet error from VoteRequest() call to peer 855c326590ed42159398c2d99b8bbc96 (127.28.28.67:37639): Illegal state: must be running to vote when last-logged opid is not known
I20260608 09:51:41.642303 29649 ts_tablet_manager.cc:1434] T e0627327302b4168846556855a97ccbd P e1731ccc964c49c0a4758584a8f21210: Time spent starting tablet: real 0.009s	user 0.007s	sys 0.000s
I20260608 09:51:41.643839 29654 raft_consensus.cc:493] T b3780d50ff7f4cc09f559b237d2a5f06 P 855c326590ed42159398c2d99b8bbc96 [term 0 FOLLOWER]: Starting pre-election (no leader contacted us within the election timeout)
I20260608 09:51:41.644377 29654 raft_consensus.cc:515] T b3780d50ff7f4cc09f559b237d2a5f06 P 855c326590ed42159398c2d99b8bbc96 [term 0 FOLLOWER]: Starting pre-election with config: opid_index: -1 OBSOLETE_local: false peers { permanent_uuid: "e1731ccc964c49c0a4758584a8f21210" member_type: VOTER last_known_addr { host: "127.28.28.65" port: 36923 } } peers { permanent_uuid: "d442d0ee68164d04bf7f608769b629b3" member_type: VOTER last_known_addr { host: "127.28.28.66" port: 34993 } } peers { permanent_uuid: "855c326590ed42159398c2d99b8bbc96" member_type: VOTER last_known_addr { host: "127.28.28.67" port: 37639 } }
I20260608 09:51:41.645067 29649 tablet_bootstrap.cc:492] T b3780d50ff7f4cc09f559b237d2a5f06 P e1731ccc964c49c0a4758584a8f21210: Bootstrap starting.
I20260608 09:51:41.632202 29416 leader_election.cc:304] T cc7c98abe93245398e3767c18590aba6 P e1731ccc964c49c0a4758584a8f21210 [CANDIDATE]: Term 1 pre-election: Election decided. Result: candidate won. Election summary: received 2 responses out of 3 voters: 2 yes votes; 0 no votes. yes voters: d442d0ee68164d04bf7f608769b629b3, e1731ccc964c49c0a4758584a8f21210; no voters: 
W20260608 09:51:41.646158 29419 leader_election.cc:343] T cc7c98abe93245398e3767c18590aba6 P e1731ccc964c49c0a4758584a8f21210 [CANDIDATE]: Term 1 pre-election: Tablet error from VoteRequest() call to peer 855c326590ed42159398c2d99b8bbc96 (127.28.28.67:37639): Illegal state: must be running to vote when last-logged opid is not known
I20260608 09:51:41.648332 29647 ts_tablet_manager.cc:1434] T b3780d50ff7f4cc09f559b237d2a5f06 P d442d0ee68164d04bf7f608769b629b3: Time spent starting tablet: real 0.015s	user 0.007s	sys 0.000s
W20260608 09:51:41.648715 29419 leader_election.cc:343] T baedfba55d7a4efd8ffeb1f75a29b862 P e1731ccc964c49c0a4758584a8f21210 [CANDIDATE]: Term 1 pre-election: Tablet error from VoteRequest() call to peer 855c326590ed42159398c2d99b8bbc96 (127.28.28.67:37639): Illegal state: must be running to vote when last-logged opid is not known
I20260608 09:51:41.649130 29654 leader_election.cc:290] T b3780d50ff7f4cc09f559b237d2a5f06 P 855c326590ed42159398c2d99b8bbc96 [CANDIDATE]: Term 1 pre-election: Requested pre-vote from peers e1731ccc964c49c0a4758584a8f21210 (127.28.28.65:36923), d442d0ee68164d04bf7f608769b629b3 (127.28.28.66:34993)
I20260608 09:51:41.649458 29647 tablet_bootstrap.cc:492] T baedfba55d7a4efd8ffeb1f75a29b862 P d442d0ee68164d04bf7f608769b629b3: Bootstrap starting.
I20260608 09:51:41.640601 29667 raft_consensus.cc:515] T 522ca09ec7af4fdcb41a71211b6fdcd8 P e1731ccc964c49c0a4758584a8f21210 [term 1 FOLLOWER]: Starting leader election with config: opid_index: -1 OBSOLETE_local: false peers { permanent_uuid: "e1731ccc964c49c0a4758584a8f21210" member_type: VOTER last_known_addr { host: "127.28.28.65" port: 36923 } } peers { permanent_uuid: "d442d0ee68164d04bf7f608769b629b3" member_type: VOTER last_known_addr { host: "127.28.28.66" port: 34993 } } peers { permanent_uuid: "855c326590ed42159398c2d99b8bbc96" member_type: VOTER last_known_addr { host: "127.28.28.67" port: 37639 } }
I20260608 09:51:41.650945 29655 raft_consensus.cc:2804] T cc7c98abe93245398e3767c18590aba6 P e1731ccc964c49c0a4758584a8f21210 [term 0 FOLLOWER]: Leader pre-election won for term 1
I20260608 09:51:41.653774 29649 tablet_bootstrap.cc:654] T b3780d50ff7f4cc09f559b237d2a5f06 P e1731ccc964c49c0a4758584a8f21210: Neither blocks nor log segments found. Creating new log.
I20260608 09:51:41.655897 29655 raft_consensus.cc:493] T cc7c98abe93245398e3767c18590aba6 P e1731ccc964c49c0a4758584a8f21210 [term 0 FOLLOWER]: Starting leader election (no leader contacted us within the election timeout)
I20260608 09:51:41.656379 29655 raft_consensus.cc:3060] T cc7c98abe93245398e3767c18590aba6 P e1731ccc964c49c0a4758584a8f21210 [term 0 FOLLOWER]: Advancing to term 1
W20260608 09:51:41.654887 29416 leader_election.cc:343] T baedfba55d7a4efd8ffeb1f75a29b862 P e1731ccc964c49c0a4758584a8f21210 [CANDIDATE]: Term 1 pre-election: Tablet error from VoteRequest() call to peer d442d0ee68164d04bf7f608769b629b3 (127.28.28.66:34993): Illegal state: must be running to vote when last-logged opid is not known
I20260608 09:51:41.658474 29416 leader_election.cc:304] T baedfba55d7a4efd8ffeb1f75a29b862 P e1731ccc964c49c0a4758584a8f21210 [CANDIDATE]: Term 1 pre-election: Election decided. Result: candidate lost. Election summary: received 3 responses out of 3 voters: 1 yes votes; 2 no votes. yes voters: e1731ccc964c49c0a4758584a8f21210; no voters: 855c326590ed42159398c2d99b8bbc96, d442d0ee68164d04bf7f608769b629b3
I20260608 09:51:41.664397 29667 leader_election.cc:290] T 522ca09ec7af4fdcb41a71211b6fdcd8 P e1731ccc964c49c0a4758584a8f21210 [CANDIDATE]: Term 1 election: Requested vote from peers d442d0ee68164d04bf7f608769b629b3 (127.28.28.66:34993), 855c326590ed42159398c2d99b8bbc96 (127.28.28.67:37639)
I20260608 09:51:41.665704 29667 raft_consensus.cc:2749] T baedfba55d7a4efd8ffeb1f75a29b862 P e1731ccc964c49c0a4758584a8f21210 [term 0 FOLLOWER]: Leader pre-election lost for term 1. Reason: could not achieve majority
I20260608 09:51:41.670045 29602 tablet_service.cc:1917] Received RequestConsensusVote() RPC: tablet_id: "522ca09ec7af4fdcb41a71211b6fdcd8" candidate_uuid: "e1731ccc964c49c0a4758584a8f21210" candidate_term: 1 candidate_status { last_received { term: 0 index: 0 } } ignore_live_leader: false dest_uuid: "855c326590ed42159398c2d99b8bbc96"
I20260608 09:51:41.670730 29647 tablet_bootstrap.cc:654] T baedfba55d7a4efd8ffeb1f75a29b862 P d442d0ee68164d04bf7f608769b629b3: Neither blocks nor log segments found. Creating new log.
I20260608 09:51:41.670979 29655 raft_consensus.cc:515] T cc7c98abe93245398e3767c18590aba6 P e1731ccc964c49c0a4758584a8f21210 [term 1 FOLLOWER]: Starting leader election with config: opid_index: -1 OBSOLETE_local: false peers { permanent_uuid: "e1731ccc964c49c0a4758584a8f21210" member_type: VOTER last_known_addr { host: "127.28.28.65" port: 36923 } } peers { permanent_uuid: "d442d0ee68164d04bf7f608769b629b3" member_type: VOTER last_known_addr { host: "127.28.28.66" port: 34993 } } peers { permanent_uuid: "855c326590ed42159398c2d99b8bbc96" member_type: VOTER last_known_addr { host: "127.28.28.67" port: 37639 } }
W20260608 09:51:41.671698 29419 leader_election.cc:343] T 522ca09ec7af4fdcb41a71211b6fdcd8 P e1731ccc964c49c0a4758584a8f21210 [CANDIDATE]: Term 1 election: Tablet error from VoteRequest() call to peer 855c326590ed42159398c2d99b8bbc96 (127.28.28.67:37639): Illegal state: must be running to vote when last-logged opid is not known
I20260608 09:51:41.675401 29602 tablet_service.cc:1917] Received RequestConsensusVote() RPC: tablet_id: "cc7c98abe93245398e3767c18590aba6" candidate_uuid: "e1731ccc964c49c0a4758584a8f21210" candidate_term: 1 candidate_status { last_received { term: 0 index: 0 } } ignore_live_leader: false dest_uuid: "855c326590ed42159398c2d99b8bbc96"
I20260608 09:51:41.675854 29649 tablet_bootstrap.cc:492] T b3780d50ff7f4cc09f559b237d2a5f06 P e1731ccc964c49c0a4758584a8f21210: No bootstrap required, opened a new log
I20260608 09:51:41.676386 29649 ts_tablet_manager.cc:1403] T b3780d50ff7f4cc09f559b237d2a5f06 P e1731ccc964c49c0a4758584a8f21210: Time spent bootstrapping tablet: real 0.032s	user 0.013s	sys 0.002s
W20260608 09:51:41.676884 29419 leader_election.cc:343] T cc7c98abe93245398e3767c18590aba6 P e1731ccc964c49c0a4758584a8f21210 [CANDIDATE]: Term 1 election: Tablet error from VoteRequest() call to peer 855c326590ed42159398c2d99b8bbc96 (127.28.28.67:37639): Illegal state: must be running to vote when last-logged opid is not known
I20260608 09:51:41.679819 29655 leader_election.cc:290] T cc7c98abe93245398e3767c18590aba6 P e1731ccc964c49c0a4758584a8f21210 [CANDIDATE]: Term 1 election: Requested vote from peers d442d0ee68164d04bf7f608769b629b3 (127.28.28.66:34993), 855c326590ed42159398c2d99b8bbc96 (127.28.28.67:37639)
I20260608 09:51:41.682096 29649 raft_consensus.cc:359] T b3780d50ff7f4cc09f559b237d2a5f06 P e1731ccc964c49c0a4758584a8f21210 [term 0 FOLLOWER]: Replica starting. Triggering 0 pending ops. Active config: opid_index: -1 OBSOLETE_local: false peers { permanent_uuid: "e1731ccc964c49c0a4758584a8f21210" member_type: VOTER last_known_addr { host: "127.28.28.65" port: 36923 } } peers { permanent_uuid: "d442d0ee68164d04bf7f608769b629b3" member_type: VOTER last_known_addr { host: "127.28.28.66" port: 34993 } } peers { permanent_uuid: "855c326590ed42159398c2d99b8bbc96" member_type: VOTER last_known_addr { host: "127.28.28.67" port: 37639 } }
I20260608 09:51:41.683241 29649 raft_consensus.cc:385] T b3780d50ff7f4cc09f559b237d2a5f06 P e1731ccc964c49c0a4758584a8f21210 [term 0 FOLLOWER]: Consensus starting up: Expiring failure detector timer to make a prompt election more likely
I20260608 09:51:41.683789 29649 raft_consensus.cc:740] T b3780d50ff7f4cc09f559b237d2a5f06 P e1731ccc964c49c0a4758584a8f21210 [term 0 FOLLOWER]: Becoming Follower/Learner. State: Replica: e1731ccc964c49c0a4758584a8f21210, State: Initialized, Role: FOLLOWER
I20260608 09:51:41.684405 29648 tablet_bootstrap.cc:492] T d5688ab31f51443d9f87fd7c0526c4fb P 855c326590ed42159398c2d99b8bbc96: No bootstrap required, opened a new log
I20260608 09:51:41.685081 29648 ts_tablet_manager.cc:1403] T d5688ab31f51443d9f87fd7c0526c4fb P 855c326590ed42159398c2d99b8bbc96: Time spent bootstrapping tablet: real 0.170s	user 0.023s	sys 0.084s
I20260608 09:51:41.685158 29649 consensus_queue.cc:260] T b3780d50ff7f4cc09f559b237d2a5f06 P e1731ccc964c49c0a4758584a8f21210 [NON_LEADER]: Queue going to NON_LEADER mode. State: All replicated index: 0, Majority replicated index: 0, Committed index: 0, Last appended: 0.0, Last appended by leader: 0, Current term: 0, Majority size: -1, State: 0, Mode: NON_LEADER, active raft config: opid_index: -1 OBSOLETE_local: false peers { permanent_uuid: "e1731ccc964c49c0a4758584a8f21210" member_type: VOTER last_known_addr { host: "127.28.28.65" port: 36923 } } peers { permanent_uuid: "d442d0ee68164d04bf7f608769b629b3" member_type: VOTER last_known_addr { host: "127.28.28.66" port: 34993 } } peers { permanent_uuid: "855c326590ed42159398c2d99b8bbc96" member_type: VOTER last_known_addr { host: "127.28.28.67" port: 37639 } }
I20260608 09:51:41.688808 29649 ts_tablet_manager.cc:1434] T b3780d50ff7f4cc09f559b237d2a5f06 P e1731ccc964c49c0a4758584a8f21210: Time spent starting tablet: real 0.012s	user 0.005s	sys 0.004s
I20260608 09:51:41.689337 29648 raft_consensus.cc:359] T d5688ab31f51443d9f87fd7c0526c4fb P 855c326590ed42159398c2d99b8bbc96 [term 0 FOLLOWER]: Replica starting. Triggering 0 pending ops. Active config: opid_index: -1 OBSOLETE_local: false peers { permanent_uuid: "e1731ccc964c49c0a4758584a8f21210" member_type: VOTER last_known_addr { host: "127.28.28.65" port: 36923 } } peers { permanent_uuid: "d442d0ee68164d04bf7f608769b629b3" member_type: VOTER last_known_addr { host: "127.28.28.66" port: 34993 } } peers { permanent_uuid: "855c326590ed42159398c2d99b8bbc96" member_type: VOTER last_known_addr { host: "127.28.28.67" port: 37639 } }
I20260608 09:51:41.690392 29649 tablet_bootstrap.cc:492] T 552a135ed95043c8b4ebd8244ea10106 P e1731ccc964c49c0a4758584a8f21210: Bootstrap starting.
I20260608 09:51:41.691056 29648 raft_consensus.cc:385] T d5688ab31f51443d9f87fd7c0526c4fb P 855c326590ed42159398c2d99b8bbc96 [term 0 FOLLOWER]: Consensus starting up: Expiring failure detector timer to make a prompt election more likely
I20260608 09:51:41.691563 29648 raft_consensus.cc:740] T d5688ab31f51443d9f87fd7c0526c4fb P 855c326590ed42159398c2d99b8bbc96 [term 0 FOLLOWER]: Becoming Follower/Learner. State: Replica: 855c326590ed42159398c2d99b8bbc96, State: Initialized, Role: FOLLOWER
I20260608 09:51:41.692641 29648 consensus_queue.cc:260] T d5688ab31f51443d9f87fd7c0526c4fb P 855c326590ed42159398c2d99b8bbc96 [NON_LEADER]: Queue going to NON_LEADER mode. State: All replicated index: 0, Majority replicated index: 0, Committed index: 0, Last appended: 0.0, Last appended by leader: 0, Current term: 0, Majority size: -1, State: 0, Mode: NON_LEADER, active raft config: opid_index: -1 OBSOLETE_local: false peers { permanent_uuid: "e1731ccc964c49c0a4758584a8f21210" member_type: VOTER last_known_addr { host: "127.28.28.65" port: 36923 } } peers { permanent_uuid: "d442d0ee68164d04bf7f608769b629b3" member_type: VOTER last_known_addr { host: "127.28.28.66" port: 34993 } } peers { permanent_uuid: "855c326590ed42159398c2d99b8bbc96" member_type: VOTER last_known_addr { host: "127.28.28.67" port: 37639 } }
I20260608 09:51:41.699111 29648 ts_tablet_manager.cc:1434] T d5688ab31f51443d9f87fd7c0526c4fb P 855c326590ed42159398c2d99b8bbc96: Time spent starting tablet: real 0.014s	user 0.010s	sys 0.002s
I20260608 09:51:41.699306 29649 tablet_bootstrap.cc:654] T 552a135ed95043c8b4ebd8244ea10106 P e1731ccc964c49c0a4758584a8f21210: Neither blocks nor log segments found. Creating new log.
I20260608 09:51:41.700135 29648 tablet_bootstrap.cc:492] T 522ca09ec7af4fdcb41a71211b6fdcd8 P 855c326590ed42159398c2d99b8bbc96: Bootstrap starting.
I20260608 09:51:41.700089 29647 tablet_bootstrap.cc:492] T baedfba55d7a4efd8ffeb1f75a29b862 P d442d0ee68164d04bf7f608769b629b3: No bootstrap required, opened a new log
W20260608 09:51:41.705183 29416 outbound_call.cc:321] RPC callback for RPC call kudu.consensus.ConsensusService.RequestConsensusVote -> {remote=127.28.28.66:34993, user_credentials={real_user=slave}} blocked reactor thread for 50302.7us
I20260608 09:51:41.707489 29528 tablet_service.cc:1917] Received RequestConsensusVote() RPC: tablet_id: "522ca09ec7af4fdcb41a71211b6fdcd8" candidate_uuid: "e1731ccc964c49c0a4758584a8f21210" candidate_term: 1 candidate_status { last_received { term: 0 index: 0 } } ignore_live_leader: false dest_uuid: "d442d0ee68164d04bf7f608769b629b3"
I20260608 09:51:41.708156 29528 raft_consensus.cc:3060] T 522ca09ec7af4fdcb41a71211b6fdcd8 P d442d0ee68164d04bf7f608769b629b3 [term 0 FOLLOWER]: Advancing to term 1
I20260608 09:51:41.710415 29648 tablet_bootstrap.cc:654] T 522ca09ec7af4fdcb41a71211b6fdcd8 P 855c326590ed42159398c2d99b8bbc96: Neither blocks nor log segments found. Creating new log.
I20260608 09:51:41.716320 29527 tablet_service.cc:1917] Received RequestConsensusVote() RPC: tablet_id: "cc7c98abe93245398e3767c18590aba6" candidate_uuid: "e1731ccc964c49c0a4758584a8f21210" candidate_term: 1 candidate_status { last_received { term: 0 index: 0 } } ignore_live_leader: false dest_uuid: "d442d0ee68164d04bf7f608769b629b3"
I20260608 09:51:41.717298 29527 raft_consensus.cc:3060] T cc7c98abe93245398e3767c18590aba6 P d442d0ee68164d04bf7f608769b629b3 [term 0 FOLLOWER]: Advancing to term 1
I20260608 09:51:41.705183 29647 ts_tablet_manager.cc:1403] T baedfba55d7a4efd8ffeb1f75a29b862 P d442d0ee68164d04bf7f608769b629b3: Time spent bootstrapping tablet: real 0.056s	user 0.018s	sys 0.015s
I20260608 09:51:41.724043 29528 raft_consensus.cc:2468] T 522ca09ec7af4fdcb41a71211b6fdcd8 P d442d0ee68164d04bf7f608769b629b3 [term 1 FOLLOWER]: Leader election vote request: Granting yes vote for candidate e1731ccc964c49c0a4758584a8f21210 in term 1.
