I20260608 09:51:52.588399 17157 consensus_queue.cc:237] T 00000000000000000000000000000000 P 5030d5eb81974bc2b2ba68f642cee71c [LEADER]: Queue going to LEADER mode. State: All replicated index: 0, Majority replicated index: 0, Committed index: 0, Last appended: 0.0, Last appended by leader: 0, Current term: 1, Majority size: 2, State: 0, Mode: LEADER, active raft config: opid_index: -1 OBSOLETE_local: false peers { permanent_uuid: "5030d5eb81974bc2b2ba68f642cee71c" member_type: VOTER last_known_addr { host: "127.15.103.190" port: 37485 } } peers { permanent_uuid: "b8a4641ef92b445aaa04d9a58a49fba4" member_type: VOTER last_known_addr { host: "127.15.103.189" port: 45883 } } peers { permanent_uuid: "9928adf40cb64f4f8b00a1bbdb5151ec" member_type: VOTER last_known_addr { host: "127.15.103.188" port: 43663 } }
I20260608 09:51:52.589826 15774 webserver.cc:533] Webserver started at http://127.15.103.130:40295/ using document root <none> and password file <none>
I20260608 09:51:52.590372 15774 fs_manager.cc:362] Metadata directory not provided
I20260608 09:51:52.590569 15774 fs_manager.cc:368] Using write-ahead log directory (fs_wal_dir) as metadata directory
I20260608 09:51:52.590857 15774 server_base.cc:909] This appears to be a new deployment of Kudu; creating new FS layout
I20260608 09:51:52.592097 15774 fs_manager.cc:1068] Generated new instance metadata in path /tmp/dist-test-task6lX00o/test-tmp/auto_rebalancer-test.0.AutoRebalancerTest.NextLeaderResumesAutoRebalancing.1780912293612083-15774-0/minicluster-data/ts-1-root/instance:
uuid: "8a1af1bc8d0a46808a33d53531e15990"
format_stamp: "Formatted at 2026-06-08 09:51:52 on dist-test-slave-25hs"
I20260608 09:51:52.592667 17041 sys_catalog.cc:455] T 00000000000000000000000000000000 P 5030d5eb81974bc2b2ba68f642cee71c [sys.catalog]: SysCatalogTable state changed. Reason: New leader 5030d5eb81974bc2b2ba68f642cee71c. Latest consensus state: current_term: 1 leader_uuid: "5030d5eb81974bc2b2ba68f642cee71c" committed_config { opid_index: -1 OBSOLETE_local: false peers { permanent_uuid: "5030d5eb81974bc2b2ba68f642cee71c" member_type: VOTER last_known_addr { host: "127.15.103.190" port: 37485 } } peers { permanent_uuid: "b8a4641ef92b445aaa04d9a58a49fba4" member_type: VOTER last_known_addr { host: "127.15.103.189" port: 45883 } } peers { permanent_uuid: "9928adf40cb64f4f8b00a1bbdb5151ec" member_type: VOTER last_known_addr { host: "127.15.103.188" port: 43663 } } }
I20260608 09:51:52.593366 17041 sys_catalog.cc:458] T 00000000000000000000000000000000 P 5030d5eb81974bc2b2ba68f642cee71c [sys.catalog]: This master's current role is: LEADER
I20260608 09:51:52.597064 17165 catalog_manager.cc:1510] Loading table and tablet metadata into memory...
I20260608 09:51:52.597445 15774 fs_manager.cc:696] Time spent creating directory manager: real 0.005s	user 0.004s	sys 0.000s
I20260608 09:51:52.601727 17167 log_block_manager.cc:4031] Time spent loading block containers with low live blocks: real 0.000s	user 0.000s	sys 0.000s
I20260608 09:51:52.602699 15774 fs_manager.cc:730] Time spent opening block manager: real 0.003s	user 0.000s	sys 0.004s
I20260608 09:51:52.603014 15774 fs_manager.cc:647] Opened local filesystem: /tmp/dist-test-task6lX00o/test-tmp/auto_rebalancer-test.0.AutoRebalancerTest.NextLeaderResumesAutoRebalancing.1780912293612083-15774-0/minicluster-data/ts-1-root
uuid: "8a1af1bc8d0a46808a33d53531e15990"
format_stamp: "Formatted at 2026-06-08 09:51:52 on dist-test-slave-25hs"
I20260608 09:51:52.603317 15774 fs_report.cc:389] FS layout report
--------------------
wal directory: /tmp/dist-test-task6lX00o/test-tmp/auto_rebalancer-test.0.AutoRebalancerTest.NextLeaderResumesAutoRebalancing.1780912293612083-15774-0/minicluster-data/ts-1-root
metadata directory: /tmp/dist-test-task6lX00o/test-tmp/auto_rebalancer-test.0.AutoRebalancerTest.NextLeaderResumesAutoRebalancing.1780912293612083-15774-0/minicluster-data/ts-1-root
1 data directories: /tmp/dist-test-task6lX00o/test-tmp/auto_rebalancer-test.0.AutoRebalancerTest.NextLeaderResumesAutoRebalancing.1780912293612083-15774-0/minicluster-data/ts-1-root/data
Total live blocks: 0
Total live bytes: 0
Total live bytes (after alignment): 0
Total number of LBM containers: 0 (0 full)
Did not check for missing blocks
Did not check for orphaned blocks
Total full LBM containers with extra space: 0 (0 repaired)
Total full LBM container extra space in bytes: 0 (0 repaired)
Total incomplete LBM containers: 0 (0 repaired)
Total LBM partial records: 0 (0 repaired)
Total corrupted LBM metadata records in RocksDB: 0 (0 repaired)
I20260608 09:51:52.603717 17165 catalog_manager.cc:1519] Initializing Kudu cluster ID...
I20260608 09:51:52.613130 17009 raft_consensus.cc:1275] T 00000000000000000000000000000000 P 9928adf40cb64f4f8b00a1bbdb5151ec [term 1 FOLLOWER]: Refusing update from remote peer 5030d5eb81974bc2b2ba68f642cee71c: Log matching property violated. Preceding OpId in replica: term: 0 index: 0. Preceding OpId from leader: term: 1 index: 2. (index mismatch)
I20260608 09:51:52.613178 16943 raft_consensus.cc:1275] T 00000000000000000000000000000000 P b8a4641ef92b445aaa04d9a58a49fba4 [term 1 FOLLOWER]: Refusing update from remote peer 5030d5eb81974bc2b2ba68f642cee71c: Log matching property violated. Preceding OpId in replica: term: 0 index: 0. Preceding OpId from leader: term: 1 index: 2. (index mismatch)
I20260608 09:51:52.614636 17157 consensus_queue.cc:1048] T 00000000000000000000000000000000 P 5030d5eb81974bc2b2ba68f642cee71c [LEADER]: Connected to new peer: Peer: permanent_uuid: "9928adf40cb64f4f8b00a1bbdb5151ec" member_type: VOTER last_known_addr { host: "127.15.103.188" port: 43663 }, Status: LMP_MISMATCH, Last received: 0.0, Next index: 1, Last known committed idx: 0, Time since last communication: 0.000s
I20260608 09:51:52.615207 17041 consensus_queue.cc:1048] T 00000000000000000000000000000000 P 5030d5eb81974bc2b2ba68f642cee71c [LEADER]: Connected to new peer: Peer: permanent_uuid: "b8a4641ef92b445aaa04d9a58a49fba4" member_type: VOTER last_known_addr { host: "127.15.103.189" port: 45883 }, Status: LMP_MISMATCH, Last received: 0.0, Next index: 1, Last known committed idx: 0, Time since last communication: 0.000s
I20260608 09:51:52.619630 15774 rpc_server.cc:225] running with OpenSSL 1.1.1  11 Sep 2018
I20260608 09:51:52.622530 15774 kserver.cc:163] Server-wide thread pool size limit: 3276
I20260608 09:51:52.626075 17055 sys_catalog.cc:455] T 00000000000000000000000000000000 P b8a4641ef92b445aaa04d9a58a49fba4 [sys.catalog]: SysCatalogTable state changed. Reason: New leader 5030d5eb81974bc2b2ba68f642cee71c. Latest consensus state: current_term: 1 leader_uuid: "5030d5eb81974bc2b2ba68f642cee71c" committed_config { opid_index: -1 OBSOLETE_local: false peers { permanent_uuid: "5030d5eb81974bc2b2ba68f642cee71c" member_type: VOTER last_known_addr { host: "127.15.103.190" port: 37485 } } peers { permanent_uuid: "b8a4641ef92b445aaa04d9a58a49fba4" member_type: VOTER last_known_addr { host: "127.15.103.189" port: 45883 } } peers { permanent_uuid: "9928adf40cb64f4f8b00a1bbdb5151ec" member_type: VOTER last_known_addr { host: "127.15.103.188" port: 43663 } } }
I20260608 09:51:52.627064 17055 sys_catalog.cc:458] T 00000000000000000000000000000000 P b8a4641ef92b445aaa04d9a58a49fba4 [sys.catalog]: This master's current role is: FOLLOWER
I20260608 09:51:52.636478 17045 sys_catalog.cc:455] T 00000000000000000000000000000000 P 9928adf40cb64f4f8b00a1bbdb5151ec [sys.catalog]: SysCatalogTable state changed. Reason: New leader 5030d5eb81974bc2b2ba68f642cee71c. Latest consensus state: current_term: 1 leader_uuid: "5030d5eb81974bc2b2ba68f642cee71c" committed_config { opid_index: -1 OBSOLETE_local: false peers { permanent_uuid: "5030d5eb81974bc2b2ba68f642cee71c" member_type: VOTER last_known_addr { host: "127.15.103.190" port: 37485 } } peers { permanent_uuid: "b8a4641ef92b445aaa04d9a58a49fba4" member_type: VOTER last_known_addr { host: "127.15.103.189" port: 45883 } } peers { permanent_uuid: "9928adf40cb64f4f8b00a1bbdb5151ec" member_type: VOTER last_known_addr { host: "127.15.103.188" port: 43663 } } }
I20260608 09:51:52.637434 17045 sys_catalog.cc:458] T 00000000000000000000000000000000 P 9928adf40cb64f4f8b00a1bbdb5151ec [sys.catalog]: This master's current role is: FOLLOWER
I20260608 09:51:52.638501 15774 txn_system_client.cc:432] TxnSystemClient initialization is disabled...
I20260608 09:51:52.640861 17055 sys_catalog.cc:455] T 00000000000000000000000000000000 P b8a4641ef92b445aaa04d9a58a49fba4 [sys.catalog]: SysCatalogTable state changed. Reason: Replicated consensus-only round. Latest consensus state: current_term: 1 leader_uuid: "5030d5eb81974bc2b2ba68f642cee71c" committed_config { opid_index: -1 OBSOLETE_local: false peers { permanent_uuid: "5030d5eb81974bc2b2ba68f642cee71c" member_type: VOTER last_known_addr { host: "127.15.103.190" port: 37485 } } peers { permanent_uuid: "b8a4641ef92b445aaa04d9a58a49fba4" member_type: VOTER last_known_addr { host: "127.15.103.189" port: 45883 } } peers { permanent_uuid: "9928adf40cb64f4f8b00a1bbdb5151ec" member_type: VOTER last_known_addr { host: "127.15.103.188" port: 43663 } } }
I20260608 09:51:52.641462 17055 sys_catalog.cc:458] T 00000000000000000000000000000000 P b8a4641ef92b445aaa04d9a58a49fba4 [sys.catalog]: This master's current role is: FOLLOWER
I20260608 09:51:52.645145 15774 ts_tablet_manager.cc:585] Loaded tablet metadata (0 total tablets, 0 live tablets)
I20260608 09:51:52.645437 15774 ts_tablet_manager.cc:531] Time spent load tablet metadata: real 0.000s	user 0.000s	sys 0.000s
I20260608 09:51:52.645744 15774 ts_tablet_manager.cc:616] Registered 0 tablets
I20260608 09:51:52.645949 15774 ts_tablet_manager.cc:595] Time spent register tablets: real 0.000s	user 0.000s	sys 0.000s
I20260608 09:51:52.646298 17045 sys_catalog.cc:455] T 00000000000000000000000000000000 P 9928adf40cb64f4f8b00a1bbdb5151ec [sys.catalog]: SysCatalogTable state changed. Reason: Replicated consensus-only round. Latest consensus state: current_term: 1 leader_uuid: "5030d5eb81974bc2b2ba68f642cee71c" committed_config { opid_index: -1 OBSOLETE_local: false peers { permanent_uuid: "5030d5eb81974bc2b2ba68f642cee71c" member_type: VOTER last_known_addr { host: "127.15.103.190" port: 37485 } } peers { permanent_uuid: "b8a4641ef92b445aaa04d9a58a49fba4" member_type: VOTER last_known_addr { host: "127.15.103.189" port: 45883 } } peers { permanent_uuid: "9928adf40cb64f4f8b00a1bbdb5151ec" member_type: VOTER last_known_addr { host: "127.15.103.188" port: 43663 } } }
I20260608 09:51:52.647259 17045 sys_catalog.cc:458] T 00000000000000000000000000000000 P 9928adf40cb64f4f8b00a1bbdb5151ec [sys.catalog]: This master's current role is: FOLLOWER
I20260608 09:51:52.648066 17165 catalog_manager.cc:1382] Generated new cluster ID: e9f1b62738fb4ef2bcaff3f9b6218394
I20260608 09:51:52.648440 17165 catalog_manager.cc:1530] Initializing Kudu internal certificate authority...
I20260608 09:51:52.649137 17041 sys_catalog.cc:455] T 00000000000000000000000000000000 P 5030d5eb81974bc2b2ba68f642cee71c [sys.catalog]: SysCatalogTable state changed. Reason: Peer health change. Latest consensus state: current_term: 1 leader_uuid: "5030d5eb81974bc2b2ba68f642cee71c" committed_config { opid_index: -1 OBSOLETE_local: false peers { permanent_uuid: "5030d5eb81974bc2b2ba68f642cee71c" member_type: VOTER last_known_addr { host: "127.15.103.190" port: 37485 } } peers { permanent_uuid: "b8a4641ef92b445aaa04d9a58a49fba4" member_type: VOTER last_known_addr { host: "127.15.103.189" port: 45883 } } peers { permanent_uuid: "9928adf40cb64f4f8b00a1bbdb5151ec" member_type: VOTER last_known_addr { host: "127.15.103.188" port: 43663 } } }
I20260608 09:51:52.649740 17041 sys_catalog.cc:458] T 00000000000000000000000000000000 P 5030d5eb81974bc2b2ba68f642cee71c [sys.catalog]: This master's current role is: LEADER
I20260608 09:51:52.651057 17157 sys_catalog.cc:455] T 00000000000000000000000000000000 P 5030d5eb81974bc2b2ba68f642cee71c [sys.catalog]: SysCatalogTable state changed. Reason: Peer health change. Latest consensus state: current_term: 1 leader_uuid: "5030d5eb81974bc2b2ba68f642cee71c" committed_config { opid_index: -1 OBSOLETE_local: false peers { permanent_uuid: "5030d5eb81974bc2b2ba68f642cee71c" member_type: VOTER last_known_addr { host: "127.15.103.190" port: 37485 } } peers { permanent_uuid: "b8a4641ef92b445aaa04d9a58a49fba4" member_type: VOTER last_known_addr { host: "127.15.103.189" port: 45883 } } peers { permanent_uuid: "9928adf40cb64f4f8b00a1bbdb5151ec" member_type: VOTER last_known_addr { host: "127.15.103.188" port: 43663 } } }
I20260608 09:51:52.651907 17157 sys_catalog.cc:458] T 00000000000000000000000000000000 P 5030d5eb81974bc2b2ba68f642cee71c [sys.catalog]: This master's current role is: LEADER
I20260608 09:51:52.679941 17165 catalog_manager.cc:1405] Generated new certificate authority record
I20260608 09:51:52.681958 17165 catalog_manager.cc:1539] Loading token signing keys...
I20260608 09:51:52.706358 15774 rpc_server.cc:307] RPC server started. Bound to: 127.15.103.130:40381
I20260608 09:51:52.706509 17238 acceptor_pool.cc:272] collecting diagnostics on the listening RPC socket 127.15.103.130:40381 every 8 connection(s)
I20260608 09:51:52.712196 17165 catalog_manager.cc:6069] T 00000000000000000000000000000000 P 5030d5eb81974bc2b2ba68f642cee71c: Generated new TSK 0
I20260608 09:51:52.712829 17165 catalog_manager.cc:1549] Initializing in-progress tserver states...
I20260608 09:51:52.734804 17239 heartbeater.cc:344] Connected to a master server at 127.15.103.188:43663
I20260608 09:51:52.735270 17239 heartbeater.cc:461] Registering TS with master...
I20260608 09:51:52.736265 17239 heartbeater.cc:507] Master 127.15.103.188:43663 requested a full tablet report, sending...
I20260608 09:51:52.738310 15774 file_cache.cc:492] Constructed file cache file cache with capacity 419430
I20260608 09:51:52.739017 16999 ts_manager.cc:194] Registered new tserver with Master: 8a1af1bc8d0a46808a33d53531e15990 (127.15.103.130:40381)
I20260608 09:51:52.740489 17240 heartbeater.cc:344] Connected to a master server at 127.15.103.189:45883
I20260608 09:51:52.740862 17240 heartbeater.cc:461] Registering TS with master...
I20260608 09:51:52.741755 17240 heartbeater.cc:507] Master 127.15.103.189:45883 requested a full tablet report, sending...
I20260608 09:51:52.744211 17242 heartbeater.cc:344] Connected to a master server at 127.15.103.190:37485
I20260608 09:51:52.744663 17242 heartbeater.cc:461] Registering TS with master...
I20260608 09:51:52.744645 16933 ts_manager.cc:194] Registered new tserver with Master: 8a1af1bc8d0a46808a33d53531e15990 (127.15.103.130:40381)
I20260608 09:51:52.746389 17242 heartbeater.cc:507] Master 127.15.103.190:37485 requested a full tablet report, sending...
W20260608 09:51:52.747633 17246 instance_detector.cc:116] could not retrieve AWS instance metadata: Network error: curl error: HTTP response code said error: The requested URL returned error: 404
I20260608 09:51:52.748870 16868 ts_manager.cc:194] Registered new tserver with Master: 8a1af1bc8d0a46808a33d53531e15990 (127.15.103.130:40381)
W20260608 09:51:52.749452 17247 instance_detector.cc:116] could not retrieve Azure instance metadata: Network error: curl error: HTTP response code said error: The requested URL returned error: 404
I20260608 09:51:52.750746 16868 master_service.cc:502] Signed X509 certificate for tserver {username='slave'} at 127.0.0.1:51934
W20260608 09:51:52.754642 17249 instance_detector.cc:116] could not retrieve OpenStack instance metadata: Network error: curl error: HTTP response code said error: The requested URL returned error: 404
I20260608 09:51:52.755043 15774 server_base.cc:1061] running on GCE node
I20260608 09:51:52.755867 15774 hybrid_clock.cc:584] initializing the hybrid clock with 'system_unsync' time source
W20260608 09:51:52.756148 15774 system_unsync_time.cc:38] NTP support is disabled. Clock error bounds will not be accurate. This configuration is not suitable for distributed clusters.
I20260608 09:51:52.756345 15774 hybrid_clock.cc:648] HybridClock initialized: now 1780912312756325 us; error 0 us; skew 500 ppm
I20260608 09:51:52.756886 15774 server_base.cc:861] Flag tcmalloc_max_total_thread_cache_bytes is not working since tcmalloc is not enabled.
I20260608 09:51:52.758965 15774 webserver.cc:533] Webserver started at http://127.15.103.131:40077/ using document root <none> and password file <none>
I20260608 09:51:52.759408 15774 fs_manager.cc:362] Metadata directory not provided
I20260608 09:51:52.759562 15774 fs_manager.cc:368] Using write-ahead log directory (fs_wal_dir) as metadata directory
I20260608 09:51:52.759760 15774 server_base.cc:909] This appears to be a new deployment of Kudu; creating new FS layout
I20260608 09:51:52.760722 15774 fs_manager.cc:1068] Generated new instance metadata in path /tmp/dist-test-task6lX00o/test-tmp/auto_rebalancer-test.0.AutoRebalancerTest.NextLeaderResumesAutoRebalancing.1780912293612083-15774-0/minicluster-data/ts-2-root/instance:
uuid: "142b728929ef486b95a18f571aa8f9db"
format_stamp: "Formatted at 2026-06-08 09:51:52 on dist-test-slave-25hs"
I20260608 09:51:52.764380 15774 fs_manager.cc:696] Time spent creating directory manager: real 0.003s	user 0.003s	sys 0.000s
I20260608 09:51:52.767663 17254 log_block_manager.cc:4031] Time spent loading block containers with low live blocks: real 0.000s	user 0.000s	sys 0.000s
I20260608 09:51:52.768394 15774 fs_manager.cc:730] Time spent opening block manager: real 0.002s	user 0.001s	sys 0.002s
I20260608 09:51:52.768646 15774 fs_manager.cc:647] Opened local filesystem: /tmp/dist-test-task6lX00o/test-tmp/auto_rebalancer-test.0.AutoRebalancerTest.NextLeaderResumesAutoRebalancing.1780912293612083-15774-0/minicluster-data/ts-2-root
uuid: "142b728929ef486b95a18f571aa8f9db"
format_stamp: "Formatted at 2026-06-08 09:51:52 on dist-test-slave-25hs"
I20260608 09:51:52.768921 15774 fs_report.cc:389] FS layout report
--------------------
wal directory: /tmp/dist-test-task6lX00o/test-tmp/auto_rebalancer-test.0.AutoRebalancerTest.NextLeaderResumesAutoRebalancing.1780912293612083-15774-0/minicluster-data/ts-2-root
metadata directory: /tmp/dist-test-task6lX00o/test-tmp/auto_rebalancer-test.0.AutoRebalancerTest.NextLeaderResumesAutoRebalancing.1780912293612083-15774-0/minicluster-data/ts-2-root
1 data directories: /tmp/dist-test-task6lX00o/test-tmp/auto_rebalancer-test.0.AutoRebalancerTest.NextLeaderResumesAutoRebalancing.1780912293612083-15774-0/minicluster-data/ts-2-root/data
Total live blocks: 0
Total live bytes: 0
Total live bytes (after alignment): 0
Total number of LBM containers: 0 (0 full)
Did not check for missing blocks
Did not check for orphaned blocks
Total full LBM containers with extra space: 0 (0 repaired)
Total full LBM container extra space in bytes: 0 (0 repaired)
Total incomplete LBM containers: 0 (0 repaired)
Total LBM partial records: 0 (0 repaired)
Total corrupted LBM metadata records in RocksDB: 0 (0 repaired)
I20260608 09:51:52.777524 15774 rpc_server.cc:225] running with OpenSSL 1.1.1  11 Sep 2018
I20260608 09:51:52.778538 15774 kserver.cc:163] Server-wide thread pool size limit: 3276
I20260608 09:51:52.779639 15774 txn_system_client.cc:432] TxnSystemClient initialization is disabled...
I20260608 09:51:52.781687 15774 ts_tablet_manager.cc:585] Loaded tablet metadata (0 total tablets, 0 live tablets)
I20260608 09:51:52.781924 15774 ts_tablet_manager.cc:531] Time spent load tablet metadata: real 0.000s	user 0.000s	sys 0.000s
I20260608 09:51:52.782168 15774 ts_tablet_manager.cc:616] Registered 0 tablets
I20260608 09:51:52.782332 15774 ts_tablet_manager.cc:595] Time spent register tablets: real 0.000s	user 0.000s	sys 0.000s
I20260608 09:51:52.821188 15774 rpc_server.cc:307] RPC server started. Bound to: 127.15.103.131:35009
I20260608 09:51:52.821316 17316 acceptor_pool.cc:272] collecting diagnostics on the listening RPC socket 127.15.103.131:35009 every 8 connection(s)
I20260608 09:51:52.847345 17317 heartbeater.cc:344] Connected to a master server at 127.15.103.188:43663
I20260608 09:51:52.847896 17317 heartbeater.cc:461] Registering TS with master...
I20260608 09:51:52.848922 17317 heartbeater.cc:507] Master 127.15.103.188:43663 requested a full tablet report, sending...
I20260608 09:51:52.852386 16999 ts_manager.cc:194] Registered new tserver with Master: 142b728929ef486b95a18f571aa8f9db (127.15.103.131:35009)
I20260608 09:51:52.853375 17318 heartbeater.cc:344] Connected to a master server at 127.15.103.189:45883
I20260608 09:51:52.853801 17318 heartbeater.cc:461] Registering TS with master...
I20260608 09:51:52.854846 17318 heartbeater.cc:507] Master 127.15.103.189:45883 requested a full tablet report, sending...
I20260608 09:51:52.855672 17319 heartbeater.cc:344] Connected to a master server at 127.15.103.190:37485
I20260608 09:51:52.856030 17319 heartbeater.cc:461] Registering TS with master...
I20260608 09:51:52.856850 17319 heartbeater.cc:507] Master 127.15.103.190:37485 requested a full tablet report, sending...
I20260608 09:51:52.857561 16933 ts_manager.cc:194] Registered new tserver with Master: 142b728929ef486b95a18f571aa8f9db (127.15.103.131:35009)
I20260608 09:51:52.858940 16868 ts_manager.cc:194] Registered new tserver with Master: 142b728929ef486b95a18f571aa8f9db (127.15.103.131:35009)
I20260608 09:51:52.859068 15774 internal_mini_cluster.cc:371] 3 TS(s) registered with all masters after 0.013137094s
I20260608 09:51:52.860704 16868 master_service.cc:502] Signed X509 certificate for tserver {username='slave'} at 127.0.0.1:51940
I20260608 09:51:53.420039 17062 catalog_manager.cc:1294] Loaded cluster ID: e9f1b62738fb4ef2bcaff3f9b6218394
I20260608 09:51:53.420382 17062 catalog_manager.cc:1587] T 00000000000000000000000000000000 P 9928adf40cb64f4f8b00a1bbdb5151ec: loading cluster ID for follower catalog manager: success
I20260608 09:51:53.425004 17062 catalog_manager.cc:1609] T 00000000000000000000000000000000 P 9928adf40cb64f4f8b00a1bbdb5151ec: acquiring CA information for follower catalog manager: success
I20260608 09:51:53.428225 17062 catalog_manager.cc:1637] T 00000000000000000000000000000000 P 9928adf40cb64f4f8b00a1bbdb5151ec: importing token verification keys for follower catalog manager: success; most recent TSK sequence number 0
I20260608 09:51:53.433475 17077 catalog_manager.cc:1294] Loaded cluster ID: e9f1b62738fb4ef2bcaff3f9b6218394
I20260608 09:51:53.433699 17077 catalog_manager.cc:1587] T 00000000000000000000000000000000 P b8a4641ef92b445aaa04d9a58a49fba4: loading cluster ID for follower catalog manager: success
I20260608 09:51:53.437781 17077 catalog_manager.cc:1609] T 00000000000000000000000000000000 P b8a4641ef92b445aaa04d9a58a49fba4: acquiring CA information for follower catalog manager: success
I20260608 09:51:53.440551 17077 catalog_manager.cc:1637] T 00000000000000000000000000000000 P b8a4641ef92b445aaa04d9a58a49fba4: importing token verification keys for follower catalog manager: success; most recent TSK sequence number 0
I20260608 09:51:53.587200 16868 master_service.cc:502] Signed X509 certificate for tserver {username='slave'} at 127.0.0.1:51930
I20260608 09:51:53.753644 17242 heartbeater.cc:499] Master 127.15.103.190:37485 was elected leader, sending a full tablet report...
I20260608 09:51:53.864039 17319 heartbeater.cc:499] Master 127.15.103.190:37485 was elected leader, sending a full tablet report...
I20260608 09:51:54.420708 17068 auto_leader_rebalancer.cc:451] All tables' leader rebalancing finished this round
I20260608 09:51:54.589636 17151 heartbeater.cc:499] Master 127.15.103.190:37485 was elected leader, sending a full tablet report...
I20260608 09:51:54.967922 16868 catalog_manager.cc:2282] Servicing CreateTable request from {username='slave'} at 127.0.0.1:51944:
name: "test-workload"
schema {
  columns {
    name: "key"
    type: INT32
    is_key: true
    is_nullable: false
    encoding: AUTO_ENCODING
    compression: DEFAULT_COMPRESSION
    cfile_block_size: 0
    immutable: false
  }
  columns {
    name: "int_val"
    type: INT32
    is_key: false
    is_nullable: false
    encoding: AUTO_ENCODING
    compression: DEFAULT_COMPRESSION
    cfile_block_size: 0
    immutable: false
  }
  columns {
    name: "string_val"
    type: STRING
    is_key: false
    is_nullable: true
    encoding: AUTO_ENCODING
    compression: DEFAULT_COMPRESSION
    cfile_block_size: 0
    immutable: false
  }
}
num_replicas: 1
split_rows_range_bounds {
  rows: "\004\001\000\252\252\252*\004\001\000TUUU""\004\001\000\252\252\252*\004\001\000TUUU"
  indirect_data: """"
}
partition_schema {
  range_schema {
    columns {
      name: "key"
    }
  }
}
I20260608 09:51:55.038136 17114 tablet_service.cc:1511] Processing CreateTablet for tablet 2d16c3986db44ffd93ad58a5afb0f620 (DEFAULT_TABLE table=test-workload [id=34c528e4ed8e487eb95b9e7841ecfbb0]), partition=RANGE (key) PARTITION VALUES < 715827882
I20260608 09:51:55.040144 17114 data_dirs.cc:400] Could only allocate 1 dirs of requested 3 for tablet 2d16c3986db44ffd93ad58a5afb0f620. 1 dirs total, 0 dirs full, 0 dirs failed
I20260608 09:51:55.045332 17204 tablet_service.cc:1511] Processing CreateTablet for tablet 7b49dd67b7c2488aa216d1e268550b07 (DEFAULT_TABLE table=test-workload [id=34c528e4ed8e487eb95b9e7841ecfbb0]), partition=RANGE (key) PARTITION 715827882 <= VALUES < 1431655764
I20260608 09:51:55.046887 17204 data_dirs.cc:400] Could only allocate 1 dirs of requested 3 for tablet 7b49dd67b7c2488aa216d1e268550b07. 1 dirs total, 0 dirs full, 0 dirs failed
I20260608 09:51:55.049608 17282 tablet_service.cc:1511] Processing CreateTablet for tablet 8bc20bbb8143463a993cc592b5eede02 (DEFAULT_TABLE table=test-workload [id=34c528e4ed8e487eb95b9e7841ecfbb0]), partition=RANGE (key) PARTITION 1431655764 <= VALUES
I20260608 09:51:55.051141 17282 data_dirs.cc:400] Could only allocate 1 dirs of requested 3 for tablet 8bc20bbb8143463a993cc592b5eede02. 1 dirs total, 0 dirs full, 0 dirs failed
I20260608 09:51:55.057828 17355 tablet_bootstrap.cc:492] T 2d16c3986db44ffd93ad58a5afb0f620 P 1ac99e05a933497c90cd0bc7e9a46631: Bootstrap starting.
I20260608 09:51:55.063432 17356 tablet_bootstrap.cc:492] T 7b49dd67b7c2488aa216d1e268550b07 P 8a1af1bc8d0a46808a33d53531e15990: Bootstrap starting.
I20260608 09:51:55.065356 17355 tablet_bootstrap.cc:654] T 2d16c3986db44ffd93ad58a5afb0f620 P 1ac99e05a933497c90cd0bc7e9a46631: Neither blocks nor log segments found. Creating new log.
I20260608 09:51:55.067553 17357 tablet_bootstrap.cc:492] T 8bc20bbb8143463a993cc592b5eede02 P 142b728929ef486b95a18f571aa8f9db: Bootstrap starting.
I20260608 09:51:55.071002 17356 tablet_bootstrap.cc:654] T 7b49dd67b7c2488aa216d1e268550b07 P 8a1af1bc8d0a46808a33d53531e15990: Neither blocks nor log segments found. Creating new log.
I20260608 09:51:55.071676 17355 tablet_bootstrap.cc:492] T 2d16c3986db44ffd93ad58a5afb0f620 P 1ac99e05a933497c90cd0bc7e9a46631: No bootstrap required, opened a new log
I20260608 09:51:55.072130 17355 ts_tablet_manager.cc:1403] T 2d16c3986db44ffd93ad58a5afb0f620 P 1ac99e05a933497c90cd0bc7e9a46631: Time spent bootstrapping tablet: real 0.015s	user 0.009s	sys 0.002s
I20260608 09:51:55.075702 17357 tablet_bootstrap.cc:654] T 8bc20bbb8143463a993cc592b5eede02 P 142b728929ef486b95a18f571aa8f9db: Neither blocks nor log segments found. Creating new log.
I20260608 09:51:55.075438 17355 raft_consensus.cc:359] T 2d16c3986db44ffd93ad58a5afb0f620 P 1ac99e05a933497c90cd0bc7e9a46631 [term 0 FOLLOWER]: Replica starting. Triggering 0 pending ops. Active config: opid_index: -1 OBSOLETE_local: true peers { permanent_uuid: "1ac99e05a933497c90cd0bc7e9a46631" member_type: VOTER last_known_addr { host: "127.15.103.129" port: 35513 } }
I20260608 09:51:55.076157 17355 raft_consensus.cc:385] T 2d16c3986db44ffd93ad58a5afb0f620 P 1ac99e05a933497c90cd0bc7e9a46631 [term 0 FOLLOWER]: Consensus starting up: Expiring failure detector timer to make a prompt election more likely
I20260608 09:51:55.076592 17355 raft_consensus.cc:740] T 2d16c3986db44ffd93ad58a5afb0f620 P 1ac99e05a933497c90cd0bc7e9a46631 [term 0 FOLLOWER]: Becoming Follower/Learner. State: Replica: 1ac99e05a933497c90cd0bc7e9a46631, State: Initialized, Role: FOLLOWER
I20260608 09:51:55.077527 17356 tablet_bootstrap.cc:492] T 7b49dd67b7c2488aa216d1e268550b07 P 8a1af1bc8d0a46808a33d53531e15990: No bootstrap required, opened a new log
I20260608 09:51:55.077438 17355 consensus_queue.cc:260] T 2d16c3986db44ffd93ad58a5afb0f620 P 1ac99e05a933497c90cd0bc7e9a46631 [NON_LEADER]: Queue going to NON_LEADER mode. State: All replicated index: 0, Majority replicated index: 0, Committed index: 0, Last appended: 0.0, Last appended by leader: 0, Current term: 0, Majority size: -1, State: 0, Mode: NON_LEADER, active raft config: opid_index: -1 OBSOLETE_local: true peers { permanent_uuid: "1ac99e05a933497c90cd0bc7e9a46631" member_type: VOTER last_known_addr { host: "127.15.103.129" port: 35513 } }
I20260608 09:51:55.078007 17356 ts_tablet_manager.cc:1403] T 7b49dd67b7c2488aa216d1e268550b07 P 8a1af1bc8d0a46808a33d53531e15990: Time spent bootstrapping tablet: real 0.015s	user 0.012s	sys 0.000s
I20260608 09:51:55.078274 17355 raft_consensus.cc:399] T 2d16c3986db44ffd93ad58a5afb0f620 P 1ac99e05a933497c90cd0bc7e9a46631 [term 0 FOLLOWER]: Only one voter in the Raft config. Triggering election immediately
I20260608 09:51:55.078718 17355 raft_consensus.cc:493] T 2d16c3986db44ffd93ad58a5afb0f620 P 1ac99e05a933497c90cd0bc7e9a46631 [term 0 FOLLOWER]: Starting leader election (initial election of a single-replica configuration)
I20260608 09:51:55.079396 17355 raft_consensus.cc:3060] T 2d16c3986db44ffd93ad58a5afb0f620 P 1ac99e05a933497c90cd0bc7e9a46631 [term 0 FOLLOWER]: Advancing to term 1
I20260608 09:51:55.080821 17356 raft_consensus.cc:359] T 7b49dd67b7c2488aa216d1e268550b07 P 8a1af1bc8d0a46808a33d53531e15990 [term 0 FOLLOWER]: Replica starting. Triggering 0 pending ops. Active config: opid_index: -1 OBSOLETE_local: true peers { permanent_uuid: "8a1af1bc8d0a46808a33d53531e15990" member_type: VOTER last_known_addr { host: "127.15.103.130" port: 40381 } }
I20260608 09:51:55.081254 17356 raft_consensus.cc:385] T 7b49dd67b7c2488aa216d1e268550b07 P 8a1af1bc8d0a46808a33d53531e15990 [term 0 FOLLOWER]: Consensus starting up: Expiring failure detector timer to make a prompt election more likely
I20260608 09:51:55.081470 17357 tablet_bootstrap.cc:492] T 8bc20bbb8143463a993cc592b5eede02 P 142b728929ef486b95a18f571aa8f9db: No bootstrap required, opened a new log
I20260608 09:51:55.081482 17356 raft_consensus.cc:740] T 7b49dd67b7c2488aa216d1e268550b07 P 8a1af1bc8d0a46808a33d53531e15990 [term 0 FOLLOWER]: Becoming Follower/Learner. State: Replica: 8a1af1bc8d0a46808a33d53531e15990, State: Initialized, Role: FOLLOWER
I20260608 09:51:55.082104 17357 ts_tablet_manager.cc:1403] T 8bc20bbb8143463a993cc592b5eede02 P 142b728929ef486b95a18f571aa8f9db: Time spent bootstrapping tablet: real 0.015s	user 0.011s	sys 0.000s
I20260608 09:51:55.082636 17356 consensus_queue.cc:260] T 7b49dd67b7c2488aa216d1e268550b07 P 8a1af1bc8d0a46808a33d53531e15990 [NON_LEADER]: Queue going to NON_LEADER mode. State: All replicated index: 0, Majority replicated index: 0, Committed index: 0, Last appended: 0.0, Last appended by leader: 0, Current term: 0, Majority size: -1, State: 0, Mode: NON_LEADER, active raft config: opid_index: -1 OBSOLETE_local: true peers { permanent_uuid: "8a1af1bc8d0a46808a33d53531e15990" member_type: VOTER last_known_addr { host: "127.15.103.130" port: 40381 } }
I20260608 09:51:55.083266 17356 raft_consensus.cc:399] T 7b49dd67b7c2488aa216d1e268550b07 P 8a1af1bc8d0a46808a33d53531e15990 [term 0 FOLLOWER]: Only one voter in the Raft config. Triggering election immediately
I20260608 09:51:55.083530 17356 raft_consensus.cc:493] T 7b49dd67b7c2488aa216d1e268550b07 P 8a1af1bc8d0a46808a33d53531e15990 [term 0 FOLLOWER]: Starting leader election (initial election of a single-replica configuration)
I20260608 09:51:55.083828 17356 raft_consensus.cc:3060] T 7b49dd67b7c2488aa216d1e268550b07 P 8a1af1bc8d0a46808a33d53531e15990 [term 0 FOLLOWER]: Advancing to term 1
I20260608 09:51:55.085147 17357 raft_consensus.cc:359] T 8bc20bbb8143463a993cc592b5eede02 P 142b728929ef486b95a18f571aa8f9db [term 0 FOLLOWER]: Replica starting. Triggering 0 pending ops. Active config: opid_index: -1 OBSOLETE_local: true peers { permanent_uuid: "142b728929ef486b95a18f571aa8f9db" member_type: VOTER last_known_addr { host: "127.15.103.131" port: 35009 } }
I20260608 09:51:55.085687 17357 raft_consensus.cc:385] T 8bc20bbb8143463a993cc592b5eede02 P 142b728929ef486b95a18f571aa8f9db [term 0 FOLLOWER]: Consensus starting up: Expiring failure detector timer to make a prompt election more likely
I20260608 09:51:55.085956 17357 raft_consensus.cc:740] T 8bc20bbb8143463a993cc592b5eede02 P 142b728929ef486b95a18f571aa8f9db [term 0 FOLLOWER]: Becoming Follower/Learner. State: Replica: 142b728929ef486b95a18f571aa8f9db, State: Initialized, Role: FOLLOWER
I20260608 09:51:55.086055 17355 raft_consensus.cc:515] T 2d16c3986db44ffd93ad58a5afb0f620 P 1ac99e05a933497c90cd0bc7e9a46631 [term 1 FOLLOWER]: Starting leader election with config: opid_index: -1 OBSOLETE_local: true peers { permanent_uuid: "1ac99e05a933497c90cd0bc7e9a46631" member_type: VOTER last_known_addr { host: "127.15.103.129" port: 35513 } }
I20260608 09:51:55.086869 17355 leader_election.cc:304] T 2d16c3986db44ffd93ad58a5afb0f620 P 1ac99e05a933497c90cd0bc7e9a46631 [CANDIDATE]: Term 1 election: Election decided. Result: candidate won. Election summary: received 1 responses out of 1 voters: 1 yes votes; 0 no votes. yes voters: 1ac99e05a933497c90cd0bc7e9a46631; no voters: 
I20260608 09:51:55.086831 17357 consensus_queue.cc:260] T 8bc20bbb8143463a993cc592b5eede02 P 142b728929ef486b95a18f571aa8f9db [NON_LEADER]: Queue going to NON_LEADER mode. State: All replicated index: 0, Majority replicated index: 0, Committed index: 0, Last appended: 0.0, Last appended by leader: 0, Current term: 0, Majority size: -1, State: 0, Mode: NON_LEADER, active raft config: opid_index: -1 OBSOLETE_local: true peers { permanent_uuid: "142b728929ef486b95a18f571aa8f9db" member_type: VOTER last_known_addr { host: "127.15.103.131" port: 35009 } }
I20260608 09:51:55.087697 17357 raft_consensus.cc:399] T 8bc20bbb8143463a993cc592b5eede02 P 142b728929ef486b95a18f571aa8f9db [term 0 FOLLOWER]: Only one voter in the Raft config. Triggering election immediately
I20260608 09:51:55.088085 17357 raft_consensus.cc:493] T 8bc20bbb8143463a993cc592b5eede02 P 142b728929ef486b95a18f571aa8f9db [term 0 FOLLOWER]: Starting leader election (initial election of a single-replica configuration)
I20260608 09:51:55.088555 17357 raft_consensus.cc:3060] T 8bc20bbb8143463a993cc592b5eede02 P 142b728929ef486b95a18f571aa8f9db [term 0 FOLLOWER]: Advancing to term 1
I20260608 09:51:55.088652 17356 raft_consensus.cc:515] T 7b49dd67b7c2488aa216d1e268550b07 P 8a1af1bc8d0a46808a33d53531e15990 [term 1 FOLLOWER]: Starting leader election with config: opid_index: -1 OBSOLETE_local: true peers { permanent_uuid: "8a1af1bc8d0a46808a33d53531e15990" member_type: VOTER last_known_addr { host: "127.15.103.130" port: 40381 } }
I20260608 09:51:55.089426 17356 leader_election.cc:304] T 7b49dd67b7c2488aa216d1e268550b07 P 8a1af1bc8d0a46808a33d53531e15990 [CANDIDATE]: Term 1 election: Election decided. Result: candidate won. Election summary: received 1 responses out of 1 voters: 1 yes votes; 0 no votes. yes voters: 8a1af1bc8d0a46808a33d53531e15990; no voters: 
I20260608 09:51:55.094962 17361 raft_consensus.cc:2804] T 2d16c3986db44ffd93ad58a5afb0f620 P 1ac99e05a933497c90cd0bc7e9a46631 [term 1 FOLLOWER]: Leader election won for term 1
I20260608 09:51:55.095762 17356 leader_election.cc:290] T 7b49dd67b7c2488aa216d1e268550b07 P 8a1af1bc8d0a46808a33d53531e15990 [CANDIDATE]: Term 1 election: Requested vote from peers 
I20260608 09:51:55.096022 17355 leader_election.cc:290] T 2d16c3986db44ffd93ad58a5afb0f620 P 1ac99e05a933497c90cd0bc7e9a46631 [CANDIDATE]: Term 1 election: Requested vote from peers 
I20260608 09:51:55.096311 17357 raft_consensus.cc:515] T 8bc20bbb8143463a993cc592b5eede02 P 142b728929ef486b95a18f571aa8f9db [term 1 FOLLOWER]: Starting leader election with config: opid_index: -1 OBSOLETE_local: true peers { permanent_uuid: "142b728929ef486b95a18f571aa8f9db" member_type: VOTER last_known_addr { host: "127.15.103.131" port: 35009 } }
I20260608 09:51:55.096330 17362 raft_consensus.cc:2804] T 7b49dd67b7c2488aa216d1e268550b07 P 8a1af1bc8d0a46808a33d53531e15990 [term 1 FOLLOWER]: Leader election won for term 1
I20260608 09:51:55.097856 17361 raft_consensus.cc:697] T 2d16c3986db44ffd93ad58a5afb0f620 P 1ac99e05a933497c90cd0bc7e9a46631 [term 1 LEADER]: Becoming Leader. State: Replica: 1ac99e05a933497c90cd0bc7e9a46631, State: Running, Role: LEADER
I20260608 09:51:55.098987 17357 leader_election.cc:304] T 8bc20bbb8143463a993cc592b5eede02 P 142b728929ef486b95a18f571aa8f9db [CANDIDATE]: Term 1 election: Election decided. Result: candidate won. Election summary: received 1 responses out of 1 voters: 1 yes votes; 0 no votes. yes voters: 142b728929ef486b95a18f571aa8f9db; no voters: 
I20260608 09:51:55.099099 17361 consensus_queue.cc:237] T 2d16c3986db44ffd93ad58a5afb0f620 P 1ac99e05a933497c90cd0bc7e9a46631 [LEADER]: Queue going to LEADER mode. State: All replicated index: 0, Majority replicated index: 0, Committed index: 0, Last appended: 0.0, Last appended by leader: 0, Current term: 1, Majority size: 1, State: 0, Mode: LEADER, active raft config: opid_index: -1 OBSOLETE_local: true peers { permanent_uuid: "1ac99e05a933497c90cd0bc7e9a46631" member_type: VOTER last_known_addr { host: "127.15.103.129" port: 35513 } }
I20260608 09:51:55.100852 17355 ts_tablet_manager.cc:1434] T 2d16c3986db44ffd93ad58a5afb0f620 P 1ac99e05a933497c90cd0bc7e9a46631: Time spent starting tablet: real 0.028s	user 0.018s	sys 0.007s
I20260608 09:51:55.100196 17362 raft_consensus.cc:697] T 7b49dd67b7c2488aa216d1e268550b07 P 8a1af1bc8d0a46808a33d53531e15990 [term 1 LEADER]: Becoming Leader. State: Replica: 8a1af1bc8d0a46808a33d53531e15990, State: Running, Role: LEADER
I20260608 09:51:55.103139 17362 consensus_queue.cc:237] T 7b49dd67b7c2488aa216d1e268550b07 P 8a1af1bc8d0a46808a33d53531e15990 [LEADER]: Queue going to LEADER mode. State: All replicated index: 0, Majority replicated index: 0, Committed index: 0, Last appended: 0.0, Last appended by leader: 0, Current term: 1, Majority size: 1, State: 0, Mode: LEADER, active raft config: opid_index: -1 OBSOLETE_local: true peers { permanent_uuid: "8a1af1bc8d0a46808a33d53531e15990" member_type: VOTER last_known_addr { host: "127.15.103.130" port: 40381 } }
I20260608 09:51:55.103866 17367 raft_consensus.cc:2804] T 8bc20bbb8143463a993cc592b5eede02 P 142b728929ef486b95a18f571aa8f9db [term 1 FOLLOWER]: Leader election won for term 1
I20260608 09:51:55.105276 17357 leader_election.cc:290] T 8bc20bbb8143463a993cc592b5eede02 P 142b728929ef486b95a18f571aa8f9db [CANDIDATE]: Term 1 election: Requested vote from peers 
I20260608 09:51:55.109498 17356 ts_tablet_manager.cc:1434] T 7b49dd67b7c2488aa216d1e268550b07 P 8a1af1bc8d0a46808a33d53531e15990: Time spent starting tablet: real 0.031s	user 0.015s	sys 0.013s
I20260608 09:51:55.120396 17357 ts_tablet_manager.cc:1434] T 8bc20bbb8143463a993cc592b5eede02 P 142b728929ef486b95a18f571aa8f9db: Time spent starting tablet: real 0.038s	user 0.015s	sys 0.014s
I20260608 09:51:55.127506 16868 catalog_manager.cc:5696] T 2d16c3986db44ffd93ad58a5afb0f620 P 1ac99e05a933497c90cd0bc7e9a46631 reported cstate change: term changed from 0 to 1, leader changed from <none> to 1ac99e05a933497c90cd0bc7e9a46631 (127.15.103.129). New cstate: current_term: 1 leader_uuid: "1ac99e05a933497c90cd0bc7e9a46631" committed_config { opid_index: -1 OBSOLETE_local: true peers { permanent_uuid: "1ac99e05a933497c90cd0bc7e9a46631" member_type: VOTER last_known_addr { host: "127.15.103.129" port: 35513 } health_report { overall_health: HEALTHY } } }
I20260608 09:51:55.130671 16867 catalog_manager.cc:5696] T 7b49dd67b7c2488aa216d1e268550b07 P 8a1af1bc8d0a46808a33d53531e15990 reported cstate change: term changed from 0 to 1, leader changed from <none> to 8a1af1bc8d0a46808a33d53531e15990 (127.15.103.130). New cstate: current_term: 1 leader_uuid: "8a1af1bc8d0a46808a33d53531e15990" committed_config { opid_index: -1 OBSOLETE_local: true peers { permanent_uuid: "8a1af1bc8d0a46808a33d53531e15990" member_type: VOTER last_known_addr { host: "127.15.103.130" port: 40381 } health_report { overall_health: HEALTHY } } }
I20260608 09:51:55.138724 17367 raft_consensus.cc:697] T 8bc20bbb8143463a993cc592b5eede02 P 142b728929ef486b95a18f571aa8f9db [term 1 LEADER]: Becoming Leader. State: Replica: 142b728929ef486b95a18f571aa8f9db, State: Running, Role: LEADER
I20260608 09:51:55.139580 17367 consensus_queue.cc:237] T 8bc20bbb8143463a993cc592b5eede02 P 142b728929ef486b95a18f571aa8f9db [LEADER]: Queue going to LEADER mode. State: All replicated index: 0, Majority replicated index: 0, Committed index: 0, Last appended: 0.0, Last appended by leader: 0, Current term: 1, Majority size: 1, State: 0, Mode: LEADER, active raft config: opid_index: -1 OBSOLETE_local: true peers { permanent_uuid: "142b728929ef486b95a18f571aa8f9db" member_type: VOTER last_known_addr { host: "127.15.103.131" port: 35009 } }
I20260608 09:51:55.153810 16866 catalog_manager.cc:5696] T 8bc20bbb8143463a993cc592b5eede02 P 142b728929ef486b95a18f571aa8f9db reported cstate change: term changed from 0 to 1, leader changed from <none> to 142b728929ef486b95a18f571aa8f9db (127.15.103.131). New cstate: current_term: 1 leader_uuid: "142b728929ef486b95a18f571aa8f9db" committed_config { opid_index: -1 OBSOLETE_local: true peers { permanent_uuid: "142b728929ef486b95a18f571aa8f9db" member_type: VOTER last_known_addr { host: "127.15.103.131" port: 35009 } health_report { overall_health: HEALTHY } } }
I20260608 09:51:55.231508 15774 master.cc:562] Master@127.15.103.190:37485 shutting down...
I20260608 09:51:55.253878 15774 raft_consensus.cc:2243] T 00000000000000000000000000000000 P 5030d5eb81974bc2b2ba68f642cee71c [term 1 LEADER]: Raft consensus shutting down.
I20260608 09:51:55.254747 15774 raft_consensus.cc:2272] T 00000000000000000000000000000000 P 5030d5eb81974bc2b2ba68f642cee71c [term 1 FOLLOWER]: Raft consensus is shut down!
I20260608 09:51:55.255118 15774 tablet_replica.cc:333] T 00000000000000000000000000000000 P 5030d5eb81974bc2b2ba68f642cee71c: stopping tablet replica
I20260608 09:51:55.267107 15774 master.cc:584] Master@127.15.103.190:37485 shutdown complete.
W20260608 09:51:56.185755 17319 heartbeater.cc:646] Failed to heartbeat to 127.15.103.190:37485 (0 consecutive failures): Network error: Failed to send heartbeat to master: Client connection negotiation failed: client connection to 127.15.103.190:37485: connect: Connection refused (error 111)
I20260608 09:51:56.699566 17381 raft_consensus.cc:493] T 00000000000000000000000000000000 P b8a4641ef92b445aaa04d9a58a49fba4 [term 1 FOLLOWER]: Starting pre-election (detected failure of leader 5030d5eb81974bc2b2ba68f642cee71c)
I20260608 09:51:56.699623 17382 raft_consensus.cc:493] T 00000000000000000000000000000000 P 9928adf40cb64f4f8b00a1bbdb5151ec [term 1 FOLLOWER]: Starting pre-election (detected failure of leader 5030d5eb81974bc2b2ba68f642cee71c)
I20260608 09:51:56.700230 17381 raft_consensus.cc:515] T 00000000000000000000000000000000 P b8a4641ef92b445aaa04d9a58a49fba4 [term 1 FOLLOWER]: Starting pre-election with config: opid_index: -1 OBSOLETE_local: false peers { permanent_uuid: "5030d5eb81974bc2b2ba68f642cee71c" member_type: VOTER last_known_addr { host: "127.15.103.190" port: 37485 } } peers { permanent_uuid: "b8a4641ef92b445aaa04d9a58a49fba4" member_type: VOTER last_known_addr { host: "127.15.103.189" port: 45883 } } peers { permanent_uuid: "9928adf40cb64f4f8b00a1bbdb5151ec" member_type: VOTER last_known_addr { host: "127.15.103.188" port: 43663 } }
I20260608 09:51:56.700374 17382 raft_consensus.cc:515] T 00000000000000000000000000000000 P 9928adf40cb64f4f8b00a1bbdb5151ec [term 1 FOLLOWER]: Starting pre-election with config: opid_index: -1 OBSOLETE_local: false peers { permanent_uuid: "5030d5eb81974bc2b2ba68f642cee71c" member_type: VOTER last_known_addr { host: "127.15.103.190" port: 37485 } } peers { permanent_uuid: "b8a4641ef92b445aaa04d9a58a49fba4" member_type: VOTER last_known_addr { host: "127.15.103.189" port: 45883 } } peers { permanent_uuid: "9928adf40cb64f4f8b00a1bbdb5151ec" member_type: VOTER last_known_addr { host: "127.15.103.188" port: 43663 } }
I20260608 09:51:56.702896 17381 leader_election.cc:290] T 00000000000000000000000000000000 P b8a4641ef92b445aaa04d9a58a49fba4 [CANDIDATE]: Term 2 pre-election: Requested pre-vote from peers 5030d5eb81974bc2b2ba68f642cee71c (127.15.103.190:37485), 9928adf40cb64f4f8b00a1bbdb5151ec (127.15.103.188:43663)
I20260608 09:51:56.702896 17382 leader_election.cc:290] T 00000000000000000000000000000000 P 9928adf40cb64f4f8b00a1bbdb5151ec [CANDIDATE]: Term 2 pre-election: Requested pre-vote from peers 5030d5eb81974bc2b2ba68f642cee71c (127.15.103.190:37485), b8a4641ef92b445aaa04d9a58a49fba4 (127.15.103.189:45883)
I20260608 09:51:56.704960 17009 tablet_service.cc:1917] Received RequestConsensusVote() RPC: tablet_id: "00000000000000000000000000000000" candidate_uuid: "b8a4641ef92b445aaa04d9a58a49fba4" candidate_term: 2 candidate_status { last_received { term: 1 index: 11 } } ignore_live_leader: false dest_uuid: "9928adf40cb64f4f8b00a1bbdb5151ec" is_pre_election: true
I20260608 09:51:56.705861 17009 raft_consensus.cc:2468] T 00000000000000000000000000000000 P 9928adf40cb64f4f8b00a1bbdb5151ec [term 1 FOLLOWER]: Leader pre-election vote request: Granting yes vote for candidate b8a4641ef92b445aaa04d9a58a49fba4 in term 1.
I20260608 09:51:56.706179 16943 tablet_service.cc:1917] Received RequestConsensusVote() RPC: tablet_id: "00000000000000000000000000000000" candidate_uuid: "9928adf40cb64f4f8b00a1bbdb5151ec" candidate_term: 2 candidate_status { last_received { term: 1 index: 11 } } ignore_live_leader: false dest_uuid: "b8a4641ef92b445aaa04d9a58a49fba4" is_pre_election: true
I20260608 09:51:56.706920 16943 raft_consensus.cc:2468] T 00000000000000000000000000000000 P b8a4641ef92b445aaa04d9a58a49fba4 [term 1 FOLLOWER]: Leader pre-election vote request: Granting yes vote for candidate 9928adf40cb64f4f8b00a1bbdb5151ec in term 1.
I20260608 09:51:56.707924 16918 leader_election.cc:304] T 00000000000000000000000000000000 P b8a4641ef92b445aaa04d9a58a49fba4 [CANDIDATE]: Term 2 pre-election: Election decided. Result: candidate won. Election summary: received 2 responses out of 3 voters: 2 yes votes; 0 no votes. yes voters: 9928adf40cb64f4f8b00a1bbdb5151ec, b8a4641ef92b445aaa04d9a58a49fba4; no voters: 
I20260608 09:51:56.708981 17381 raft_consensus.cc:2804] T 00000000000000000000000000000000 P b8a4641ef92b445aaa04d9a58a49fba4 [term 1 FOLLOWER]: Leader pre-election won for term 2
I20260608 09:51:56.709306 17381 raft_consensus.cc:493] T 00000000000000000000000000000000 P b8a4641ef92b445aaa04d9a58a49fba4 [term 1 FOLLOWER]: Starting leader election (detected failure of leader 5030d5eb81974bc2b2ba68f642cee71c)
I20260608 09:51:56.709640 17381 raft_consensus.cc:3060] T 00000000000000000000000000000000 P b8a4641ef92b445aaa04d9a58a49fba4 [term 1 FOLLOWER]: Advancing to term 2
W20260608 09:51:56.711735 16984 leader_election.cc:336] T 00000000000000000000000000000000 P 9928adf40cb64f4f8b00a1bbdb5151ec [CANDIDATE]: Term 2 pre-election: RPC error from VoteRequest() call to peer 5030d5eb81974bc2b2ba68f642cee71c (127.15.103.190:37485): Network error: Client connection negotiation failed: client connection to 127.15.103.190:37485: connect: Connection refused (error 111)
I20260608 09:51:56.712630 16983 leader_election.cc:304] T 00000000000000000000000000000000 P 9928adf40cb64f4f8b00a1bbdb5151ec [CANDIDATE]: Term 2 pre-election: Election decided. Result: candidate won. Election summary: received 3 responses out of 3 voters: 2 yes votes; 1 no votes. yes voters: 9928adf40cb64f4f8b00a1bbdb5151ec, b8a4641ef92b445aaa04d9a58a49fba4; no voters: 5030d5eb81974bc2b2ba68f642cee71c
I20260608 09:51:56.713254 17382 raft_consensus.cc:2804] T 00000000000000000000000000000000 P 9928adf40cb64f4f8b00a1bbdb5151ec [term 1 FOLLOWER]: Leader pre-election won for term 2
I20260608 09:51:56.713584 17382 raft_consensus.cc:493] T 00000000000000000000000000000000 P 9928adf40cb64f4f8b00a1bbdb5151ec [term 1 FOLLOWER]: Starting leader election (detected failure of leader 5030d5eb81974bc2b2ba68f642cee71c)
I20260608 09:51:56.713922 17382 raft_consensus.cc:3060] T 00000000000000000000000000000000 P 9928adf40cb64f4f8b00a1bbdb5151ec [term 1 FOLLOWER]: Advancing to term 2
W20260608 09:51:56.714645 16919 leader_election.cc:336] T 00000000000000000000000000000000 P b8a4641ef92b445aaa04d9a58a49fba4 [CANDIDATE]: Term 2 pre-election: RPC error from VoteRequest() call to peer 5030d5eb81974bc2b2ba68f642cee71c (127.15.103.190:37485): Network error: Client connection negotiation failed: client connection to 127.15.103.190:37485: connect: Connection refused (error 111)
I20260608 09:51:56.716051 17381 raft_consensus.cc:515] T 00000000000000000000000000000000 P b8a4641ef92b445aaa04d9a58a49fba4 [term 2 FOLLOWER]: Starting leader election with config: opid_index: -1 OBSOLETE_local: false peers { permanent_uuid: "5030d5eb81974bc2b2ba68f642cee71c" member_type: VOTER last_known_addr { host: "127.15.103.190" port: 37485 } } peers { permanent_uuid: "b8a4641ef92b445aaa04d9a58a49fba4" member_type: VOTER last_known_addr { host: "127.15.103.189" port: 45883 } } peers { permanent_uuid: "9928adf40cb64f4f8b00a1bbdb5151ec" member_type: VOTER last_known_addr { host: "127.15.103.188" port: 43663 } }
