I20260608 09:52:53.347222  8320 fs_manager.cc:1068] Generated new instance metadata in path /tmp/dist-test-taskD9PSGr/test-tmp/auto_rebalancer-test.0.AutoRebalancerTest.RangeAwareRebalancesNewRangeReplicas.1780912293846298-8320-0/minicluster-data/ts-1-root/instance:
uuid: "ee70f15ce1a049529f4dbc179e4cfa90"
format_stamp: "Formatted at 2026-06-08 09:52:53 on dist-test-slave-f77q"
I20260608 09:52:53.348675 11227 ts_manager.cc:194] Registered new tserver with Master: db55ee04c3ec4b84aea6a15a1cb1862d (127.8.32.1:44405)
I20260608 09:52:53.350632 11227 master_service.cc:502] Signed X509 certificate for tserver {username='slave'} at 127.0.0.1:36934
I20260608 09:52:53.353197  8320 fs_manager.cc:696] Time spent creating directory manager: real 0.005s	user 0.005s	sys 0.000s
I20260608 09:52:53.357416 11366 log_block_manager.cc:4031] Time spent loading block containers with low live blocks: real 0.000s	user 0.000s	sys 0.000s
I20260608 09:52:53.358374  8320 fs_manager.cc:730] Time spent opening block manager: real 0.002s	user 0.002s	sys 0.000s
I20260608 09:52:53.358804  8320 fs_manager.cc:647] Opened local filesystem: /tmp/dist-test-taskD9PSGr/test-tmp/auto_rebalancer-test.0.AutoRebalancerTest.RangeAwareRebalancesNewRangeReplicas.1780912293846298-8320-0/minicluster-data/ts-1-root
uuid: "ee70f15ce1a049529f4dbc179e4cfa90"
format_stamp: "Formatted at 2026-06-08 09:52:53 on dist-test-slave-f77q"
I20260608 09:52:53.359140  8320 fs_report.cc:389] FS layout report
--------------------
wal directory: /tmp/dist-test-taskD9PSGr/test-tmp/auto_rebalancer-test.0.AutoRebalancerTest.RangeAwareRebalancesNewRangeReplicas.1780912293846298-8320-0/minicluster-data/ts-1-root
metadata directory: /tmp/dist-test-taskD9PSGr/test-tmp/auto_rebalancer-test.0.AutoRebalancerTest.RangeAwareRebalancesNewRangeReplicas.1780912293846298-8320-0/minicluster-data/ts-1-root
1 data directories: /tmp/dist-test-taskD9PSGr/test-tmp/auto_rebalancer-test.0.AutoRebalancerTest.RangeAwareRebalancesNewRangeReplicas.1780912293846298-8320-0/minicluster-data/ts-1-root/data
Total live blocks: 0
Total live bytes: 0
Total live bytes (after alignment): 0
Total number of LBM containers: 0 (0 full)
Did not check for missing blocks
Did not check for orphaned blocks
Total full LBM containers with extra space: 0 (0 repaired)
Total full LBM container extra space in bytes: 0 (0 repaired)
Total incomplete LBM containers: 0 (0 repaired)
Total LBM partial records: 0 (0 repaired)
Total corrupted LBM metadata records in RocksDB: 0 (0 repaired)
I20260608 09:52:53.373153  8320 rpc_server.cc:225] running with OpenSSL 1.1.1  11 Sep 2018
I20260608 09:52:53.374339  8320 kserver.cc:163] Server-wide thread pool size limit: 3276
I20260608 09:52:53.375963  8320 txn_system_client.cc:432] TxnSystemClient initialization is disabled...
I20260608 09:52:53.378418  8320 ts_tablet_manager.cc:585] Loaded tablet metadata (0 total tablets, 0 live tablets)
I20260608 09:52:53.378727  8320 ts_tablet_manager.cc:531] Time spent load tablet metadata: real 0.000s	user 0.000s	sys 0.000s
I20260608 09:52:53.379004  8320 ts_tablet_manager.cc:616] Registered 0 tablets
I20260608 09:52:53.379190  8320 ts_tablet_manager.cc:595] Time spent register tablets: real 0.000s	user 0.000s	sys 0.000s
I20260608 09:52:53.420644  8320 rpc_server.cc:307] RPC server started. Bound to: 127.8.32.2:37213
I20260608 09:52:53.420794 11428 acceptor_pool.cc:272] collecting diagnostics on the listening RPC socket 127.8.32.2:37213 every 8 connection(s)
I20260608 09:52:53.425992  8320 file_cache.cc:492] Constructed file cache file cache with capacity 419430
W20260608 09:52:53.433712 11432 instance_detector.cc:116] could not retrieve AWS instance metadata: Network error: curl error: HTTP response code said error: The requested URL returned error: 404
W20260608 09:52:53.436129 11433 instance_detector.cc:116] could not retrieve Azure instance metadata: Network error: curl error: HTTP response code said error: The requested URL returned error: 404
I20260608 09:52:53.438767  8320 server_base.cc:1061] running on GCE node
I20260608 09:52:53.440269 11429 heartbeater.cc:344] Connected to a master server at 127.8.32.62:40745
W20260608 09:52:53.440394 11435 instance_detector.cc:116] could not retrieve OpenStack instance metadata: Network error: curl error: HTTP response code said error: The requested URL returned error: 404
I20260608 09:52:53.440694 11429 heartbeater.cc:461] Registering TS with master...
I20260608 09:52:53.441623  8320 hybrid_clock.cc:584] initializing the hybrid clock with 'system_unsync' time source
I20260608 09:52:53.441752 11429 heartbeater.cc:507] Master 127.8.32.62:40745 requested a full tablet report, sending...
W20260608 09:52:53.441972  8320 system_unsync_time.cc:38] NTP support is disabled. Clock error bounds will not be accurate. This configuration is not suitable for distributed clusters.
I20260608 09:52:53.442207  8320 hybrid_clock.cc:648] HybridClock initialized: now 1780912373442189 us; error 0 us; skew 500 ppm
I20260608 09:52:53.443040  8320 server_base.cc:861] Flag tcmalloc_max_total_thread_cache_bytes is not working since tcmalloc is not enabled.
I20260608 09:52:53.444350 11227 ts_manager.cc:194] Registered new tserver with Master: ee70f15ce1a049529f4dbc179e4cfa90 (127.8.32.2:37213)
I20260608 09:52:53.445914 11227 master_service.cc:502] Signed X509 certificate for tserver {username='slave'} at 127.0.0.1:36938
I20260608 09:52:53.446296  8320 webserver.cc:533] Webserver started at http://127.8.32.3:44253/ using document root <none> and password file <none>
I20260608 09:52:53.446993  8320 fs_manager.cc:362] Metadata directory not provided
I20260608 09:52:53.447247  8320 fs_manager.cc:368] Using write-ahead log directory (fs_wal_dir) as metadata directory
I20260608 09:52:53.447543  8320 server_base.cc:909] This appears to be a new deployment of Kudu; creating new FS layout
I20260608 09:52:53.448678  8320 fs_manager.cc:1068] Generated new instance metadata in path /tmp/dist-test-taskD9PSGr/test-tmp/auto_rebalancer-test.0.AutoRebalancerTest.RangeAwareRebalancesNewRangeReplicas.1780912293846298-8320-0/minicluster-data/ts-2-root/instance:
uuid: "ea7858681305499f9960b283bbb15b99"
format_stamp: "Formatted at 2026-06-08 09:52:53 on dist-test-slave-f77q"
I20260608 09:52:53.453656  8320 fs_manager.cc:696] Time spent creating directory manager: real 0.004s	user 0.004s	sys 0.002s
I20260608 09:52:53.457327 11440 log_block_manager.cc:4031] Time spent loading block containers with low live blocks: real 0.000s	user 0.000s	sys 0.000s
I20260608 09:52:53.458653  8320 fs_manager.cc:730] Time spent opening block manager: real 0.003s	user 0.003s	sys 0.000s
I20260608 09:52:53.459043  8320 fs_manager.cc:647] Opened local filesystem: /tmp/dist-test-taskD9PSGr/test-tmp/auto_rebalancer-test.0.AutoRebalancerTest.RangeAwareRebalancesNewRangeReplicas.1780912293846298-8320-0/minicluster-data/ts-2-root
uuid: "ea7858681305499f9960b283bbb15b99"
format_stamp: "Formatted at 2026-06-08 09:52:53 on dist-test-slave-f77q"
I20260608 09:52:53.459340  8320 fs_report.cc:389] FS layout report
--------------------
wal directory: /tmp/dist-test-taskD9PSGr/test-tmp/auto_rebalancer-test.0.AutoRebalancerTest.RangeAwareRebalancesNewRangeReplicas.1780912293846298-8320-0/minicluster-data/ts-2-root
metadata directory: /tmp/dist-test-taskD9PSGr/test-tmp/auto_rebalancer-test.0.AutoRebalancerTest.RangeAwareRebalancesNewRangeReplicas.1780912293846298-8320-0/minicluster-data/ts-2-root
1 data directories: /tmp/dist-test-taskD9PSGr/test-tmp/auto_rebalancer-test.0.AutoRebalancerTest.RangeAwareRebalancesNewRangeReplicas.1780912293846298-8320-0/minicluster-data/ts-2-root/data
Total live blocks: 0
Total live bytes: 0
Total live bytes (after alignment): 0
Total number of LBM containers: 0 (0 full)
Did not check for missing blocks
Did not check for orphaned blocks
Total full LBM containers with extra space: 0 (0 repaired)
Total full LBM container extra space in bytes: 0 (0 repaired)
Total incomplete LBM containers: 0 (0 repaired)
Total LBM partial records: 0 (0 repaired)
Total corrupted LBM metadata records in RocksDB: 0 (0 repaired)
I20260608 09:52:53.475178  8320 rpc_server.cc:225] running with OpenSSL 1.1.1  11 Sep 2018
I20260608 09:52:53.476368  8320 kserver.cc:163] Server-wide thread pool size limit: 3276
I20260608 09:52:53.477876  8320 txn_system_client.cc:432] TxnSystemClient initialization is disabled...
I20260608 09:52:53.480543  8320 ts_tablet_manager.cc:585] Loaded tablet metadata (0 total tablets, 0 live tablets)
I20260608 09:52:53.480790  8320 ts_tablet_manager.cc:531] Time spent load tablet metadata: real 0.000s	user 0.000s	sys 0.000s
I20260608 09:52:53.481055  8320 ts_tablet_manager.cc:616] Registered 0 tablets
I20260608 09:52:53.481244  8320 ts_tablet_manager.cc:595] Time spent register tablets: real 0.000s	user 0.000s	sys 0.000s
I20260608 09:52:53.521270  8320 rpc_server.cc:307] RPC server started. Bound to: 127.8.32.3:42499
I20260608 09:52:53.521384 11504 acceptor_pool.cc:272] collecting diagnostics on the listening RPC socket 127.8.32.3:42499 every 8 connection(s)
I20260608 09:52:53.537003 11505 heartbeater.cc:344] Connected to a master server at 127.8.32.62:40745
I20260608 09:52:53.537377 11505 heartbeater.cc:461] Registering TS with master...
I20260608 09:52:53.538127 11505 heartbeater.cc:507] Master 127.8.32.62:40745 requested a full tablet report, sending...
I20260608 09:52:53.540335 11227 ts_manager.cc:194] Registered new tserver with Master: ea7858681305499f9960b283bbb15b99 (127.8.32.3:42499)
I20260608 09:52:53.541381  8320 internal_mini_cluster.cc:371] 3 TS(s) registered with all masters after 0.01638908s
I20260608 09:52:53.541823 11227 master_service.cc:502] Signed X509 certificate for tserver {username='slave'} at 127.0.0.1:36944
I20260608 09:52:54.357856 11354 heartbeater.cc:499] Master 127.8.32.62:40745 was elected leader, sending a full tablet report...
I20260608 09:52:54.448959 11429 heartbeater.cc:499] Master 127.8.32.62:40745 was elected leader, sending a full tablet report...
I20260608 09:52:54.545307 11505 heartbeater.cc:499] Master 127.8.32.62:40745 was elected leader, sending a full tablet report...
I20260608 09:52:54.604425 11227 catalog_manager.cc:2282] Servicing CreateTable request from {username='slave'} at 127.0.0.1:37842:
name: "range_aware_rebalance_new_range"
schema {
  columns {
    name: "key"
    type: INT32
    is_key: true
    is_nullable: false
    encoding: AUTO_ENCODING
    compression: DEFAULT_COMPRESSION
    cfile_block_size: 0
    immutable: false
  }
}
num_replicas: 3
split_rows_range_bounds {
  rows: "\006\001\000\000\000\000\007\001\n\000\000\000""\006\001\000\000\000\000\007\001\n\000\000\000"
  indirect_data: """"
}
partition_schema {
  hash_schema {
    columns {
      name: "key"
    }
    num_buckets: 8
    seed: 0
  }
  range_schema {
    columns {
      name: "key"
    }
  }
}
W20260608 09:52:54.607550 11227 catalog_manager.cc:7076] The number of live tablet servers is not enough to re-replicate a tablet replica of the newly created table range_aware_rebalance_new_range in case of a server failure: 4 tablet servers would be needed, 3 are available. Consider bringing up more tablet servers.
I20260608 09:52:54.680868 11394 tablet_service.cc:1511] Processing CreateTablet for tablet 7ab29cf0419d422696ff2e6df9064740 (DEFAULT_TABLE table=range_aware_rebalance_new_range [id=c8d84b9f10f04e069ae1a0b43176d94b]), partition=HASH (key) PARTITION 0, RANGE (key) PARTITION 0 <= VALUES < 10
I20260608 09:52:54.681144 11393 tablet_service.cc:1511] Processing CreateTablet for tablet cf0844bdfc2f4a58aeecacdb6172a988 (DEFAULT_TABLE table=range_aware_rebalance_new_range [id=c8d84b9f10f04e069ae1a0b43176d94b]), partition=HASH (key) PARTITION 1, RANGE (key) PARTITION 0 <= VALUES < 10
I20260608 09:52:54.683288 11394 data_dirs.cc:400] Could only allocate 1 dirs of requested 3 for tablet 7ab29cf0419d422696ff2e6df9064740. 1 dirs total, 0 dirs full, 0 dirs failed
I20260608 09:52:54.691351 11393 data_dirs.cc:400] Could only allocate 1 dirs of requested 3 for tablet cf0844bdfc2f4a58aeecacdb6172a988. 1 dirs total, 0 dirs full, 0 dirs failed
I20260608 09:52:54.691654 11392 tablet_service.cc:1511] Processing CreateTablet for tablet 7f25de6bcf074b53a86a33c8ead0e0d1 (DEFAULT_TABLE table=range_aware_rebalance_new_range [id=c8d84b9f10f04e069ae1a0b43176d94b]), partition=HASH (key) PARTITION 2, RANGE (key) PARTITION 0 <= VALUES < 10
I20260608 09:52:54.693281 11392 data_dirs.cc:400] Could only allocate 1 dirs of requested 3 for tablet 7f25de6bcf074b53a86a33c8ead0e0d1. 1 dirs total, 0 dirs full, 0 dirs failed
I20260608 09:52:54.697589 11470 tablet_service.cc:1511] Processing CreateTablet for tablet 7ab29cf0419d422696ff2e6df9064740 (DEFAULT_TABLE table=range_aware_rebalance_new_range [id=c8d84b9f10f04e069ae1a0b43176d94b]), partition=HASH (key) PARTITION 0, RANGE (key) PARTITION 0 <= VALUES < 10
I20260608 09:52:54.697850 11469 tablet_service.cc:1511] Processing CreateTablet for tablet cf0844bdfc2f4a58aeecacdb6172a988 (DEFAULT_TABLE table=range_aware_rebalance_new_range [id=c8d84b9f10f04e069ae1a0b43176d94b]), partition=HASH (key) PARTITION 1, RANGE (key) PARTITION 0 <= VALUES < 10
I20260608 09:52:54.699783 11470 data_dirs.cc:400] Could only allocate 1 dirs of requested 3 for tablet 7ab29cf0419d422696ff2e6df9064740. 1 dirs total, 0 dirs full, 0 dirs failed
I20260608 09:52:54.700197 11316 tablet_service.cc:1511] Processing CreateTablet for tablet 45341651b67040c8b791cf600af7fb83 (DEFAULT_TABLE table=range_aware_rebalance_new_range [id=c8d84b9f10f04e069ae1a0b43176d94b]), partition=HASH (key) PARTITION 3, RANGE (key) PARTITION 0 <= VALUES < 10
I20260608 09:52:54.702057 11316 data_dirs.cc:400] Could only allocate 1 dirs of requested 3 for tablet 45341651b67040c8b791cf600af7fb83. 1 dirs total, 0 dirs full, 0 dirs failed
I20260608 09:52:54.701591 11318 tablet_service.cc:1511] Processing CreateTablet for tablet cf0844bdfc2f4a58aeecacdb6172a988 (DEFAULT_TABLE table=range_aware_rebalance_new_range [id=c8d84b9f10f04e069ae1a0b43176d94b]), partition=HASH (key) PARTITION 1, RANGE (key) PARTITION 0 <= VALUES < 10
I20260608 09:52:54.703352 11318 data_dirs.cc:400] Could only allocate 1 dirs of requested 3 for tablet cf0844bdfc2f4a58aeecacdb6172a988. 1 dirs total, 0 dirs full, 0 dirs failed
I20260608 09:52:54.703423 11469 data_dirs.cc:400] Could only allocate 1 dirs of requested 3 for tablet cf0844bdfc2f4a58aeecacdb6172a988. 1 dirs total, 0 dirs full, 0 dirs failed
I20260608 09:52:54.705926 11317 tablet_service.cc:1511] Processing CreateTablet for tablet 7f25de6bcf074b53a86a33c8ead0e0d1 (DEFAULT_TABLE table=range_aware_rebalance_new_range [id=c8d84b9f10f04e069ae1a0b43176d94b]), partition=HASH (key) PARTITION 2, RANGE (key) PARTITION 0 <= VALUES < 10
I20260608 09:52:54.707683 11317 data_dirs.cc:400] Could only allocate 1 dirs of requested 3 for tablet 7f25de6bcf074b53a86a33c8ead0e0d1. 1 dirs total, 0 dirs full, 0 dirs failed
I20260608 09:52:54.700212 11319 tablet_service.cc:1511] Processing CreateTablet for tablet 7ab29cf0419d422696ff2e6df9064740 (DEFAULT_TABLE table=range_aware_rebalance_new_range [id=c8d84b9f10f04e069ae1a0b43176d94b]), partition=HASH (key) PARTITION 0, RANGE (key) PARTITION 0 <= VALUES < 10
I20260608 09:52:54.712220 11319 data_dirs.cc:400] Could only allocate 1 dirs of requested 3 for tablet 7ab29cf0419d422696ff2e6df9064740. 1 dirs total, 0 dirs full, 0 dirs failed
I20260608 09:52:54.728523 11391 tablet_service.cc:1511] Processing CreateTablet for tablet 45341651b67040c8b791cf600af7fb83 (DEFAULT_TABLE table=range_aware_rebalance_new_range [id=c8d84b9f10f04e069ae1a0b43176d94b]), partition=HASH (key) PARTITION 3, RANGE (key) PARTITION 0 <= VALUES < 10
I20260608 09:52:54.730849 11391 data_dirs.cc:400] Could only allocate 1 dirs of requested 3 for tablet 45341651b67040c8b791cf600af7fb83. 1 dirs total, 0 dirs full, 0 dirs failed
I20260608 09:52:54.733844 11468 tablet_service.cc:1511] Processing CreateTablet for tablet 7f25de6bcf074b53a86a33c8ead0e0d1 (DEFAULT_TABLE table=range_aware_rebalance_new_range [id=c8d84b9f10f04e069ae1a0b43176d94b]), partition=HASH (key) PARTITION 2, RANGE (key) PARTITION 0 <= VALUES < 10
I20260608 09:52:54.736238 11468 data_dirs.cc:400] Could only allocate 1 dirs of requested 3 for tablet 7f25de6bcf074b53a86a33c8ead0e0d1. 1 dirs total, 0 dirs full, 0 dirs failed
I20260608 09:52:54.733875 11527 tablet_bootstrap.cc:492] T cf0844bdfc2f4a58aeecacdb6172a988 P ee70f15ce1a049529f4dbc179e4cfa90: Bootstrap starting.
I20260608 09:52:54.746786 11467 tablet_service.cc:1511] Processing CreateTablet for tablet 45341651b67040c8b791cf600af7fb83 (DEFAULT_TABLE table=range_aware_rebalance_new_range [id=c8d84b9f10f04e069ae1a0b43176d94b]), partition=HASH (key) PARTITION 3, RANGE (key) PARTITION 0 <= VALUES < 10
I20260608 09:52:54.748456 11467 data_dirs.cc:400] Could only allocate 1 dirs of requested 3 for tablet 45341651b67040c8b791cf600af7fb83. 1 dirs total, 0 dirs full, 0 dirs failed
I20260608 09:52:54.761669 11315 tablet_service.cc:1511] Processing CreateTablet for tablet 5220f1310a284f1c932c9bc5992cc079 (DEFAULT_TABLE table=range_aware_rebalance_new_range [id=c8d84b9f10f04e069ae1a0b43176d94b]), partition=HASH (key) PARTITION 4, RANGE (key) PARTITION 0 <= VALUES < 10
I20260608 09:52:54.763749 11315 data_dirs.cc:400] Could only allocate 1 dirs of requested 3 for tablet 5220f1310a284f1c932c9bc5992cc079. 1 dirs total, 0 dirs full, 0 dirs failed
I20260608 09:52:54.765388 11466 tablet_service.cc:1511] Processing CreateTablet for tablet 5220f1310a284f1c932c9bc5992cc079 (DEFAULT_TABLE table=range_aware_rebalance_new_range [id=c8d84b9f10f04e069ae1a0b43176d94b]), partition=HASH (key) PARTITION 4, RANGE (key) PARTITION 0 <= VALUES < 10
I20260608 09:52:54.766973 11466 data_dirs.cc:400] Could only allocate 1 dirs of requested 3 for tablet 5220f1310a284f1c932c9bc5992cc079. 1 dirs total, 0 dirs full, 0 dirs failed
I20260608 09:52:54.763752 11393 tablet_service.cc:1511] Processing CreateTablet for tablet 5220f1310a284f1c932c9bc5992cc079 (DEFAULT_TABLE table=range_aware_rebalance_new_range [id=c8d84b9f10f04e069ae1a0b43176d94b]), partition=HASH (key) PARTITION 4, RANGE (key) PARTITION 0 <= VALUES < 10
I20260608 09:52:54.767187 11527 tablet_bootstrap.cc:654] T cf0844bdfc2f4a58aeecacdb6172a988 P ee70f15ce1a049529f4dbc179e4cfa90: Neither blocks nor log segments found. Creating new log.
I20260608 09:52:54.768155 11393 data_dirs.cc:400] Could only allocate 1 dirs of requested 3 for tablet 5220f1310a284f1c932c9bc5992cc079. 1 dirs total, 0 dirs full, 0 dirs failed
I20260608 09:52:54.773699 11526 tablet_bootstrap.cc:492] T 45341651b67040c8b791cf600af7fb83 P db55ee04c3ec4b84aea6a15a1cb1862d: Bootstrap starting.
I20260608 09:52:54.781996 11526 tablet_bootstrap.cc:654] T 45341651b67040c8b791cf600af7fb83 P db55ee04c3ec4b84aea6a15a1cb1862d: Neither blocks nor log segments found. Creating new log.
I20260608 09:52:54.781829 11316 tablet_service.cc:1511] Processing CreateTablet for tablet 79cb1fe96a784ad58c4ae27318b4fc3c (DEFAULT_TABLE table=range_aware_rebalance_new_range [id=c8d84b9f10f04e069ae1a0b43176d94b]), partition=HASH (key) PARTITION 5, RANGE (key) PARTITION 0 <= VALUES < 10
I20260608 09:52:54.785243 11316 data_dirs.cc:400] Could only allocate 1 dirs of requested 3 for tablet 79cb1fe96a784ad58c4ae27318b4fc3c. 1 dirs total, 0 dirs full, 0 dirs failed
I20260608 09:52:54.793977 11392 tablet_service.cc:1511] Processing CreateTablet for tablet 79cb1fe96a784ad58c4ae27318b4fc3c (DEFAULT_TABLE table=range_aware_rebalance_new_range [id=c8d84b9f10f04e069ae1a0b43176d94b]), partition=HASH (key) PARTITION 5, RANGE (key) PARTITION 0 <= VALUES < 10
I20260608 09:52:54.809125 11392 data_dirs.cc:400] Could only allocate 1 dirs of requested 3 for tablet 79cb1fe96a784ad58c4ae27318b4fc3c. 1 dirs total, 0 dirs full, 0 dirs failed
I20260608 09:52:54.820070 11467 tablet_service.cc:1511] Processing CreateTablet for tablet 79cb1fe96a784ad58c4ae27318b4fc3c (DEFAULT_TABLE table=range_aware_rebalance_new_range [id=c8d84b9f10f04e069ae1a0b43176d94b]), partition=HASH (key) PARTITION 5, RANGE (key) PARTITION 0 <= VALUES < 10
I20260608 09:52:54.821731 11467 data_dirs.cc:400] Could only allocate 1 dirs of requested 3 for tablet 79cb1fe96a784ad58c4ae27318b4fc3c. 1 dirs total, 0 dirs full, 0 dirs failed
I20260608 09:52:54.820097 11391 tablet_service.cc:1511] Processing CreateTablet for tablet 9dde6b5db53146bb86523adb44924531 (DEFAULT_TABLE table=range_aware_rebalance_new_range [id=c8d84b9f10f04e069ae1a0b43176d94b]), partition=HASH (key) PARTITION 6, RANGE (key) PARTITION 0 <= VALUES < 10
I20260608 09:52:54.824331 11391 data_dirs.cc:400] Could only allocate 1 dirs of requested 3 for tablet 9dde6b5db53146bb86523adb44924531. 1 dirs total, 0 dirs full, 0 dirs failed
I20260608 09:52:54.835657 11470 tablet_service.cc:1511] Processing CreateTablet for tablet 9dde6b5db53146bb86523adb44924531 (DEFAULT_TABLE table=range_aware_rebalance_new_range [id=c8d84b9f10f04e069ae1a0b43176d94b]), partition=HASH (key) PARTITION 6, RANGE (key) PARTITION 0 <= VALUES < 10
I20260608 09:52:54.836998 11527 tablet_bootstrap.cc:492] T cf0844bdfc2f4a58aeecacdb6172a988 P ee70f15ce1a049529f4dbc179e4cfa90: No bootstrap required, opened a new log
I20260608 09:52:54.837213 11470 data_dirs.cc:400] Could only allocate 1 dirs of requested 3 for tablet 9dde6b5db53146bb86523adb44924531. 1 dirs total, 0 dirs full, 0 dirs failed
I20260608 09:52:54.837630 11527 ts_tablet_manager.cc:1403] T cf0844bdfc2f4a58aeecacdb6172a988 P ee70f15ce1a049529f4dbc179e4cfa90: Time spent bootstrapping tablet: real 0.104s	user 0.009s	sys 0.009s
I20260608 09:52:54.840035 11319 tablet_service.cc:1511] Processing CreateTablet for tablet 9dde6b5db53146bb86523adb44924531 (DEFAULT_TABLE table=range_aware_rebalance_new_range [id=c8d84b9f10f04e069ae1a0b43176d94b]), partition=HASH (key) PARTITION 6, RANGE (key) PARTITION 0 <= VALUES < 10
I20260608 09:52:54.841291 11319 data_dirs.cc:400] Could only allocate 1 dirs of requested 3 for tablet 9dde6b5db53146bb86523adb44924531. 1 dirs total, 0 dirs full, 0 dirs failed
I20260608 09:52:54.847510 11393 tablet_service.cc:1511] Processing CreateTablet for tablet 88bae78e80b04968ac0fda9305eb2550 (DEFAULT_TABLE table=range_aware_rebalance_new_range [id=c8d84b9f10f04e069ae1a0b43176d94b]), partition=HASH (key) PARTITION 7, RANGE (key) PARTITION 0 <= VALUES < 10
I20260608 09:52:54.849292 11393 data_dirs.cc:400] Could only allocate 1 dirs of requested 3 for tablet 88bae78e80b04968ac0fda9305eb2550. 1 dirs total, 0 dirs full, 0 dirs failed
I20260608 09:52:54.849810 11317 tablet_service.cc:1511] Processing CreateTablet for tablet 88bae78e80b04968ac0fda9305eb2550 (DEFAULT_TABLE table=range_aware_rebalance_new_range [id=c8d84b9f10f04e069ae1a0b43176d94b]), partition=HASH (key) PARTITION 7, RANGE (key) PARTITION 0 <= VALUES < 10
I20260608 09:52:54.851253 11317 data_dirs.cc:400] Could only allocate 1 dirs of requested 3 for tablet 88bae78e80b04968ac0fda9305eb2550. 1 dirs total, 0 dirs full, 0 dirs failed
I20260608 09:52:54.851296 11527 raft_consensus.cc:359] T cf0844bdfc2f4a58aeecacdb6172a988 P ee70f15ce1a049529f4dbc179e4cfa90 [term 0 FOLLOWER]: Replica starting. Triggering 0 pending ops. Active config: opid_index: -1 OBSOLETE_local: false peers { permanent_uuid: "db55ee04c3ec4b84aea6a15a1cb1862d" member_type: VOTER last_known_addr { host: "127.8.32.1" port: 44405 } } peers { permanent_uuid: "ee70f15ce1a049529f4dbc179e4cfa90" member_type: VOTER last_known_addr { host: "127.8.32.2" port: 37213 } } peers { permanent_uuid: "ea7858681305499f9960b283bbb15b99" member_type: VOTER last_known_addr { host: "127.8.32.3" port: 42499 } }
I20260608 09:52:54.852320 11527 raft_consensus.cc:385] T cf0844bdfc2f4a58aeecacdb6172a988 P ee70f15ce1a049529f4dbc179e4cfa90 [term 0 FOLLOWER]: Consensus starting up: Expiring failure detector timer to make a prompt election more likely
I20260608 09:52:54.852651 11527 raft_consensus.cc:740] T cf0844bdfc2f4a58aeecacdb6172a988 P ee70f15ce1a049529f4dbc179e4cfa90 [term 0 FOLLOWER]: Becoming Follower/Learner. State: Replica: ee70f15ce1a049529f4dbc179e4cfa90, State: Initialized, Role: FOLLOWER
I20260608 09:52:54.853564 11527 consensus_queue.cc:260] T cf0844bdfc2f4a58aeecacdb6172a988 P ee70f15ce1a049529f4dbc179e4cfa90 [NON_LEADER]: Queue going to NON_LEADER mode. State: All replicated index: 0, Majority replicated index: 0, Committed index: 0, Last appended: 0.0, Last appended by leader: 0, Current term: 0, Majority size: -1, State: 0, Mode: NON_LEADER, active raft config: opid_index: -1 OBSOLETE_local: false peers { permanent_uuid: "db55ee04c3ec4b84aea6a15a1cb1862d" member_type: VOTER last_known_addr { host: "127.8.32.1" port: 44405 } } peers { permanent_uuid: "ee70f15ce1a049529f4dbc179e4cfa90" member_type: VOTER last_known_addr { host: "127.8.32.2" port: 37213 } } peers { permanent_uuid: "ea7858681305499f9960b283bbb15b99" member_type: VOTER last_known_addr { host: "127.8.32.3" port: 42499 } }
I20260608 09:52:54.855964 11529 tablet_bootstrap.cc:492] T cf0844bdfc2f4a58aeecacdb6172a988 P ea7858681305499f9960b283bbb15b99: Bootstrap starting.
I20260608 09:52:54.868552 11529 tablet_bootstrap.cc:654] T cf0844bdfc2f4a58aeecacdb6172a988 P ea7858681305499f9960b283bbb15b99: Neither blocks nor log segments found. Creating new log.
I20260608 09:52:54.869815 11468 tablet_service.cc:1511] Processing CreateTablet for tablet 88bae78e80b04968ac0fda9305eb2550 (DEFAULT_TABLE table=range_aware_rebalance_new_range [id=c8d84b9f10f04e069ae1a0b43176d94b]), partition=HASH (key) PARTITION 7, RANGE (key) PARTITION 0 <= VALUES < 10
I20260608 09:52:54.872174 11527 ts_tablet_manager.cc:1434] T cf0844bdfc2f4a58aeecacdb6172a988 P ee70f15ce1a049529f4dbc179e4cfa90: Time spent starting tablet: real 0.034s	user 0.008s	sys 0.004s
I20260608 09:52:54.877116 11468 data_dirs.cc:400] Could only allocate 1 dirs of requested 3 for tablet 88bae78e80b04968ac0fda9305eb2550. 1 dirs total, 0 dirs full, 0 dirs failed
I20260608 09:52:54.884513 11526 tablet_bootstrap.cc:492] T 45341651b67040c8b791cf600af7fb83 P db55ee04c3ec4b84aea6a15a1cb1862d: No bootstrap required, opened a new log
I20260608 09:52:54.885098 11526 ts_tablet_manager.cc:1403] T 45341651b67040c8b791cf600af7fb83 P db55ee04c3ec4b84aea6a15a1cb1862d: Time spent bootstrapping tablet: real 0.112s	user 0.009s	sys 0.004s
I20260608 09:52:54.886626 11527 tablet_bootstrap.cc:492] T 7f25de6bcf074b53a86a33c8ead0e0d1 P ee70f15ce1a049529f4dbc179e4cfa90: Bootstrap starting.
I20260608 09:52:54.890647 11526 raft_consensus.cc:359] T 45341651b67040c8b791cf600af7fb83 P db55ee04c3ec4b84aea6a15a1cb1862d [term 0 FOLLOWER]: Replica starting. Triggering 0 pending ops. Active config: opid_index: -1 OBSOLETE_local: false peers { permanent_uuid: "db55ee04c3ec4b84aea6a15a1cb1862d" member_type: VOTER last_known_addr { host: "127.8.32.1" port: 44405 } } peers { permanent_uuid: "ee70f15ce1a049529f4dbc179e4cfa90" member_type: VOTER last_known_addr { host: "127.8.32.2" port: 37213 } } peers { permanent_uuid: "ea7858681305499f9960b283bbb15b99" member_type: VOTER last_known_addr { host: "127.8.32.3" port: 42499 } }
I20260608 09:52:54.891542 11526 raft_consensus.cc:385] T 45341651b67040c8b791cf600af7fb83 P db55ee04c3ec4b84aea6a15a1cb1862d [term 0 FOLLOWER]: Consensus starting up: Expiring failure detector timer to make a prompt election more likely
I20260608 09:52:54.891924 11526 raft_consensus.cc:740] T 45341651b67040c8b791cf600af7fb83 P db55ee04c3ec4b84aea6a15a1cb1862d [term 0 FOLLOWER]: Becoming Follower/Learner. State: Replica: db55ee04c3ec4b84aea6a15a1cb1862d, State: Initialized, Role: FOLLOWER
I20260608 09:52:54.892959 11526 consensus_queue.cc:260] T 45341651b67040c8b791cf600af7fb83 P db55ee04c3ec4b84aea6a15a1cb1862d [NON_LEADER]: Queue going to NON_LEADER mode. State: All replicated index: 0, Majority replicated index: 0, Committed index: 0, Last appended: 0.0, Last appended by leader: 0, Current term: 0, Majority size: -1, State: 0, Mode: NON_LEADER, active raft config: opid_index: -1 OBSOLETE_local: false peers { permanent_uuid: "db55ee04c3ec4b84aea6a15a1cb1862d" member_type: VOTER last_known_addr { host: "127.8.32.1" port: 44405 } } peers { permanent_uuid: "ee70f15ce1a049529f4dbc179e4cfa90" member_type: VOTER last_known_addr { host: "127.8.32.2" port: 37213 } } peers { permanent_uuid: "ea7858681305499f9960b283bbb15b99" member_type: VOTER last_known_addr { host: "127.8.32.3" port: 42499 } }
I20260608 09:52:54.893757 11527 tablet_bootstrap.cc:654] T 7f25de6bcf074b53a86a33c8ead0e0d1 P ee70f15ce1a049529f4dbc179e4cfa90: Neither blocks nor log segments found. Creating new log.
I20260608 09:52:54.899928 11526 ts_tablet_manager.cc:1434] T 45341651b67040c8b791cf600af7fb83 P db55ee04c3ec4b84aea6a15a1cb1862d: Time spent starting tablet: real 0.015s	user 0.006s	sys 0.004s
I20260608 09:52:54.901094 11526 tablet_bootstrap.cc:492] T 79cb1fe96a784ad58c4ae27318b4fc3c P db55ee04c3ec4b84aea6a15a1cb1862d: Bootstrap starting.
I20260608 09:52:54.901294 11527 tablet_bootstrap.cc:492] T 7f25de6bcf074b53a86a33c8ead0e0d1 P ee70f15ce1a049529f4dbc179e4cfa90: No bootstrap required, opened a new log
I20260608 09:52:54.901587 11529 tablet_bootstrap.cc:492] T cf0844bdfc2f4a58aeecacdb6172a988 P ea7858681305499f9960b283bbb15b99: No bootstrap required, opened a new log
I20260608 09:52:54.902024 11527 ts_tablet_manager.cc:1403] T 7f25de6bcf074b53a86a33c8ead0e0d1 P ee70f15ce1a049529f4dbc179e4cfa90: Time spent bootstrapping tablet: real 0.016s	user 0.009s	sys 0.004s
I20260608 09:52:54.902179 11529 ts_tablet_manager.cc:1403] T cf0844bdfc2f4a58aeecacdb6172a988 P ea7858681305499f9960b283bbb15b99: Time spent bootstrapping tablet: real 0.047s	user 0.009s	sys 0.005s
I20260608 09:52:54.906203 11529 raft_consensus.cc:359] T cf0844bdfc2f4a58aeecacdb6172a988 P ea7858681305499f9960b283bbb15b99 [term 0 FOLLOWER]: Replica starting. Triggering 0 pending ops. Active config: opid_index: -1 OBSOLETE_local: false peers { permanent_uuid: "db55ee04c3ec4b84aea6a15a1cb1862d" member_type: VOTER last_known_addr { host: "127.8.32.1" port: 44405 } } peers { permanent_uuid: "ee70f15ce1a049529f4dbc179e4cfa90" member_type: VOTER last_known_addr { host: "127.8.32.2" port: 37213 } } peers { permanent_uuid: "ea7858681305499f9960b283bbb15b99" member_type: VOTER last_known_addr { host: "127.8.32.3" port: 42499 } }
I20260608 09:52:54.907111 11529 raft_consensus.cc:385] T cf0844bdfc2f4a58aeecacdb6172a988 P ea7858681305499f9960b283bbb15b99 [term 0 FOLLOWER]: Consensus starting up: Expiring failure detector timer to make a prompt election more likely
I20260608 09:52:54.907060 11527 raft_consensus.cc:359] T 7f25de6bcf074b53a86a33c8ead0e0d1 P ee70f15ce1a049529f4dbc179e4cfa90 [term 0 FOLLOWER]: Replica starting. Triggering 0 pending ops. Active config: opid_index: -1 OBSOLETE_local: false peers { permanent_uuid: "db55ee04c3ec4b84aea6a15a1cb1862d" member_type: VOTER last_known_addr { host: "127.8.32.1" port: 44405 } } peers { permanent_uuid: "ee70f15ce1a049529f4dbc179e4cfa90" member_type: VOTER last_known_addr { host: "127.8.32.2" port: 37213 } } peers { permanent_uuid: "ea7858681305499f9960b283bbb15b99" member_type: VOTER last_known_addr { host: "127.8.32.3" port: 42499 } }
I20260608 09:52:54.907675 11529 raft_consensus.cc:740] T cf0844bdfc2f4a58aeecacdb6172a988 P ea7858681305499f9960b283bbb15b99 [term 0 FOLLOWER]: Becoming Follower/Learner. State: Replica: ea7858681305499f9960b283bbb15b99, State: Initialized, Role: FOLLOWER
I20260608 09:52:54.908155 11527 raft_consensus.cc:385] T 7f25de6bcf074b53a86a33c8ead0e0d1 P ee70f15ce1a049529f4dbc179e4cfa90 [term 0 FOLLOWER]: Consensus starting up: Expiring failure detector timer to make a prompt election more likely
I20260608 09:52:54.908586 11527 raft_consensus.cc:740] T 7f25de6bcf074b53a86a33c8ead0e0d1 P ee70f15ce1a049529f4dbc179e4cfa90 [term 0 FOLLOWER]: Becoming Follower/Learner. State: Replica: ee70f15ce1a049529f4dbc179e4cfa90, State: Initialized, Role: FOLLOWER
I20260608 09:52:54.909687 11527 consensus_queue.cc:260] T 7f25de6bcf074b53a86a33c8ead0e0d1 P ee70f15ce1a049529f4dbc179e4cfa90 [NON_LEADER]: Queue going to NON_LEADER mode. State: All replicated index: 0, Majority replicated index: 0, Committed index: 0, Last appended: 0.0, Last appended by leader: 0, Current term: 0, Majority size: -1, State: 0, Mode: NON_LEADER, active raft config: opid_index: -1 OBSOLETE_local: false peers { permanent_uuid: "db55ee04c3ec4b84aea6a15a1cb1862d" member_type: VOTER last_known_addr { host: "127.8.32.1" port: 44405 } } peers { permanent_uuid: "ee70f15ce1a049529f4dbc179e4cfa90" member_type: VOTER last_known_addr { host: "127.8.32.2" port: 37213 } } peers { permanent_uuid: "ea7858681305499f9960b283bbb15b99" member_type: VOTER last_known_addr { host: "127.8.32.3" port: 42499 } }
I20260608 09:52:54.908887 11529 consensus_queue.cc:260] T cf0844bdfc2f4a58aeecacdb6172a988 P ea7858681305499f9960b283bbb15b99 [NON_LEADER]: Queue going to NON_LEADER mode. State: All replicated index: 0, Majority replicated index: 0, Committed index: 0, Last appended: 0.0, Last appended by leader: 0, Current term: 0, Majority size: -1, State: 0, Mode: NON_LEADER, active raft config: opid_index: -1 OBSOLETE_local: false peers { permanent_uuid: "db55ee04c3ec4b84aea6a15a1cb1862d" member_type: VOTER last_known_addr { host: "127.8.32.1" port: 44405 } } peers { permanent_uuid: "ee70f15ce1a049529f4dbc179e4cfa90" member_type: VOTER last_known_addr { host: "127.8.32.2" port: 37213 } } peers { permanent_uuid: "ea7858681305499f9960b283bbb15b99" member_type: VOTER last_known_addr { host: "127.8.32.3" port: 42499 } }
I20260608 09:52:54.913287 11529 ts_tablet_manager.cc:1434] T cf0844bdfc2f4a58aeecacdb6172a988 P ea7858681305499f9960b283bbb15b99: Time spent starting tablet: real 0.011s	user 0.007s	sys 0.001s
I20260608 09:52:54.913287 11527 ts_tablet_manager.cc:1434] T 7f25de6bcf074b53a86a33c8ead0e0d1 P ee70f15ce1a049529f4dbc179e4cfa90: Time spent starting tablet: real 0.011s	user 0.003s	sys 0.004s
I20260608 09:52:54.915251 11527 tablet_bootstrap.cc:492] T 45341651b67040c8b791cf600af7fb83 P ee70f15ce1a049529f4dbc179e4cfa90: Bootstrap starting.
I20260608 09:52:54.917443 11526 tablet_bootstrap.cc:654] T 79cb1fe96a784ad58c4ae27318b4fc3c P db55ee04c3ec4b84aea6a15a1cb1862d: Neither blocks nor log segments found. Creating new log.
I20260608 09:52:54.921527 11529 tablet_bootstrap.cc:492] T 45341651b67040c8b791cf600af7fb83 P ea7858681305499f9960b283bbb15b99: Bootstrap starting.
I20260608 09:52:54.923084 11535 raft_consensus.cc:493] T cf0844bdfc2f4a58aeecacdb6172a988 P ea7858681305499f9960b283bbb15b99 [term 0 FOLLOWER]: Starting pre-election (no leader contacted us within the election timeout)
I20260608 09:52:54.923704 11535 raft_consensus.cc:515] T cf0844bdfc2f4a58aeecacdb6172a988 P ea7858681305499f9960b283bbb15b99 [term 0 FOLLOWER]: Starting pre-election with config: opid_index: -1 OBSOLETE_local: false peers { permanent_uuid: "db55ee04c3ec4b84aea6a15a1cb1862d" member_type: VOTER last_known_addr { host: "127.8.32.1" port: 44405 } } peers { permanent_uuid: "ee70f15ce1a049529f4dbc179e4cfa90" member_type: VOTER last_known_addr { host: "127.8.32.2" port: 37213 } } peers { permanent_uuid: "ea7858681305499f9960b283bbb15b99" member_type: VOTER last_known_addr { host: "127.8.32.3" port: 42499 } }
I20260608 09:52:54.933166 11527 tablet_bootstrap.cc:654] T 45341651b67040c8b791cf600af7fb83 P ee70f15ce1a049529f4dbc179e4cfa90: Neither blocks nor log segments found. Creating new log.
I20260608 09:52:54.934681 11535 leader_election.cc:290] T cf0844bdfc2f4a58aeecacdb6172a988 P ea7858681305499f9960b283bbb15b99 [CANDIDATE]: Term 1 pre-election: Requested pre-vote from peers db55ee04c3ec4b84aea6a15a1cb1862d (127.8.32.1:44405), ee70f15ce1a049529f4dbc179e4cfa90 (127.8.32.2:37213)
I20260608 09:52:54.934425 11529 tablet_bootstrap.cc:654] T 45341651b67040c8b791cf600af7fb83 P ea7858681305499f9960b283bbb15b99: Neither blocks nor log segments found. Creating new log.
I20260608 09:52:54.950807 11526 tablet_bootstrap.cc:492] T 79cb1fe96a784ad58c4ae27318b4fc3c P db55ee04c3ec4b84aea6a15a1cb1862d: No bootstrap required, opened a new log
I20260608 09:52:54.951421 11526 ts_tablet_manager.cc:1403] T 79cb1fe96a784ad58c4ae27318b4fc3c P db55ee04c3ec4b84aea6a15a1cb1862d: Time spent bootstrapping tablet: real 0.051s	user 0.015s	sys 0.007s
I20260608 09:52:54.955184 11527 tablet_bootstrap.cc:492] T 45341651b67040c8b791cf600af7fb83 P ee70f15ce1a049529f4dbc179e4cfa90: No bootstrap required, opened a new log
I20260608 09:52:54.955663 11529 tablet_bootstrap.cc:492] T 45341651b67040c8b791cf600af7fb83 P ea7858681305499f9960b283bbb15b99: No bootstrap required, opened a new log
I20260608 09:52:54.955842 11527 ts_tablet_manager.cc:1403] T 45341651b67040c8b791cf600af7fb83 P ee70f15ce1a049529f4dbc179e4cfa90: Time spent bootstrapping tablet: real 0.041s	user 0.010s	sys 0.005s
I20260608 09:52:54.956562 11529 ts_tablet_manager.cc:1403] T 45341651b67040c8b791cf600af7fb83 P ea7858681305499f9960b283bbb15b99: Time spent bootstrapping tablet: real 0.035s	user 0.019s	sys 0.000s
I20260608 09:52:54.959784 11527 raft_consensus.cc:359] T 45341651b67040c8b791cf600af7fb83 P ee70f15ce1a049529f4dbc179e4cfa90 [term 0 FOLLOWER]: Replica starting. Triggering 0 pending ops. Active config: opid_index: -1 OBSOLETE_local: false peers { permanent_uuid: "db55ee04c3ec4b84aea6a15a1cb1862d" member_type: VOTER last_known_addr { host: "127.8.32.1" port: 44405 } } peers { permanent_uuid: "ee70f15ce1a049529f4dbc179e4cfa90" member_type: VOTER last_known_addr { host: "127.8.32.2" port: 37213 } } peers { permanent_uuid: "ea7858681305499f9960b283bbb15b99" member_type: VOTER last_known_addr { host: "127.8.32.3" port: 42499 } }
I20260608 09:52:54.960688 11527 raft_consensus.cc:385] T 45341651b67040c8b791cf600af7fb83 P ee70f15ce1a049529f4dbc179e4cfa90 [term 0 FOLLOWER]: Consensus starting up: Expiring failure detector timer to make a prompt election more likely
I20260608 09:52:54.960404 11529 raft_consensus.cc:359] T 45341651b67040c8b791cf600af7fb83 P ea7858681305499f9960b283bbb15b99 [term 0 FOLLOWER]: Replica starting. Triggering 0 pending ops. Active config: opid_index: -1 OBSOLETE_local: false peers { permanent_uuid: "db55ee04c3ec4b84aea6a15a1cb1862d" member_type: VOTER last_known_addr { host: "127.8.32.1" port: 44405 } } peers { permanent_uuid: "ee70f15ce1a049529f4dbc179e4cfa90" member_type: VOTER last_known_addr { host: "127.8.32.2" port: 37213 } } peers { permanent_uuid: "ea7858681305499f9960b283bbb15b99" member_type: VOTER last_known_addr { host: "127.8.32.3" port: 42499 } }
I20260608 09:52:54.961676 11529 raft_consensus.cc:385] T 45341651b67040c8b791cf600af7fb83 P ea7858681305499f9960b283bbb15b99 [term 0 FOLLOWER]: Consensus starting up: Expiring failure detector timer to make a prompt election more likely
I20260608 09:52:54.962144 11529 raft_consensus.cc:740] T 45341651b67040c8b791cf600af7fb83 P ea7858681305499f9960b283bbb15b99 [term 0 FOLLOWER]: Becoming Follower/Learner. State: Replica: ea7858681305499f9960b283bbb15b99, State: Initialized, Role: FOLLOWER
I20260608 09:52:54.961287 11527 raft_consensus.cc:740] T 45341651b67040c8b791cf600af7fb83 P ee70f15ce1a049529f4dbc179e4cfa90 [term 0 FOLLOWER]: Becoming Follower/Learner. State: Replica: ee70f15ce1a049529f4dbc179e4cfa90, State: Initialized, Role: FOLLOWER
I20260608 09:52:54.962426 11526 raft_consensus.cc:359] T 79cb1fe96a784ad58c4ae27318b4fc3c P db55ee04c3ec4b84aea6a15a1cb1862d [term 0 FOLLOWER]: Replica starting. Triggering 0 pending ops. Active config: opid_index: -1 OBSOLETE_local: false peers { permanent_uuid: "db55ee04c3ec4b84aea6a15a1cb1862d" member_type: VOTER last_known_addr { host: "127.8.32.1" port: 44405 } } peers { permanent_uuid: "ee70f15ce1a049529f4dbc179e4cfa90" member_type: VOTER last_known_addr { host: "127.8.32.2" port: 37213 } } peers { permanent_uuid: "ea7858681305499f9960b283bbb15b99" member_type: VOTER last_known_addr { host: "127.8.32.3" port: 42499 } }
I20260608 09:52:54.963385 11329 tablet_service.cc:1917] Received RequestConsensusVote() RPC: tablet_id: "cf0844bdfc2f4a58aeecacdb6172a988" candidate_uuid: "ea7858681305499f9960b283bbb15b99" candidate_term: 1 candidate_status { last_received { term: 0 index: 0 } } ignore_live_leader: false dest_uuid: "db55ee04c3ec4b84aea6a15a1cb1862d" is_pre_election: true
I20260608 09:52:54.963708 11529 consensus_queue.cc:260] T 45341651b67040c8b791cf600af7fb83 P ea7858681305499f9960b283bbb15b99 [NON_LEADER]: Queue going to NON_LEADER mode. State: All replicated index: 0, Majority replicated index: 0, Committed index: 0, Last appended: 0.0, Last appended by leader: 0, Current term: 0, Majority size: -1, State: 0, Mode: NON_LEADER, active raft config: opid_index: -1 OBSOLETE_local: false peers { permanent_uuid: "db55ee04c3ec4b84aea6a15a1cb1862d" member_type: VOTER last_known_addr { host: "127.8.32.1" port: 44405 } } peers { permanent_uuid: "ee70f15ce1a049529f4dbc179e4cfa90" member_type: VOTER last_known_addr { host: "127.8.32.2" port: 37213 } } peers { permanent_uuid: "ea7858681305499f9960b283bbb15b99" member_type: VOTER last_known_addr { host: "127.8.32.3" port: 42499 } }
I20260608 09:52:54.964217 11526 raft_consensus.cc:385] T 79cb1fe96a784ad58c4ae27318b4fc3c P db55ee04c3ec4b84aea6a15a1cb1862d [term 0 FOLLOWER]: Consensus starting up: Expiring failure detector timer to make a prompt election more likely
W20260608 09:52:54.965662 11444 leader_election.cc:343] T cf0844bdfc2f4a58aeecacdb6172a988 P ea7858681305499f9960b283bbb15b99 [CANDIDATE]: Term 1 pre-election: Tablet error from VoteRequest() call to peer db55ee04c3ec4b84aea6a15a1cb1862d (127.8.32.1:44405): Illegal state: must be running to vote when last-logged opid is not known
I20260608 09:52:54.966431 11529 ts_tablet_manager.cc:1434] T 45341651b67040c8b791cf600af7fb83 P ea7858681305499f9960b283bbb15b99: Time spent starting tablet: real 0.009s	user 0.006s	sys 0.000s
I20260608 09:52:54.966990 11527 consensus_queue.cc:260] T 45341651b67040c8b791cf600af7fb83 P ee70f15ce1a049529f4dbc179e4cfa90 [NON_LEADER]: Queue going to NON_LEADER mode. State: All replicated index: 0, Majority replicated index: 0, Committed index: 0, Last appended: 0.0, Last appended by leader: 0, Current term: 0, Majority size: -1, State: 0, Mode: NON_LEADER, active raft config: opid_index: -1 OBSOLETE_local: false peers { permanent_uuid: "db55ee04c3ec4b84aea6a15a1cb1862d" member_type: VOTER last_known_addr { host: "127.8.32.1" port: 44405 } } peers { permanent_uuid: "ee70f15ce1a049529f4dbc179e4cfa90" member_type: VOTER last_known_addr { host: "127.8.32.2" port: 37213 } } peers { permanent_uuid: "ea7858681305499f9960b283bbb15b99" member_type: VOTER last_known_addr { host: "127.8.32.3" port: 42499 } }
I20260608 09:52:54.964604 11526 raft_consensus.cc:740] T 79cb1fe96a784ad58c4ae27318b4fc3c P db55ee04c3ec4b84aea6a15a1cb1862d [term 0 FOLLOWER]: Becoming Follower/Learner. State: Replica: db55ee04c3ec4b84aea6a15a1cb1862d, State: Initialized, Role: FOLLOWER
I20260608 09:52:54.968403 11526 consensus_queue.cc:260] T 79cb1fe96a784ad58c4ae27318b4fc3c P db55ee04c3ec4b84aea6a15a1cb1862d [NON_LEADER]: Queue going to NON_LEADER mode. State: All replicated index: 0, Majority replicated index: 0, Committed index: 0, Last appended: 0.0, Last appended by leader: 0, Current term: 0, Majority size: -1, State: 0, Mode: NON_LEADER, active raft config: opid_index: -1 OBSOLETE_local: false peers { permanent_uuid: "db55ee04c3ec4b84aea6a15a1cb1862d" member_type: VOTER last_known_addr { host: "127.8.32.1" port: 44405 } } peers { permanent_uuid: "ee70f15ce1a049529f4dbc179e4cfa90" member_type: VOTER last_known_addr { host: "127.8.32.2" port: 37213 } } peers { permanent_uuid: "ea7858681305499f9960b283bbb15b99" member_type: VOTER last_known_addr { host: "127.8.32.3" port: 42499 } }
I20260608 09:52:54.967545 11529 tablet_bootstrap.cc:492] T 7ab29cf0419d422696ff2e6df9064740 P ea7858681305499f9960b283bbb15b99: Bootstrap starting.
I20260608 09:52:54.971055 11526 ts_tablet_manager.cc:1434] T 79cb1fe96a784ad58c4ae27318b4fc3c P db55ee04c3ec4b84aea6a15a1cb1862d: Time spent starting tablet: real 0.019s	user 0.008s	sys 0.000s
I20260608 09:52:54.972270 11526 tablet_bootstrap.cc:492] T cf0844bdfc2f4a58aeecacdb6172a988 P db55ee04c3ec4b84aea6a15a1cb1862d: Bootstrap starting.
I20260608 09:52:54.972195 11404 tablet_service.cc:1917] Received RequestConsensusVote() RPC: tablet_id: "cf0844bdfc2f4a58aeecacdb6172a988" candidate_uuid: "ea7858681305499f9960b283bbb15b99" candidate_term: 1 candidate_status { last_received { term: 0 index: 0 } } ignore_live_leader: false dest_uuid: "ee70f15ce1a049529f4dbc179e4cfa90" is_pre_election: true
I20260608 09:52:54.972999 11404 raft_consensus.cc:2468] T cf0844bdfc2f4a58aeecacdb6172a988 P ee70f15ce1a049529f4dbc179e4cfa90 [term 0 FOLLOWER]: Leader pre-election vote request: Granting yes vote for candidate ea7858681305499f9960b283bbb15b99 in term 0.
I20260608 09:52:54.976312 11527 ts_tablet_manager.cc:1434] T 45341651b67040c8b791cf600af7fb83 P ee70f15ce1a049529f4dbc179e4cfa90: Time spent starting tablet: real 0.020s	user 0.007s	sys 0.000s
I20260608 09:52:54.977516 11527 tablet_bootstrap.cc:492] T 7ab29cf0419d422696ff2e6df9064740 P ee70f15ce1a049529f4dbc179e4cfa90: Bootstrap starting.
I20260608 09:52:54.980041 11526 tablet_bootstrap.cc:654] T cf0844bdfc2f4a58aeecacdb6172a988 P db55ee04c3ec4b84aea6a15a1cb1862d: Neither blocks nor log segments found. Creating new log.
I20260608 09:52:54.981685 11443 leader_election.cc:304] T cf0844bdfc2f4a58aeecacdb6172a988 P ea7858681305499f9960b283bbb15b99 [CANDIDATE]: Term 1 pre-election: Election decided. Result: candidate won. Election summary: received 3 responses out of 3 voters: 2 yes votes; 1 no votes. yes voters: ea7858681305499f9960b283bbb15b99, ee70f15ce1a049529f4dbc179e4cfa90; no voters: db55ee04c3ec4b84aea6a15a1cb1862d
I20260608 09:52:54.982746 11535 raft_consensus.cc:2804] T cf0844bdfc2f4a58aeecacdb6172a988 P ea7858681305499f9960b283bbb15b99 [term 0 FOLLOWER]: Leader pre-election won for term 1
I20260608 09:52:54.983147 11535 raft_consensus.cc:493] T cf0844bdfc2f4a58aeecacdb6172a988 P ea7858681305499f9960b283bbb15b99 [term 0 FOLLOWER]: Starting leader election (no leader contacted us within the election timeout)
I20260608 09:52:54.983523 11535 raft_consensus.cc:3060] T cf0844bdfc2f4a58aeecacdb6172a988 P ea7858681305499f9960b283bbb15b99 [term 0 FOLLOWER]: Advancing to term 1
I20260608 09:52:54.984640 11527 tablet_bootstrap.cc:654] T 7ab29cf0419d422696ff2e6df9064740 P ee70f15ce1a049529f4dbc179e4cfa90: Neither blocks nor log segments found. Creating new log.
I20260608 09:52:54.988758 11529 tablet_bootstrap.cc:654] T 7ab29cf0419d422696ff2e6df9064740 P ea7858681305499f9960b283bbb15b99: Neither blocks nor log segments found. Creating new log.
I20260608 09:52:54.991547 11535 raft_consensus.cc:515] T cf0844bdfc2f4a58aeecacdb6172a988 P ea7858681305499f9960b283bbb15b99 [term 1 FOLLOWER]: Starting leader election with config: opid_index: -1 OBSOLETE_local: false peers { permanent_uuid: "db55ee04c3ec4b84aea6a15a1cb1862d" member_type: VOTER last_known_addr { host: "127.8.32.1" port: 44405 } } peers { permanent_uuid: "ee70f15ce1a049529f4dbc179e4cfa90" member_type: VOTER last_known_addr { host: "127.8.32.2" port: 37213 } } peers { permanent_uuid: "ea7858681305499f9960b283bbb15b99" member_type: VOTER last_known_addr { host: "127.8.32.3" port: 42499 } }
I20260608 09:52:54.996574 11529 tablet_bootstrap.cc:492] T 7ab29cf0419d422696ff2e6df9064740 P ea7858681305499f9960b283bbb15b99: No bootstrap required, opened a new log
I20260608 09:52:54.997256 11329 tablet_service.cc:1917] Received RequestConsensusVote() RPC: tablet_id: "cf0844bdfc2f4a58aeecacdb6172a988" candidate_uuid: "ea7858681305499f9960b283bbb15b99" candidate_term: 1 candidate_status { last_received { term: 0 index: 0 } } ignore_live_leader: false dest_uuid: "db55ee04c3ec4b84aea6a15a1cb1862d"
I20260608 09:52:54.998262 11526 tablet_bootstrap.cc:492] T cf0844bdfc2f4a58aeecacdb6172a988 P db55ee04c3ec4b84aea6a15a1cb1862d: No bootstrap required, opened a new log
I20260608 09:52:54.998365 11535 leader_election.cc:290] T cf0844bdfc2f4a58aeecacdb6172a988 P ea7858681305499f9960b283bbb15b99 [CANDIDATE]: Term 1 election: Requested vote from peers db55ee04c3ec4b84aea6a15a1cb1862d (127.8.32.1:44405), ee70f15ce1a049529f4dbc179e4cfa90 (127.8.32.2:37213)
I20260608 09:52:54.998873 11526 ts_tablet_manager.cc:1403] T cf0844bdfc2f4a58aeecacdb6172a988 P db55ee04c3ec4b84aea6a15a1cb1862d: Time spent bootstrapping tablet: real 0.027s	user 0.015s	sys 0.000s
W20260608 09:52:54.998900 11444 leader_election.cc:343] T cf0844bdfc2f4a58aeecacdb6172a988 P ea7858681305499f9960b283bbb15b99 [CANDIDATE]: Term 1 election: Tablet error from VoteRequest() call to peer db55ee04c3ec4b84aea6a15a1cb1862d (127.8.32.1:44405): Illegal state: must be running to vote when last-logged opid is not known
I20260608 09:52:54.999136 11404 tablet_service.cc:1917] Received RequestConsensusVote() RPC: tablet_id: "cf0844bdfc2f4a58aeecacdb6172a988" candidate_uuid: "ea7858681305499f9960b283bbb15b99" candidate_term: 1 candidate_status { last_received { term: 0 index: 0 } } ignore_live_leader: false dest_uuid: "ee70f15ce1a049529f4dbc179e4cfa90"
I20260608 09:52:54.997231 11529 ts_tablet_manager.cc:1403] T 7ab29cf0419d422696ff2e6df9064740 P ea7858681305499f9960b283bbb15b99: Time spent bootstrapping tablet: real 0.030s	user 0.015s	sys 0.000s
I20260608 09:52:54.999900 11404 raft_consensus.cc:3060] T cf0844bdfc2f4a58aeecacdb6172a988 P ee70f15ce1a049529f4dbc179e4cfa90 [term 0 FOLLOWER]: Advancing to term 1
