I20260608 09:51:49.466043  8598 server_base.cc:1061] running on GCE node
W20260608 09:51:49.466246  9783 instance_detector.cc:116] could not retrieve OpenStack instance metadata: Network error: curl error: HTTP response code said error: The requested URL returned error: 404
I20260608 09:51:49.467299  8598 hybrid_clock.cc:584] initializing the hybrid clock with 'system_unsync' time source
W20260608 09:51:49.467526  8598 system_unsync_time.cc:38] NTP support is disabled. Clock error bounds will not be accurate. This configuration is not suitable for distributed clusters.
I20260608 09:51:49.467743  8598 hybrid_clock.cc:648] HybridClock initialized: now 1780912309467721 us; error 0 us; skew 500 ppm
I20260608 09:51:49.468624  8598 server_base.cc:861] Flag tcmalloc_max_total_thread_cache_bytes is not working since tcmalloc is not enabled.
I20260608 09:51:49.471791  8598 webserver.cc:533] Webserver started at http://127.8.101.189:44671/ using document root <none> and password file <none>
I20260608 09:51:49.472548  8598 fs_manager.cc:362] Metadata directory not provided
I20260608 09:51:49.472837  8598 fs_manager.cc:368] Using write-ahead log directory (fs_wal_dir) as metadata directory
I20260608 09:51:49.473156  8598 server_base.cc:909] This appears to be a new deployment of Kudu; creating new FS layout
I20260608 09:51:49.474324  8598 fs_manager.cc:1068] Generated new instance metadata in path /tmp/dist-test-taskoPhKhX/test-tmp/auto_rebalancer-test.0.AutoRebalancerTest.NextLeaderResumesAutoRebalancing.1780912291307691-8598-0/minicluster-data/master-1-root/instance:
uuid: "95ba3f28c4c84991a24d06170474b563"
format_stamp: "Formatted at 2026-06-08 09:51:49 on dist-test-slave-tscr"
I20260608 09:51:49.480683  8598 fs_manager.cc:696] Time spent creating directory manager: real 0.006s	user 0.006s	sys 0.000s
I20260608 09:51:49.480684  9778 sys_catalog.cc:422] member_type: VOTER last_known_addr { host: "127.8.101.189" port: 37375 } has no permanent_uuid. Determining permanent_uuid...
I20260608 09:51:49.485376  9791 log_block_manager.cc:4031] Time spent loading block containers with low live blocks: real 0.000s	user 0.000s	sys 0.000s
I20260608 09:51:49.486325  8598 fs_manager.cc:730] Time spent opening block manager: real 0.003s	user 0.003s	sys 0.000s
I20260608 09:51:49.486629  8598 fs_manager.cc:647] Opened local filesystem: /tmp/dist-test-taskoPhKhX/test-tmp/auto_rebalancer-test.0.AutoRebalancerTest.NextLeaderResumesAutoRebalancing.1780912291307691-8598-0/minicluster-data/master-1-root
uuid: "95ba3f28c4c84991a24d06170474b563"
format_stamp: "Formatted at 2026-06-08 09:51:49 on dist-test-slave-tscr"
W20260608 09:51:49.486923  9778 consensus_peers.cc:760] Error getting permanent uuid from config peer 127.8.101.189:37375: Network error: Client connection negotiation failed: client connection to 127.8.101.189:37375: connect: Connection refused (error 111)
I20260608 09:51:49.486913  8598 fs_report.cc:389] FS layout report
--------------------
wal directory: /tmp/dist-test-taskoPhKhX/test-tmp/auto_rebalancer-test.0.AutoRebalancerTest.NextLeaderResumesAutoRebalancing.1780912291307691-8598-0/minicluster-data/master-1-root
metadata directory: /tmp/dist-test-taskoPhKhX/test-tmp/auto_rebalancer-test.0.AutoRebalancerTest.NextLeaderResumesAutoRebalancing.1780912291307691-8598-0/minicluster-data/master-1-root
1 data directories: /tmp/dist-test-taskoPhKhX/test-tmp/auto_rebalancer-test.0.AutoRebalancerTest.NextLeaderResumesAutoRebalancing.1780912291307691-8598-0/minicluster-data/master-1-root/data
Total live blocks: 0
Total live bytes: 0
Total live bytes (after alignment): 0
Total number of LBM containers: 0 (0 full)
Did not check for missing blocks
Did not check for orphaned blocks
Total full LBM containers with extra space: 0 (0 repaired)
Total full LBM container extra space in bytes: 0 (0 repaired)
Total incomplete LBM containers: 0 (0 repaired)
Total LBM partial records: 0 (0 repaired)
Total corrupted LBM metadata records in RocksDB: 0 (0 repaired)
I20260608 09:51:49.497967  8598 rpc_server.cc:225] running with OpenSSL 1.1.1  11 Sep 2018
I20260608 09:51:49.499300  8598 kserver.cc:163] Server-wide thread pool size limit: 3276
I20260608 09:51:49.508512  9778 consensus_peers.cc:770] Retrying to get permanent uuid for remote peer: member_type: VOTER last_known_addr { host: "127.8.101.189" port: 37375 } attempt: 1
W20260608 09:51:49.514943  9778 consensus_peers.cc:760] Error getting permanent uuid from config peer 127.8.101.189:37375: Network error: Client connection negotiation failed: client connection to 127.8.101.189:37375: connect: Connection refused (error 111)
I20260608 09:51:49.538914  8598 rpc_server.cc:307] RPC server started. Bound to: 127.8.101.189:37375
I20260608 09:51:49.539036  9843 acceptor_pool.cc:272] collecting diagnostics on the listening RPC socket 127.8.101.189:37375 every 8 connection(s)
I20260608 09:51:49.543179  9844 data_dirs.cc:400] Could only allocate 1 dirs of requested 3 for tablet 00000000000000000000000000000000. 1 dirs total, 0 dirs full, 0 dirs failed
I20260608 09:51:49.543232  8598 file_cache.cc:492] Constructed file cache file cache with capacity 419430
W20260608 09:51:49.550050  9846 instance_detector.cc:116] could not retrieve AWS instance metadata: Network error: curl error: HTTP response code said error: The requested URL returned error: 404
W20260608 09:51:49.551443  9847 instance_detector.cc:116] could not retrieve Azure instance metadata: Network error: curl error: HTTP response code said error: The requested URL returned error: 404
I20260608 09:51:49.552205  9844 sys_catalog.cc:422] member_type: VOTER last_known_addr { host: "127.8.101.190" port: 42393 } has no permanent_uuid. Determining permanent_uuid...
W20260608 09:51:49.555043  9849 instance_detector.cc:116] could not retrieve OpenStack instance metadata: Network error: curl error: HTTP response code said error: The requested URL returned error: 404
I20260608 09:51:49.555676  8598 server_base.cc:1061] running on GCE node
I20260608 09:51:49.556900  8598 hybrid_clock.cc:584] initializing the hybrid clock with 'system_unsync' time source
W20260608 09:51:49.557173  8598 system_unsync_time.cc:38] NTP support is disabled. Clock error bounds will not be accurate. This configuration is not suitable for distributed clusters.
I20260608 09:51:49.557354  8598 hybrid_clock.cc:648] HybridClock initialized: now 1780912309557338 us; error 0 us; skew 500 ppm
I20260608 09:51:49.557945  8598 server_base.cc:861] Flag tcmalloc_max_total_thread_cache_bytes is not working since tcmalloc is not enabled.
I20260608 09:51:49.558458  9778 consensus_peers.cc:770] Retrying to get permanent uuid for remote peer: member_type: VOTER last_known_addr { host: "127.8.101.189" port: 37375 } attempt: 2
I20260608 09:51:49.561538  8598 webserver.cc:533] Webserver started at http://127.8.101.188:43051/ using document root <none> and password file <none>
I20260608 09:51:49.562299  8598 fs_manager.cc:362] Metadata directory not provided
I20260608 09:51:49.562574  8598 fs_manager.cc:368] Using write-ahead log directory (fs_wal_dir) as metadata directory
I20260608 09:51:49.562918  8598 server_base.cc:909] This appears to be a new deployment of Kudu; creating new FS layout
I20260608 09:51:49.564558  8598 fs_manager.cc:1068] Generated new instance metadata in path /tmp/dist-test-taskoPhKhX/test-tmp/auto_rebalancer-test.0.AutoRebalancerTest.NextLeaderResumesAutoRebalancing.1780912291307691-8598-0/minicluster-data/master-2-root/instance:
uuid: "15c5fd260a6a49219aae2fd49f3bd8bf"
format_stamp: "Formatted at 2026-06-08 09:51:49 on dist-test-slave-tscr"
I20260608 09:51:49.568008  9844 sys_catalog.cc:422] member_type: VOTER last_known_addr { host: "127.8.101.189" port: 37375 } has no permanent_uuid. Determining permanent_uuid...
I20260608 09:51:49.571731  8598 fs_manager.cc:696] Time spent creating directory manager: real 0.007s	user 0.004s	sys 0.005s
I20260608 09:51:49.575798  9778 sys_catalog.cc:422] member_type: VOTER last_known_addr { host: "127.8.101.188" port: 41777 } has no permanent_uuid. Determining permanent_uuid...
I20260608 09:51:49.579049  9857 log_block_manager.cc:4031] Time spent loading block containers with low live blocks: real 0.000s	user 0.000s	sys 0.000s
I20260608 09:51:49.580233  8598 fs_manager.cc:730] Time spent opening block manager: real 0.006s	user 0.003s	sys 0.001s
I20260608 09:51:49.580600  8598 fs_manager.cc:647] Opened local filesystem: /tmp/dist-test-taskoPhKhX/test-tmp/auto_rebalancer-test.0.AutoRebalancerTest.NextLeaderResumesAutoRebalancing.1780912291307691-8598-0/minicluster-data/master-2-root
uuid: "15c5fd260a6a49219aae2fd49f3bd8bf"
format_stamp: "Formatted at 2026-06-08 09:51:49 on dist-test-slave-tscr"
I20260608 09:51:49.580953  8598 fs_report.cc:389] FS layout report
--------------------
wal directory: /tmp/dist-test-taskoPhKhX/test-tmp/auto_rebalancer-test.0.AutoRebalancerTest.NextLeaderResumesAutoRebalancing.1780912291307691-8598-0/minicluster-data/master-2-root
metadata directory: /tmp/dist-test-taskoPhKhX/test-tmp/auto_rebalancer-test.0.AutoRebalancerTest.NextLeaderResumesAutoRebalancing.1780912291307691-8598-0/minicluster-data/master-2-root
1 data directories: /tmp/dist-test-taskoPhKhX/test-tmp/auto_rebalancer-test.0.AutoRebalancerTest.NextLeaderResumesAutoRebalancing.1780912291307691-8598-0/minicluster-data/master-2-root/data
Total live blocks: 0
Total live bytes: 0
Total live bytes (after alignment): 0
Total number of LBM containers: 0 (0 full)
Did not check for missing blocks
Did not check for orphaned blocks
Total full LBM containers with extra space: 0 (0 repaired)
Total full LBM container extra space in bytes: 0 (0 repaired)
Total incomplete LBM containers: 0 (0 repaired)
Total LBM partial records: 0 (0 repaired)
Total corrupted LBM metadata records in RocksDB: 0 (0 repaired)
W20260608 09:51:49.582576  9778 consensus_peers.cc:760] Error getting permanent uuid from config peer 127.8.101.188:41777: Network error: Client connection negotiation failed: client connection to 127.8.101.188:41777: connect: Connection refused (error 111)
I20260608 09:51:49.585129  9844 sys_catalog.cc:422] member_type: VOTER last_known_addr { host: "127.8.101.188" port: 41777 } has no permanent_uuid. Determining permanent_uuid...
W20260608 09:51:49.591461  9844 consensus_peers.cc:760] Error getting permanent uuid from config peer 127.8.101.188:41777: Network error: Client connection negotiation failed: client connection to 127.8.101.188:41777: connect: Connection refused (error 111)
I20260608 09:51:49.593741  8598 rpc_server.cc:225] running with OpenSSL 1.1.1  11 Sep 2018
I20260608 09:51:49.595005  8598 kserver.cc:163] Server-wide thread pool size limit: 3276
I20260608 09:51:49.608381  9778 consensus_peers.cc:770] Retrying to get permanent uuid for remote peer: member_type: VOTER last_known_addr { host: "127.8.101.188" port: 41777 } attempt: 1
W20260608 09:51:49.615193  9778 consensus_peers.cc:760] Error getting permanent uuid from config peer 127.8.101.188:41777: Network error: Client connection negotiation failed: client connection to 127.8.101.188:41777: connect: Connection refused (error 111)
I20260608 09:51:49.632102  9844 consensus_peers.cc:770] Retrying to get permanent uuid for remote peer: member_type: VOTER last_known_addr { host: "127.8.101.188" port: 41777 } attempt: 1
W20260608 09:51:49.637805  9844 consensus_peers.cc:760] Error getting permanent uuid from config peer 127.8.101.188:41777: Network error: Client connection negotiation failed: client connection to 127.8.101.188:41777: connect: Connection refused (error 111)
I20260608 09:51:49.640535  8598 rpc_server.cc:307] RPC server started. Bound to: 127.8.101.188:41777
I20260608 09:51:49.640662  9909 acceptor_pool.cc:272] collecting diagnostics on the listening RPC socket 127.8.101.188:41777 every 8 connection(s)
I20260608 09:51:49.644066  8598 internal_mini_cluster.cc:184] Waiting to initialize catalog manager on master 0
I20260608 09:51:49.645282  9910 data_dirs.cc:400] Could only allocate 1 dirs of requested 3 for tablet 00000000000000000000000000000000. 1 dirs total, 0 dirs full, 0 dirs failed
I20260608 09:51:49.651198  9910 sys_catalog.cc:422] member_type: VOTER last_known_addr { host: "127.8.101.190" port: 42393 } has no permanent_uuid. Determining permanent_uuid...
I20260608 09:51:49.651757  9778 consensus_peers.cc:770] Retrying to get permanent uuid for remote peer: member_type: VOTER last_known_addr { host: "127.8.101.188" port: 41777 } attempt: 2
I20260608 09:51:49.665239  9910 sys_catalog.cc:422] member_type: VOTER last_known_addr { host: "127.8.101.189" port: 37375 } has no permanent_uuid. Determining permanent_uuid...
I20260608 09:51:49.672724  9778 tablet_bootstrap.cc:492] T 00000000000000000000000000000000 P a14ef0bbbe674188b9184bee6582302c: Bootstrap starting.
I20260608 09:51:49.677140  9910 sys_catalog.cc:422] member_type: VOTER last_known_addr { host: "127.8.101.188" port: 41777 } has no permanent_uuid. Determining permanent_uuid...
I20260608 09:51:49.678319  9844 consensus_peers.cc:770] Retrying to get permanent uuid for remote peer: member_type: VOTER last_known_addr { host: "127.8.101.188" port: 41777 } attempt: 2
I20260608 09:51:49.679760  9778 tablet_bootstrap.cc:654] T 00000000000000000000000000000000 P a14ef0bbbe674188b9184bee6582302c: Neither blocks nor log segments found. Creating new log.
I20260608 09:51:49.690773  9778 tablet_bootstrap.cc:492] T 00000000000000000000000000000000 P a14ef0bbbe674188b9184bee6582302c: No bootstrap required, opened a new log
I20260608 09:51:49.693172  9778 raft_consensus.cc:359] T 00000000000000000000000000000000 P a14ef0bbbe674188b9184bee6582302c [term 0 FOLLOWER]: Replica starting. Triggering 0 pending ops. Active config: opid_index: -1 OBSOLETE_local: false peers { permanent_uuid: "a14ef0bbbe674188b9184bee6582302c" member_type: VOTER last_known_addr { host: "127.8.101.190" port: 42393 } } peers { permanent_uuid: "95ba3f28c4c84991a24d06170474b563" member_type: VOTER last_known_addr { host: "127.8.101.189" port: 37375 } } peers { permanent_uuid: "15c5fd260a6a49219aae2fd49f3bd8bf" member_type: VOTER last_known_addr { host: "127.8.101.188" port: 41777 } }
I20260608 09:51:49.693744  9778 raft_consensus.cc:385] T 00000000000000000000000000000000 P a14ef0bbbe674188b9184bee6582302c [term 0 FOLLOWER]: Consensus starting up: Expiring failure detector timer to make a prompt election more likely
I20260608 09:51:49.694018  9778 raft_consensus.cc:740] T 00000000000000000000000000000000 P a14ef0bbbe674188b9184bee6582302c [term 0 FOLLOWER]: Becoming Follower/Learner. State: Replica: a14ef0bbbe674188b9184bee6582302c, State: Initialized, Role: FOLLOWER
I20260608 09:51:49.694723  9778 consensus_queue.cc:260] T 00000000000000000000000000000000 P a14ef0bbbe674188b9184bee6582302c [NON_LEADER]: Queue going to NON_LEADER mode. State: All replicated index: 0, Majority replicated index: 0, Committed index: 0, Last appended: 0.0, Last appended by leader: 0, Current term: 0, Majority size: -1, State: 0, Mode: NON_LEADER, active raft config: opid_index: -1 OBSOLETE_local: false peers { permanent_uuid: "a14ef0bbbe674188b9184bee6582302c" member_type: VOTER last_known_addr { host: "127.8.101.190" port: 42393 } } peers { permanent_uuid: "95ba3f28c4c84991a24d06170474b563" member_type: VOTER last_known_addr { host: "127.8.101.189" port: 37375 } } peers { permanent_uuid: "15c5fd260a6a49219aae2fd49f3bd8bf" member_type: VOTER last_known_addr { host: "127.8.101.188" port: 41777 } }
I20260608 09:51:49.697144  9916 sys_catalog.cc:455] T 00000000000000000000000000000000 P a14ef0bbbe674188b9184bee6582302c [sys.catalog]: SysCatalogTable state changed. Reason: RaftConsensus started. Latest consensus state: current_term: 0 committed_config { opid_index: -1 OBSOLETE_local: false peers { permanent_uuid: "a14ef0bbbe674188b9184bee6582302c" member_type: VOTER last_known_addr { host: "127.8.101.190" port: 42393 } } peers { permanent_uuid: "95ba3f28c4c84991a24d06170474b563" member_type: VOTER last_known_addr { host: "127.8.101.189" port: 37375 } } peers { permanent_uuid: "15c5fd260a6a49219aae2fd49f3bd8bf" member_type: VOTER last_known_addr { host: "127.8.101.188" port: 41777 } } }
I20260608 09:51:49.697968  9916 sys_catalog.cc:458] T 00000000000000000000000000000000 P a14ef0bbbe674188b9184bee6582302c [sys.catalog]: This master's current role is: FOLLOWER
I20260608 09:51:49.698050  9910 tablet_bootstrap.cc:492] T 00000000000000000000000000000000 P 15c5fd260a6a49219aae2fd49f3bd8bf: Bootstrap starting.
I20260608 09:51:49.698889  9778 sys_catalog.cc:565] T 00000000000000000000000000000000 P a14ef0bbbe674188b9184bee6582302c [sys.catalog]: configured and running, proceeding with master startup.
I20260608 09:51:49.699098  9844 tablet_bootstrap.cc:492] T 00000000000000000000000000000000 P 95ba3f28c4c84991a24d06170474b563: Bootstrap starting.
I20260608 09:51:49.705567  9910 tablet_bootstrap.cc:654] T 00000000000000000000000000000000 P 15c5fd260a6a49219aae2fd49f3bd8bf: Neither blocks nor log segments found. Creating new log.
I20260608 09:51:49.705899  9844 tablet_bootstrap.cc:654] T 00000000000000000000000000000000 P 95ba3f28c4c84991a24d06170474b563: Neither blocks nor log segments found. Creating new log.
I20260608 09:51:49.711916  9844 tablet_bootstrap.cc:492] T 00000000000000000000000000000000 P 95ba3f28c4c84991a24d06170474b563: No bootstrap required, opened a new log
I20260608 09:51:49.712987  9910 tablet_bootstrap.cc:492] T 00000000000000000000000000000000 P 15c5fd260a6a49219aae2fd49f3bd8bf: No bootstrap required, opened a new log
I20260608 09:51:49.714982  9844 raft_consensus.cc:359] T 00000000000000000000000000000000 P 95ba3f28c4c84991a24d06170474b563 [term 0 FOLLOWER]: Replica starting. Triggering 0 pending ops. Active config: opid_index: -1 OBSOLETE_local: false peers { permanent_uuid: "a14ef0bbbe674188b9184bee6582302c" member_type: VOTER last_known_addr { host: "127.8.101.190" port: 42393 } } peers { permanent_uuid: "95ba3f28c4c84991a24d06170474b563" member_type: VOTER last_known_addr { host: "127.8.101.189" port: 37375 } } peers { permanent_uuid: "15c5fd260a6a49219aae2fd49f3bd8bf" member_type: VOTER last_known_addr { host: "127.8.101.188" port: 41777 } }
I20260608 09:51:49.715751  9844 raft_consensus.cc:385] T 00000000000000000000000000000000 P 95ba3f28c4c84991a24d06170474b563 [term 0 FOLLOWER]: Consensus starting up: Expiring failure detector timer to make a prompt election more likely
I20260608 09:51:49.716071  9844 raft_consensus.cc:740] T 00000000000000000000000000000000 P 95ba3f28c4c84991a24d06170474b563 [term 0 FOLLOWER]: Becoming Follower/Learner. State: Replica: 95ba3f28c4c84991a24d06170474b563, State: Initialized, Role: FOLLOWER
I20260608 09:51:49.716156  9910 raft_consensus.cc:359] T 00000000000000000000000000000000 P 15c5fd260a6a49219aae2fd49f3bd8bf [term 0 FOLLOWER]: Replica starting. Triggering 0 pending ops. Active config: opid_index: -1 OBSOLETE_local: false peers { permanent_uuid: "a14ef0bbbe674188b9184bee6582302c" member_type: VOTER last_known_addr { host: "127.8.101.190" port: 42393 } } peers { permanent_uuid: "95ba3f28c4c84991a24d06170474b563" member_type: VOTER last_known_addr { host: "127.8.101.189" port: 37375 } } peers { permanent_uuid: "15c5fd260a6a49219aae2fd49f3bd8bf" member_type: VOTER last_known_addr { host: "127.8.101.188" port: 41777 } }
I20260608 09:51:49.717090  9910 raft_consensus.cc:385] T 00000000000000000000000000000000 P 15c5fd260a6a49219aae2fd49f3bd8bf [term 0 FOLLOWER]: Consensus starting up: Expiring failure detector timer to make a prompt election more likely
I20260608 09:51:49.717453  9910 raft_consensus.cc:740] T 00000000000000000000000000000000 P 15c5fd260a6a49219aae2fd49f3bd8bf [term 0 FOLLOWER]: Becoming Follower/Learner. State: Replica: 15c5fd260a6a49219aae2fd49f3bd8bf, State: Initialized, Role: FOLLOWER
I20260608 09:51:49.717868  8598 internal_mini_cluster.cc:184] Waiting to initialize catalog manager on master 1
I20260608 09:51:49.716990  9844 consensus_queue.cc:260] T 00000000000000000000000000000000 P 95ba3f28c4c84991a24d06170474b563 [NON_LEADER]: Queue going to NON_LEADER mode. State: All replicated index: 0, Majority replicated index: 0, Committed index: 0, Last appended: 0.0, Last appended by leader: 0, Current term: 0, Majority size: -1, State: 0, Mode: NON_LEADER, active raft config: opid_index: -1 OBSOLETE_local: false peers { permanent_uuid: "a14ef0bbbe674188b9184bee6582302c" member_type: VOTER last_known_addr { host: "127.8.101.190" port: 42393 } } peers { permanent_uuid: "95ba3f28c4c84991a24d06170474b563" member_type: VOTER last_known_addr { host: "127.8.101.189" port: 37375 } } peers { permanent_uuid: "15c5fd260a6a49219aae2fd49f3bd8bf" member_type: VOTER last_known_addr { host: "127.8.101.188" port: 41777 } }
I20260608 09:51:49.718367  9910 consensus_queue.cc:260] T 00000000000000000000000000000000 P 15c5fd260a6a49219aae2fd49f3bd8bf [NON_LEADER]: Queue going to NON_LEADER mode. State: All replicated index: 0, Majority replicated index: 0, Committed index: 0, Last appended: 0.0, Last appended by leader: 0, Current term: 0, Majority size: -1, State: 0, Mode: NON_LEADER, active raft config: opid_index: -1 OBSOLETE_local: false peers { permanent_uuid: "a14ef0bbbe674188b9184bee6582302c" member_type: VOTER last_known_addr { host: "127.8.101.190" port: 42393 } } peers { permanent_uuid: "95ba3f28c4c84991a24d06170474b563" member_type: VOTER last_known_addr { host: "127.8.101.189" port: 37375 } } peers { permanent_uuid: "15c5fd260a6a49219aae2fd49f3bd8bf" member_type: VOTER last_known_addr { host: "127.8.101.188" port: 41777 } }
I20260608 09:51:49.719849  9930 sys_catalog.cc:455] T 00000000000000000000000000000000 P 95ba3f28c4c84991a24d06170474b563 [sys.catalog]: SysCatalogTable state changed. Reason: RaftConsensus started. Latest consensus state: current_term: 0 committed_config { opid_index: -1 OBSOLETE_local: false peers { permanent_uuid: "a14ef0bbbe674188b9184bee6582302c" member_type: VOTER last_known_addr { host: "127.8.101.190" port: 42393 } } peers { permanent_uuid: "95ba3f28c4c84991a24d06170474b563" member_type: VOTER last_known_addr { host: "127.8.101.189" port: 37375 } } peers { permanent_uuid: "15c5fd260a6a49219aae2fd49f3bd8bf" member_type: VOTER last_known_addr { host: "127.8.101.188" port: 41777 } } }
I20260608 09:51:49.720535  9930 sys_catalog.cc:458] T 00000000000000000000000000000000 P 95ba3f28c4c84991a24d06170474b563 [sys.catalog]: This master's current role is: FOLLOWER
I20260608 09:51:49.722182  9844 sys_catalog.cc:565] T 00000000000000000000000000000000 P 95ba3f28c4c84991a24d06170474b563 [sys.catalog]: configured and running, proceeding with master startup.
I20260608 09:51:49.722932  9931 sys_catalog.cc:455] T 00000000000000000000000000000000 P 15c5fd260a6a49219aae2fd49f3bd8bf [sys.catalog]: SysCatalogTable state changed. Reason: RaftConsensus started. Latest consensus state: current_term: 0 committed_config { opid_index: -1 OBSOLETE_local: false peers { permanent_uuid: "a14ef0bbbe674188b9184bee6582302c" member_type: VOTER last_known_addr { host: "127.8.101.190" port: 42393 } } peers { permanent_uuid: "95ba3f28c4c84991a24d06170474b563" member_type: VOTER last_known_addr { host: "127.8.101.189" port: 37375 } } peers { permanent_uuid: "15c5fd260a6a49219aae2fd49f3bd8bf" member_type: VOTER last_known_addr { host: "127.8.101.188" port: 41777 } } }
I20260608 09:51:49.723613  9931 sys_catalog.cc:458] T 00000000000000000000000000000000 P 15c5fd260a6a49219aae2fd49f3bd8bf [sys.catalog]: This master's current role is: FOLLOWER
W20260608 09:51:49.723637  9929 catalog_manager.cc:1593] T 00000000000000000000000000000000 P a14ef0bbbe674188b9184bee6582302c: loading cluster ID for follower catalog manager: Not found: cluster ID entry not found
W20260608 09:51:49.724364  9929 catalog_manager.cc:883] Not found: cluster ID entry not found: failed to prepare follower catalog manager, will retry
I20260608 09:51:49.724588  9910 sys_catalog.cc:565] T 00000000000000000000000000000000 P 15c5fd260a6a49219aae2fd49f3bd8bf [sys.catalog]: configured and running, proceeding with master startup.
I20260608 09:51:49.736944  8598 internal_mini_cluster.cc:184] Waiting to initialize catalog manager on master 2
I20260608 09:51:49.741007  8598 file_cache.cc:492] Constructed file cache file cache with capacity 419430
W20260608 09:51:49.741250  9949 catalog_manager.cc:1593] T 00000000000000000000000000000000 P 95ba3f28c4c84991a24d06170474b563: loading cluster ID for follower catalog manager: Not found: cluster ID entry not found
W20260608 09:51:49.741632  9949 catalog_manager.cc:883] Not found: cluster ID entry not found: failed to prepare follower catalog manager, will retry
W20260608 09:51:49.743458  9953 catalog_manager.cc:1593] T 00000000000000000000000000000000 P 15c5fd260a6a49219aae2fd49f3bd8bf: loading cluster ID for follower catalog manager: Not found: cluster ID entry not found
W20260608 09:51:49.743713  9953 catalog_manager.cc:883] Not found: cluster ID entry not found: failed to prepare follower catalog manager, will retry
W20260608 09:51:49.748063  9954 instance_detector.cc:116] could not retrieve AWS instance metadata: Network error: curl error: HTTP response code said error: The requested URL returned error: 404
W20260608 09:51:49.749295  9955 instance_detector.cc:116] could not retrieve Azure instance metadata: Network error: curl error: HTTP response code said error: The requested URL returned error: 404
W20260608 09:51:49.750612  9957 instance_detector.cc:116] could not retrieve OpenStack instance metadata: Network error: curl error: HTTP response code said error: The requested URL returned error: 404
I20260608 09:51:49.751003  8598 server_base.cc:1061] running on GCE node
I20260608 09:51:49.751897  8598 hybrid_clock.cc:584] initializing the hybrid clock with 'system_unsync' time source
W20260608 09:51:49.752095  8598 system_unsync_time.cc:38] NTP support is disabled. Clock error bounds will not be accurate. This configuration is not suitable for distributed clusters.
I20260608 09:51:49.752300  8598 hybrid_clock.cc:648] HybridClock initialized: now 1780912309752285 us; error 0 us; skew 500 ppm
I20260608 09:51:49.752945  8598 server_base.cc:861] Flag tcmalloc_max_total_thread_cache_bytes is not working since tcmalloc is not enabled.
I20260608 09:51:49.755473  8598 webserver.cc:533] Webserver started at http://127.8.101.129:46539/ using document root <none> and password file <none>
I20260608 09:51:49.756000  8598 fs_manager.cc:362] Metadata directory not provided
I20260608 09:51:49.756212  8598 fs_manager.cc:368] Using write-ahead log directory (fs_wal_dir) as metadata directory
I20260608 09:51:49.756497  8598 server_base.cc:909] This appears to be a new deployment of Kudu; creating new FS layout
I20260608 09:51:49.757725  8598 fs_manager.cc:1068] Generated new instance metadata in path /tmp/dist-test-taskoPhKhX/test-tmp/auto_rebalancer-test.0.AutoRebalancerTest.NextLeaderResumesAutoRebalancing.1780912291307691-8598-0/minicluster-data/ts-0-root/instance:
uuid: "f0b32eacb11d443086094c10d5065128"
format_stamp: "Formatted at 2026-06-08 09:51:49 on dist-test-slave-tscr"
I20260608 09:51:49.762653  8598 fs_manager.cc:696] Time spent creating directory manager: real 0.004s	user 0.002s	sys 0.001s
I20260608 09:51:49.766462  9962 log_block_manager.cc:4031] Time spent loading block containers with low live blocks: real 0.000s	user 0.000s	sys 0.000s
I20260608 09:51:49.767409  8598 fs_manager.cc:730] Time spent opening block manager: real 0.003s	user 0.002s	sys 0.001s
I20260608 09:51:49.767740  8598 fs_manager.cc:647] Opened local filesystem: /tmp/dist-test-taskoPhKhX/test-tmp/auto_rebalancer-test.0.AutoRebalancerTest.NextLeaderResumesAutoRebalancing.1780912291307691-8598-0/minicluster-data/ts-0-root
uuid: "f0b32eacb11d443086094c10d5065128"
format_stamp: "Formatted at 2026-06-08 09:51:49 on dist-test-slave-tscr"
I20260608 09:51:49.768031  8598 fs_report.cc:389] FS layout report
--------------------
wal directory: /tmp/dist-test-taskoPhKhX/test-tmp/auto_rebalancer-test.0.AutoRebalancerTest.NextLeaderResumesAutoRebalancing.1780912291307691-8598-0/minicluster-data/ts-0-root
metadata directory: /tmp/dist-test-taskoPhKhX/test-tmp/auto_rebalancer-test.0.AutoRebalancerTest.NextLeaderResumesAutoRebalancing.1780912291307691-8598-0/minicluster-data/ts-0-root
1 data directories: /tmp/dist-test-taskoPhKhX/test-tmp/auto_rebalancer-test.0.AutoRebalancerTest.NextLeaderResumesAutoRebalancing.1780912291307691-8598-0/minicluster-data/ts-0-root/data
Total live blocks: 0
Total live bytes: 0
Total live bytes (after alignment): 0
Total number of LBM containers: 0 (0 full)
Did not check for missing blocks
Did not check for orphaned blocks
Total full LBM containers with extra space: 0 (0 repaired)
Total full LBM container extra space in bytes: 0 (0 repaired)
Total incomplete LBM containers: 0 (0 repaired)
Total LBM partial records: 0 (0 repaired)
Total corrupted LBM metadata records in RocksDB: 0 (0 repaired)
I20260608 09:51:49.787015  8598 rpc_server.cc:225] running with OpenSSL 1.1.1  11 Sep 2018
I20260608 09:51:49.788470  8598 kserver.cc:163] Server-wide thread pool size limit: 3276
I20260608 09:51:49.790086  8598 txn_system_client.cc:432] TxnSystemClient initialization is disabled...
I20260608 09:51:49.792511  8598 ts_tablet_manager.cc:585] Loaded tablet metadata (0 total tablets, 0 live tablets)
I20260608 09:51:49.792745  8598 ts_tablet_manager.cc:531] Time spent load tablet metadata: real 0.000s	user 0.000s	sys 0.000s
I20260608 09:51:49.792996  8598 ts_tablet_manager.cc:616] Registered 0 tablets
I20260608 09:51:49.793186  8598 ts_tablet_manager.cc:595] Time spent register tablets: real 0.000s	user 0.000s	sys 0.000s
I20260608 09:51:49.814404  9916 raft_consensus.cc:493] T 00000000000000000000000000000000 P a14ef0bbbe674188b9184bee6582302c [term 0 FOLLOWER]: Starting pre-election (no leader contacted us within the election timeout)
I20260608 09:51:49.814990  9931 raft_consensus.cc:493] T 00000000000000000000000000000000 P 15c5fd260a6a49219aae2fd49f3bd8bf [term 0 FOLLOWER]: Starting pre-election (no leader contacted us within the election timeout)
I20260608 09:51:49.815115  9916 raft_consensus.cc:515] T 00000000000000000000000000000000 P a14ef0bbbe674188b9184bee6582302c [term 0 FOLLOWER]: Starting pre-election with config: opid_index: -1 OBSOLETE_local: false peers { permanent_uuid: "a14ef0bbbe674188b9184bee6582302c" member_type: VOTER last_known_addr { host: "127.8.101.190" port: 42393 } } peers { permanent_uuid: "95ba3f28c4c84991a24d06170474b563" member_type: VOTER last_known_addr { host: "127.8.101.189" port: 37375 } } peers { permanent_uuid: "15c5fd260a6a49219aae2fd49f3bd8bf" member_type: VOTER last_known_addr { host: "127.8.101.188" port: 41777 } }
I20260608 09:51:49.815701  9931 raft_consensus.cc:515] T 00000000000000000000000000000000 P 15c5fd260a6a49219aae2fd49f3bd8bf [term 0 FOLLOWER]: Starting pre-election with config: opid_index: -1 OBSOLETE_local: false peers { permanent_uuid: "a14ef0bbbe674188b9184bee6582302c" member_type: VOTER last_known_addr { host: "127.8.101.190" port: 42393 } } peers { permanent_uuid: "95ba3f28c4c84991a24d06170474b563" member_type: VOTER last_known_addr { host: "127.8.101.189" port: 37375 } } peers { permanent_uuid: "15c5fd260a6a49219aae2fd49f3bd8bf" member_type: VOTER last_known_addr { host: "127.8.101.188" port: 41777 } }
I20260608 09:51:49.817850  9916 leader_election.cc:290] T 00000000000000000000000000000000 P a14ef0bbbe674188b9184bee6582302c [CANDIDATE]: Term 1 pre-election: Requested pre-vote from peers 95ba3f28c4c84991a24d06170474b563 (127.8.101.189:37375), 15c5fd260a6a49219aae2fd49f3bd8bf (127.8.101.188:41777)
I20260608 09:51:49.819283  9818 tablet_service.cc:1917] Received RequestConsensusVote() RPC: tablet_id: "00000000000000000000000000000000" candidate_uuid: "a14ef0bbbe674188b9184bee6582302c" candidate_term: 1 candidate_status { last_received { term: 0 index: 0 } } ignore_live_leader: false dest_uuid: "95ba3f28c4c84991a24d06170474b563" is_pre_election: true
I20260608 09:51:49.819768  9753 tablet_service.cc:1917] Received RequestConsensusVote() RPC: tablet_id: "00000000000000000000000000000000" candidate_uuid: "15c5fd260a6a49219aae2fd49f3bd8bf" candidate_term: 1 candidate_status { last_received { term: 0 index: 0 } } ignore_live_leader: false dest_uuid: "a14ef0bbbe674188b9184bee6582302c" is_pre_election: true
I20260608 09:51:49.820004  9818 raft_consensus.cc:2468] T 00000000000000000000000000000000 P 95ba3f28c4c84991a24d06170474b563 [term 0 FOLLOWER]: Leader pre-election vote request: Granting yes vote for candidate a14ef0bbbe674188b9184bee6582302c in term 0.
I20260608 09:51:49.820362  9753 raft_consensus.cc:2468] T 00000000000000000000000000000000 P a14ef0bbbe674188b9184bee6582302c [term 0 FOLLOWER]: Leader pre-election vote request: Granting yes vote for candidate 15c5fd260a6a49219aae2fd49f3bd8bf in term 0.
I20260608 09:51:49.820835  9817 tablet_service.cc:1917] Received RequestConsensusVote() RPC: tablet_id: "00000000000000000000000000000000" candidate_uuid: "15c5fd260a6a49219aae2fd49f3bd8bf" candidate_term: 1 candidate_status { last_received { term: 0 index: 0 } } ignore_live_leader: false dest_uuid: "95ba3f28c4c84991a24d06170474b563" is_pre_election: true
I20260608 09:51:49.821452  9885 tablet_service.cc:1917] Received RequestConsensusVote() RPC: tablet_id: "00000000000000000000000000000000" candidate_uuid: "a14ef0bbbe674188b9184bee6582302c" candidate_term: 1 candidate_status { last_received { term: 0 index: 0 } } ignore_live_leader: false dest_uuid: "15c5fd260a6a49219aae2fd49f3bd8bf" is_pre_election: true
I20260608 09:51:49.821740  9817 raft_consensus.cc:2468] T 00000000000000000000000000000000 P 95ba3f28c4c84991a24d06170474b563 [term 0 FOLLOWER]: Leader pre-election vote request: Granting yes vote for candidate 15c5fd260a6a49219aae2fd49f3bd8bf in term 0.
I20260608 09:51:49.822176  9885 raft_consensus.cc:2468] T 00000000000000000000000000000000 P 15c5fd260a6a49219aae2fd49f3bd8bf [term 0 FOLLOWER]: Leader pre-election vote request: Granting yes vote for candidate a14ef0bbbe674188b9184bee6582302c in term 0.
I20260608 09:51:49.822811  9859 leader_election.cc:304] T 00000000000000000000000000000000 P 15c5fd260a6a49219aae2fd49f3bd8bf [CANDIDATE]: Term 1 pre-election: Election decided. Result: candidate won. Election summary: received 2 responses out of 3 voters: 2 yes votes; 0 no votes. yes voters: 15c5fd260a6a49219aae2fd49f3bd8bf, a14ef0bbbe674188b9184bee6582302c; no voters: 
I20260608 09:51:49.821856  9727 leader_election.cc:304] T 00000000000000000000000000000000 P a14ef0bbbe674188b9184bee6582302c [CANDIDATE]: Term 1 pre-election: Election decided. Result: candidate won. Election summary: received 2 responses out of 3 voters: 2 yes votes; 0 no votes. yes voters: 95ba3f28c4c84991a24d06170474b563, a14ef0bbbe674188b9184bee6582302c; no voters: 
I20260608 09:51:49.824201  9916 raft_consensus.cc:2804] T 00000000000000000000000000000000 P a14ef0bbbe674188b9184bee6582302c [term 0 FOLLOWER]: Leader pre-election won for term 1
I20260608 09:51:49.824556  9916 raft_consensus.cc:493] T 00000000000000000000000000000000 P a14ef0bbbe674188b9184bee6582302c [term 0 FOLLOWER]: Starting leader election (no leader contacted us within the election timeout)
I20260608 09:51:49.824755  9931 leader_election.cc:290] T 00000000000000000000000000000000 P 15c5fd260a6a49219aae2fd49f3bd8bf [CANDIDATE]: Term 1 pre-election: Requested pre-vote from peers a14ef0bbbe674188b9184bee6582302c (127.8.101.190:42393), 95ba3f28c4c84991a24d06170474b563 (127.8.101.189:37375)
I20260608 09:51:49.825024  9916 raft_consensus.cc:3060] T 00000000000000000000000000000000 P a14ef0bbbe674188b9184bee6582302c [term 0 FOLLOWER]: Advancing to term 1
I20260608 09:51:49.825361  9999 raft_consensus.cc:2804] T 00000000000000000000000000000000 P 15c5fd260a6a49219aae2fd49f3bd8bf [term 0 FOLLOWER]: Leader pre-election won for term 1
I20260608 09:51:49.826186  9999 raft_consensus.cc:493] T 00000000000000000000000000000000 P 15c5fd260a6a49219aae2fd49f3bd8bf [term 0 FOLLOWER]: Starting leader election (no leader contacted us within the election timeout)
I20260608 09:51:49.826838  9999 raft_consensus.cc:3060] T 00000000000000000000000000000000 P 15c5fd260a6a49219aae2fd49f3bd8bf [term 0 FOLLOWER]: Advancing to term 1
I20260608 09:51:49.833119  9916 raft_consensus.cc:515] T 00000000000000000000000000000000 P a14ef0bbbe674188b9184bee6582302c [term 1 FOLLOWER]: Starting leader election with config: opid_index: -1 OBSOLETE_local: false peers { permanent_uuid: "a14ef0bbbe674188b9184bee6582302c" member_type: VOTER last_known_addr { host: "127.8.101.190" port: 42393 } } peers { permanent_uuid: "95ba3f28c4c84991a24d06170474b563" member_type: VOTER last_known_addr { host: "127.8.101.189" port: 37375 } } peers { permanent_uuid: "15c5fd260a6a49219aae2fd49f3bd8bf" member_type: VOTER last_known_addr { host: "127.8.101.188" port: 41777 } }
I20260608 09:51:49.836298  9916 leader_election.cc:290] T 00000000000000000000000000000000 P a14ef0bbbe674188b9184bee6582302c [CANDIDATE]: Term 1 election: Requested vote from peers 95ba3f28c4c84991a24d06170474b563 (127.8.101.189:37375), 15c5fd260a6a49219aae2fd49f3bd8bf (127.8.101.188:41777)
I20260608 09:51:49.836551  9817 tablet_service.cc:1917] Received RequestConsensusVote() RPC: tablet_id: "00000000000000000000000000000000" candidate_uuid: "a14ef0bbbe674188b9184bee6582302c" candidate_term: 1 candidate_status { last_received { term: 0 index: 0 } } ignore_live_leader: false dest_uuid: "95ba3f28c4c84991a24d06170474b563"
I20260608 09:51:49.837463  9885 tablet_service.cc:1917] Received RequestConsensusVote() RPC: tablet_id: "00000000000000000000000000000000" candidate_uuid: "a14ef0bbbe674188b9184bee6582302c" candidate_term: 1 candidate_status { last_received { term: 0 index: 0 } } ignore_live_leader: false dest_uuid: "15c5fd260a6a49219aae2fd49f3bd8bf"
I20260608 09:51:49.837450  9817 raft_consensus.cc:3060] T 00000000000000000000000000000000 P 95ba3f28c4c84991a24d06170474b563 [term 0 FOLLOWER]: Advancing to term 1
I20260608 09:51:49.837407  9999 raft_consensus.cc:515] T 00000000000000000000000000000000 P 15c5fd260a6a49219aae2fd49f3bd8bf [term 1 FOLLOWER]: Starting leader election with config: opid_index: -1 OBSOLETE_local: false peers { permanent_uuid: "a14ef0bbbe674188b9184bee6582302c" member_type: VOTER last_known_addr { host: "127.8.101.190" port: 42393 } } peers { permanent_uuid: "95ba3f28c4c84991a24d06170474b563" member_type: VOTER last_known_addr { host: "127.8.101.189" port: 37375 } } peers { permanent_uuid: "15c5fd260a6a49219aae2fd49f3bd8bf" member_type: VOTER last_known_addr { host: "127.8.101.188" port: 41777 } }
I20260608 09:51:49.838850  9885 raft_consensus.cc:2393] T 00000000000000000000000000000000 P 15c5fd260a6a49219aae2fd49f3bd8bf [term 1 FOLLOWER]: Leader election vote request: Denying vote to candidate a14ef0bbbe674188b9184bee6582302c in current term 1: Already voted for candidate 15c5fd260a6a49219aae2fd49f3bd8bf in this term.
I20260608 09:51:49.840356  9999 leader_election.cc:290] T 00000000000000000000000000000000 P 15c5fd260a6a49219aae2fd49f3bd8bf [CANDIDATE]: Term 1 election: Requested vote from peers a14ef0bbbe674188b9184bee6582302c (127.8.101.190:42393), 95ba3f28c4c84991a24d06170474b563 (127.8.101.189:37375)
I20260608 09:51:49.841070  9753 tablet_service.cc:1917] Received RequestConsensusVote() RPC: tablet_id: "00000000000000000000000000000000" candidate_uuid: "15c5fd260a6a49219aae2fd49f3bd8bf" candidate_term: 1 candidate_status { last_received { term: 0 index: 0 } } ignore_live_leader: false dest_uuid: "a14ef0bbbe674188b9184bee6582302c"
I20260608 09:51:49.841886  9753 raft_consensus.cc:2393] T 00000000000000000000000000000000 P a14ef0bbbe674188b9184bee6582302c [term 1 FOLLOWER]: Leader election vote request: Denying vote to candidate 15c5fd260a6a49219aae2fd49f3bd8bf in current term 1: Already voted for candidate a14ef0bbbe674188b9184bee6582302c in this term.
I20260608 09:51:49.841815  9818 tablet_service.cc:1917] Received RequestConsensusVote() RPC: tablet_id: "00000000000000000000000000000000" candidate_uuid: "15c5fd260a6a49219aae2fd49f3bd8bf" candidate_term: 1 candidate_status { last_received { term: 0 index: 0 } } ignore_live_leader: false dest_uuid: "95ba3f28c4c84991a24d06170474b563"
I20260608 09:51:49.844084  9858 leader_election.cc:304] T 00000000000000000000000000000000 P 15c5fd260a6a49219aae2fd49f3bd8bf [CANDIDATE]: Term 1 election: Election decided. Result: candidate lost. Election summary: received 3 responses out of 3 voters: 1 yes votes; 2 no votes. yes voters: 15c5fd260a6a49219aae2fd49f3bd8bf; no voters: 95ba3f28c4c84991a24d06170474b563, a14ef0bbbe674188b9184bee6582302c
I20260608 09:51:49.845270  9999 raft_consensus.cc:2749] T 00000000000000000000000000000000 P 15c5fd260a6a49219aae2fd49f3bd8bf [term 1 FOLLOWER]: Leader election lost for term 1. Reason: could not achieve majority
I20260608 09:51:49.845966  9817 raft_consensus.cc:2468] T 00000000000000000000000000000000 P 95ba3f28c4c84991a24d06170474b563 [term 1 FOLLOWER]: Leader election vote request: Granting yes vote for candidate a14ef0bbbe674188b9184bee6582302c in term 1.
I20260608 09:51:49.847106  9727 leader_election.cc:304] T 00000000000000000000000000000000 P a14ef0bbbe674188b9184bee6582302c [CANDIDATE]: Term 1 election: Election decided. Result: candidate won. Election summary: received 3 responses out of 3 voters: 2 yes votes; 1 no votes. yes voters: 95ba3f28c4c84991a24d06170474b563, a14ef0bbbe674188b9184bee6582302c; no voters: 15c5fd260a6a49219aae2fd49f3bd8bf
I20260608 09:51:49.847904  9916 raft_consensus.cc:2804] T 00000000000000000000000000000000 P a14ef0bbbe674188b9184bee6582302c [term 1 FOLLOWER]: Leader election won for term 1
I20260608 09:51:49.849628  9916 raft_consensus.cc:697] T 00000000000000000000000000000000 P a14ef0bbbe674188b9184bee6582302c [term 1 LEADER]: Becoming Leader. State: Replica: a14ef0bbbe674188b9184bee6582302c, State: Running, Role: LEADER
I20260608 09:51:49.850633  9916 consensus_queue.cc:237] T 00000000000000000000000000000000 P a14ef0bbbe674188b9184bee6582302c [LEADER]: Queue going to LEADER mode. State: All replicated index: 0, Majority replicated index: 0, Committed index: 0, Last appended: 0.0, Last appended by leader: 0, Current term: 1, Majority size: 2, State: 0, Mode: LEADER, active raft config: opid_index: -1 OBSOLETE_local: false peers { permanent_uuid: "a14ef0bbbe674188b9184bee6582302c" member_type: VOTER last_known_addr { host: "127.8.101.190" port: 42393 } } peers { permanent_uuid: "95ba3f28c4c84991a24d06170474b563" member_type: VOTER last_known_addr { host: "127.8.101.189" port: 37375 } } peers { permanent_uuid: "15c5fd260a6a49219aae2fd49f3bd8bf" member_type: VOTER last_known_addr { host: "127.8.101.188" port: 41777 } }
I20260608 09:51:49.856395 10014 sys_catalog.cc:455] T 00000000000000000000000000000000 P a14ef0bbbe674188b9184bee6582302c [sys.catalog]: SysCatalogTable state changed. Reason: New leader a14ef0bbbe674188b9184bee6582302c. Latest consensus state: current_term: 1 leader_uuid: "a14ef0bbbe674188b9184bee6582302c" committed_config { opid_index: -1 OBSOLETE_local: false peers { permanent_uuid: "a14ef0bbbe674188b9184bee6582302c" member_type: VOTER last_known_addr { host: "127.8.101.190" port: 42393 } } peers { permanent_uuid: "95ba3f28c4c84991a24d06170474b563" member_type: VOTER last_known_addr { host: "127.8.101.189" port: 37375 } } peers { permanent_uuid: "15c5fd260a6a49219aae2fd49f3bd8bf" member_type: VOTER last_known_addr { host: "127.8.101.188" port: 41777 } } }
I20260608 09:51:49.857124 10014 sys_catalog.cc:458] T 00000000000000000000000000000000 P a14ef0bbbe674188b9184bee6582302c [sys.catalog]: This master's current role is: LEADER
I20260608 09:51:49.859131 10025 catalog_manager.cc:1510] Loading table and tablet metadata into memory...
I20260608 09:51:49.861599  8598 rpc_server.cc:307] RPC server started. Bound to: 127.8.101.129:38539
I20260608 09:51:49.861748 10029 acceptor_pool.cc:272] collecting diagnostics on the listening RPC socket 127.8.101.129:38539 every 8 connection(s)
I20260608 09:51:49.867492 10025 catalog_manager.cc:1519] Initializing Kudu cluster ID...
I20260608 09:51:49.888424 10030 heartbeater.cc:344] Connected to a master server at 127.8.101.188:41777
I20260608 09:51:49.888990 10030 heartbeater.cc:461] Registering TS with master...
I20260608 09:51:49.890059 10030 heartbeater.cc:507] Master 127.8.101.188:41777 requested a full tablet report, sending...
I20260608 09:51:49.890605  8598 file_cache.cc:492] Constructed file cache file cache with capacity 419430
I20260608 09:51:49.893646  9875 ts_manager.cc:194] Registered new tserver with Master: f0b32eacb11d443086094c10d5065128 (127.8.101.129:38539)
I20260608 09:51:49.898132 10031 heartbeater.cc:344] Connected to a master server at 127.8.101.189:37375
I20260608 09:51:49.898605 10031 heartbeater.cc:461] Registering TS with master...
I20260608 09:51:49.899693 10032 heartbeater.cc:344] Connected to a master server at 127.8.101.190:42393
I20260608 09:51:49.899657 10031 heartbeater.cc:507] Master 127.8.101.189:37375 requested a full tablet report, sending...
I20260608 09:51:49.901150 10032 heartbeater.cc:461] Registering TS with master...
I20260608 09:51:49.902709 10032 heartbeater.cc:507] Master 127.8.101.190:42393 requested a full tablet report, sending...
I20260608 09:51:49.903716  9808 ts_manager.cc:194] Registered new tserver with Master: f0b32eacb11d443086094c10d5065128 (127.8.101.129:38539)
I20260608 09:51:49.904908  9817 raft_consensus.cc:1275] T 00000000000000000000000000000000 P 95ba3f28c4c84991a24d06170474b563 [term 1 FOLLOWER]: Refusing update from remote peer a14ef0bbbe674188b9184bee6582302c: Log matching property violated. Preceding OpId in replica: term: 0 index: 0. Preceding OpId from leader: term: 1 index: 2. (index mismatch)
I20260608 09:51:49.905771  9885 raft_consensus.cc:1275] T 00000000000000000000000000000000 P 15c5fd260a6a49219aae2fd49f3bd8bf [term 1 FOLLOWER]: Refusing update from remote peer a14ef0bbbe674188b9184bee6582302c: Log matching property violated. Preceding OpId in replica: term: 0 index: 0. Preceding OpId from leader: term: 1 index: 2. (index mismatch)
I20260608 09:51:49.907017 10014 consensus_queue.cc:1048] T 00000000000000000000000000000000 P a14ef0bbbe674188b9184bee6582302c [LEADER]: Connected to new peer: Peer: permanent_uuid: "95ba3f28c4c84991a24d06170474b563" member_type: VOTER last_known_addr { host: "127.8.101.189" port: 37375 }, Status: LMP_MISMATCH, Last received: 0.0, Next index: 1, Last known committed idx: 0, Time since last communication: 0.000s
W20260608 09:51:49.908113 10038 instance_detector.cc:116] could not retrieve AWS instance metadata: Network error: curl error: HTTP response code said error: The requested URL returned error: 404
I20260608 09:51:49.908500  9916 consensus_queue.cc:1048] T 00000000000000000000000000000000 P a14ef0bbbe674188b9184bee6582302c [LEADER]: Connected to new peer: Peer: permanent_uuid: "15c5fd260a6a49219aae2fd49f3bd8bf" member_type: VOTER last_known_addr { host: "127.8.101.188" port: 41777 }, Status: LMP_MISMATCH, Last received: 0.0, Next index: 1, Last known committed idx: 0, Time since last communication: 0.001s
W20260608 09:51:49.910751 10039 instance_detector.cc:116] could not retrieve Azure instance metadata: Network error: curl error: HTTP response code said error: The requested URL returned error: 404
I20260608 09:51:49.912698  9743 ts_manager.cc:194] Registered new tserver with Master: f0b32eacb11d443086094c10d5065128 (127.8.101.129:38539)
W20260608 09:51:49.914131 10041 instance_detector.cc:116] could not retrieve OpenStack instance metadata: Network error: curl error: HTTP response code said error: The requested URL returned error: 404
I20260608 09:51:49.916460  8598 server_base.cc:1061] running on GCE node
I20260608 09:51:49.917869  8598 hybrid_clock.cc:584] initializing the hybrid clock with 'system_unsync' time source
W20260608 09:51:49.918186  8598 system_unsync_time.cc:38] NTP support is disabled. Clock error bounds will not be accurate. This configuration is not suitable for distributed clusters.
I20260608 09:51:49.918424  8598 hybrid_clock.cc:648] HybridClock initialized: now 1780912309918404 us; error 0 us; skew 500 ppm
I20260608 09:51:49.919375  8598 server_base.cc:861] Flag tcmalloc_max_total_thread_cache_bytes is not working since tcmalloc is not enabled.
I20260608 09:51:49.920068  9930 sys_catalog.cc:455] T 00000000000000000000000000000000 P 95ba3f28c4c84991a24d06170474b563 [sys.catalog]: SysCatalogTable state changed. Reason: New leader a14ef0bbbe674188b9184bee6582302c. Latest consensus state: current_term: 1 leader_uuid: "a14ef0bbbe674188b9184bee6582302c" committed_config { opid_index: -1 OBSOLETE_local: false peers { permanent_uuid: "a14ef0bbbe674188b9184bee6582302c" member_type: VOTER last_known_addr { host: "127.8.101.190" port: 42393 } } peers { permanent_uuid: "95ba3f28c4c84991a24d06170474b563" member_type: VOTER last_known_addr { host: "127.8.101.189" port: 37375 } } peers { permanent_uuid: "15c5fd260a6a49219aae2fd49f3bd8bf" member_type: VOTER last_known_addr { host: "127.8.101.188" port: 41777 } } }
I20260608 09:51:49.921033  9930 sys_catalog.cc:458] T 00000000000000000000000000000000 P 95ba3f28c4c84991a24d06170474b563 [sys.catalog]: This master's current role is: FOLLOWER
