I20260608 09:51:38.371726  9466 raft_consensus.cc:740] T bdba412cbb2f46028fb4ed65e5c8c601 P 551f7aef1a0e4d899378fcc003de8f31 [term 0 FOLLOWER]: Becoming Follower/Learner. State: Replica: 551f7aef1a0e4d899378fcc003de8f31, State: Initialized, Role: FOLLOWER
I20260608 09:51:38.372346  9468 ts_tablet_manager.cc:1434] T 0c6b2adda1464971a7ab3217ab759981 P a025862c256a45548492b1e88990c9a0: Time spent starting tablet: real 0.017s	user 0.006s	sys 0.008s
I20260608 09:51:38.373374  9469 tablet_bootstrap.cc:492] T 0c6b2adda1464971a7ab3217ab759981 P 048475abbb544ca8b2373493c64f063b: No bootstrap required, opened a new log
I20260608 09:51:38.373482  9468 tablet_bootstrap.cc:492] T a6cc5c21329847bf81090bc6f50f0776 P a025862c256a45548492b1e88990c9a0: Bootstrap starting.
I20260608 09:51:38.374147  9469 ts_tablet_manager.cc:1403] T 0c6b2adda1464971a7ab3217ab759981 P 048475abbb544ca8b2373493c64f063b: Time spent bootstrapping tablet: real 0.019s	user 0.008s	sys 0.007s
I20260608 09:51:38.373442  9466 consensus_queue.cc:260] T bdba412cbb2f46028fb4ed65e5c8c601 P 551f7aef1a0e4d899378fcc003de8f31 [NON_LEADER]: Queue going to NON_LEADER mode. State: All replicated index: 0, Majority replicated index: 0, Committed index: 0, Last appended: 0.0, Last appended by leader: 0, Current term: 0, Majority size: -1, State: 0, Mode: NON_LEADER, active raft config: opid_index: -1 OBSOLETE_local: false peers { permanent_uuid: "551f7aef1a0e4d899378fcc003de8f31" member_type: VOTER last_known_addr { host: "127.8.101.129" port: 43667 } } peers { permanent_uuid: "a025862c256a45548492b1e88990c9a0" member_type: VOTER last_known_addr { host: "127.8.101.130" port: 44193 } } peers { permanent_uuid: "048475abbb544ca8b2373493c64f063b" member_type: VOTER last_known_addr { host: "127.8.101.131" port: 42665 } }
I20260608 09:51:38.377435  9469 raft_consensus.cc:359] T 0c6b2adda1464971a7ab3217ab759981 P 048475abbb544ca8b2373493c64f063b [term 0 FOLLOWER]: Replica starting. Triggering 0 pending ops. Active config: opid_index: -1 OBSOLETE_local: false peers { permanent_uuid: "551f7aef1a0e4d899378fcc003de8f31" member_type: VOTER last_known_addr { host: "127.8.101.129" port: 43667 } } peers { permanent_uuid: "a025862c256a45548492b1e88990c9a0" member_type: VOTER last_known_addr { host: "127.8.101.130" port: 44193 } } peers { permanent_uuid: "048475abbb544ca8b2373493c64f063b" member_type: VOTER last_known_addr { host: "127.8.101.131" port: 42665 } }
I20260608 09:51:38.378296  9469 raft_consensus.cc:385] T 0c6b2adda1464971a7ab3217ab759981 P 048475abbb544ca8b2373493c64f063b [term 0 FOLLOWER]: Consensus starting up: Expiring failure detector timer to make a prompt election more likely
I20260608 09:51:38.378794  9469 raft_consensus.cc:740] T 0c6b2adda1464971a7ab3217ab759981 P 048475abbb544ca8b2373493c64f063b [term 0 FOLLOWER]: Becoming Follower/Learner. State: Replica: 048475abbb544ca8b2373493c64f063b, State: Initialized, Role: FOLLOWER
I20260608 09:51:38.379699  9469 consensus_queue.cc:260] T 0c6b2adda1464971a7ab3217ab759981 P 048475abbb544ca8b2373493c64f063b [NON_LEADER]: Queue going to NON_LEADER mode. State: All replicated index: 0, Majority replicated index: 0, Committed index: 0, Last appended: 0.0, Last appended by leader: 0, Current term: 0, Majority size: -1, State: 0, Mode: NON_LEADER, active raft config: opid_index: -1 OBSOLETE_local: false peers { permanent_uuid: "551f7aef1a0e4d899378fcc003de8f31" member_type: VOTER last_known_addr { host: "127.8.101.129" port: 43667 } } peers { permanent_uuid: "a025862c256a45548492b1e88990c9a0" member_type: VOTER last_known_addr { host: "127.8.101.130" port: 44193 } } peers { permanent_uuid: "048475abbb544ca8b2373493c64f063b" member_type: VOTER last_known_addr { host: "127.8.101.131" port: 42665 } }
I20260608 09:51:38.378319  9466 ts_tablet_manager.cc:1434] T bdba412cbb2f46028fb4ed65e5c8c601 P 551f7aef1a0e4d899378fcc003de8f31: Time spent starting tablet: real 0.010s	user 0.006s	sys 0.002s
I20260608 09:51:38.382993  9466 tablet_bootstrap.cc:492] T 0c6b2adda1464971a7ab3217ab759981 P 551f7aef1a0e4d899378fcc003de8f31: Bootstrap starting.
I20260608 09:51:38.383661  9468 tablet_bootstrap.cc:654] T a6cc5c21329847bf81090bc6f50f0776 P a025862c256a45548492b1e88990c9a0: Neither blocks nor log segments found. Creating new log.
I20260608 09:51:38.389964  9468 tablet_bootstrap.cc:492] T a6cc5c21329847bf81090bc6f50f0776 P a025862c256a45548492b1e88990c9a0: No bootstrap required, opened a new log
I20260608 09:51:38.389917  9466 tablet_bootstrap.cc:654] T 0c6b2adda1464971a7ab3217ab759981 P 551f7aef1a0e4d899378fcc003de8f31: Neither blocks nor log segments found. Creating new log.
I20260608 09:51:38.390383  9469 ts_tablet_manager.cc:1434] T 0c6b2adda1464971a7ab3217ab759981 P 048475abbb544ca8b2373493c64f063b: Time spent starting tablet: real 0.016s	user 0.007s	sys 0.001s
I20260608 09:51:38.390782  9468 ts_tablet_manager.cc:1403] T a6cc5c21329847bf81090bc6f50f0776 P a025862c256a45548492b1e88990c9a0: Time spent bootstrapping tablet: real 0.018s	user 0.012s	sys 0.002s
I20260608 09:51:38.393004  9469 tablet_bootstrap.cc:492] T a6cc5c21329847bf81090bc6f50f0776 P 048475abbb544ca8b2373493c64f063b: Bootstrap starting.
I20260608 09:51:38.394450  9468 raft_consensus.cc:359] T a6cc5c21329847bf81090bc6f50f0776 P a025862c256a45548492b1e88990c9a0 [term 0 FOLLOWER]: Replica starting. Triggering 0 pending ops. Active config: opid_index: -1 OBSOLETE_local: false peers { permanent_uuid: "551f7aef1a0e4d899378fcc003de8f31" member_type: VOTER last_known_addr { host: "127.8.101.129" port: 43667 } } peers { permanent_uuid: "a025862c256a45548492b1e88990c9a0" member_type: VOTER last_known_addr { host: "127.8.101.130" port: 44193 } } peers { permanent_uuid: "048475abbb544ca8b2373493c64f063b" member_type: VOTER last_known_addr { host: "127.8.101.131" port: 42665 } }
I20260608 09:51:38.395660  9468 raft_consensus.cc:385] T a6cc5c21329847bf81090bc6f50f0776 P a025862c256a45548492b1e88990c9a0 [term 0 FOLLOWER]: Consensus starting up: Expiring failure detector timer to make a prompt election more likely
I20260608 09:51:38.396090  9468 raft_consensus.cc:740] T a6cc5c21329847bf81090bc6f50f0776 P a025862c256a45548492b1e88990c9a0 [term 0 FOLLOWER]: Becoming Follower/Learner. State: Replica: a025862c256a45548492b1e88990c9a0, State: Initialized, Role: FOLLOWER
I20260608 09:51:38.397409  9468 consensus_queue.cc:260] T a6cc5c21329847bf81090bc6f50f0776 P a025862c256a45548492b1e88990c9a0 [NON_LEADER]: Queue going to NON_LEADER mode. State: All replicated index: 0, Majority replicated index: 0, Committed index: 0, Last appended: 0.0, Last appended by leader: 0, Current term: 0, Majority size: -1, State: 0, Mode: NON_LEADER, active raft config: opid_index: -1 OBSOLETE_local: false peers { permanent_uuid: "551f7aef1a0e4d899378fcc003de8f31" member_type: VOTER last_known_addr { host: "127.8.101.129" port: 43667 } } peers { permanent_uuid: "a025862c256a45548492b1e88990c9a0" member_type: VOTER last_known_addr { host: "127.8.101.130" port: 44193 } } peers { permanent_uuid: "048475abbb544ca8b2373493c64f063b" member_type: VOTER last_known_addr { host: "127.8.101.131" port: 42665 } }
I20260608 09:51:38.399869  9469 tablet_bootstrap.cc:654] T a6cc5c21329847bf81090bc6f50f0776 P 048475abbb544ca8b2373493c64f063b: Neither blocks nor log segments found. Creating new log.
I20260608 09:51:38.400269  9468 ts_tablet_manager.cc:1434] T a6cc5c21329847bf81090bc6f50f0776 P a025862c256a45548492b1e88990c9a0: Time spent starting tablet: real 0.009s	user 0.007s	sys 0.001s
I20260608 09:51:38.401473  9468 tablet_bootstrap.cc:492] T 0d3a96647d6a47ffbcfeb99317d49870 P a025862c256a45548492b1e88990c9a0: Bootstrap starting.
I20260608 09:51:38.403987  9466 tablet_bootstrap.cc:492] T 0c6b2adda1464971a7ab3217ab759981 P 551f7aef1a0e4d899378fcc003de8f31: No bootstrap required, opened a new log
I20260608 09:51:38.404567  9466 ts_tablet_manager.cc:1403] T 0c6b2adda1464971a7ab3217ab759981 P 551f7aef1a0e4d899378fcc003de8f31: Time spent bootstrapping tablet: real 0.022s	user 0.007s	sys 0.009s
I20260608 09:51:38.408777  9468 tablet_bootstrap.cc:654] T 0d3a96647d6a47ffbcfeb99317d49870 P a025862c256a45548492b1e88990c9a0: Neither blocks nor log segments found. Creating new log.
I20260608 09:51:38.413151  9466 raft_consensus.cc:359] T 0c6b2adda1464971a7ab3217ab759981 P 551f7aef1a0e4d899378fcc003de8f31 [term 0 FOLLOWER]: Replica starting. Triggering 0 pending ops. Active config: opid_index: -1 OBSOLETE_local: false peers { permanent_uuid: "551f7aef1a0e4d899378fcc003de8f31" member_type: VOTER last_known_addr { host: "127.8.101.129" port: 43667 } } peers { permanent_uuid: "a025862c256a45548492b1e88990c9a0" member_type: VOTER last_known_addr { host: "127.8.101.130" port: 44193 } } peers { permanent_uuid: "048475abbb544ca8b2373493c64f063b" member_type: VOTER last_known_addr { host: "127.8.101.131" port: 42665 } }
I20260608 09:51:38.415726  9466 raft_consensus.cc:385] T 0c6b2adda1464971a7ab3217ab759981 P 551f7aef1a0e4d899378fcc003de8f31 [term 0 FOLLOWER]: Consensus starting up: Expiring failure detector timer to make a prompt election more likely
I20260608 09:51:38.416107  9469 tablet_bootstrap.cc:492] T a6cc5c21329847bf81090bc6f50f0776 P 048475abbb544ca8b2373493c64f063b: No bootstrap required, opened a new log
I20260608 09:51:38.416106  9466 raft_consensus.cc:740] T 0c6b2adda1464971a7ab3217ab759981 P 551f7aef1a0e4d899378fcc003de8f31 [term 0 FOLLOWER]: Becoming Follower/Learner. State: Replica: 551f7aef1a0e4d899378fcc003de8f31, State: Initialized, Role: FOLLOWER
I20260608 09:51:38.416853  9469 ts_tablet_manager.cc:1403] T a6cc5c21329847bf81090bc6f50f0776 P 048475abbb544ca8b2373493c64f063b: Time spent bootstrapping tablet: real 0.024s	user 0.017s	sys 0.005s
I20260608 09:51:38.417222  9466 consensus_queue.cc:260] T 0c6b2adda1464971a7ab3217ab759981 P 551f7aef1a0e4d899378fcc003de8f31 [NON_LEADER]: Queue going to NON_LEADER mode. State: All replicated index: 0, Majority replicated index: 0, Committed index: 0, Last appended: 0.0, Last appended by leader: 0, Current term: 0, Majority size: -1, State: 0, Mode: NON_LEADER, active raft config: opid_index: -1 OBSOLETE_local: false peers { permanent_uuid: "551f7aef1a0e4d899378fcc003de8f31" member_type: VOTER last_known_addr { host: "127.8.101.129" port: 43667 } } peers { permanent_uuid: "a025862c256a45548492b1e88990c9a0" member_type: VOTER last_known_addr { host: "127.8.101.130" port: 44193 } } peers { permanent_uuid: "048475abbb544ca8b2373493c64f063b" member_type: VOTER last_known_addr { host: "127.8.101.131" port: 42665 } }
I20260608 09:51:38.418963  9468 tablet_bootstrap.cc:492] T 0d3a96647d6a47ffbcfeb99317d49870 P a025862c256a45548492b1e88990c9a0: No bootstrap required, opened a new log
I20260608 09:51:38.419536  9468 ts_tablet_manager.cc:1403] T 0d3a96647d6a47ffbcfeb99317d49870 P a025862c256a45548492b1e88990c9a0: Time spent bootstrapping tablet: real 0.018s	user 0.011s	sys 0.003s
I20260608 09:51:38.419507  9469 raft_consensus.cc:359] T a6cc5c21329847bf81090bc6f50f0776 P 048475abbb544ca8b2373493c64f063b [term 0 FOLLOWER]: Replica starting. Triggering 0 pending ops. Active config: opid_index: -1 OBSOLETE_local: false peers { permanent_uuid: "551f7aef1a0e4d899378fcc003de8f31" member_type: VOTER last_known_addr { host: "127.8.101.129" port: 43667 } } peers { permanent_uuid: "a025862c256a45548492b1e88990c9a0" member_type: VOTER last_known_addr { host: "127.8.101.130" port: 44193 } } peers { permanent_uuid: "048475abbb544ca8b2373493c64f063b" member_type: VOTER last_known_addr { host: "127.8.101.131" port: 42665 } }
I20260608 09:51:38.420153  9466 ts_tablet_manager.cc:1434] T 0c6b2adda1464971a7ab3217ab759981 P 551f7aef1a0e4d899378fcc003de8f31: Time spent starting tablet: real 0.015s	user 0.009s	sys 0.001s
I20260608 09:51:38.420464  9469 raft_consensus.cc:385] T a6cc5c21329847bf81090bc6f50f0776 P 048475abbb544ca8b2373493c64f063b [term 0 FOLLOWER]: Consensus starting up: Expiring failure detector timer to make a prompt election more likely
I20260608 09:51:38.420805  9469 raft_consensus.cc:740] T a6cc5c21329847bf81090bc6f50f0776 P 048475abbb544ca8b2373493c64f063b [term 0 FOLLOWER]: Becoming Follower/Learner. State: Replica: 048475abbb544ca8b2373493c64f063b, State: Initialized, Role: FOLLOWER
I20260608 09:51:38.421337  9466 tablet_bootstrap.cc:492] T 7dbad4881c564a3a8b416e254119fa36 P 551f7aef1a0e4d899378fcc003de8f31: Bootstrap starting.
I20260608 09:51:38.421695  9469 consensus_queue.cc:260] T a6cc5c21329847bf81090bc6f50f0776 P 048475abbb544ca8b2373493c64f063b [NON_LEADER]: Queue going to NON_LEADER mode. State: All replicated index: 0, Majority replicated index: 0, Committed index: 0, Last appended: 0.0, Last appended by leader: 0, Current term: 0, Majority size: -1, State: 0, Mode: NON_LEADER, active raft config: opid_index: -1 OBSOLETE_local: false peers { permanent_uuid: "551f7aef1a0e4d899378fcc003de8f31" member_type: VOTER last_known_addr { host: "127.8.101.129" port: 43667 } } peers { permanent_uuid: "a025862c256a45548492b1e88990c9a0" member_type: VOTER last_known_addr { host: "127.8.101.130" port: 44193 } } peers { permanent_uuid: "048475abbb544ca8b2373493c64f063b" member_type: VOTER last_known_addr { host: "127.8.101.131" port: 42665 } }
I20260608 09:51:38.422968  9468 raft_consensus.cc:359] T 0d3a96647d6a47ffbcfeb99317d49870 P a025862c256a45548492b1e88990c9a0 [term 0 FOLLOWER]: Replica starting. Triggering 0 pending ops. Active config: opid_index: -1 OBSOLETE_local: false peers { permanent_uuid: "551f7aef1a0e4d899378fcc003de8f31" member_type: VOTER last_known_addr { host: "127.8.101.129" port: 43667 } } peers { permanent_uuid: "a025862c256a45548492b1e88990c9a0" member_type: VOTER last_known_addr { host: "127.8.101.130" port: 44193 } } peers { permanent_uuid: "048475abbb544ca8b2373493c64f063b" member_type: VOTER last_known_addr { host: "127.8.101.131" port: 42665 } }
I20260608 09:51:38.423785  9468 raft_consensus.cc:385] T 0d3a96647d6a47ffbcfeb99317d49870 P a025862c256a45548492b1e88990c9a0 [term 0 FOLLOWER]: Consensus starting up: Expiring failure detector timer to make a prompt election more likely
I20260608 09:51:38.424082  9469 ts_tablet_manager.cc:1434] T a6cc5c21329847bf81090bc6f50f0776 P 048475abbb544ca8b2373493c64f063b: Time spent starting tablet: real 0.007s	user 0.006s	sys 0.000s
I20260608 09:51:38.424120  9468 raft_consensus.cc:740] T 0d3a96647d6a47ffbcfeb99317d49870 P a025862c256a45548492b1e88990c9a0 [term 0 FOLLOWER]: Becoming Follower/Learner. State: Replica: a025862c256a45548492b1e88990c9a0, State: Initialized, Role: FOLLOWER
I20260608 09:51:38.425369  9468 consensus_queue.cc:260] T 0d3a96647d6a47ffbcfeb99317d49870 P a025862c256a45548492b1e88990c9a0 [NON_LEADER]: Queue going to NON_LEADER mode. State: All replicated index: 0, Majority replicated index: 0, Committed index: 0, Last appended: 0.0, Last appended by leader: 0, Current term: 0, Majority size: -1, State: 0, Mode: NON_LEADER, active raft config: opid_index: -1 OBSOLETE_local: false peers { permanent_uuid: "551f7aef1a0e4d899378fcc003de8f31" member_type: VOTER last_known_addr { host: "127.8.101.129" port: 43667 } } peers { permanent_uuid: "a025862c256a45548492b1e88990c9a0" member_type: VOTER last_known_addr { host: "127.8.101.130" port: 44193 } } peers { permanent_uuid: "048475abbb544ca8b2373493c64f063b" member_type: VOTER last_known_addr { host: "127.8.101.131" port: 42665 } }
I20260608 09:51:38.428659  9466 tablet_bootstrap.cc:654] T 7dbad4881c564a3a8b416e254119fa36 P 551f7aef1a0e4d899378fcc003de8f31: Neither blocks nor log segments found. Creating new log.
I20260608 09:51:38.431224  9469 tablet_bootstrap.cc:492] T a3248f2b2eb348a79fc68d387e433a4b P 048475abbb544ca8b2373493c64f063b: Bootstrap starting.
I20260608 09:51:38.431126  9468 ts_tablet_manager.cc:1434] T 0d3a96647d6a47ffbcfeb99317d49870 P a025862c256a45548492b1e88990c9a0: Time spent starting tablet: real 0.011s	user 0.007s	sys 0.000s
I20260608 09:51:38.432791  9468 tablet_bootstrap.cc:492] T a3248f2b2eb348a79fc68d387e433a4b P a025862c256a45548492b1e88990c9a0: Bootstrap starting.
I20260608 09:51:38.440819  9468 tablet_bootstrap.cc:654] T a3248f2b2eb348a79fc68d387e433a4b P a025862c256a45548492b1e88990c9a0: Neither blocks nor log segments found. Creating new log.
I20260608 09:51:38.441067  9466 tablet_bootstrap.cc:492] T 7dbad4881c564a3a8b416e254119fa36 P 551f7aef1a0e4d899378fcc003de8f31: No bootstrap required, opened a new log
I20260608 09:51:38.441599  9466 ts_tablet_manager.cc:1403] T 7dbad4881c564a3a8b416e254119fa36 P 551f7aef1a0e4d899378fcc003de8f31: Time spent bootstrapping tablet: real 0.021s	user 0.012s	sys 0.005s
I20260608 09:51:38.443576  9469 tablet_bootstrap.cc:654] T a3248f2b2eb348a79fc68d387e433a4b P 048475abbb544ca8b2373493c64f063b: Neither blocks nor log segments found. Creating new log.
I20260608 09:51:38.445360  9466 raft_consensus.cc:359] T 7dbad4881c564a3a8b416e254119fa36 P 551f7aef1a0e4d899378fcc003de8f31 [term 0 FOLLOWER]: Replica starting. Triggering 0 pending ops. Active config: opid_index: -1 OBSOLETE_local: false peers { permanent_uuid: "551f7aef1a0e4d899378fcc003de8f31" member_type: VOTER last_known_addr { host: "127.8.101.129" port: 43667 } } peers { permanent_uuid: "a025862c256a45548492b1e88990c9a0" member_type: VOTER last_known_addr { host: "127.8.101.130" port: 44193 } } peers { permanent_uuid: "048475abbb544ca8b2373493c64f063b" member_type: VOTER last_known_addr { host: "127.8.101.131" port: 42665 } }
I20260608 09:51:38.446642  9466 raft_consensus.cc:385] T 7dbad4881c564a3a8b416e254119fa36 P 551f7aef1a0e4d899378fcc003de8f31 [term 0 FOLLOWER]: Consensus starting up: Expiring failure detector timer to make a prompt election more likely
I20260608 09:51:38.447098  9466 raft_consensus.cc:740] T 7dbad4881c564a3a8b416e254119fa36 P 551f7aef1a0e4d899378fcc003de8f31 [term 0 FOLLOWER]: Becoming Follower/Learner. State: Replica: 551f7aef1a0e4d899378fcc003de8f31, State: Initialized, Role: FOLLOWER
I20260608 09:51:38.450755  9466 consensus_queue.cc:260] T 7dbad4881c564a3a8b416e254119fa36 P 551f7aef1a0e4d899378fcc003de8f31 [NON_LEADER]: Queue going to NON_LEADER mode. State: All replicated index: 0, Majority replicated index: 0, Committed index: 0, Last appended: 0.0, Last appended by leader: 0, Current term: 0, Majority size: -1, State: 0, Mode: NON_LEADER, active raft config: opid_index: -1 OBSOLETE_local: false peers { permanent_uuid: "551f7aef1a0e4d899378fcc003de8f31" member_type: VOTER last_known_addr { host: "127.8.101.129" port: 43667 } } peers { permanent_uuid: "a025862c256a45548492b1e88990c9a0" member_type: VOTER last_known_addr { host: "127.8.101.130" port: 44193 } } peers { permanent_uuid: "048475abbb544ca8b2373493c64f063b" member_type: VOTER last_known_addr { host: "127.8.101.131" port: 42665 } }
I20260608 09:51:38.454950  9466 ts_tablet_manager.cc:1434] T 7dbad4881c564a3a8b416e254119fa36 P 551f7aef1a0e4d899378fcc003de8f31: Time spent starting tablet: real 0.013s	user 0.004s	sys 0.009s
I20260608 09:51:38.455843  9469 tablet_bootstrap.cc:492] T a3248f2b2eb348a79fc68d387e433a4b P 048475abbb544ca8b2373493c64f063b: No bootstrap required, opened a new log
I20260608 09:51:38.456432  9469 ts_tablet_manager.cc:1403] T a3248f2b2eb348a79fc68d387e433a4b P 048475abbb544ca8b2373493c64f063b: Time spent bootstrapping tablet: real 0.025s	user 0.010s	sys 0.002s
I20260608 09:51:38.456508  9466 tablet_bootstrap.cc:492] T 210f92928bff477092c8783d4e47edbb P 551f7aef1a0e4d899378fcc003de8f31: Bootstrap starting.
I20260608 09:51:38.459681  9469 raft_consensus.cc:359] T a3248f2b2eb348a79fc68d387e433a4b P 048475abbb544ca8b2373493c64f063b [term 0 FOLLOWER]: Replica starting. Triggering 0 pending ops. Active config: opid_index: -1 OBSOLETE_local: false peers { permanent_uuid: "551f7aef1a0e4d899378fcc003de8f31" member_type: VOTER last_known_addr { host: "127.8.101.129" port: 43667 } } peers { permanent_uuid: "a025862c256a45548492b1e88990c9a0" member_type: VOTER last_known_addr { host: "127.8.101.130" port: 44193 } } peers { permanent_uuid: "048475abbb544ca8b2373493c64f063b" member_type: VOTER last_known_addr { host: "127.8.101.131" port: 42665 } }
I20260608 09:51:38.460475  9469 raft_consensus.cc:385] T a3248f2b2eb348a79fc68d387e433a4b P 048475abbb544ca8b2373493c64f063b [term 0 FOLLOWER]: Consensus starting up: Expiring failure detector timer to make a prompt election more likely
I20260608 09:51:38.460846  9469 raft_consensus.cc:740] T a3248f2b2eb348a79fc68d387e433a4b P 048475abbb544ca8b2373493c64f063b [term 0 FOLLOWER]: Becoming Follower/Learner. State: Replica: 048475abbb544ca8b2373493c64f063b, State: Initialized, Role: FOLLOWER
I20260608 09:51:38.461663  9469 consensus_queue.cc:260] T a3248f2b2eb348a79fc68d387e433a4b P 048475abbb544ca8b2373493c64f063b [NON_LEADER]: Queue going to NON_LEADER mode. State: All replicated index: 0, Majority replicated index: 0, Committed index: 0, Last appended: 0.0, Last appended by leader: 0, Current term: 0, Majority size: -1, State: 0, Mode: NON_LEADER, active raft config: opid_index: -1 OBSOLETE_local: false peers { permanent_uuid: "551f7aef1a0e4d899378fcc003de8f31" member_type: VOTER last_known_addr { host: "127.8.101.129" port: 43667 } } peers { permanent_uuid: "a025862c256a45548492b1e88990c9a0" member_type: VOTER last_known_addr { host: "127.8.101.130" port: 44193 } } peers { permanent_uuid: "048475abbb544ca8b2373493c64f063b" member_type: VOTER last_known_addr { host: "127.8.101.131" port: 42665 } }
I20260608 09:51:38.464040  9469 ts_tablet_manager.cc:1434] T a3248f2b2eb348a79fc68d387e433a4b P 048475abbb544ca8b2373493c64f063b: Time spent starting tablet: real 0.007s	user 0.005s	sys 0.000s
I20260608 09:51:38.465212  9469 tablet_bootstrap.cc:492] T 7dbad4881c564a3a8b416e254119fa36 P 048475abbb544ca8b2373493c64f063b: Bootstrap starting.
I20260608 09:51:38.466804  9466 tablet_bootstrap.cc:654] T 210f92928bff477092c8783d4e47edbb P 551f7aef1a0e4d899378fcc003de8f31: Neither blocks nor log segments found. Creating new log.
I20260608 09:51:38.467934  9468 tablet_bootstrap.cc:492] T a3248f2b2eb348a79fc68d387e433a4b P a025862c256a45548492b1e88990c9a0: No bootstrap required, opened a new log
I20260608 09:51:38.468508  9468 ts_tablet_manager.cc:1403] T a3248f2b2eb348a79fc68d387e433a4b P a025862c256a45548492b1e88990c9a0: Time spent bootstrapping tablet: real 0.036s	user 0.015s	sys 0.015s
I20260608 09:51:38.472645  9469 tablet_bootstrap.cc:654] T 7dbad4881c564a3a8b416e254119fa36 P 048475abbb544ca8b2373493c64f063b: Neither blocks nor log segments found. Creating new log.
I20260608 09:51:38.472556  9468 raft_consensus.cc:359] T a3248f2b2eb348a79fc68d387e433a4b P a025862c256a45548492b1e88990c9a0 [term 0 FOLLOWER]: Replica starting. Triggering 0 pending ops. Active config: opid_index: -1 OBSOLETE_local: false peers { permanent_uuid: "551f7aef1a0e4d899378fcc003de8f31" member_type: VOTER last_known_addr { host: "127.8.101.129" port: 43667 } } peers { permanent_uuid: "a025862c256a45548492b1e88990c9a0" member_type: VOTER last_known_addr { host: "127.8.101.130" port: 44193 } } peers { permanent_uuid: "048475abbb544ca8b2373493c64f063b" member_type: VOTER last_known_addr { host: "127.8.101.131" port: 42665 } }
I20260608 09:51:38.473843  9468 raft_consensus.cc:385] T a3248f2b2eb348a79fc68d387e433a4b P a025862c256a45548492b1e88990c9a0 [term 0 FOLLOWER]: Consensus starting up: Expiring failure detector timer to make a prompt election more likely
I20260608 09:51:38.474371  9468 raft_consensus.cc:740] T a3248f2b2eb348a79fc68d387e433a4b P a025862c256a45548492b1e88990c9a0 [term 0 FOLLOWER]: Becoming Follower/Learner. State: Replica: a025862c256a45548492b1e88990c9a0, State: Initialized, Role: FOLLOWER
I20260608 09:51:38.475687  9468 consensus_queue.cc:260] T a3248f2b2eb348a79fc68d387e433a4b P a025862c256a45548492b1e88990c9a0 [NON_LEADER]: Queue going to NON_LEADER mode. State: All replicated index: 0, Majority replicated index: 0, Committed index: 0, Last appended: 0.0, Last appended by leader: 0, Current term: 0, Majority size: -1, State: 0, Mode: NON_LEADER, active raft config: opid_index: -1 OBSOLETE_local: false peers { permanent_uuid: "551f7aef1a0e4d899378fcc003de8f31" member_type: VOTER last_known_addr { host: "127.8.101.129" port: 43667 } } peers { permanent_uuid: "a025862c256a45548492b1e88990c9a0" member_type: VOTER last_known_addr { host: "127.8.101.130" port: 44193 } } peers { permanent_uuid: "048475abbb544ca8b2373493c64f063b" member_type: VOTER last_known_addr { host: "127.8.101.131" port: 42665 } }
I20260608 09:51:38.479101  9466 tablet_bootstrap.cc:492] T 210f92928bff477092c8783d4e47edbb P 551f7aef1a0e4d899378fcc003de8f31: No bootstrap required, opened a new log
I20260608 09:51:38.479672  9466 ts_tablet_manager.cc:1403] T 210f92928bff477092c8783d4e47edbb P 551f7aef1a0e4d899378fcc003de8f31: Time spent bootstrapping tablet: real 0.024s	user 0.014s	sys 0.006s
I20260608 09:51:38.483191  9466 raft_consensus.cc:359] T 210f92928bff477092c8783d4e47edbb P 551f7aef1a0e4d899378fcc003de8f31 [term 0 FOLLOWER]: Replica starting. Triggering 0 pending ops. Active config: opid_index: -1 OBSOLETE_local: false peers { permanent_uuid: "551f7aef1a0e4d899378fcc003de8f31" member_type: VOTER last_known_addr { host: "127.8.101.129" port: 43667 } } peers { permanent_uuid: "a025862c256a45548492b1e88990c9a0" member_type: VOTER last_known_addr { host: "127.8.101.130" port: 44193 } } peers { permanent_uuid: "048475abbb544ca8b2373493c64f063b" member_type: VOTER last_known_addr { host: "127.8.101.131" port: 42665 } }
I20260608 09:51:38.484014  9466 raft_consensus.cc:385] T 210f92928bff477092c8783d4e47edbb P 551f7aef1a0e4d899378fcc003de8f31 [term 0 FOLLOWER]: Consensus starting up: Expiring failure detector timer to make a prompt election more likely
I20260608 09:51:38.484349  9466 raft_consensus.cc:740] T 210f92928bff477092c8783d4e47edbb P 551f7aef1a0e4d899378fcc003de8f31 [term 0 FOLLOWER]: Becoming Follower/Learner. State: Replica: 551f7aef1a0e4d899378fcc003de8f31, State: Initialized, Role: FOLLOWER
I20260608 09:51:38.484576  9468 ts_tablet_manager.cc:1434] T a3248f2b2eb348a79fc68d387e433a4b P a025862c256a45548492b1e88990c9a0: Time spent starting tablet: real 0.016s	user 0.011s	sys 0.000s
I20260608 09:51:38.485584  9469 tablet_bootstrap.cc:492] T 7dbad4881c564a3a8b416e254119fa36 P 048475abbb544ca8b2373493c64f063b: No bootstrap required, opened a new log
I20260608 09:51:38.485723  9468 tablet_bootstrap.cc:492] T a987e5f9d6c2426480f6b60dd6413c94 P a025862c256a45548492b1e88990c9a0: Bootstrap starting.
I20260608 09:51:38.485239  9466 consensus_queue.cc:260] T 210f92928bff477092c8783d4e47edbb P 551f7aef1a0e4d899378fcc003de8f31 [NON_LEADER]: Queue going to NON_LEADER mode. State: All replicated index: 0, Majority replicated index: 0, Committed index: 0, Last appended: 0.0, Last appended by leader: 0, Current term: 0, Majority size: -1, State: 0, Mode: NON_LEADER, active raft config: opid_index: -1 OBSOLETE_local: false peers { permanent_uuid: "551f7aef1a0e4d899378fcc003de8f31" member_type: VOTER last_known_addr { host: "127.8.101.129" port: 43667 } } peers { permanent_uuid: "a025862c256a45548492b1e88990c9a0" member_type: VOTER last_known_addr { host: "127.8.101.130" port: 44193 } } peers { permanent_uuid: "048475abbb544ca8b2373493c64f063b" member_type: VOTER last_known_addr { host: "127.8.101.131" port: 42665 } }
I20260608 09:51:38.486323  9469 ts_tablet_manager.cc:1403] T 7dbad4881c564a3a8b416e254119fa36 P 048475abbb544ca8b2373493c64f063b: Time spent bootstrapping tablet: real 0.021s	user 0.008s	sys 0.011s
I20260608 09:51:38.487944  9471 raft_consensus.cc:493] T a6cc5c21329847bf81090bc6f50f0776 P 551f7aef1a0e4d899378fcc003de8f31 [term 0 FOLLOWER]: Starting pre-election (no leader contacted us within the election timeout)
I20260608 09:51:38.488513  9471 raft_consensus.cc:515] T a6cc5c21329847bf81090bc6f50f0776 P 551f7aef1a0e4d899378fcc003de8f31 [term 0 FOLLOWER]: Starting pre-election with config: opid_index: -1 OBSOLETE_local: false peers { permanent_uuid: "551f7aef1a0e4d899378fcc003de8f31" member_type: VOTER last_known_addr { host: "127.8.101.129" port: 43667 } } peers { permanent_uuid: "a025862c256a45548492b1e88990c9a0" member_type: VOTER last_known_addr { host: "127.8.101.130" port: 44193 } } peers { permanent_uuid: "048475abbb544ca8b2373493c64f063b" member_type: VOTER last_known_addr { host: "127.8.101.131" port: 42665 } }
I20260608 09:51:38.489665  9469 raft_consensus.cc:359] T 7dbad4881c564a3a8b416e254119fa36 P 048475abbb544ca8b2373493c64f063b [term 0 FOLLOWER]: Replica starting. Triggering 0 pending ops. Active config: opid_index: -1 OBSOLETE_local: false peers { permanent_uuid: "551f7aef1a0e4d899378fcc003de8f31" member_type: VOTER last_known_addr { host: "127.8.101.129" port: 43667 } } peers { permanent_uuid: "a025862c256a45548492b1e88990c9a0" member_type: VOTER last_known_addr { host: "127.8.101.130" port: 44193 } } peers { permanent_uuid: "048475abbb544ca8b2373493c64f063b" member_type: VOTER last_known_addr { host: "127.8.101.131" port: 42665 } }
I20260608 09:51:38.490314  9466 ts_tablet_manager.cc:1434] T 210f92928bff477092c8783d4e47edbb P 551f7aef1a0e4d899378fcc003de8f31: Time spent starting tablet: real 0.010s	user 0.010s	sys 0.000s
I20260608 09:51:38.490566  9469 raft_consensus.cc:385] T 7dbad4881c564a3a8b416e254119fa36 P 048475abbb544ca8b2373493c64f063b [term 0 FOLLOWER]: Consensus starting up: Expiring failure detector timer to make a prompt election more likely
I20260608 09:51:38.491026  9469 raft_consensus.cc:740] T 7dbad4881c564a3a8b416e254119fa36 P 048475abbb544ca8b2373493c64f063b [term 0 FOLLOWER]: Becoming Follower/Learner. State: Replica: 048475abbb544ca8b2373493c64f063b, State: Initialized, Role: FOLLOWER
I20260608 09:51:38.491442  9466 tablet_bootstrap.cc:492] T 0d3a96647d6a47ffbcfeb99317d49870 P 551f7aef1a0e4d899378fcc003de8f31: Bootstrap starting.
I20260608 09:51:38.492082  9469 consensus_queue.cc:260] T 7dbad4881c564a3a8b416e254119fa36 P 048475abbb544ca8b2373493c64f063b [NON_LEADER]: Queue going to NON_LEADER mode. State: All replicated index: 0, Majority replicated index: 0, Committed index: 0, Last appended: 0.0, Last appended by leader: 0, Current term: 0, Majority size: -1, State: 0, Mode: NON_LEADER, active raft config: opid_index: -1 OBSOLETE_local: false peers { permanent_uuid: "551f7aef1a0e4d899378fcc003de8f31" member_type: VOTER last_known_addr { host: "127.8.101.129" port: 43667 } } peers { permanent_uuid: "a025862c256a45548492b1e88990c9a0" member_type: VOTER last_known_addr { host: "127.8.101.130" port: 44193 } } peers { permanent_uuid: "048475abbb544ca8b2373493c64f063b" member_type: VOTER last_known_addr { host: "127.8.101.131" port: 42665 } }
I20260608 09:51:38.494541  9468 tablet_bootstrap.cc:654] T a987e5f9d6c2426480f6b60dd6413c94 P a025862c256a45548492b1e88990c9a0: Neither blocks nor log segments found. Creating new log.
I20260608 09:51:38.498718  9472 raft_consensus.cc:493] T a6cc5c21329847bf81090bc6f50f0776 P 048475abbb544ca8b2373493c64f063b [term 0 FOLLOWER]: Starting pre-election (no leader contacted us within the election timeout)
I20260608 09:51:38.499606  9466 tablet_bootstrap.cc:654] T 0d3a96647d6a47ffbcfeb99317d49870 P 551f7aef1a0e4d899378fcc003de8f31: Neither blocks nor log segments found. Creating new log.
I20260608 09:51:38.499426  9472 raft_consensus.cc:515] T a6cc5c21329847bf81090bc6f50f0776 P 048475abbb544ca8b2373493c64f063b [term 0 FOLLOWER]: Starting pre-election with config: opid_index: -1 OBSOLETE_local: false peers { permanent_uuid: "551f7aef1a0e4d899378fcc003de8f31" member_type: VOTER last_known_addr { host: "127.8.101.129" port: 43667 } } peers { permanent_uuid: "a025862c256a45548492b1e88990c9a0" member_type: VOTER last_known_addr { host: "127.8.101.130" port: 44193 } } peers { permanent_uuid: "048475abbb544ca8b2373493c64f063b" member_type: VOTER last_known_addr { host: "127.8.101.131" port: 42665 } }
I20260608 09:51:38.502920  9471 leader_election.cc:290] T a6cc5c21329847bf81090bc6f50f0776 P 551f7aef1a0e4d899378fcc003de8f31 [CANDIDATE]: Term 1 pre-election: Requested pre-vote from peers a025862c256a45548492b1e88990c9a0 (127.8.101.130:44193), 048475abbb544ca8b2373493c64f063b (127.8.101.131:42665)
I20260608 09:51:38.505470  9472 leader_election.cc:290] T a6cc5c21329847bf81090bc6f50f0776 P 048475abbb544ca8b2373493c64f063b [CANDIDATE]: Term 1 pre-election: Requested pre-vote from peers 551f7aef1a0e4d899378fcc003de8f31 (127.8.101.129:43667), a025862c256a45548492b1e88990c9a0 (127.8.101.130:44193)
I20260608 09:51:38.507565  9469 ts_tablet_manager.cc:1434] T 7dbad4881c564a3a8b416e254119fa36 P 048475abbb544ca8b2373493c64f063b: Time spent starting tablet: real 0.021s	user 0.006s	sys 0.000s
I20260608 09:51:38.507795  9468 tablet_bootstrap.cc:492] T a987e5f9d6c2426480f6b60dd6413c94 P a025862c256a45548492b1e88990c9a0: No bootstrap required, opened a new log
I20260608 09:51:38.508525  9468 ts_tablet_manager.cc:1403] T a987e5f9d6c2426480f6b60dd6413c94 P a025862c256a45548492b1e88990c9a0: Time spent bootstrapping tablet: real 0.023s	user 0.005s	sys 0.012s
I20260608 09:51:38.512022  9468 raft_consensus.cc:359] T a987e5f9d6c2426480f6b60dd6413c94 P a025862c256a45548492b1e88990c9a0 [term 0 FOLLOWER]: Replica starting. Triggering 0 pending ops. Active config: opid_index: -1 OBSOLETE_local: false peers { permanent_uuid: "551f7aef1a0e4d899378fcc003de8f31" member_type: VOTER last_known_addr { host: "127.8.101.129" port: 43667 } } peers { permanent_uuid: "a025862c256a45548492b1e88990c9a0" member_type: VOTER last_known_addr { host: "127.8.101.130" port: 44193 } } peers { permanent_uuid: "048475abbb544ca8b2373493c64f063b" member_type: VOTER last_known_addr { host: "127.8.101.131" port: 42665 } }
I20260608 09:51:38.513011  9468 raft_consensus.cc:385] T a987e5f9d6c2426480f6b60dd6413c94 P a025862c256a45548492b1e88990c9a0 [term 0 FOLLOWER]: Consensus starting up: Expiring failure detector timer to make a prompt election more likely
I20260608 09:51:38.513386  9468 raft_consensus.cc:740] T a987e5f9d6c2426480f6b60dd6413c94 P a025862c256a45548492b1e88990c9a0 [term 0 FOLLOWER]: Becoming Follower/Learner. State: Replica: a025862c256a45548492b1e88990c9a0, State: Initialized, Role: FOLLOWER
I20260608 09:51:38.518270  9466 tablet_bootstrap.cc:492] T 0d3a96647d6a47ffbcfeb99317d49870 P 551f7aef1a0e4d899378fcc003de8f31: No bootstrap required, opened a new log
I20260608 09:51:38.518621  9469 tablet_bootstrap.cc:492] T 0d3a96647d6a47ffbcfeb99317d49870 P 048475abbb544ca8b2373493c64f063b: Bootstrap starting.
I20260608 09:51:38.518790  9466 ts_tablet_manager.cc:1403] T 0d3a96647d6a47ffbcfeb99317d49870 P 551f7aef1a0e4d899378fcc003de8f31: Time spent bootstrapping tablet: real 0.028s	user 0.011s	sys 0.005s
I20260608 09:51:38.522050  9466 raft_consensus.cc:359] T 0d3a96647d6a47ffbcfeb99317d49870 P 551f7aef1a0e4d899378fcc003de8f31 [term 0 FOLLOWER]: Replica starting. Triggering 0 pending ops. Active config: opid_index: -1 OBSOLETE_local: false peers { permanent_uuid: "551f7aef1a0e4d899378fcc003de8f31" member_type: VOTER last_known_addr { host: "127.8.101.129" port: 43667 } } peers { permanent_uuid: "a025862c256a45548492b1e88990c9a0" member_type: VOTER last_known_addr { host: "127.8.101.130" port: 44193 } } peers { permanent_uuid: "048475abbb544ca8b2373493c64f063b" member_type: VOTER last_known_addr { host: "127.8.101.131" port: 42665 } }
I20260608 09:51:38.522812  9466 raft_consensus.cc:385] T 0d3a96647d6a47ffbcfeb99317d49870 P 551f7aef1a0e4d899378fcc003de8f31 [term 0 FOLLOWER]: Consensus starting up: Expiring failure detector timer to make a prompt election more likely
I20260608 09:51:38.523166  9466 raft_consensus.cc:740] T 0d3a96647d6a47ffbcfeb99317d49870 P 551f7aef1a0e4d899378fcc003de8f31 [term 0 FOLLOWER]: Becoming Follower/Learner. State: Replica: 551f7aef1a0e4d899378fcc003de8f31, State: Initialized, Role: FOLLOWER
I20260608 09:51:38.524088  9466 consensus_queue.cc:260] T 0d3a96647d6a47ffbcfeb99317d49870 P 551f7aef1a0e4d899378fcc003de8f31 [NON_LEADER]: Queue going to NON_LEADER mode. State: All replicated index: 0, Majority replicated index: 0, Committed index: 0, Last appended: 0.0, Last appended by leader: 0, Current term: 0, Majority size: -1, State: 0, Mode: NON_LEADER, active raft config: opid_index: -1 OBSOLETE_local: false peers { permanent_uuid: "551f7aef1a0e4d899378fcc003de8f31" member_type: VOTER last_known_addr { host: "127.8.101.129" port: 43667 } } peers { permanent_uuid: "a025862c256a45548492b1e88990c9a0" member_type: VOTER last_known_addr { host: "127.8.101.130" port: 44193 } } peers { permanent_uuid: "048475abbb544ca8b2373493c64f063b" member_type: VOTER last_known_addr { host: "127.8.101.131" port: 42665 } }
I20260608 09:51:38.526516  9466 ts_tablet_manager.cc:1434] T 0d3a96647d6a47ffbcfeb99317d49870 P 551f7aef1a0e4d899378fcc003de8f31: Time spent starting tablet: real 0.007s	user 0.007s	sys 0.001s
I20260608 09:51:38.527571  9466 tablet_bootstrap.cc:492] T a987e5f9d6c2426480f6b60dd6413c94 P 551f7aef1a0e4d899378fcc003de8f31: Bootstrap starting.
I20260608 09:51:38.533190  9469 tablet_bootstrap.cc:654] T 0d3a96647d6a47ffbcfeb99317d49870 P 048475abbb544ca8b2373493c64f063b: Neither blocks nor log segments found. Creating new log.
I20260608 09:51:38.534368  9471 raft_consensus.cc:493] T bdba412cbb2f46028fb4ed65e5c8c601 P 551f7aef1a0e4d899378fcc003de8f31 [term 0 FOLLOWER]: Starting pre-election (no leader contacted us within the election timeout)
I20260608 09:51:38.534691  9466 tablet_bootstrap.cc:654] T a987e5f9d6c2426480f6b60dd6413c94 P 551f7aef1a0e4d899378fcc003de8f31: Neither blocks nor log segments found. Creating new log.
I20260608 09:51:38.535156  9471 raft_consensus.cc:515] T bdba412cbb2f46028fb4ed65e5c8c601 P 551f7aef1a0e4d899378fcc003de8f31 [term 0 FOLLOWER]: Starting pre-election with config: opid_index: -1 OBSOLETE_local: false peers { permanent_uuid: "551f7aef1a0e4d899378fcc003de8f31" member_type: VOTER last_known_addr { host: "127.8.101.129" port: 43667 } } peers { permanent_uuid: "a025862c256a45548492b1e88990c9a0" member_type: VOTER last_known_addr { host: "127.8.101.130" port: 44193 } } peers { permanent_uuid: "048475abbb544ca8b2373493c64f063b" member_type: VOTER last_known_addr { host: "127.8.101.131" port: 42665 } }
I20260608 09:51:38.538122  9471 leader_election.cc:290] T bdba412cbb2f46028fb4ed65e5c8c601 P 551f7aef1a0e4d899378fcc003de8f31 [CANDIDATE]: Term 1 pre-election: Requested pre-vote from peers a025862c256a45548492b1e88990c9a0 (127.8.101.130:44193), 048475abbb544ca8b2373493c64f063b (127.8.101.131:42665)
I20260608 09:51:38.538276  9468 consensus_queue.cc:260] T a987e5f9d6c2426480f6b60dd6413c94 P a025862c256a45548492b1e88990c9a0 [NON_LEADER]: Queue going to NON_LEADER mode. State: All replicated index: 0, Majority replicated index: 0, Committed index: 0, Last appended: 0.0, Last appended by leader: 0, Current term: 0, Majority size: -1, State: 0, Mode: NON_LEADER, active raft config: opid_index: -1 OBSOLETE_local: false peers { permanent_uuid: "551f7aef1a0e4d899378fcc003de8f31" member_type: VOTER last_known_addr { host: "127.8.101.129" port: 43667 } } peers { permanent_uuid: "a025862c256a45548492b1e88990c9a0" member_type: VOTER last_known_addr { host: "127.8.101.130" port: 44193 } } peers { permanent_uuid: "048475abbb544ca8b2373493c64f063b" member_type: VOTER last_known_addr { host: "127.8.101.131" port: 42665 } }
I20260608 09:51:38.541134  9468 ts_tablet_manager.cc:1434] T a987e5f9d6c2426480f6b60dd6413c94 P a025862c256a45548492b1e88990c9a0: Time spent starting tablet: real 0.032s	user 0.006s	sys 0.003s
I20260608 09:51:38.554756  9468 tablet_bootstrap.cc:492] T 7dbad4881c564a3a8b416e254119fa36 P a025862c256a45548492b1e88990c9a0: Bootstrap starting.
I20260608 09:51:38.556658  9469 tablet_bootstrap.cc:492] T 0d3a96647d6a47ffbcfeb99317d49870 P 048475abbb544ca8b2373493c64f063b: No bootstrap required, opened a new log
I20260608 09:51:38.557417  9469 ts_tablet_manager.cc:1403] T 0d3a96647d6a47ffbcfeb99317d49870 P 048475abbb544ca8b2373493c64f063b: Time spent bootstrapping tablet: real 0.039s	user 0.015s	sys 0.003s
I20260608 09:51:38.560241  9466 tablet_bootstrap.cc:492] T a987e5f9d6c2426480f6b60dd6413c94 P 551f7aef1a0e4d899378fcc003de8f31: No bootstrap required, opened a new log
I20260608 09:51:38.560776  9466 ts_tablet_manager.cc:1403] T a987e5f9d6c2426480f6b60dd6413c94 P 551f7aef1a0e4d899378fcc003de8f31: Time spent bootstrapping tablet: real 0.033s	user 0.014s	sys 0.005s
I20260608 09:51:38.563287  9469 raft_consensus.cc:359] T 0d3a96647d6a47ffbcfeb99317d49870 P 048475abbb544ca8b2373493c64f063b [term 0 FOLLOWER]: Replica starting. Triggering 0 pending ops. Active config: opid_index: -1 OBSOLETE_local: false peers { permanent_uuid: "551f7aef1a0e4d899378fcc003de8f31" member_type: VOTER last_known_addr { host: "127.8.101.129" port: 43667 } } peers { permanent_uuid: "a025862c256a45548492b1e88990c9a0" member_type: VOTER last_known_addr { host: "127.8.101.130" port: 44193 } } peers { permanent_uuid: "048475abbb544ca8b2373493c64f063b" member_type: VOTER last_known_addr { host: "127.8.101.131" port: 42665 } }
I20260608 09:51:38.563344  9466 raft_consensus.cc:359] T a987e5f9d6c2426480f6b60dd6413c94 P 551f7aef1a0e4d899378fcc003de8f31 [term 0 FOLLOWER]: Replica starting. Triggering 0 pending ops. Active config: opid_index: -1 OBSOLETE_local: false peers { permanent_uuid: "551f7aef1a0e4d899378fcc003de8f31" member_type: VOTER last_known_addr { host: "127.8.101.129" port: 43667 } } peers { permanent_uuid: "a025862c256a45548492b1e88990c9a0" member_type: VOTER last_known_addr { host: "127.8.101.130" port: 44193 } } peers { permanent_uuid: "048475abbb544ca8b2373493c64f063b" member_type: VOTER last_known_addr { host: "127.8.101.131" port: 42665 } }
I20260608 09:51:38.564152  9469 raft_consensus.cc:385] T 0d3a96647d6a47ffbcfeb99317d49870 P 048475abbb544ca8b2373493c64f063b [term 0 FOLLOWER]: Consensus starting up: Expiring failure detector timer to make a prompt election more likely
I20260608 09:51:38.564237  9466 raft_consensus.cc:385] T a987e5f9d6c2426480f6b60dd6413c94 P 551f7aef1a0e4d899378fcc003de8f31 [term 0 FOLLOWER]: Consensus starting up: Expiring failure detector timer to make a prompt election more likely
I20260608 09:51:38.564679  9466 raft_consensus.cc:740] T a987e5f9d6c2426480f6b60dd6413c94 P 551f7aef1a0e4d899378fcc003de8f31 [term 0 FOLLOWER]: Becoming Follower/Learner. State: Replica: 551f7aef1a0e4d899378fcc003de8f31, State: Initialized, Role: FOLLOWER
I20260608 09:51:38.564572  9469 raft_consensus.cc:740] T 0d3a96647d6a47ffbcfeb99317d49870 P 048475abbb544ca8b2373493c64f063b [term 0 FOLLOWER]: Becoming Follower/Learner. State: Replica: 048475abbb544ca8b2373493c64f063b, State: Initialized, Role: FOLLOWER
I20260608 09:51:38.566490  9469 consensus_queue.cc:260] T 0d3a96647d6a47ffbcfeb99317d49870 P 048475abbb544ca8b2373493c64f063b [NON_LEADER]: Queue going to NON_LEADER mode. State: All replicated index: 0, Majority replicated index: 0, Committed index: 0, Last appended: 0.0, Last appended by leader: 0, Current term: 0, Majority size: -1, State: 0, Mode: NON_LEADER, active raft config: opid_index: -1 OBSOLETE_local: false peers { permanent_uuid: "551f7aef1a0e4d899378fcc003de8f31" member_type: VOTER last_known_addr { host: "127.8.101.129" port: 43667 } } peers { permanent_uuid: "a025862c256a45548492b1e88990c9a0" member_type: VOTER last_known_addr { host: "127.8.101.130" port: 44193 } } peers { permanent_uuid: "048475abbb544ca8b2373493c64f063b" member_type: VOTER last_known_addr { host: "127.8.101.131" port: 42665 } }
I20260608 09:51:38.565917  9466 consensus_queue.cc:260] T a987e5f9d6c2426480f6b60dd6413c94 P 551f7aef1a0e4d899378fcc003de8f31 [NON_LEADER]: Queue going to NON_LEADER mode. State: All replicated index: 0, Majority replicated index: 0, Committed index: 0, Last appended: 0.0, Last appended by leader: 0, Current term: 0, Majority size: -1, State: 0, Mode: NON_LEADER, active raft config: opid_index: -1 OBSOLETE_local: false peers { permanent_uuid: "551f7aef1a0e4d899378fcc003de8f31" member_type: VOTER last_known_addr { host: "127.8.101.129" port: 43667 } } peers { permanent_uuid: "a025862c256a45548492b1e88990c9a0" member_type: VOTER last_known_addr { host: "127.8.101.130" port: 44193 } } peers { permanent_uuid: "048475abbb544ca8b2373493c64f063b" member_type: VOTER last_known_addr { host: "127.8.101.131" port: 42665 } }
I20260608 09:51:38.570680  9472 raft_consensus.cc:493] T bdba412cbb2f46028fb4ed65e5c8c601 P 048475abbb544ca8b2373493c64f063b [term 0 FOLLOWER]: Starting pre-election (no leader contacted us within the election timeout)
I20260608 09:51:38.571163  9472 raft_consensus.cc:515] T bdba412cbb2f46028fb4ed65e5c8c601 P 048475abbb544ca8b2373493c64f063b [term 0 FOLLOWER]: Starting pre-election with config: opid_index: -1 OBSOLETE_local: false peers { permanent_uuid: "551f7aef1a0e4d899378fcc003de8f31" member_type: VOTER last_known_addr { host: "127.8.101.129" port: 43667 } } peers { permanent_uuid: "a025862c256a45548492b1e88990c9a0" member_type: VOTER last_known_addr { host: "127.8.101.130" port: 44193 } } peers { permanent_uuid: "048475abbb544ca8b2373493c64f063b" member_type: VOTER last_known_addr { host: "127.8.101.131" port: 42665 } }
I20260608 09:51:38.573336  9472 leader_election.cc:290] T bdba412cbb2f46028fb4ed65e5c8c601 P 048475abbb544ca8b2373493c64f063b [CANDIDATE]: Term 1 pre-election: Requested pre-vote from peers 551f7aef1a0e4d899378fcc003de8f31 (127.8.101.129:43667), a025862c256a45548492b1e88990c9a0 (127.8.101.130:44193)
I20260608 09:51:38.574849  9466 ts_tablet_manager.cc:1434] T a987e5f9d6c2426480f6b60dd6413c94 P 551f7aef1a0e4d899378fcc003de8f31: Time spent starting tablet: real 0.014s	user 0.008s	sys 0.000s
I20260608 09:51:38.575958  9466 tablet_bootstrap.cc:492] T a3248f2b2eb348a79fc68d387e433a4b P 551f7aef1a0e4d899378fcc003de8f31: Bootstrap starting.
I20260608 09:51:38.575785  9348 tablet_service.cc:1917] Received RequestConsensusVote() RPC: tablet_id: "a6cc5c21329847bf81090bc6f50f0776" candidate_uuid: "551f7aef1a0e4d899378fcc003de8f31" candidate_term: 1 candidate_status { last_received { term: 0 index: 0 } } ignore_live_leader: false dest_uuid: "a025862c256a45548492b1e88990c9a0" is_pre_election: true
I20260608 09:51:38.577132  9347 tablet_service.cc:1917] Received RequestConsensusVote() RPC: tablet_id: "bdba412cbb2f46028fb4ed65e5c8c601" candidate_uuid: "551f7aef1a0e4d899378fcc003de8f31" candidate_term: 1 candidate_status { last_received { term: 0 index: 0 } } ignore_live_leader: false dest_uuid: "a025862c256a45548492b1e88990c9a0" is_pre_election: true
I20260608 09:51:38.577124  9348 raft_consensus.cc:2468] T a6cc5c21329847bf81090bc6f50f0776 P a025862c256a45548492b1e88990c9a0 [term 0 FOLLOWER]: Leader pre-election vote request: Granting yes vote for candidate 551f7aef1a0e4d899378fcc003de8f31 in term 0.
I20260608 09:51:38.578284  9472 raft_consensus.cc:493] T 0d3a96647d6a47ffbcfeb99317d49870 P 048475abbb544ca8b2373493c64f063b [term 0 FOLLOWER]: Starting pre-election (no leader contacted us within the election timeout)
I20260608 09:51:38.580689  9472 raft_consensus.cc:515] T 0d3a96647d6a47ffbcfeb99317d49870 P 048475abbb544ca8b2373493c64f063b [term 0 FOLLOWER]: Starting pre-election with config: opid_index: -1 OBSOLETE_local: false peers { permanent_uuid: "551f7aef1a0e4d899378fcc003de8f31" member_type: VOTER last_known_addr { host: "127.8.101.129" port: 43667 } } peers { permanent_uuid: "a025862c256a45548492b1e88990c9a0" member_type: VOTER last_known_addr { host: "127.8.101.130" port: 44193 } } peers { permanent_uuid: "048475abbb544ca8b2373493c64f063b" member_type: VOTER last_known_addr { host: "127.8.101.131" port: 42665 } }
I20260608 09:51:38.580260  9468 tablet_bootstrap.cc:654] T 7dbad4881c564a3a8b416e254119fa36 P a025862c256a45548492b1e88990c9a0: Neither blocks nor log segments found. Creating new log.
I20260608 09:51:38.583268  9348 tablet_service.cc:1917] Received RequestConsensusVote() RPC: tablet_id: "bdba412cbb2f46028fb4ed65e5c8c601" candidate_uuid: "048475abbb544ca8b2373493c64f063b" candidate_term: 1 candidate_status { last_received { term: 0 index: 0 } } ignore_live_leader: false dest_uuid: "a025862c256a45548492b1e88990c9a0" is_pre_election: true
I20260608 09:51:38.583407  9347 tablet_service.cc:1917] Received RequestConsensusVote() RPC: tablet_id: "a6cc5c21329847bf81090bc6f50f0776" candidate_uuid: "048475abbb544ca8b2373493c64f063b" candidate_term: 1 candidate_status { last_received { term: 0 index: 0 } } ignore_live_leader: false dest_uuid: "a025862c256a45548492b1e88990c9a0" is_pre_election: true
I20260608 09:51:38.584255  9472 leader_election.cc:290] T 0d3a96647d6a47ffbcfeb99317d49870 P 048475abbb544ca8b2373493c64f063b [CANDIDATE]: Term 1 pre-election: Requested pre-vote from peers 551f7aef1a0e4d899378fcc003de8f31 (127.8.101.129:43667), a025862c256a45548492b1e88990c9a0 (127.8.101.130:44193)
I20260608 09:51:38.584496  9347 raft_consensus.cc:2468] T a6cc5c21329847bf81090bc6f50f0776 P a025862c256a45548492b1e88990c9a0 [term 0 FOLLOWER]: Leader pre-election vote request: Granting yes vote for candidate 048475abbb544ca8b2373493c64f063b in term 0.
I20260608 09:51:38.587242  9472 raft_consensus.cc:493] T 0c6b2adda1464971a7ab3217ab759981 P 048475abbb544ca8b2373493c64f063b [term 0 FOLLOWER]: Starting pre-election (no leader contacted us within the election timeout)
I20260608 09:51:38.588373  9469 ts_tablet_manager.cc:1434] T 0d3a96647d6a47ffbcfeb99317d49870 P 048475abbb544ca8b2373493c64f063b: Time spent starting tablet: real 0.031s	user 0.009s	sys 0.000s
I20260608 09:51:38.582391  9238 leader_election.cc:304] T a6cc5c21329847bf81090bc6f50f0776 P 551f7aef1a0e4d899378fcc003de8f31 [CANDIDATE]: Term 1 pre-election: Election decided. Result: candidate won. Election summary: received 2 responses out of 3 voters: 2 yes votes; 0 no votes. yes voters: 551f7aef1a0e4d899378fcc003de8f31, a025862c256a45548492b1e88990c9a0; no voters: 
