I20260608 09:51:48.424717  5125 raft_consensus.cc:515] T 3369e16f39a54e91b5788c7251bc91a9 P 24f415433fd94eaa87fa3f2d7d3a83be [term 1 FOLLOWER]: Starting leader election with config: opid_index: -1 OBSOLETE_local: true peers { permanent_uuid: "24f415433fd94eaa87fa3f2d7d3a83be" member_type: VOTER last_known_addr { host: "127.3.115.130" port: 44487 } }
I20260608 09:51:48.425335  5125 leader_election.cc:304] T 3369e16f39a54e91b5788c7251bc91a9 P 24f415433fd94eaa87fa3f2d7d3a83be [CANDIDATE]: Term 1 election: Election decided. Result: candidate won. Election summary: received 1 responses out of 1 voters: 1 yes votes; 0 no votes. yes voters: 24f415433fd94eaa87fa3f2d7d3a83be; no voters: 
I20260608 09:51:48.425595  5127 raft_consensus.cc:359] T 05e7c5414cbb434ba28c053484f20b78 P 20377b1bed2947aa94153fb422655ff3 [term 0 FOLLOWER]: Replica starting. Triggering 0 pending ops. Active config: opid_index: -1 OBSOLETE_local: true peers { permanent_uuid: "20377b1bed2947aa94153fb422655ff3" member_type: VOTER last_known_addr { host: "127.3.115.129" port: 41039 } }
I20260608 09:51:48.426294  5127 raft_consensus.cc:385] T 05e7c5414cbb434ba28c053484f20b78 P 20377b1bed2947aa94153fb422655ff3 [term 0 FOLLOWER]: Consensus starting up: Expiring failure detector timer to make a prompt election more likely
I20260608 09:51:48.426627  5127 raft_consensus.cc:740] T 05e7c5414cbb434ba28c053484f20b78 P 20377b1bed2947aa94153fb422655ff3 [term 0 FOLLOWER]: Becoming Follower/Learner. State: Replica: 20377b1bed2947aa94153fb422655ff3, State: Initialized, Role: FOLLOWER
I20260608 09:51:48.427191  5125 leader_election.cc:290] T 3369e16f39a54e91b5788c7251bc91a9 P 24f415433fd94eaa87fa3f2d7d3a83be [CANDIDATE]: Term 1 election: Requested vote from peers 
I20260608 09:51:48.427747  5131 raft_consensus.cc:2804] T 3369e16f39a54e91b5788c7251bc91a9 P 24f415433fd94eaa87fa3f2d7d3a83be [term 1 FOLLOWER]: Leader election won for term 1
I20260608 09:51:48.427636  5127 consensus_queue.cc:260] T 05e7c5414cbb434ba28c053484f20b78 P 20377b1bed2947aa94153fb422655ff3 [NON_LEADER]: Queue going to NON_LEADER mode. State: All replicated index: 0, Majority replicated index: 0, Committed index: 0, Last appended: 0.0, Last appended by leader: 0, Current term: 0, Majority size: -1, State: 0, Mode: NON_LEADER, active raft config: opid_index: -1 OBSOLETE_local: true peers { permanent_uuid: "20377b1bed2947aa94153fb422655ff3" member_type: VOTER last_known_addr { host: "127.3.115.129" port: 41039 } }
I20260608 09:51:48.428570  5127 raft_consensus.cc:399] T 05e7c5414cbb434ba28c053484f20b78 P 20377b1bed2947aa94153fb422655ff3 [term 0 FOLLOWER]: Only one voter in the Raft config. Triggering election immediately
I20260608 09:51:48.429003  5127 raft_consensus.cc:493] T 05e7c5414cbb434ba28c053484f20b78 P 20377b1bed2947aa94153fb422655ff3 [term 0 FOLLOWER]: Starting leader election (initial election of a single-replica configuration)
I20260608 09:51:48.429128  5126 raft_consensus.cc:515] T 7f9be50f59574fc7b76667d5282ba249 P 8001853afcb9480a8b40d3bf610e55d3 [term 1 FOLLOWER]: Starting leader election with config: opid_index: -1 OBSOLETE_local: true peers { permanent_uuid: "8001853afcb9480a8b40d3bf610e55d3" member_type: VOTER last_known_addr { host: "127.3.115.131" port: 35877 } }
I20260608 09:51:48.429435  5127 raft_consensus.cc:3060] T 05e7c5414cbb434ba28c053484f20b78 P 20377b1bed2947aa94153fb422655ff3 [term 0 FOLLOWER]: Advancing to term 1
I20260608 09:51:48.429981  5126 leader_election.cc:304] T 7f9be50f59574fc7b76667d5282ba249 P 8001853afcb9480a8b40d3bf610e55d3 [CANDIDATE]: Term 1 election: Election decided. Result: candidate won. Election summary: received 1 responses out of 1 voters: 1 yes votes; 0 no votes. yes voters: 8001853afcb9480a8b40d3bf610e55d3; no voters: 
I20260608 09:51:48.432108  5131 raft_consensus.cc:697] T 3369e16f39a54e91b5788c7251bc91a9 P 24f415433fd94eaa87fa3f2d7d3a83be [term 1 LEADER]: Becoming Leader. State: Replica: 24f415433fd94eaa87fa3f2d7d3a83be, State: Running, Role: LEADER
I20260608 09:51:48.433238  5131 consensus_queue.cc:237] T 3369e16f39a54e91b5788c7251bc91a9 P 24f415433fd94eaa87fa3f2d7d3a83be [LEADER]: Queue going to LEADER mode. State: All replicated index: 0, Majority replicated index: 0, Committed index: 0, Last appended: 0.0, Last appended by leader: 0, Current term: 1, Majority size: 1, State: 0, Mode: LEADER, active raft config: opid_index: -1 OBSOLETE_local: true peers { permanent_uuid: "24f415433fd94eaa87fa3f2d7d3a83be" member_type: VOTER last_known_addr { host: "127.3.115.130" port: 44487 } }
I20260608 09:51:48.438141  5134 raft_consensus.cc:2804] T 7f9be50f59574fc7b76667d5282ba249 P 8001853afcb9480a8b40d3bf610e55d3 [term 1 FOLLOWER]: Leader election won for term 1
I20260608 09:51:48.438647  5126 leader_election.cc:290] T 7f9be50f59574fc7b76667d5282ba249 P 8001853afcb9480a8b40d3bf610e55d3 [CANDIDATE]: Term 1 election: Requested vote from peers 
I20260608 09:51:48.440753  5125 ts_tablet_manager.cc:1434] T 3369e16f39a54e91b5788c7251bc91a9 P 24f415433fd94eaa87fa3f2d7d3a83be: Time spent starting tablet: real 0.029s	user 0.014s	sys 0.013s
I20260608 09:51:48.442034  5127 raft_consensus.cc:515] T 05e7c5414cbb434ba28c053484f20b78 P 20377b1bed2947aa94153fb422655ff3 [term 1 FOLLOWER]: Starting leader election with config: opid_index: -1 OBSOLETE_local: true peers { permanent_uuid: "20377b1bed2947aa94153fb422655ff3" member_type: VOTER last_known_addr { host: "127.3.115.129" port: 41039 } }
I20260608 09:51:48.443121  5127 leader_election.cc:304] T 05e7c5414cbb434ba28c053484f20b78 P 20377b1bed2947aa94153fb422655ff3 [CANDIDATE]: Term 1 election: Election decided. Result: candidate won. Election summary: received 1 responses out of 1 voters: 1 yes votes; 0 no votes. yes voters: 20377b1bed2947aa94153fb422655ff3; no voters: 
I20260608 09:51:48.444864  5134 raft_consensus.cc:697] T 7f9be50f59574fc7b76667d5282ba249 P 8001853afcb9480a8b40d3bf610e55d3 [term 1 LEADER]: Becoming Leader. State: Replica: 8001853afcb9480a8b40d3bf610e55d3, State: Running, Role: LEADER
I20260608 09:51:48.451826  4639 catalog_manager.cc:5696] T 3369e16f39a54e91b5788c7251bc91a9 P 24f415433fd94eaa87fa3f2d7d3a83be reported cstate change: term changed from 0 to 1, leader changed from <none> to 24f415433fd94eaa87fa3f2d7d3a83be (127.3.115.130). New cstate: current_term: 1 leader_uuid: "24f415433fd94eaa87fa3f2d7d3a83be" committed_config { opid_index: -1 OBSOLETE_local: true peers { permanent_uuid: "24f415433fd94eaa87fa3f2d7d3a83be" member_type: VOTER last_known_addr { host: "127.3.115.130" port: 44487 } health_report { overall_health: HEALTHY } } }
I20260608 09:51:48.452934  5134 consensus_queue.cc:237] T 7f9be50f59574fc7b76667d5282ba249 P 8001853afcb9480a8b40d3bf610e55d3 [LEADER]: Queue going to LEADER mode. State: All replicated index: 0, Majority replicated index: 0, Committed index: 0, Last appended: 0.0, Last appended by leader: 0, Current term: 1, Majority size: 1, State: 0, Mode: LEADER, active raft config: opid_index: -1 OBSOLETE_local: true peers { permanent_uuid: "8001853afcb9480a8b40d3bf610e55d3" member_type: VOTER last_known_addr { host: "127.3.115.131" port: 35877 } }
I20260608 09:51:48.468725  5127 leader_election.cc:290] T 05e7c5414cbb434ba28c053484f20b78 P 20377b1bed2947aa94153fb422655ff3 [CANDIDATE]: Term 1 election: Requested vote from peers 
I20260608 09:51:48.471916  5127 ts_tablet_manager.cc:1434] T 05e7c5414cbb434ba28c053484f20b78 P 20377b1bed2947aa94153fb422655ff3: Time spent starting tablet: real 0.049s	user 0.024s	sys 0.007s
I20260608 09:51:48.500090  5138 raft_consensus.cc:2804] T 05e7c5414cbb434ba28c053484f20b78 P 20377b1bed2947aa94153fb422655ff3 [term 1 FOLLOWER]: Leader election won for term 1
I20260608 09:51:48.510906  5126 ts_tablet_manager.cc:1434] T 7f9be50f59574fc7b76667d5282ba249 P 8001853afcb9480a8b40d3bf610e55d3: Time spent starting tablet: real 0.095s	user 0.020s	sys 0.021s
I20260608 09:51:48.523025  4639 catalog_manager.cc:5696] T 7f9be50f59574fc7b76667d5282ba249 P 8001853afcb9480a8b40d3bf610e55d3 reported cstate change: term changed from 0 to 1, leader changed from <none> to 8001853afcb9480a8b40d3bf610e55d3 (127.3.115.131). New cstate: current_term: 1 leader_uuid: "8001853afcb9480a8b40d3bf610e55d3" committed_config { opid_index: -1 OBSOLETE_local: true peers { permanent_uuid: "8001853afcb9480a8b40d3bf610e55d3" member_type: VOTER last_known_addr { host: "127.3.115.131" port: 35877 } health_report { overall_health: HEALTHY } } }
I20260608 09:51:48.526829  5138 raft_consensus.cc:697] T 05e7c5414cbb434ba28c053484f20b78 P 20377b1bed2947aa94153fb422655ff3 [term 1 LEADER]: Becoming Leader. State: Replica: 20377b1bed2947aa94153fb422655ff3, State: Running, Role: LEADER
I20260608 09:51:48.528050  5138 consensus_queue.cc:237] T 05e7c5414cbb434ba28c053484f20b78 P 20377b1bed2947aa94153fb422655ff3 [LEADER]: Queue going to LEADER mode. State: All replicated index: 0, Majority replicated index: 0, Committed index: 0, Last appended: 0.0, Last appended by leader: 0, Current term: 1, Majority size: 1, State: 0, Mode: LEADER, active raft config: opid_index: -1 OBSOLETE_local: true peers { permanent_uuid: "20377b1bed2947aa94153fb422655ff3" member_type: VOTER last_known_addr { host: "127.3.115.129" port: 41039 } }
I20260608 09:51:48.543682  4638 catalog_manager.cc:5696] T 05e7c5414cbb434ba28c053484f20b78 P 20377b1bed2947aa94153fb422655ff3 reported cstate change: term changed from 0 to 1, leader changed from <none> to 20377b1bed2947aa94153fb422655ff3 (127.3.115.129). New cstate: current_term: 1 leader_uuid: "20377b1bed2947aa94153fb422655ff3" committed_config { opid_index: -1 OBSOLETE_local: true peers { permanent_uuid: "20377b1bed2947aa94153fb422655ff3" member_type: VOTER last_known_addr { host: "127.3.115.129" port: 41039 } health_report { overall_health: HEALTHY } } }
I20260608 09:51:48.612772  3534 master.cc:562] Master@127.3.115.190:44877 shutting down...
I20260608 09:51:48.627662  3534 raft_consensus.cc:2243] T 00000000000000000000000000000000 P aac6d85f340c45c19f042de972cfdb0b [term 1 LEADER]: Raft consensus shutting down.
I20260608 09:51:48.628549  3534 raft_consensus.cc:2272] T 00000000000000000000000000000000 P aac6d85f340c45c19f042de972cfdb0b [term 1 FOLLOWER]: Raft consensus is shut down!
I20260608 09:51:48.629025  3534 tablet_replica.cc:333] T 00000000000000000000000000000000 P aac6d85f340c45c19f042de972cfdb0b: stopping tablet replica
I20260608 09:51:48.651181  3534 master.cc:584] Master@127.3.115.190:44877 shutdown complete.
W20260608 09:51:49.524127  5012 heartbeater.cc:646] Failed to heartbeat to 127.3.115.190:44877 (0 consecutive failures): Network error: Failed to send heartbeat to master: Client connection negotiation failed: client connection to 127.3.115.190:44877: connect: Connection refused (error 111)
I20260608 09:51:50.083851  5149 raft_consensus.cc:493] T 00000000000000000000000000000000 P 30748e0e7a8043c28c148b47b82157f9 [term 1 FOLLOWER]: Starting pre-election (detected failure of leader aac6d85f340c45c19f042de972cfdb0b)
I20260608 09:51:50.084489  5149 raft_consensus.cc:515] T 00000000000000000000000000000000 P 30748e0e7a8043c28c148b47b82157f9 [term 1 FOLLOWER]: Starting pre-election with config: opid_index: -1 OBSOLETE_local: false peers { permanent_uuid: "aac6d85f340c45c19f042de972cfdb0b" member_type: VOTER last_known_addr { host: "127.3.115.190" port: 44877 } } peers { permanent_uuid: "30748e0e7a8043c28c148b47b82157f9" member_type: VOTER last_known_addr { host: "127.3.115.189" port: 39075 } } peers { permanent_uuid: "c78ead2415b049abb5d5b308b673573f" member_type: VOTER last_known_addr { host: "127.3.115.188" port: 37943 } }
I20260608 09:51:50.084640  5150 raft_consensus.cc:493] T 00000000000000000000000000000000 P c78ead2415b049abb5d5b308b673573f [term 1 FOLLOWER]: Starting pre-election (detected failure of leader aac6d85f340c45c19f042de972cfdb0b)
I20260608 09:51:50.085253  5150 raft_consensus.cc:515] T 00000000000000000000000000000000 P c78ead2415b049abb5d5b308b673573f [term 1 FOLLOWER]: Starting pre-election with config: opid_index: -1 OBSOLETE_local: false peers { permanent_uuid: "aac6d85f340c45c19f042de972cfdb0b" member_type: VOTER last_known_addr { host: "127.3.115.190" port: 44877 } } peers { permanent_uuid: "30748e0e7a8043c28c148b47b82157f9" member_type: VOTER last_known_addr { host: "127.3.115.189" port: 39075 } } peers { permanent_uuid: "c78ead2415b049abb5d5b308b673573f" member_type: VOTER last_known_addr { host: "127.3.115.188" port: 37943 } }
I20260608 09:51:50.086594  5149 leader_election.cc:290] T 00000000000000000000000000000000 P 30748e0e7a8043c28c148b47b82157f9 [CANDIDATE]: Term 2 pre-election: Requested pre-vote from peers aac6d85f340c45c19f042de972cfdb0b (127.3.115.190:44877), c78ead2415b049abb5d5b308b673573f (127.3.115.188:37943)
I20260608 09:51:50.088176  4780 tablet_service.cc:1917] Received RequestConsensusVote() RPC: tablet_id: "00000000000000000000000000000000" candidate_uuid: "30748e0e7a8043c28c148b47b82157f9" candidate_term: 2 candidate_status { last_received { term: 1 index: 11 } } ignore_live_leader: false dest_uuid: "c78ead2415b049abb5d5b308b673573f" is_pre_election: true
I20260608 09:51:50.089146  4780 raft_consensus.cc:2468] T 00000000000000000000000000000000 P c78ead2415b049abb5d5b308b673573f [term 1 FOLLOWER]: Leader pre-election vote request: Granting yes vote for candidate 30748e0e7a8043c28c148b47b82157f9 in term 1.
I20260608 09:51:50.089432  5150 leader_election.cc:290] T 00000000000000000000000000000000 P c78ead2415b049abb5d5b308b673573f [CANDIDATE]: Term 2 pre-election: Requested pre-vote from peers aac6d85f340c45c19f042de972cfdb0b (127.3.115.190:44877), 30748e0e7a8043c28c148b47b82157f9 (127.3.115.189:39075)
I20260608 09:51:50.089557  4714 tablet_service.cc:1917] Received RequestConsensusVote() RPC: tablet_id: "00000000000000000000000000000000" candidate_uuid: "c78ead2415b049abb5d5b308b673573f" candidate_term: 2 candidate_status { last_received { term: 1 index: 11 } } ignore_live_leader: false dest_uuid: "30748e0e7a8043c28c148b47b82157f9" is_pre_election: true
I20260608 09:51:50.090250  4714 raft_consensus.cc:2468] T 00000000000000000000000000000000 P 30748e0e7a8043c28c148b47b82157f9 [term 1 FOLLOWER]: Leader pre-election vote request: Granting yes vote for candidate c78ead2415b049abb5d5b308b673573f in term 1.
I20260608 09:51:50.091156  4688 leader_election.cc:304] T 00000000000000000000000000000000 P 30748e0e7a8043c28c148b47b82157f9 [CANDIDATE]: Term 2 pre-election: Election decided. Result: candidate won. Election summary: received 2 responses out of 3 voters: 2 yes votes; 0 no votes. yes voters: 30748e0e7a8043c28c148b47b82157f9, c78ead2415b049abb5d5b308b673573f; no voters: 
I20260608 09:51:50.092931  5149 raft_consensus.cc:2804] T 00000000000000000000000000000000 P 30748e0e7a8043c28c148b47b82157f9 [term 1 FOLLOWER]: Leader pre-election won for term 2
I20260608 09:51:50.093070  4753 leader_election.cc:304] T 00000000000000000000000000000000 P c78ead2415b049abb5d5b308b673573f [CANDIDATE]: Term 2 pre-election: Election decided. Result: candidate won. Election summary: received 2 responses out of 3 voters: 2 yes votes; 0 no votes. yes voters: 30748e0e7a8043c28c148b47b82157f9, c78ead2415b049abb5d5b308b673573f; no voters: 
I20260608 09:51:50.093431  5149 raft_consensus.cc:493] T 00000000000000000000000000000000 P 30748e0e7a8043c28c148b47b82157f9 [term 1 FOLLOWER]: Starting leader election (detected failure of leader aac6d85f340c45c19f042de972cfdb0b)
I20260608 09:51:50.093894  5149 raft_consensus.cc:3060] T 00000000000000000000000000000000 P 30748e0e7a8043c28c148b47b82157f9 [term 1 FOLLOWER]: Advancing to term 2
I20260608 09:51:50.094305  5150 raft_consensus.cc:2804] T 00000000000000000000000000000000 P c78ead2415b049abb5d5b308b673573f [term 1 FOLLOWER]: Leader pre-election won for term 2
I20260608 09:51:50.094796  5150 raft_consensus.cc:493] T 00000000000000000000000000000000 P c78ead2415b049abb5d5b308b673573f [term 1 FOLLOWER]: Starting leader election (detected failure of leader aac6d85f340c45c19f042de972cfdb0b)
I20260608 09:51:50.095295  5150 raft_consensus.cc:3060] T 00000000000000000000000000000000 P c78ead2415b049abb5d5b308b673573f [term 1 FOLLOWER]: Advancing to term 2
I20260608 09:51:50.102039  5149 raft_consensus.cc:515] T 00000000000000000000000000000000 P 30748e0e7a8043c28c148b47b82157f9 [term 2 FOLLOWER]: Starting leader election with config: opid_index: -1 OBSOLETE_local: false peers { permanent_uuid: "aac6d85f340c45c19f042de972cfdb0b" member_type: VOTER last_known_addr { host: "127.3.115.190" port: 44877 } } peers { permanent_uuid: "30748e0e7a8043c28c148b47b82157f9" member_type: VOTER last_known_addr { host: "127.3.115.189" port: 39075 } } peers { permanent_uuid: "c78ead2415b049abb5d5b308b673573f" member_type: VOTER last_known_addr { host: "127.3.115.188" port: 37943 } }
W20260608 09:51:50.103048  4755 leader_election.cc:336] T 00000000000000000000000000000000 P c78ead2415b049abb5d5b308b673573f [CANDIDATE]: Term 2 pre-election: RPC error from VoteRequest() call to peer aac6d85f340c45c19f042de972cfdb0b (127.3.115.190:44877): Network error: Client connection negotiation failed: client connection to 127.3.115.190:44877: connect: Connection refused (error 111)
I20260608 09:51:50.102941  5150 raft_consensus.cc:515] T 00000000000000000000000000000000 P c78ead2415b049abb5d5b308b673573f [term 2 FOLLOWER]: Starting leader election with config: opid_index: -1 OBSOLETE_local: false peers { permanent_uuid: "aac6d85f340c45c19f042de972cfdb0b" member_type: VOTER last_known_addr { host: "127.3.115.190" port: 44877 } } peers { permanent_uuid: "30748e0e7a8043c28c148b47b82157f9" member_type: VOTER last_known_addr { host: "127.3.115.189" port: 39075 } } peers { permanent_uuid: "c78ead2415b049abb5d5b308b673573f" member_type: VOTER last_known_addr { host: "127.3.115.188" port: 37943 } }
I20260608 09:51:50.105136  5149 leader_election.cc:290] T 00000000000000000000000000000000 P 30748e0e7a8043c28c148b47b82157f9 [CANDIDATE]: Term 2 election: Requested vote from peers aac6d85f340c45c19f042de972cfdb0b (127.3.115.190:44877), c78ead2415b049abb5d5b308b673573f (127.3.115.188:37943)
I20260608 09:51:50.106276  5150 leader_election.cc:290] T 00000000000000000000000000000000 P c78ead2415b049abb5d5b308b673573f [CANDIDATE]: Term 2 election: Requested vote from peers aac6d85f340c45c19f042de972cfdb0b (127.3.115.190:44877), 30748e0e7a8043c28c148b47b82157f9 (127.3.115.189:39075)
I20260608 09:51:50.106972  4780 tablet_service.cc:1917] Received RequestConsensusVote() RPC: tablet_id: "00000000000000000000000000000000" candidate_uuid: "30748e0e7a8043c28c148b47b82157f9" candidate_term: 2 candidate_status { last_received { term: 1 index: 11 } } ignore_live_leader: false dest_uuid: "c78ead2415b049abb5d5b308b673573f"
I20260608 09:51:50.107744  4780 raft_consensus.cc:2393] T 00000000000000000000000000000000 P c78ead2415b049abb5d5b308b673573f [term 2 FOLLOWER]: Leader election vote request: Denying vote to candidate 30748e0e7a8043c28c148b47b82157f9 in current term 2: Already voted for candidate c78ead2415b049abb5d5b308b673573f in this term.
I20260608 09:51:50.107702  4714 tablet_service.cc:1917] Received RequestConsensusVote() RPC: tablet_id: "00000000000000000000000000000000" candidate_uuid: "c78ead2415b049abb5d5b308b673573f" candidate_term: 2 candidate_status { last_received { term: 1 index: 11 } } ignore_live_leader: false dest_uuid: "30748e0e7a8043c28c148b47b82157f9"
W20260608 09:51:50.107915  4690 leader_election.cc:336] T 00000000000000000000000000000000 P 30748e0e7a8043c28c148b47b82157f9 [CANDIDATE]: Term 2 pre-election: RPC error from VoteRequest() call to peer aac6d85f340c45c19f042de972cfdb0b (127.3.115.190:44877): Network error: Client connection negotiation failed: client connection to 127.3.115.190:44877: connect: Connection refused (error 111)
I20260608 09:51:50.108593  4714 raft_consensus.cc:2393] T 00000000000000000000000000000000 P 30748e0e7a8043c28c148b47b82157f9 [term 2 FOLLOWER]: Leader election vote request: Denying vote to candidate c78ead2415b049abb5d5b308b673573f in current term 2: Already voted for candidate 30748e0e7a8043c28c148b47b82157f9 in this term.
W20260608 09:51:50.110476  4755 leader_election.cc:336] T 00000000000000000000000000000000 P c78ead2415b049abb5d5b308b673573f [CANDIDATE]: Term 2 election: RPC error from VoteRequest() call to peer aac6d85f340c45c19f042de972cfdb0b (127.3.115.190:44877): Network error: Client connection negotiation failed: client connection to 127.3.115.190:44877: connect: Connection refused (error 111)
I20260608 09:51:50.111078  4755 leader_election.cc:304] T 00000000000000000000000000000000 P c78ead2415b049abb5d5b308b673573f [CANDIDATE]: Term 2 election: Election decided. Result: candidate lost. Election summary: received 3 responses out of 3 voters: 1 yes votes; 2 no votes. yes voters: c78ead2415b049abb5d5b308b673573f; no voters: 30748e0e7a8043c28c148b47b82157f9, aac6d85f340c45c19f042de972cfdb0b
W20260608 09:51:50.111586  4690 leader_election.cc:336] T 00000000000000000000000000000000 P 30748e0e7a8043c28c148b47b82157f9 [CANDIDATE]: Term 2 election: RPC error from VoteRequest() call to peer aac6d85f340c45c19f042de972cfdb0b (127.3.115.190:44877): Network error: Client connection negotiation failed: client connection to 127.3.115.190:44877: connect: Connection refused (error 111)
I20260608 09:51:50.111918  5150 raft_consensus.cc:2749] T 00000000000000000000000000000000 P c78ead2415b049abb5d5b308b673573f [term 2 FOLLOWER]: Leader election lost for term 2. Reason: could not achieve majority
I20260608 09:51:50.112090  4690 leader_election.cc:304] T 00000000000000000000000000000000 P 30748e0e7a8043c28c148b47b82157f9 [CANDIDATE]: Term 2 election: Election decided. Result: candidate lost. Election summary: received 3 responses out of 3 voters: 1 yes votes; 2 no votes. yes voters: 30748e0e7a8043c28c148b47b82157f9; no voters: aac6d85f340c45c19f042de972cfdb0b, c78ead2415b049abb5d5b308b673573f
I20260608 09:51:50.112975  5149 raft_consensus.cc:2749] T 00000000000000000000000000000000 P 30748e0e7a8043c28c148b47b82157f9 [term 2 FOLLOWER]: Leader election lost for term 2. Reason: could not achieve majority
I20260608 09:51:51.718523  5162 raft_consensus.cc:493] T 00000000000000000000000000000000 P c78ead2415b049abb5d5b308b673573f [term 2 FOLLOWER]: Starting pre-election (no leader contacted us within the election timeout)
I20260608 09:51:51.719379  5162 raft_consensus.cc:515] T 00000000000000000000000000000000 P c78ead2415b049abb5d5b308b673573f [term 2 FOLLOWER]: Starting pre-election with config: opid_index: -1 OBSOLETE_local: false peers { permanent_uuid: "aac6d85f340c45c19f042de972cfdb0b" member_type: VOTER last_known_addr { host: "127.3.115.190" port: 44877 } } peers { permanent_uuid: "30748e0e7a8043c28c148b47b82157f9" member_type: VOTER last_known_addr { host: "127.3.115.189" port: 39075 } } peers { permanent_uuid: "c78ead2415b049abb5d5b308b673573f" member_type: VOTER last_known_addr { host: "127.3.115.188" port: 37943 } }
I20260608 09:51:51.721539  5162 leader_election.cc:290] T 00000000000000000000000000000000 P c78ead2415b049abb5d5b308b673573f [CANDIDATE]: Term 3 pre-election: Requested pre-vote from peers aac6d85f340c45c19f042de972cfdb0b (127.3.115.190:44877), 30748e0e7a8043c28c148b47b82157f9 (127.3.115.189:39075)
I20260608 09:51:51.724249  4714 tablet_service.cc:1917] Received RequestConsensusVote() RPC: tablet_id: "00000000000000000000000000000000" candidate_uuid: "c78ead2415b049abb5d5b308b673573f" candidate_term: 3 candidate_status { last_received { term: 1 index: 11 } } ignore_live_leader: false dest_uuid: "30748e0e7a8043c28c148b47b82157f9" is_pre_election: true
I20260608 09:51:51.725412  4714 raft_consensus.cc:2468] T 00000000000000000000000000000000 P 30748e0e7a8043c28c148b47b82157f9 [term 2 FOLLOWER]: Leader pre-election vote request: Granting yes vote for candidate c78ead2415b049abb5d5b308b673573f in term 2.
W20260608 09:51:51.725646  4755 proxy.cc:239] Call had error, refreshing address and retrying: Network error: Client connection negotiation failed: client connection to 127.3.115.190:44877: connect: Connection refused (error 111) [suppressed 13 similar messages]
I20260608 09:51:51.727124  4753 leader_election.cc:304] T 00000000000000000000000000000000 P c78ead2415b049abb5d5b308b673573f [CANDIDATE]: Term 3 pre-election: Election decided. Result: candidate won. Election summary: received 2 responses out of 3 voters: 2 yes votes; 0 no votes. yes voters: 30748e0e7a8043c28c148b47b82157f9, c78ead2415b049abb5d5b308b673573f; no voters: 
I20260608 09:51:51.728240  5162 raft_consensus.cc:2804] T 00000000000000000000000000000000 P c78ead2415b049abb5d5b308b673573f [term 2 FOLLOWER]: Leader pre-election won for term 3
I20260608 09:51:51.728595  5162 raft_consensus.cc:493] T 00000000000000000000000000000000 P c78ead2415b049abb5d5b308b673573f [term 2 FOLLOWER]: Starting leader election (no leader contacted us within the election timeout)
I20260608 09:51:51.728942  5162 raft_consensus.cc:3060] T 00000000000000000000000000000000 P c78ead2415b049abb5d5b308b673573f [term 2 FOLLOWER]: Advancing to term 3
W20260608 09:51:51.730443  4755 leader_election.cc:336] T 00000000000000000000000000000000 P c78ead2415b049abb5d5b308b673573f [CANDIDATE]: Term 3 pre-election: RPC error from VoteRequest() call to peer aac6d85f340c45c19f042de972cfdb0b (127.3.115.190:44877): Network error: Client connection negotiation failed: client connection to 127.3.115.190:44877: connect: Connection refused (error 111)
I20260608 09:51:51.735263  5162 raft_consensus.cc:515] T 00000000000000000000000000000000 P c78ead2415b049abb5d5b308b673573f [term 3 FOLLOWER]: Starting leader election with config: opid_index: -1 OBSOLETE_local: false peers { permanent_uuid: "aac6d85f340c45c19f042de972cfdb0b" member_type: VOTER last_known_addr { host: "127.3.115.190" port: 44877 } } peers { permanent_uuid: "30748e0e7a8043c28c148b47b82157f9" member_type: VOTER last_known_addr { host: "127.3.115.189" port: 39075 } } peers { permanent_uuid: "c78ead2415b049abb5d5b308b673573f" member_type: VOTER last_known_addr { host: "127.3.115.188" port: 37943 } }
I20260608 09:51:51.737412  5162 leader_election.cc:290] T 00000000000000000000000000000000 P c78ead2415b049abb5d5b308b673573f [CANDIDATE]: Term 3 election: Requested vote from peers aac6d85f340c45c19f042de972cfdb0b (127.3.115.190:44877), 30748e0e7a8043c28c148b47b82157f9 (127.3.115.189:39075)
I20260608 09:51:51.738442  4714 tablet_service.cc:1917] Received RequestConsensusVote() RPC: tablet_id: "00000000000000000000000000000000" candidate_uuid: "c78ead2415b049abb5d5b308b673573f" candidate_term: 3 candidate_status { last_received { term: 1 index: 11 } } ignore_live_leader: false dest_uuid: "30748e0e7a8043c28c148b47b82157f9"
I20260608 09:51:51.739058  4714 raft_consensus.cc:3060] T 00000000000000000000000000000000 P 30748e0e7a8043c28c148b47b82157f9 [term 2 FOLLOWER]: Advancing to term 3
W20260608 09:51:51.741184  4755 leader_election.cc:336] T 00000000000000000000000000000000 P c78ead2415b049abb5d5b308b673573f [CANDIDATE]: Term 3 election: RPC error from VoteRequest() call to peer aac6d85f340c45c19f042de972cfdb0b (127.3.115.190:44877): Network error: Client connection negotiation failed: client connection to 127.3.115.190:44877: connect: Connection refused (error 111)
I20260608 09:51:51.745428  4714 raft_consensus.cc:2468] T 00000000000000000000000000000000 P 30748e0e7a8043c28c148b47b82157f9 [term 3 FOLLOWER]: Leader election vote request: Granting yes vote for candidate c78ead2415b049abb5d5b308b673573f in term 3.
I20260608 09:51:51.746439  4753 leader_election.cc:304] T 00000000000000000000000000000000 P c78ead2415b049abb5d5b308b673573f [CANDIDATE]: Term 3 election: Election decided. Result: candidate won. Election summary: received 3 responses out of 3 voters: 2 yes votes; 1 no votes. yes voters: 30748e0e7a8043c28c148b47b82157f9, c78ead2415b049abb5d5b308b673573f; no voters: aac6d85f340c45c19f042de972cfdb0b
I20260608 09:51:51.747236  5162 raft_consensus.cc:2804] T 00000000000000000000000000000000 P c78ead2415b049abb5d5b308b673573f [term 3 FOLLOWER]: Leader election won for term 3
I20260608 09:51:51.748412  5162 raft_consensus.cc:697] T 00000000000000000000000000000000 P c78ead2415b049abb5d5b308b673573f [term 3 LEADER]: Becoming Leader. State: Replica: c78ead2415b049abb5d5b308b673573f, State: Running, Role: LEADER
I20260608 09:51:51.749445  5162 consensus_queue.cc:237] T 00000000000000000000000000000000 P c78ead2415b049abb5d5b308b673573f [LEADER]: Queue going to LEADER mode. State: All replicated index: 0, Majority replicated index: 11, Committed index: 11, Last appended: 1.11, Last appended by leader: 11, Current term: 3, Majority size: 2, State: 0, Mode: LEADER, active raft config: opid_index: -1 OBSOLETE_local: false peers { permanent_uuid: "aac6d85f340c45c19f042de972cfdb0b" member_type: VOTER last_known_addr { host: "127.3.115.190" port: 44877 } } peers { permanent_uuid: "30748e0e7a8043c28c148b47b82157f9" member_type: VOTER last_known_addr { host: "127.3.115.189" port: 39075 } } peers { permanent_uuid: "c78ead2415b049abb5d5b308b673573f" member_type: VOTER last_known_addr { host: "127.3.115.188" port: 37943 } }
I20260608 09:51:51.756107  5165 sys_catalog.cc:455] T 00000000000000000000000000000000 P c78ead2415b049abb5d5b308b673573f [sys.catalog]: SysCatalogTable state changed. Reason: New leader c78ead2415b049abb5d5b308b673573f. Latest consensus state: current_term: 3 leader_uuid: "c78ead2415b049abb5d5b308b673573f" committed_config { opid_index: -1 OBSOLETE_local: false peers { permanent_uuid: "aac6d85f340c45c19f042de972cfdb0b" member_type: VOTER last_known_addr { host: "127.3.115.190" port: 44877 } } peers { permanent_uuid: "30748e0e7a8043c28c148b47b82157f9" member_type: VOTER last_known_addr { host: "127.3.115.189" port: 39075 } } peers { permanent_uuid: "c78ead2415b049abb5d5b308b673573f" member_type: VOTER last_known_addr { host: "127.3.115.188" port: 37943 } } }
I20260608 09:51:51.756774  5165 sys_catalog.cc:458] T 00000000000000000000000000000000 P c78ead2415b049abb5d5b308b673573f [sys.catalog]: This master's current role is: LEADER
I20260608 09:51:51.758678  5167 catalog_manager.cc:1510] Loading table and tablet metadata into memory...
I20260608 09:51:51.765410  5167 catalog_manager.cc:679] Loaded metadata for table test-workload [id=9cf267424aa549a4bc07815d4acd7cf6]
I20260608 09:51:51.770948  5167 tablet_loader.cc:96] loaded metadata for tablet 05e7c5414cbb434ba28c053484f20b78 (table test-workload [id=9cf267424aa549a4bc07815d4acd7cf6])
I20260608 09:51:51.772605  5167 tablet_loader.cc:96] loaded metadata for tablet 3369e16f39a54e91b5788c7251bc91a9 (table test-workload [id=9cf267424aa549a4bc07815d4acd7cf6])
I20260608 09:51:51.773797  5167 tablet_loader.cc:96] loaded metadata for tablet 7f9be50f59574fc7b76667d5282ba249 (table test-workload [id=9cf267424aa549a4bc07815d4acd7cf6])
I20260608 09:51:51.775091  5167 catalog_manager.cc:1519] Initializing Kudu cluster ID...
I20260608 09:51:51.778710  5167 catalog_manager.cc:1294] Loaded cluster ID: 7446da759bc94f19978fa6ae3641b9e8
I20260608 09:51:51.779019  5167 catalog_manager.cc:1530] Initializing Kudu internal certificate authority...
I20260608 09:51:51.783162  5167 catalog_manager.cc:1539] Loading token signing keys...
I20260608 09:51:51.786659  5167 catalog_manager.cc:6080] T 00000000000000000000000000000000 P c78ead2415b049abb5d5b308b673573f: Loaded TSK: 0
I20260608 09:51:51.787739  5167 catalog_manager.cc:1549] Initializing in-progress tserver states...
I20260608 09:51:52.183382  4714 raft_consensus.cc:1275] T 00000000000000000000000000000000 P 30748e0e7a8043c28c148b47b82157f9 [term 3 FOLLOWER]: Refusing update from remote peer c78ead2415b049abb5d5b308b673573f: Log matching property violated. Preceding OpId in replica: term: 1 index: 11. Preceding OpId from leader: term: 3 index: 12. (index mismatch)
I20260608 09:51:52.184970  5165 consensus_queue.cc:1048] T 00000000000000000000000000000000 P c78ead2415b049abb5d5b308b673573f [LEADER]: Connected to new peer: Peer: permanent_uuid: "30748e0e7a8043c28c148b47b82157f9" member_type: VOTER last_known_addr { host: "127.3.115.189" port: 39075 }, Status: LMP_MISMATCH, Last received: 0.0, Next index: 12, Last known committed idx: 11, Time since last communication: 0.000s
I20260608 09:51:52.193681  5168 sys_catalog.cc:455] T 00000000000000000000000000000000 P 30748e0e7a8043c28c148b47b82157f9 [sys.catalog]: SysCatalogTable state changed. Reason: New leader c78ead2415b049abb5d5b308b673573f. Latest consensus state: current_term: 3 leader_uuid: "c78ead2415b049abb5d5b308b673573f" committed_config { opid_index: -1 OBSOLETE_local: false peers { permanent_uuid: "aac6d85f340c45c19f042de972cfdb0b" member_type: VOTER last_known_addr { host: "127.3.115.190" port: 44877 } } peers { permanent_uuid: "30748e0e7a8043c28c148b47b82157f9" member_type: VOTER last_known_addr { host: "127.3.115.189" port: 39075 } } peers { permanent_uuid: "c78ead2415b049abb5d5b308b673573f" member_type: VOTER last_known_addr { host: "127.3.115.188" port: 37943 } } }
I20260608 09:51:52.194643  5168 sys_catalog.cc:458] T 00000000000000000000000000000000 P 30748e0e7a8043c28c148b47b82157f9 [sys.catalog]: This master's current role is: FOLLOWER
I20260608 09:51:52.195364  5162 sys_catalog.cc:455] T 00000000000000000000000000000000 P c78ead2415b049abb5d5b308b673573f [sys.catalog]: SysCatalogTable state changed. Reason: Peer health change. Latest consensus state: current_term: 3 leader_uuid: "c78ead2415b049abb5d5b308b673573f" committed_config { opid_index: -1 OBSOLETE_local: false peers { permanent_uuid: "aac6d85f340c45c19f042de972cfdb0b" member_type: VOTER last_known_addr { host: "127.3.115.190" port: 44877 } } peers { permanent_uuid: "30748e0e7a8043c28c148b47b82157f9" member_type: VOTER last_known_addr { host: "127.3.115.189" port: 39075 } } peers { permanent_uuid: "c78ead2415b049abb5d5b308b673573f" member_type: VOTER last_known_addr { host: "127.3.115.188" port: 37943 } } }
I20260608 09:51:52.196283  5162 sys_catalog.cc:458] T 00000000000000000000000000000000 P c78ead2415b049abb5d5b308b673573f [sys.catalog]: This master's current role is: LEADER
I20260608 09:51:52.198216  5168 sys_catalog.cc:455] T 00000000000000000000000000000000 P 30748e0e7a8043c28c148b47b82157f9 [sys.catalog]: SysCatalogTable state changed. Reason: Replicated consensus-only round. Latest consensus state: current_term: 3 leader_uuid: "c78ead2415b049abb5d5b308b673573f" committed_config { opid_index: -1 OBSOLETE_local: false peers { permanent_uuid: "aac6d85f340c45c19f042de972cfdb0b" member_type: VOTER last_known_addr { host: "127.3.115.190" port: 44877 } } peers { permanent_uuid: "30748e0e7a8043c28c148b47b82157f9" member_type: VOTER last_known_addr { host: "127.3.115.189" port: 39075 } } peers { permanent_uuid: "c78ead2415b049abb5d5b308b673573f" member_type: VOTER last_known_addr { host: "127.3.115.188" port: 37943 } } }
I20260608 09:51:52.199029  5168 sys_catalog.cc:458] T 00000000000000000000000000000000 P 30748e0e7a8043c28c148b47b82157f9 [sys.catalog]: This master's current role is: FOLLOWER
W20260608 09:51:52.200568  4755 consensus_peers.cc:597] T 00000000000000000000000000000000 P c78ead2415b049abb5d5b308b673573f -> Peer aac6d85f340c45c19f042de972cfdb0b (127.3.115.190:44877): Couldn't send request to peer aac6d85f340c45c19f042de972cfdb0b. Status: Network error: Client connection negotiation failed: client connection to 127.3.115.190:44877: connect: Connection refused (error 111). This is attempt 1: this message will repeat every 5th retry.
I20260608 09:51:52.234745  4847 auto_leader_rebalancer.cc:140] leader rebalance for table test-workload
I20260608 09:51:52.235121  4847 auto_leader_rebalancer.cc:451] All tables' leader rebalancing finished this round
I20260608 09:51:52.360842  3534 tablet_server.cc:179] TabletServer@127.3.115.129:0 shutting down...
I20260608 09:51:52.389384  3534 ts_tablet_manager.cc:1507] Shutting down tablet manager...
I20260608 09:51:52.390142  3534 tablet_replica.cc:333] T 05e7c5414cbb434ba28c053484f20b78 P 20377b1bed2947aa94153fb422655ff3: stopping tablet replica
I20260608 09:51:52.390879  3534 raft_consensus.cc:2243] T 05e7c5414cbb434ba28c053484f20b78 P 20377b1bed2947aa94153fb422655ff3 [term 1 LEADER]: Raft consensus shutting down.
I20260608 09:51:52.391448  3534 raft_consensus.cc:2272] T 05e7c5414cbb434ba28c053484f20b78 P 20377b1bed2947aa94153fb422655ff3 [term 1 FOLLOWER]: Raft consensus is shut down!
I20260608 09:51:52.411394  3534 tablet_server.cc:196] TabletServer@127.3.115.129:0 shutdown complete.
I20260608 09:51:52.424113  3534 tablet_server.cc:179] TabletServer@127.3.115.130:0 shutting down...
I20260608 09:51:52.451541  3534 ts_tablet_manager.cc:1507] Shutting down tablet manager...
I20260608 09:51:52.452226  3534 tablet_replica.cc:333] T 3369e16f39a54e91b5788c7251bc91a9 P 24f415433fd94eaa87fa3f2d7d3a83be: stopping tablet replica
I20260608 09:51:52.452701  3534 raft_consensus.cc:2243] T 3369e16f39a54e91b5788c7251bc91a9 P 24f415433fd94eaa87fa3f2d7d3a83be [term 1 LEADER]: Raft consensus shutting down.
I20260608 09:51:52.453222  3534 raft_consensus.cc:2272] T 3369e16f39a54e91b5788c7251bc91a9 P 24f415433fd94eaa87fa3f2d7d3a83be [term 1 FOLLOWER]: Raft consensus is shut down!
I20260608 09:51:52.472718  3534 tablet_server.cc:196] TabletServer@127.3.115.130:0 shutdown complete.
I20260608 09:51:52.482928  3534 tablet_server.cc:179] TabletServer@127.3.115.131:0 shutting down...
I20260608 09:51:52.505061  3534 ts_tablet_manager.cc:1507] Shutting down tablet manager...
I20260608 09:51:52.505882  3534 tablet_replica.cc:333] T 7f9be50f59574fc7b76667d5282ba249 P 8001853afcb9480a8b40d3bf610e55d3: stopping tablet replica
I20260608 09:51:52.506486  3534 raft_consensus.cc:2243] T 7f9be50f59574fc7b76667d5282ba249 P 8001853afcb9480a8b40d3bf610e55d3 [term 1 LEADER]: Raft consensus shutting down.
I20260608 09:51:52.507205  3534 raft_consensus.cc:2272] T 7f9be50f59574fc7b76667d5282ba249 P 8001853afcb9480a8b40d3bf610e55d3 [term 1 FOLLOWER]: Raft consensus is shut down!
I20260608 09:51:52.526441  3534 tablet_server.cc:196] TabletServer@127.3.115.131:0 shutdown complete.
I20260608 09:51:52.537597  3534 master.cc:562] Master@127.3.115.189:39075 shutting down...
I20260608 09:51:52.559540  3534 raft_consensus.cc:2243] T 00000000000000000000000000000000 P 30748e0e7a8043c28c148b47b82157f9 [term 3 FOLLOWER]: Raft consensus shutting down.
I20260608 09:51:52.560138  3534 raft_consensus.cc:2272] T 00000000000000000000000000000000 P 30748e0e7a8043c28c148b47b82157f9 [term 3 FOLLOWER]: Raft consensus is shut down!
I20260608 09:51:52.560489  3534 tablet_replica.cc:333] T 00000000000000000000000000000000 P 30748e0e7a8043c28c148b47b82157f9: stopping tablet replica
I20260608 09:51:52.580687  3534 master.cc:584] Master@127.3.115.189:39075 shutdown complete.
I20260608 09:51:52.594842  3534 master.cc:562] Master@127.3.115.188:37943 shutting down...
I20260608 09:51:52.612689  3534 raft_consensus.cc:2243] T 00000000000000000000000000000000 P c78ead2415b049abb5d5b308b673573f [term 3 LEADER]: Raft consensus shutting down.
I20260608 09:51:52.613904  3534 raft_consensus.cc:2272] T 00000000000000000000000000000000 P c78ead2415b049abb5d5b308b673573f [term 3 FOLLOWER]: Raft consensus is shut down!
I20260608 09:51:52.614912  3534 tablet_replica.cc:333] T 00000000000000000000000000000000 P c78ead2415b049abb5d5b308b673573f: stopping tablet replica
I20260608 09:51:52.626055  3534 master.cc:584] Master@127.3.115.188:37943 shutdown complete.
[       OK ] AutoRebalancerTest.NextLeaderResumesAutoRebalancing (6827 ms)
[ RUN      ] AutoRebalancerTest.MovesScheduledIfAddTserver
I20260608 09:51:52.658527  3534 internal_mini_cluster.cc:156] Creating distributed mini masters. Addrs: 127.3.115.190:36095
I20260608 09:51:52.659798  3534 file_cache.cc:492] Constructed file cache file cache with capacity 419430
W20260608 09:51:52.665673  5173 instance_detector.cc:116] could not retrieve AWS instance metadata: Network error: curl error: HTTP response code said error: The requested URL returned error: 404
W20260608 09:51:52.666100  5174 instance_detector.cc:116] could not retrieve Azure instance metadata: Network error: curl error: HTTP response code said error: The requested URL returned error: 404
W20260608 09:51:52.667096  5176 instance_detector.cc:116] could not retrieve OpenStack instance metadata: Network error: curl error: HTTP response code said error: The requested URL returned error: 404
I20260608 09:51:52.667539  3534 server_base.cc:1061] running on GCE node
I20260608 09:51:52.668349  3534 hybrid_clock.cc:584] initializing the hybrid clock with 'system_unsync' time source
W20260608 09:51:52.668548  3534 system_unsync_time.cc:38] NTP support is disabled. Clock error bounds will not be accurate. This configuration is not suitable for distributed clusters.
I20260608 09:51:52.668735  3534 hybrid_clock.cc:648] HybridClock initialized: now 1780912312668701 us; error 0 us; skew 500 ppm
I20260608 09:51:52.669425  3534 server_base.cc:861] Flag tcmalloc_max_total_thread_cache_bytes is not working since tcmalloc is not enabled.
I20260608 09:51:52.679364  3534 webserver.cc:533] Webserver started at http://127.3.115.190:42131/ using document root <none> and password file <none>
I20260608 09:51:52.679956  3534 fs_manager.cc:362] Metadata directory not provided
I20260608 09:51:52.680137  3534 fs_manager.cc:368] Using write-ahead log directory (fs_wal_dir) as metadata directory
I20260608 09:51:52.680487  3534 server_base.cc:909] This appears to be a new deployment of Kudu; creating new FS layout
I20260608 09:51:52.681756  3534 fs_manager.cc:1068] Generated new instance metadata in path /tmp/dist-test-taskR5vZgz/test-tmp/auto_rebalancer-test.0.AutoRebalancerTest.MovesScheduledIfAddTserver.1780912291254156-3534-0/minicluster-data/master-0-root/instance:
uuid: "401b2744dfda48ce83de720220c3f5e4"
format_stamp: "Formatted at 2026-06-08 09:51:52 on dist-test-slave-j7tv"
I20260608 09:51:52.686408  3534 fs_manager.cc:696] Time spent creating directory manager: real 0.004s	user 0.007s	sys 0.000s
I20260608 09:51:52.689940  5181 log_block_manager.cc:4031] Time spent loading block containers with low live blocks: real 0.000s	user 0.000s	sys 0.000s
I20260608 09:51:52.690743  3534 fs_manager.cc:730] Time spent opening block manager: real 0.002s	user 0.000s	sys 0.003s
I20260608 09:51:52.691032  3534 fs_manager.cc:647] Opened local filesystem: /tmp/dist-test-taskR5vZgz/test-tmp/auto_rebalancer-test.0.AutoRebalancerTest.MovesScheduledIfAddTserver.1780912291254156-3534-0/minicluster-data/master-0-root
uuid: "401b2744dfda48ce83de720220c3f5e4"
format_stamp: "Formatted at 2026-06-08 09:51:52 on dist-test-slave-j7tv"
I20260608 09:51:52.691305  3534 fs_report.cc:389] FS layout report
--------------------
wal directory: /tmp/dist-test-taskR5vZgz/test-tmp/auto_rebalancer-test.0.AutoRebalancerTest.MovesScheduledIfAddTserver.1780912291254156-3534-0/minicluster-data/master-0-root
metadata directory: /tmp/dist-test-taskR5vZgz/test-tmp/auto_rebalancer-test.0.AutoRebalancerTest.MovesScheduledIfAddTserver.1780912291254156-3534-0/minicluster-data/master-0-root
1 data directories: /tmp/dist-test-taskR5vZgz/test-tmp/auto_rebalancer-test.0.AutoRebalancerTest.MovesScheduledIfAddTserver.1780912291254156-3534-0/minicluster-data/master-0-root/data
Total live blocks: 0
Total live bytes: 0
Total live bytes (after alignment): 0
Total number of LBM containers: 0 (0 full)
Did not check for missing blocks
Did not check for orphaned blocks
Total full LBM containers with extra space: 0 (0 repaired)
Total full LBM container extra space in bytes: 0 (0 repaired)
Total incomplete LBM containers: 0 (0 repaired)
Total LBM partial records: 0 (0 repaired)
Total corrupted LBM metadata records in RocksDB: 0 (0 repaired)
I20260608 09:51:52.709334  3534 rpc_server.cc:225] running with OpenSSL 1.1.1  11 Sep 2018
I20260608 09:51:52.710639  3534 kserver.cc:163] Server-wide thread pool size limit: 3276
I20260608 09:51:52.750030  3534 rpc_server.cc:307] RPC server started. Bound to: 127.3.115.190:36095
I20260608 09:51:52.750180  5232 acceptor_pool.cc:272] collecting diagnostics on the listening RPC socket 127.3.115.190:36095 every 8 connection(s)
I20260608 09:51:52.754369  5233 data_dirs.cc:400] Could only allocate 1 dirs of requested 3 for tablet 00000000000000000000000000000000. 1 dirs total, 0 dirs full, 0 dirs failed
I20260608 09:51:52.764807  5233 tablet_bootstrap.cc:492] T 00000000000000000000000000000000 P 401b2744dfda48ce83de720220c3f5e4: Bootstrap starting.
I20260608 09:51:52.769855  5233 tablet_bootstrap.cc:654] T 00000000000000000000000000000000 P 401b2744dfda48ce83de720220c3f5e4: Neither blocks nor log segments found. Creating new log.
I20260608 09:51:52.774132  5233 tablet_bootstrap.cc:492] T 00000000000000000000000000000000 P 401b2744dfda48ce83de720220c3f5e4: No bootstrap required, opened a new log
I20260608 09:51:52.776432  5233 raft_consensus.cc:359] T 00000000000000000000000000000000 P 401b2744dfda48ce83de720220c3f5e4 [term 0 FOLLOWER]: Replica starting. Triggering 0 pending ops. Active config: opid_index: -1 OBSOLETE_local: true peers { permanent_uuid: "401b2744dfda48ce83de720220c3f5e4" member_type: VOTER }
I20260608 09:51:52.776912  5233 raft_consensus.cc:385] T 00000000000000000000000000000000 P 401b2744dfda48ce83de720220c3f5e4 [term 0 FOLLOWER]: Consensus starting up: Expiring failure detector timer to make a prompt election more likely
I20260608 09:51:52.777105  5233 raft_consensus.cc:740] T 00000000000000000000000000000000 P 401b2744dfda48ce83de720220c3f5e4 [term 0 FOLLOWER]: Becoming Follower/Learner. State: Replica: 401b2744dfda48ce83de720220c3f5e4, State: Initialized, Role: FOLLOWER
I20260608 09:51:52.777642  5233 consensus_queue.cc:260] T 00000000000000000000000000000000 P 401b2744dfda48ce83de720220c3f5e4 [NON_LEADER]: Queue going to NON_LEADER mode. State: All replicated index: 0, Majority replicated index: 0, Committed index: 0, Last appended: 0.0, Last appended by leader: 0, Current term: 0, Majority size: -1, State: 0, Mode: NON_LEADER, active raft config: opid_index: -1 OBSOLETE_local: true peers { permanent_uuid: "401b2744dfda48ce83de720220c3f5e4" member_type: VOTER }
I20260608 09:51:52.778061  5233 raft_consensus.cc:399] T 00000000000000000000000000000000 P 401b2744dfda48ce83de720220c3f5e4 [term 0 FOLLOWER]: Only one voter in the Raft config. Triggering election immediately
I20260608 09:51:52.778251  5233 raft_consensus.cc:493] T 00000000000000000000000000000000 P 401b2744dfda48ce83de720220c3f5e4 [term 0 FOLLOWER]: Starting leader election (initial election of a single-replica configuration)
I20260608 09:51:52.778465  5233 raft_consensus.cc:3060] T 00000000000000000000000000000000 P 401b2744dfda48ce83de720220c3f5e4 [term 0 FOLLOWER]: Advancing to term 1
I20260608 09:51:52.782869  5233 raft_consensus.cc:515] T 00000000000000000000000000000000 P 401b2744dfda48ce83de720220c3f5e4 [term 1 FOLLOWER]: Starting leader election with config: opid_index: -1 OBSOLETE_local: true peers { permanent_uuid: "401b2744dfda48ce83de720220c3f5e4" member_type: VOTER }
I20260608 09:51:52.783360  5233 leader_election.cc:304] T 00000000000000000000000000000000 P 401b2744dfda48ce83de720220c3f5e4 [CANDIDATE]: Term 1 election: Election decided. Result: candidate won. Election summary: received 1 responses out of 1 voters: 1 yes votes; 0 no votes. yes voters: 401b2744dfda48ce83de720220c3f5e4; no voters: 
I20260608 09:51:52.784420  5233 leader_election.cc:290] T 00000000000000000000000000000000 P 401b2744dfda48ce83de720220c3f5e4 [CANDIDATE]: Term 1 election: Requested vote from peers 
I20260608 09:51:52.784824  5236 raft_consensus.cc:2804] T 00000000000000000000000000000000 P 401b2744dfda48ce83de720220c3f5e4 [term 1 FOLLOWER]: Leader election won for term 1
I20260608 09:51:52.786273  5236 raft_consensus.cc:697] T 00000000000000000000000000000000 P 401b2744dfda48ce83de720220c3f5e4 [term 1 LEADER]: Becoming Leader. State: Replica: 401b2744dfda48ce83de720220c3f5e4, State: Running, Role: LEADER
I20260608 09:51:52.786916  5236 consensus_queue.cc:237] T 00000000000000000000000000000000 P 401b2744dfda48ce83de720220c3f5e4 [LEADER]: Queue going to LEADER mode. State: All replicated index: 0, Majority replicated index: 0, Committed index: 0, Last appended: 0.0, Last appended by leader: 0, Current term: 1, Majority size: 1, State: 0, Mode: LEADER, active raft config: opid_index: -1 OBSOLETE_local: true peers { permanent_uuid: "401b2744dfda48ce83de720220c3f5e4" member_type: VOTER }
I20260608 09:51:52.787690  5233 sys_catalog.cc:565] T 00000000000000000000000000000000 P 401b2744dfda48ce83de720220c3f5e4 [sys.catalog]: configured and running, proceeding with master startup.
I20260608 09:51:52.789944  5237 sys_catalog.cc:455] T 00000000000000000000000000000000 P 401b2744dfda48ce83de720220c3f5e4 [sys.catalog]: SysCatalogTable state changed. Reason: RaftConsensus started. Latest consensus state: current_term: 1 leader_uuid: "401b2744dfda48ce83de720220c3f5e4" committed_config { opid_index: -1 OBSOLETE_local: true peers { permanent_uuid: "401b2744dfda48ce83de720220c3f5e4" member_type: VOTER } }
I20260608 09:51:52.790158  5238 sys_catalog.cc:455] T 00000000000000000000000000000000 P 401b2744dfda48ce83de720220c3f5e4 [sys.catalog]: SysCatalogTable state changed. Reason: New leader 401b2744dfda48ce83de720220c3f5e4. Latest consensus state: current_term: 1 leader_uuid: "401b2744dfda48ce83de720220c3f5e4" committed_config { opid_index: -1 OBSOLETE_local: true peers { permanent_uuid: "401b2744dfda48ce83de720220c3f5e4" member_type: VOTER } }
I20260608 09:51:52.790634  5237 sys_catalog.cc:458] T 00000000000000000000000000000000 P 401b2744dfda48ce83de720220c3f5e4 [sys.catalog]: This master's current role is: LEADER
I20260608 09:51:52.790786  5238 sys_catalog.cc:458] T 00000000000000000000000000000000 P 401b2744dfda48ce83de720220c3f5e4 [sys.catalog]: This master's current role is: LEADER
