I20260608 09:52:53.401029  6666 raft_consensus.cc:2955] T 2fb377ffbb984f50aac891b840ac96a7 P 3b1775a9b3944ce2bd7f0672498a8446 [term 1 FOLLOWER]: Committing config change with OpId 1.2: config changed from index -1 to 2, NON_VOTER 2404c9034a9b4ecf84c5cc90906202ed (127.3.115.132) added. New config: { opid_index: 2 OBSOLETE_local: false peers { permanent_uuid: "eb85dd0472ca48d8a790373c62946d05" member_type: VOTER last_known_addr { host: "127.3.115.130" port: 37495 } } peers { permanent_uuid: "f868b081ae2e4cdd89c4b76b0240e6ba" member_type: VOTER last_known_addr { host: "127.3.115.129" port: 38109 } } peers { permanent_uuid: "3b1775a9b3944ce2bd7f0672498a8446" member_type: VOTER last_known_addr { host: "127.3.115.131" port: 35503 } attrs { replace: true } } peers { permanent_uuid: "2404c9034a9b4ecf84c5cc90906202ed" member_type: NON_VOTER last_known_addr { host: "127.3.115.132" port: 43741 } attrs { promote: true } } }
I20260608 09:52:53.411309  6667 consensus_queue.cc:237] T b901934d59bc454daf30181cd3039e51 P 3b1775a9b3944ce2bd7f0672498a8446 [LEADER]: Queue going to LEADER mode. State: All replicated index: 0, Majority replicated index: 1, Committed index: 1, Last appended: 1.1, Last appended by leader: 0, Current term: 1, Majority size: 2, State: 0, Mode: LEADER, active raft config: opid_index: 2 OBSOLETE_local: false peers { permanent_uuid: "f868b081ae2e4cdd89c4b76b0240e6ba" member_type: VOTER last_known_addr { host: "127.3.115.129" port: 38109 } } peers { permanent_uuid: "eb85dd0472ca48d8a790373c62946d05" member_type: VOTER last_known_addr { host: "127.3.115.130" port: 37495 } attrs { replace: true } } peers { permanent_uuid: "3b1775a9b3944ce2bd7f0672498a8446" member_type: VOTER last_known_addr { host: "127.3.115.131" port: 35503 } } peers { permanent_uuid: "2404c9034a9b4ecf84c5cc90906202ed" member_type: NON_VOTER last_known_addr { host: "127.3.115.132" port: 43741 } attrs { promote: true } }
I20260608 09:52:53.415858  6414 catalog_manager.cc:5696] T 2fb377ffbb984f50aac891b840ac96a7 P 3b1775a9b3944ce2bd7f0672498a8446 reported cstate change: config changed from index -1 to 2, NON_VOTER 2404c9034a9b4ecf84c5cc90906202ed (127.3.115.132) added. New cstate: current_term: 1 leader_uuid: "eb85dd0472ca48d8a790373c62946d05" committed_config { opid_index: 2 OBSOLETE_local: false peers { permanent_uuid: "eb85dd0472ca48d8a790373c62946d05" member_type: VOTER last_known_addr { host: "127.3.115.130" port: 37495 } } peers { permanent_uuid: "f868b081ae2e4cdd89c4b76b0240e6ba" member_type: VOTER last_known_addr { host: "127.3.115.129" port: 38109 } } peers { permanent_uuid: "3b1775a9b3944ce2bd7f0672498a8446" member_type: VOTER last_known_addr { host: "127.3.115.131" port: 35503 } attrs { replace: true } } peers { permanent_uuid: "2404c9034a9b4ecf84c5cc90906202ed" member_type: NON_VOTER last_known_addr { host: "127.3.115.132" port: 43741 } attrs { promote: true } } }
W20260608 09:52:53.420316  6631 consensus_peers.cc:597] T b901934d59bc454daf30181cd3039e51 P 3b1775a9b3944ce2bd7f0672498a8446 -> Peer 2404c9034a9b4ecf84c5cc90906202ed (127.3.115.132:43741): Couldn't send request to peer 2404c9034a9b4ecf84c5cc90906202ed. Error code: TABLET_NOT_FOUND (6). Status: Not found: Tablet not found: b901934d59bc454daf30181cd3039e51. This is attempt 1: this message will repeat every 5th retry.
I20260608 09:52:53.421500  6591 raft_consensus.cc:1275] T b901934d59bc454daf30181cd3039e51 P eb85dd0472ca48d8a790373c62946d05 [term 1 FOLLOWER]: Refusing update from remote peer 3b1775a9b3944ce2bd7f0672498a8446: Log matching property violated. Preceding OpId in replica: term: 1 index: 1. Preceding OpId from leader: term: 1 index: 2. (index mismatch)
I20260608 09:52:53.421998  6517 raft_consensus.cc:1275] T b901934d59bc454daf30181cd3039e51 P f868b081ae2e4cdd89c4b76b0240e6ba [term 1 FOLLOWER]: Refusing update from remote peer 3b1775a9b3944ce2bd7f0672498a8446: Log matching property violated. Preceding OpId in replica: term: 1 index: 1. Preceding OpId from leader: term: 1 index: 2. (index mismatch)
I20260608 09:52:53.423332  6730 consensus_queue.cc:1048] T b901934d59bc454daf30181cd3039e51 P 3b1775a9b3944ce2bd7f0672498a8446 [LEADER]: Connected to new peer: Peer: permanent_uuid: "eb85dd0472ca48d8a790373c62946d05" member_type: VOTER last_known_addr { host: "127.3.115.130" port: 37495 } attrs { replace: true }, Status: LMP_MISMATCH, Last received: 0.0, Next index: 2, Last known committed idx: 1, Time since last communication: 0.001s
I20260608 09:52:53.424220  6796 consensus_queue.cc:1048] T b901934d59bc454daf30181cd3039e51 P 3b1775a9b3944ce2bd7f0672498a8446 [LEADER]: Connected to new peer: Peer: permanent_uuid: "f868b081ae2e4cdd89c4b76b0240e6ba" member_type: VOTER last_known_addr { host: "127.3.115.129" port: 38109 }, Status: LMP_MISMATCH, Last received: 0.0, Next index: 2, Last known committed idx: 1, Time since last communication: 0.000s
I20260608 09:52:53.435482  6718 raft_consensus.cc:2955] T b901934d59bc454daf30181cd3039e51 P 3b1775a9b3944ce2bd7f0672498a8446 [term 1 LEADER]: Committing config change with OpId 1.2: config changed from index -1 to 2, NON_VOTER 2404c9034a9b4ecf84c5cc90906202ed (127.3.115.132) added. New config: { opid_index: 2 OBSOLETE_local: false peers { permanent_uuid: "f868b081ae2e4cdd89c4b76b0240e6ba" member_type: VOTER last_known_addr { host: "127.3.115.129" port: 38109 } } peers { permanent_uuid: "eb85dd0472ca48d8a790373c62946d05" member_type: VOTER last_known_addr { host: "127.3.115.130" port: 37495 } attrs { replace: true } } peers { permanent_uuid: "3b1775a9b3944ce2bd7f0672498a8446" member_type: VOTER last_known_addr { host: "127.3.115.131" port: 35503 } } peers { permanent_uuid: "2404c9034a9b4ecf84c5cc90906202ed" member_type: NON_VOTER last_known_addr { host: "127.3.115.132" port: 43741 } attrs { promote: true } } }
I20260608 09:52:53.442029  6517 raft_consensus.cc:2955] T b901934d59bc454daf30181cd3039e51 P f868b081ae2e4cdd89c4b76b0240e6ba [term 1 FOLLOWER]: Committing config change with OpId 1.2: config changed from index -1 to 2, NON_VOTER 2404c9034a9b4ecf84c5cc90906202ed (127.3.115.132) added. New config: { opid_index: 2 OBSOLETE_local: false peers { permanent_uuid: "f868b081ae2e4cdd89c4b76b0240e6ba" member_type: VOTER last_known_addr { host: "127.3.115.129" port: 38109 } } peers { permanent_uuid: "eb85dd0472ca48d8a790373c62946d05" member_type: VOTER last_known_addr { host: "127.3.115.130" port: 37495 } attrs { replace: true } } peers { permanent_uuid: "3b1775a9b3944ce2bd7f0672498a8446" member_type: VOTER last_known_addr { host: "127.3.115.131" port: 35503 } } peers { permanent_uuid: "2404c9034a9b4ecf84c5cc90906202ed" member_type: NON_VOTER last_known_addr { host: "127.3.115.132" port: 43741 } attrs { promote: true } } }
I20260608 09:52:53.443360  6591 raft_consensus.cc:2955] T b901934d59bc454daf30181cd3039e51 P eb85dd0472ca48d8a790373c62946d05 [term 1 FOLLOWER]: Committing config change with OpId 1.2: config changed from index -1 to 2, NON_VOTER 2404c9034a9b4ecf84c5cc90906202ed (127.3.115.132) added. New config: { opid_index: 2 OBSOLETE_local: false peers { permanent_uuid: "f868b081ae2e4cdd89c4b76b0240e6ba" member_type: VOTER last_known_addr { host: "127.3.115.129" port: 38109 } } peers { permanent_uuid: "eb85dd0472ca48d8a790373c62946d05" member_type: VOTER last_known_addr { host: "127.3.115.130" port: 37495 } attrs { replace: true } } peers { permanent_uuid: "3b1775a9b3944ce2bd7f0672498a8446" member_type: VOTER last_known_addr { host: "127.3.115.131" port: 35503 } } peers { permanent_uuid: "2404c9034a9b4ecf84c5cc90906202ed" member_type: NON_VOTER last_known_addr { host: "127.3.115.132" port: 43741 } attrs { promote: true } } }
I20260608 09:52:53.453976  6667 consensus_queue.cc:237] T a5199ef6c72d4e79bc6d21f9e26b7568 P 3b1775a9b3944ce2bd7f0672498a8446 [LEADER]: Queue going to LEADER mode. State: All replicated index: 0, Majority replicated index: 1, Committed index: 1, Last appended: 1.1, Last appended by leader: 0, Current term: 1, Majority size: 2, State: 0, Mode: LEADER, active raft config: opid_index: 2 OBSOLETE_local: false peers { permanent_uuid: "f868b081ae2e4cdd89c4b76b0240e6ba" member_type: VOTER last_known_addr { host: "127.3.115.129" port: 38109 } attrs { replace: true } } peers { permanent_uuid: "eb85dd0472ca48d8a790373c62946d05" member_type: VOTER last_known_addr { host: "127.3.115.130" port: 37495 } } peers { permanent_uuid: "3b1775a9b3944ce2bd7f0672498a8446" member_type: VOTER last_known_addr { host: "127.3.115.131" port: 35503 } } peers { permanent_uuid: "2404c9034a9b4ecf84c5cc90906202ed" member_type: NON_VOTER last_known_addr { host: "127.3.115.132" port: 43741 } attrs { promote: true } }
I20260608 09:52:53.454345  6414 catalog_manager.cc:5696] T b901934d59bc454daf30181cd3039e51 P 3b1775a9b3944ce2bd7f0672498a8446 reported cstate change: config changed from index -1 to 2, NON_VOTER 2404c9034a9b4ecf84c5cc90906202ed (127.3.115.132) added. New cstate: current_term: 1 leader_uuid: "3b1775a9b3944ce2bd7f0672498a8446" committed_config { opid_index: 2 OBSOLETE_local: false peers { permanent_uuid: "f868b081ae2e4cdd89c4b76b0240e6ba" member_type: VOTER last_known_addr { host: "127.3.115.129" port: 38109 } health_report { overall_health: HEALTHY } } peers { permanent_uuid: "eb85dd0472ca48d8a790373c62946d05" member_type: VOTER last_known_addr { host: "127.3.115.130" port: 37495 } attrs { replace: true } health_report { overall_health: HEALTHY } } peers { permanent_uuid: "3b1775a9b3944ce2bd7f0672498a8446" member_type: VOTER last_known_addr { host: "127.3.115.131" port: 35503 } health_report { overall_health: HEALTHY } } peers { permanent_uuid: "2404c9034a9b4ecf84c5cc90906202ed" member_type: NON_VOTER last_known_addr { host: "127.3.115.132" port: 43741 } attrs { promote: true } health_report { overall_health: UNKNOWN } } }
I20260608 09:52:53.464756  6591 raft_consensus.cc:1275] T a5199ef6c72d4e79bc6d21f9e26b7568 P eb85dd0472ca48d8a790373c62946d05 [term 1 FOLLOWER]: Refusing update from remote peer 3b1775a9b3944ce2bd7f0672498a8446: Log matching property violated. Preceding OpId in replica: term: 1 index: 1. Preceding OpId from leader: term: 1 index: 2. (index mismatch)
W20260608 09:52:53.465250  6631 consensus_peers.cc:597] T a5199ef6c72d4e79bc6d21f9e26b7568 P 3b1775a9b3944ce2bd7f0672498a8446 -> Peer 2404c9034a9b4ecf84c5cc90906202ed (127.3.115.132:43741): Couldn't send request to peer 2404c9034a9b4ecf84c5cc90906202ed. Error code: TABLET_NOT_FOUND (6). Status: Not found: Tablet not found: a5199ef6c72d4e79bc6d21f9e26b7568. This is attempt 1: this message will repeat every 5th retry.
I20260608 09:52:53.466591  6517 raft_consensus.cc:1275] T a5199ef6c72d4e79bc6d21f9e26b7568 P f868b081ae2e4cdd89c4b76b0240e6ba [term 1 FOLLOWER]: Refusing update from remote peer 3b1775a9b3944ce2bd7f0672498a8446: Log matching property violated. Preceding OpId in replica: term: 1 index: 1. Preceding OpId from leader: term: 1 index: 2. (index mismatch)
I20260608 09:52:53.466711  6730 consensus_queue.cc:1048] T a5199ef6c72d4e79bc6d21f9e26b7568 P 3b1775a9b3944ce2bd7f0672498a8446 [LEADER]: Connected to new peer: Peer: permanent_uuid: "eb85dd0472ca48d8a790373c62946d05" member_type: VOTER last_known_addr { host: "127.3.115.130" port: 37495 }, Status: LMP_MISMATCH, Last received: 0.0, Next index: 2, Last known committed idx: 1, Time since last communication: 0.000s
I20260608 09:52:53.468391  6718 consensus_queue.cc:1048] T a5199ef6c72d4e79bc6d21f9e26b7568 P 3b1775a9b3944ce2bd7f0672498a8446 [LEADER]: Connected to new peer: Peer: permanent_uuid: "f868b081ae2e4cdd89c4b76b0240e6ba" member_type: VOTER last_known_addr { host: "127.3.115.129" port: 38109 } attrs { replace: true }, Status: LMP_MISMATCH, Last received: 0.0, Next index: 2, Last known committed idx: 1, Time since last communication: 0.000s
I20260608 09:52:53.485256  6517 raft_consensus.cc:2955] T a5199ef6c72d4e79bc6d21f9e26b7568 P f868b081ae2e4cdd89c4b76b0240e6ba [term 1 FOLLOWER]: Committing config change with OpId 1.2: config changed from index -1 to 2, NON_VOTER 2404c9034a9b4ecf84c5cc90906202ed (127.3.115.132) added. New config: { opid_index: 2 OBSOLETE_local: false peers { permanent_uuid: "f868b081ae2e4cdd89c4b76b0240e6ba" member_type: VOTER last_known_addr { host: "127.3.115.129" port: 38109 } attrs { replace: true } } peers { permanent_uuid: "eb85dd0472ca48d8a790373c62946d05" member_type: VOTER last_known_addr { host: "127.3.115.130" port: 37495 } } peers { permanent_uuid: "3b1775a9b3944ce2bd7f0672498a8446" member_type: VOTER last_known_addr { host: "127.3.115.131" port: 35503 } } peers { permanent_uuid: "2404c9034a9b4ecf84c5cc90906202ed" member_type: NON_VOTER last_known_addr { host: "127.3.115.132" port: 43741 } attrs { promote: true } } }
I20260608 09:52:53.487612  6591 raft_consensus.cc:2955] T a5199ef6c72d4e79bc6d21f9e26b7568 P eb85dd0472ca48d8a790373c62946d05 [term 1 FOLLOWER]: Committing config change with OpId 1.2: config changed from index -1 to 2, NON_VOTER 2404c9034a9b4ecf84c5cc90906202ed (127.3.115.132) added. New config: { opid_index: 2 OBSOLETE_local: false peers { permanent_uuid: "f868b081ae2e4cdd89c4b76b0240e6ba" member_type: VOTER last_known_addr { host: "127.3.115.129" port: 38109 } attrs { replace: true } } peers { permanent_uuid: "eb85dd0472ca48d8a790373c62946d05" member_type: VOTER last_known_addr { host: "127.3.115.130" port: 37495 } } peers { permanent_uuid: "3b1775a9b3944ce2bd7f0672498a8446" member_type: VOTER last_known_addr { host: "127.3.115.131" port: 35503 } } peers { permanent_uuid: "2404c9034a9b4ecf84c5cc90906202ed" member_type: NON_VOTER last_known_addr { host: "127.3.115.132" port: 43741 } attrs { promote: true } } }
I20260608 09:52:53.483388  6730 raft_consensus.cc:2955] T a5199ef6c72d4e79bc6d21f9e26b7568 P 3b1775a9b3944ce2bd7f0672498a8446 [term 1 LEADER]: Committing config change with OpId 1.2: config changed from index -1 to 2, NON_VOTER 2404c9034a9b4ecf84c5cc90906202ed (127.3.115.132) added. New config: { opid_index: 2 OBSOLETE_local: false peers { permanent_uuid: "f868b081ae2e4cdd89c4b76b0240e6ba" member_type: VOTER last_known_addr { host: "127.3.115.129" port: 38109 } attrs { replace: true } } peers { permanent_uuid: "eb85dd0472ca48d8a790373c62946d05" member_type: VOTER last_known_addr { host: "127.3.115.130" port: 37495 } } peers { permanent_uuid: "3b1775a9b3944ce2bd7f0672498a8446" member_type: VOTER last_known_addr { host: "127.3.115.131" port: 35503 } } peers { permanent_uuid: "2404c9034a9b4ecf84c5cc90906202ed" member_type: NON_VOTER last_known_addr { host: "127.3.115.132" port: 43741 } attrs { promote: true } } }
I20260608 09:52:53.500226  6415 catalog_manager.cc:5696] T a5199ef6c72d4e79bc6d21f9e26b7568 P f868b081ae2e4cdd89c4b76b0240e6ba reported cstate change: config changed from index -1 to 2, NON_VOTER 2404c9034a9b4ecf84c5cc90906202ed (127.3.115.132) added. New cstate: current_term: 1 leader_uuid: "3b1775a9b3944ce2bd7f0672498a8446" committed_config { opid_index: 2 OBSOLETE_local: false peers { permanent_uuid: "f868b081ae2e4cdd89c4b76b0240e6ba" member_type: VOTER last_known_addr { host: "127.3.115.129" port: 38109 } attrs { replace: true } } peers { permanent_uuid: "eb85dd0472ca48d8a790373c62946d05" member_type: VOTER last_known_addr { host: "127.3.115.130" port: 37495 } } peers { permanent_uuid: "3b1775a9b3944ce2bd7f0672498a8446" member_type: VOTER last_known_addr { host: "127.3.115.131" port: 35503 } } peers { permanent_uuid: "2404c9034a9b4ecf84c5cc90906202ed" member_type: NON_VOTER last_known_addr { host: "127.3.115.132" port: 43741 } attrs { promote: true } } }
I20260608 09:52:53.725585  6962 ts_tablet_manager.cc:933] T 4fb04e1b985f44f08db3756e560d6f8a P 2404c9034a9b4ecf84c5cc90906202ed: Initiating tablet copy from peer 3b1775a9b3944ce2bd7f0672498a8446 (127.3.115.131:35503)
I20260608 09:52:53.727720  6962 tablet_copy_client.cc:323] T 4fb04e1b985f44f08db3756e560d6f8a P 2404c9034a9b4ecf84c5cc90906202ed: tablet copy: Beginning tablet copy session from remote peer at address 127.3.115.131:35503
I20260608 09:52:53.729813  6677 tablet_copy_service.cc:140] P 3b1775a9b3944ce2bd7f0672498a8446: Received BeginTabletCopySession request for tablet 4fb04e1b985f44f08db3756e560d6f8a from peer 2404c9034a9b4ecf84c5cc90906202ed ({username='slave'} at 127.0.0.1:48270)
I20260608 09:52:53.730378  6677 tablet_copy_service.cc:161] P 3b1775a9b3944ce2bd7f0672498a8446: Beginning new tablet copy session on tablet 4fb04e1b985f44f08db3756e560d6f8a from peer 2404c9034a9b4ecf84c5cc90906202ed at {username='slave'} at 127.0.0.1:48270: session id = 2404c9034a9b4ecf84c5cc90906202ed-4fb04e1b985f44f08db3756e560d6f8a
I20260608 09:52:53.735854  6677 tablet_copy_source_session.cc:215] T 4fb04e1b985f44f08db3756e560d6f8a P 3b1775a9b3944ce2bd7f0672498a8446: Tablet Copy: opened 0 blocks and 1 log segments
I20260608 09:52:53.738727  6962 data_dirs.cc:400] Could only allocate 1 dirs of requested 3 for tablet 4fb04e1b985f44f08db3756e560d6f8a. 1 dirs total, 0 dirs full, 0 dirs failed
I20260608 09:52:53.751554  6962 tablet_copy_client.cc:806] T 4fb04e1b985f44f08db3756e560d6f8a P 2404c9034a9b4ecf84c5cc90906202ed: tablet copy: Starting download of 0 data blocks...
I20260608 09:52:53.752116  6962 tablet_copy_client.cc:670] T 4fb04e1b985f44f08db3756e560d6f8a P 2404c9034a9b4ecf84c5cc90906202ed: tablet copy: Starting download of 1 WAL segments...
I20260608 09:52:53.755890  6962 tablet_copy_client.cc:538] T 4fb04e1b985f44f08db3756e560d6f8a P 2404c9034a9b4ecf84c5cc90906202ed: tablet copy: Tablet Copy complete. Replacing tablet superblock.
I20260608 09:52:53.761781  6962 tablet_bootstrap.cc:492] T 4fb04e1b985f44f08db3756e560d6f8a P 2404c9034a9b4ecf84c5cc90906202ed: Bootstrap starting.
I20260608 09:52:53.780432  6962 tablet_bootstrap.cc:492] T 4fb04e1b985f44f08db3756e560d6f8a P 2404c9034a9b4ecf84c5cc90906202ed: Bootstrap replayed 1/1 log segments. Stats: ops{read=2 overwritten=0 applied=2 ignored=0} inserts{seen=0 ignored=0} mutations{seen=0 ignored=0} orphaned_commits=0. Pending: 0 replicates
I20260608 09:52:53.781404  6962 tablet_bootstrap.cc:492] T 4fb04e1b985f44f08db3756e560d6f8a P 2404c9034a9b4ecf84c5cc90906202ed: Bootstrap complete.
I20260608 09:52:53.782050  6962 ts_tablet_manager.cc:1403] T 4fb04e1b985f44f08db3756e560d6f8a P 2404c9034a9b4ecf84c5cc90906202ed: Time spent bootstrapping tablet: real 0.020s	user 0.015s	sys 0.005s
I20260608 09:52:53.785072  6962 raft_consensus.cc:359] T 4fb04e1b985f44f08db3756e560d6f8a P 2404c9034a9b4ecf84c5cc90906202ed [term 1 LEARNER]: Replica starting. Triggering 0 pending ops. Active config: opid_index: 2 OBSOLETE_local: false peers { permanent_uuid: "f868b081ae2e4cdd89c4b76b0240e6ba" member_type: VOTER last_known_addr { host: "127.3.115.129" port: 38109 } attrs { replace: true } } peers { permanent_uuid: "eb85dd0472ca48d8a790373c62946d05" member_type: VOTER last_known_addr { host: "127.3.115.130" port: 37495 } } peers { permanent_uuid: "3b1775a9b3944ce2bd7f0672498a8446" member_type: VOTER last_known_addr { host: "127.3.115.131" port: 35503 } } peers { permanent_uuid: "2404c9034a9b4ecf84c5cc90906202ed" member_type: NON_VOTER last_known_addr { host: "127.3.115.132" port: 43741 } attrs { promote: true } }
I20260608 09:52:53.785918  6962 raft_consensus.cc:740] T 4fb04e1b985f44f08db3756e560d6f8a P 2404c9034a9b4ecf84c5cc90906202ed [term 1 LEARNER]: Becoming Follower/Learner. State: Replica: 2404c9034a9b4ecf84c5cc90906202ed, State: Initialized, Role: LEARNER
I20260608 09:52:53.786477  6962 consensus_queue.cc:260] T 4fb04e1b985f44f08db3756e560d6f8a P 2404c9034a9b4ecf84c5cc90906202ed [NON_LEADER]: Queue going to NON_LEADER mode. State: All replicated index: 0, Majority replicated index: 0, Committed index: 2, Last appended: 1.2, Last appended by leader: 2, Current term: 0, Majority size: -1, State: 0, Mode: NON_LEADER, active raft config: opid_index: 2 OBSOLETE_local: false peers { permanent_uuid: "f868b081ae2e4cdd89c4b76b0240e6ba" member_type: VOTER last_known_addr { host: "127.3.115.129" port: 38109 } attrs { replace: true } } peers { permanent_uuid: "eb85dd0472ca48d8a790373c62946d05" member_type: VOTER last_known_addr { host: "127.3.115.130" port: 37495 } } peers { permanent_uuid: "3b1775a9b3944ce2bd7f0672498a8446" member_type: VOTER last_known_addr { host: "127.3.115.131" port: 35503 } } peers { permanent_uuid: "2404c9034a9b4ecf84c5cc90906202ed" member_type: NON_VOTER last_known_addr { host: "127.3.115.132" port: 43741 } attrs { promote: true } }
I20260608 09:52:53.788409  6962 ts_tablet_manager.cc:1434] T 4fb04e1b985f44f08db3756e560d6f8a P 2404c9034a9b4ecf84c5cc90906202ed: Time spent starting tablet: real 0.006s	user 0.005s	sys 0.003s
I20260608 09:52:53.790413  6677 tablet_copy_service.cc:342] P 3b1775a9b3944ce2bd7f0672498a8446: Request end of tablet copy session 2404c9034a9b4ecf84c5cc90906202ed-4fb04e1b985f44f08db3756e560d6f8a received from {username='slave'} at 127.0.0.1:48270
I20260608 09:52:53.790892  6677 tablet_copy_service.cc:434] P 3b1775a9b3944ce2bd7f0672498a8446: ending tablet copy session 2404c9034a9b4ecf84c5cc90906202ed-4fb04e1b985f44f08db3756e560d6f8a on tablet 4fb04e1b985f44f08db3756e560d6f8a with peer 2404c9034a9b4ecf84c5cc90906202ed
I20260608 09:52:53.794486  6962 ts_tablet_manager.cc:933] T 2fb377ffbb984f50aac891b840ac96a7 P 2404c9034a9b4ecf84c5cc90906202ed: Initiating tablet copy from peer eb85dd0472ca48d8a790373c62946d05 (127.3.115.130:37495)
I20260608 09:52:53.804922  6962 tablet_copy_client.cc:323] T 2fb377ffbb984f50aac891b840ac96a7 P 2404c9034a9b4ecf84c5cc90906202ed: tablet copy: Beginning tablet copy session from remote peer at address 127.3.115.130:37495
I20260608 09:52:53.806545  6603 tablet_copy_service.cc:140] P eb85dd0472ca48d8a790373c62946d05: Received BeginTabletCopySession request for tablet 2fb377ffbb984f50aac891b840ac96a7 from peer 2404c9034a9b4ecf84c5cc90906202ed ({username='slave'} at 127.0.0.1:35514)
I20260608 09:52:53.807142  6603 tablet_copy_service.cc:161] P eb85dd0472ca48d8a790373c62946d05: Beginning new tablet copy session on tablet 2fb377ffbb984f50aac891b840ac96a7 from peer 2404c9034a9b4ecf84c5cc90906202ed at {username='slave'} at 127.0.0.1:35514: session id = 2404c9034a9b4ecf84c5cc90906202ed-2fb377ffbb984f50aac891b840ac96a7
I20260608 09:52:53.812114  6603 tablet_copy_source_session.cc:215] T 2fb377ffbb984f50aac891b840ac96a7 P eb85dd0472ca48d8a790373c62946d05: Tablet Copy: opened 0 blocks and 1 log segments
I20260608 09:52:53.815562  6962 data_dirs.cc:400] Could only allocate 1 dirs of requested 3 for tablet 2fb377ffbb984f50aac891b840ac96a7. 1 dirs total, 0 dirs full, 0 dirs failed
I20260608 09:52:53.831467  6962 tablet_copy_client.cc:806] T 2fb377ffbb984f50aac891b840ac96a7 P 2404c9034a9b4ecf84c5cc90906202ed: tablet copy: Starting download of 0 data blocks...
I20260608 09:52:53.832046  6962 tablet_copy_client.cc:670] T 2fb377ffbb984f50aac891b840ac96a7 P 2404c9034a9b4ecf84c5cc90906202ed: tablet copy: Starting download of 1 WAL segments...
I20260608 09:52:53.836138  6962 tablet_copy_client.cc:538] T 2fb377ffbb984f50aac891b840ac96a7 P 2404c9034a9b4ecf84c5cc90906202ed: tablet copy: Tablet Copy complete. Replacing tablet superblock.
I20260608 09:52:53.843041  6962 tablet_bootstrap.cc:492] T 2fb377ffbb984f50aac891b840ac96a7 P 2404c9034a9b4ecf84c5cc90906202ed: Bootstrap starting.
I20260608 09:52:53.855310  6965 ts_tablet_manager.cc:933] T a5199ef6c72d4e79bc6d21f9e26b7568 P 2404c9034a9b4ecf84c5cc90906202ed: Initiating tablet copy from peer 3b1775a9b3944ce2bd7f0672498a8446 (127.3.115.131:35503)
I20260608 09:52:53.867682  6965 tablet_copy_client.cc:323] T a5199ef6c72d4e79bc6d21f9e26b7568 P 2404c9034a9b4ecf84c5cc90906202ed: tablet copy: Beginning tablet copy session from remote peer at address 127.3.115.131:35503
I20260608 09:52:53.869980  6677 tablet_copy_service.cc:140] P 3b1775a9b3944ce2bd7f0672498a8446: Received BeginTabletCopySession request for tablet a5199ef6c72d4e79bc6d21f9e26b7568 from peer 2404c9034a9b4ecf84c5cc90906202ed ({username='slave'} at 127.0.0.1:48270)
I20260608 09:52:53.870648  6677 tablet_copy_service.cc:161] P 3b1775a9b3944ce2bd7f0672498a8446: Beginning new tablet copy session on tablet a5199ef6c72d4e79bc6d21f9e26b7568 from peer 2404c9034a9b4ecf84c5cc90906202ed at {username='slave'} at 127.0.0.1:48270: session id = 2404c9034a9b4ecf84c5cc90906202ed-a5199ef6c72d4e79bc6d21f9e26b7568
I20260608 09:52:53.873201  6962 tablet_bootstrap.cc:492] T 2fb377ffbb984f50aac891b840ac96a7 P 2404c9034a9b4ecf84c5cc90906202ed: Bootstrap replayed 1/1 log segments. Stats: ops{read=2 overwritten=0 applied=2 ignored=0} inserts{seen=0 ignored=0} mutations{seen=0 ignored=0} orphaned_commits=0. Pending: 0 replicates
I20260608 09:52:53.874351  6962 tablet_bootstrap.cc:492] T 2fb377ffbb984f50aac891b840ac96a7 P 2404c9034a9b4ecf84c5cc90906202ed: Bootstrap complete.
I20260608 09:52:53.875029  6962 ts_tablet_manager.cc:1403] T 2fb377ffbb984f50aac891b840ac96a7 P 2404c9034a9b4ecf84c5cc90906202ed: Time spent bootstrapping tablet: real 0.032s	user 0.017s	sys 0.011s
I20260608 09:52:53.876607  6677 tablet_copy_source_session.cc:215] T a5199ef6c72d4e79bc6d21f9e26b7568 P 3b1775a9b3944ce2bd7f0672498a8446: Tablet Copy: opened 0 blocks and 1 log segments
I20260608 09:52:53.878528  6962 raft_consensus.cc:359] T 2fb377ffbb984f50aac891b840ac96a7 P 2404c9034a9b4ecf84c5cc90906202ed [term 1 LEARNER]: Replica starting. Triggering 0 pending ops. Active config: opid_index: 2 OBSOLETE_local: false peers { permanent_uuid: "eb85dd0472ca48d8a790373c62946d05" member_type: VOTER last_known_addr { host: "127.3.115.130" port: 37495 } } peers { permanent_uuid: "f868b081ae2e4cdd89c4b76b0240e6ba" member_type: VOTER last_known_addr { host: "127.3.115.129" port: 38109 } } peers { permanent_uuid: "3b1775a9b3944ce2bd7f0672498a8446" member_type: VOTER last_known_addr { host: "127.3.115.131" port: 35503 } attrs { replace: true } } peers { permanent_uuid: "2404c9034a9b4ecf84c5cc90906202ed" member_type: NON_VOTER last_known_addr { host: "127.3.115.132" port: 43741 } attrs { promote: true } }
I20260608 09:52:53.879320  6965 data_dirs.cc:400] Could only allocate 1 dirs of requested 3 for tablet a5199ef6c72d4e79bc6d21f9e26b7568. 1 dirs total, 0 dirs full, 0 dirs failed
I20260608 09:52:53.879401  6962 raft_consensus.cc:740] T 2fb377ffbb984f50aac891b840ac96a7 P 2404c9034a9b4ecf84c5cc90906202ed [term 1 LEARNER]: Becoming Follower/Learner. State: Replica: 2404c9034a9b4ecf84c5cc90906202ed, State: Initialized, Role: LEARNER
I20260608 09:52:53.880196  6962 consensus_queue.cc:260] T 2fb377ffbb984f50aac891b840ac96a7 P 2404c9034a9b4ecf84c5cc90906202ed [NON_LEADER]: Queue going to NON_LEADER mode. State: All replicated index: 0, Majority replicated index: 0, Committed index: 2, Last appended: 1.2, Last appended by leader: 2, Current term: 0, Majority size: -1, State: 0, Mode: NON_LEADER, active raft config: opid_index: 2 OBSOLETE_local: false peers { permanent_uuid: "eb85dd0472ca48d8a790373c62946d05" member_type: VOTER last_known_addr { host: "127.3.115.130" port: 37495 } } peers { permanent_uuid: "f868b081ae2e4cdd89c4b76b0240e6ba" member_type: VOTER last_known_addr { host: "127.3.115.129" port: 38109 } } peers { permanent_uuid: "3b1775a9b3944ce2bd7f0672498a8446" member_type: VOTER last_known_addr { host: "127.3.115.131" port: 35503 } attrs { replace: true } } peers { permanent_uuid: "2404c9034a9b4ecf84c5cc90906202ed" member_type: NON_VOTER last_known_addr { host: "127.3.115.132" port: 43741 } attrs { promote: true } }
I20260608 09:52:53.882727  6962 ts_tablet_manager.cc:1434] T 2fb377ffbb984f50aac891b840ac96a7 P 2404c9034a9b4ecf84c5cc90906202ed: Time spent starting tablet: real 0.007s	user 0.008s	sys 0.000s
I20260608 09:52:53.884649  6603 tablet_copy_service.cc:342] P eb85dd0472ca48d8a790373c62946d05: Request end of tablet copy session 2404c9034a9b4ecf84c5cc90906202ed-2fb377ffbb984f50aac891b840ac96a7 received from {username='slave'} at 127.0.0.1:35514
I20260608 09:52:53.885078  6603 tablet_copy_service.cc:434] P eb85dd0472ca48d8a790373c62946d05: ending tablet copy session 2404c9034a9b4ecf84c5cc90906202ed-2fb377ffbb984f50aac891b840ac96a7 on tablet 2fb377ffbb984f50aac891b840ac96a7 with peer 2404c9034a9b4ecf84c5cc90906202ed
I20260608 09:52:53.894958  6965 tablet_copy_client.cc:806] T a5199ef6c72d4e79bc6d21f9e26b7568 P 2404c9034a9b4ecf84c5cc90906202ed: tablet copy: Starting download of 0 data blocks...
I20260608 09:52:53.895605  6965 tablet_copy_client.cc:670] T a5199ef6c72d4e79bc6d21f9e26b7568 P 2404c9034a9b4ecf84c5cc90906202ed: tablet copy: Starting download of 1 WAL segments...
I20260608 09:52:53.900606  6965 tablet_copy_client.cc:538] T a5199ef6c72d4e79bc6d21f9e26b7568 P 2404c9034a9b4ecf84c5cc90906202ed: tablet copy: Tablet Copy complete. Replacing tablet superblock.
I20260608 09:52:53.910061  6965 tablet_bootstrap.cc:492] T a5199ef6c72d4e79bc6d21f9e26b7568 P 2404c9034a9b4ecf84c5cc90906202ed: Bootstrap starting.
I20260608 09:52:53.931324  6965 tablet_bootstrap.cc:492] T a5199ef6c72d4e79bc6d21f9e26b7568 P 2404c9034a9b4ecf84c5cc90906202ed: Bootstrap replayed 1/1 log segments. Stats: ops{read=2 overwritten=0 applied=2 ignored=0} inserts{seen=0 ignored=0} mutations{seen=0 ignored=0} orphaned_commits=0. Pending: 0 replicates
I20260608 09:52:53.932255  6965 tablet_bootstrap.cc:492] T a5199ef6c72d4e79bc6d21f9e26b7568 P 2404c9034a9b4ecf84c5cc90906202ed: Bootstrap complete.
I20260608 09:52:53.932952  6965 ts_tablet_manager.cc:1403] T a5199ef6c72d4e79bc6d21f9e26b7568 P 2404c9034a9b4ecf84c5cc90906202ed: Time spent bootstrapping tablet: real 0.023s	user 0.015s	sys 0.008s
I20260608 09:52:53.936168  6965 raft_consensus.cc:359] T a5199ef6c72d4e79bc6d21f9e26b7568 P 2404c9034a9b4ecf84c5cc90906202ed [term 1 LEARNER]: Replica starting. Triggering 0 pending ops. Active config: opid_index: 2 OBSOLETE_local: false peers { permanent_uuid: "f868b081ae2e4cdd89c4b76b0240e6ba" member_type: VOTER last_known_addr { host: "127.3.115.129" port: 38109 } attrs { replace: true } } peers { permanent_uuid: "eb85dd0472ca48d8a790373c62946d05" member_type: VOTER last_known_addr { host: "127.3.115.130" port: 37495 } } peers { permanent_uuid: "3b1775a9b3944ce2bd7f0672498a8446" member_type: VOTER last_known_addr { host: "127.3.115.131" port: 35503 } } peers { permanent_uuid: "2404c9034a9b4ecf84c5cc90906202ed" member_type: NON_VOTER last_known_addr { host: "127.3.115.132" port: 43741 } attrs { promote: true } }
I20260608 09:52:53.937026  6965 raft_consensus.cc:740] T a5199ef6c72d4e79bc6d21f9e26b7568 P 2404c9034a9b4ecf84c5cc90906202ed [term 1 LEARNER]: Becoming Follower/Learner. State: Replica: 2404c9034a9b4ecf84c5cc90906202ed, State: Initialized, Role: LEARNER
I20260608 09:52:53.937687  6965 consensus_queue.cc:260] T a5199ef6c72d4e79bc6d21f9e26b7568 P 2404c9034a9b4ecf84c5cc90906202ed [NON_LEADER]: Queue going to NON_LEADER mode. State: All replicated index: 0, Majority replicated index: 0, Committed index: 2, Last appended: 1.2, Last appended by leader: 2, Current term: 0, Majority size: -1, State: 0, Mode: NON_LEADER, active raft config: opid_index: 2 OBSOLETE_local: false peers { permanent_uuid: "f868b081ae2e4cdd89c4b76b0240e6ba" member_type: VOTER last_known_addr { host: "127.3.115.129" port: 38109 } attrs { replace: true } } peers { permanent_uuid: "eb85dd0472ca48d8a790373c62946d05" member_type: VOTER last_known_addr { host: "127.3.115.130" port: 37495 } } peers { permanent_uuid: "3b1775a9b3944ce2bd7f0672498a8446" member_type: VOTER last_known_addr { host: "127.3.115.131" port: 35503 } } peers { permanent_uuid: "2404c9034a9b4ecf84c5cc90906202ed" member_type: NON_VOTER last_known_addr { host: "127.3.115.132" port: 43741 } attrs { promote: true } }
I20260608 09:52:53.940080  6965 ts_tablet_manager.cc:1434] T a5199ef6c72d4e79bc6d21f9e26b7568 P 2404c9034a9b4ecf84c5cc90906202ed: Time spent starting tablet: real 0.007s	user 0.008s	sys 0.000s
I20260608 09:52:53.941988  6677 tablet_copy_service.cc:342] P 3b1775a9b3944ce2bd7f0672498a8446: Request end of tablet copy session 2404c9034a9b4ecf84c5cc90906202ed-a5199ef6c72d4e79bc6d21f9e26b7568 received from {username='slave'} at 127.0.0.1:48270
I20260608 09:52:53.942445  6677 tablet_copy_service.cc:434] P 3b1775a9b3944ce2bd7f0672498a8446: ending tablet copy session 2404c9034a9b4ecf84c5cc90906202ed-a5199ef6c72d4e79bc6d21f9e26b7568 on tablet a5199ef6c72d4e79bc6d21f9e26b7568 with peer 2404c9034a9b4ecf84c5cc90906202ed
I20260608 09:52:53.972343  6965 ts_tablet_manager.cc:933] T b901934d59bc454daf30181cd3039e51 P 2404c9034a9b4ecf84c5cc90906202ed: Initiating tablet copy from peer 3b1775a9b3944ce2bd7f0672498a8446 (127.3.115.131:35503)
I20260608 09:52:53.974013  6965 tablet_copy_client.cc:323] T b901934d59bc454daf30181cd3039e51 P 2404c9034a9b4ecf84c5cc90906202ed: tablet copy: Beginning tablet copy session from remote peer at address 127.3.115.131:35503
I20260608 09:52:53.975890  6677 tablet_copy_service.cc:140] P 3b1775a9b3944ce2bd7f0672498a8446: Received BeginTabletCopySession request for tablet b901934d59bc454daf30181cd3039e51 from peer 2404c9034a9b4ecf84c5cc90906202ed ({username='slave'} at 127.0.0.1:48270)
I20260608 09:52:53.976434  6677 tablet_copy_service.cc:161] P 3b1775a9b3944ce2bd7f0672498a8446: Beginning new tablet copy session on tablet b901934d59bc454daf30181cd3039e51 from peer 2404c9034a9b4ecf84c5cc90906202ed at {username='slave'} at 127.0.0.1:48270: session id = 2404c9034a9b4ecf84c5cc90906202ed-b901934d59bc454daf30181cd3039e51
I20260608 09:52:53.982954  6677 tablet_copy_source_session.cc:215] T b901934d59bc454daf30181cd3039e51 P 3b1775a9b3944ce2bd7f0672498a8446: Tablet Copy: opened 0 blocks and 1 log segments
I20260608 09:52:53.985702  6965 data_dirs.cc:400] Could only allocate 1 dirs of requested 3 for tablet b901934d59bc454daf30181cd3039e51. 1 dirs total, 0 dirs full, 0 dirs failed
I20260608 09:52:54.001893  6965 tablet_copy_client.cc:806] T b901934d59bc454daf30181cd3039e51 P 2404c9034a9b4ecf84c5cc90906202ed: tablet copy: Starting download of 0 data blocks...
I20260608 09:52:54.002740  6965 tablet_copy_client.cc:670] T b901934d59bc454daf30181cd3039e51 P 2404c9034a9b4ecf84c5cc90906202ed: tablet copy: Starting download of 1 WAL segments...
I20260608 09:52:54.006083  6965 tablet_copy_client.cc:538] T b901934d59bc454daf30181cd3039e51 P 2404c9034a9b4ecf84c5cc90906202ed: tablet copy: Tablet Copy complete. Replacing tablet superblock.
I20260608 09:52:54.013638  6965 tablet_bootstrap.cc:492] T b901934d59bc454daf30181cd3039e51 P 2404c9034a9b4ecf84c5cc90906202ed: Bootstrap starting.
I20260608 09:52:54.029556  6965 tablet_bootstrap.cc:492] T b901934d59bc454daf30181cd3039e51 P 2404c9034a9b4ecf84c5cc90906202ed: Bootstrap replayed 1/1 log segments. Stats: ops{read=2 overwritten=0 applied=2 ignored=0} inserts{seen=0 ignored=0} mutations{seen=0 ignored=0} orphaned_commits=0. Pending: 0 replicates
I20260608 09:52:54.030280  6965 tablet_bootstrap.cc:492] T b901934d59bc454daf30181cd3039e51 P 2404c9034a9b4ecf84c5cc90906202ed: Bootstrap complete.
I20260608 09:52:54.030881  6965 ts_tablet_manager.cc:1403] T b901934d59bc454daf30181cd3039e51 P 2404c9034a9b4ecf84c5cc90906202ed: Time spent bootstrapping tablet: real 0.017s	user 0.015s	sys 0.004s
I20260608 09:52:54.033425  6965 raft_consensus.cc:359] T b901934d59bc454daf30181cd3039e51 P 2404c9034a9b4ecf84c5cc90906202ed [term 1 LEARNER]: Replica starting. Triggering 0 pending ops. Active config: opid_index: 2 OBSOLETE_local: false peers { permanent_uuid: "f868b081ae2e4cdd89c4b76b0240e6ba" member_type: VOTER last_known_addr { host: "127.3.115.129" port: 38109 } } peers { permanent_uuid: "eb85dd0472ca48d8a790373c62946d05" member_type: VOTER last_known_addr { host: "127.3.115.130" port: 37495 } attrs { replace: true } } peers { permanent_uuid: "3b1775a9b3944ce2bd7f0672498a8446" member_type: VOTER last_known_addr { host: "127.3.115.131" port: 35503 } } peers { permanent_uuid: "2404c9034a9b4ecf84c5cc90906202ed" member_type: NON_VOTER last_known_addr { host: "127.3.115.132" port: 43741 } attrs { promote: true } }
I20260608 09:52:54.034250  6965 raft_consensus.cc:740] T b901934d59bc454daf30181cd3039e51 P 2404c9034a9b4ecf84c5cc90906202ed [term 1 LEARNER]: Becoming Follower/Learner. State: Replica: 2404c9034a9b4ecf84c5cc90906202ed, State: Initialized, Role: LEARNER
I20260608 09:52:54.034910  6965 consensus_queue.cc:260] T b901934d59bc454daf30181cd3039e51 P 2404c9034a9b4ecf84c5cc90906202ed [NON_LEADER]: Queue going to NON_LEADER mode. State: All replicated index: 0, Majority replicated index: 0, Committed index: 2, Last appended: 1.2, Last appended by leader: 2, Current term: 0, Majority size: -1, State: 0, Mode: NON_LEADER, active raft config: opid_index: 2 OBSOLETE_local: false peers { permanent_uuid: "f868b081ae2e4cdd89c4b76b0240e6ba" member_type: VOTER last_known_addr { host: "127.3.115.129" port: 38109 } } peers { permanent_uuid: "eb85dd0472ca48d8a790373c62946d05" member_type: VOTER last_known_addr { host: "127.3.115.130" port: 37495 } attrs { replace: true } } peers { permanent_uuid: "3b1775a9b3944ce2bd7f0672498a8446" member_type: VOTER last_known_addr { host: "127.3.115.131" port: 35503 } } peers { permanent_uuid: "2404c9034a9b4ecf84c5cc90906202ed" member_type: NON_VOTER last_known_addr { host: "127.3.115.132" port: 43741 } attrs { promote: true } }
I20260608 09:52:54.037918  6965 ts_tablet_manager.cc:1434] T b901934d59bc454daf30181cd3039e51 P 2404c9034a9b4ecf84c5cc90906202ed: Time spent starting tablet: real 0.007s	user 0.001s	sys 0.004s
I20260608 09:52:54.043917  6677 tablet_copy_service.cc:342] P 3b1775a9b3944ce2bd7f0672498a8446: Request end of tablet copy session 2404c9034a9b4ecf84c5cc90906202ed-b901934d59bc454daf30181cd3039e51 received from {username='slave'} at 127.0.0.1:48270
I20260608 09:52:54.044418  6677 tablet_copy_service.cc:434] P 3b1775a9b3944ce2bd7f0672498a8446: ending tablet copy session 2404c9034a9b4ecf84c5cc90906202ed-b901934d59bc454daf30181cd3039e51 on tablet b901934d59bc454daf30181cd3039e51 with peer 2404c9034a9b4ecf84c5cc90906202ed
I20260608 09:52:54.219846  6817 raft_consensus.cc:1217] T 2fb377ffbb984f50aac891b840ac96a7 P 2404c9034a9b4ecf84c5cc90906202ed [term 1 LEARNER]: Deduplicated request from leader. Original: 1.1->[1.2-1.2]   Dedup: 1.2->[]
I20260608 09:52:54.246995  6817 raft_consensus.cc:1217] T a5199ef6c72d4e79bc6d21f9e26b7568 P 2404c9034a9b4ecf84c5cc90906202ed [term 1 LEARNER]: Deduplicated request from leader. Original: 1.1->[1.2-1.2]   Dedup: 1.2->[]
I20260608 09:52:54.272657  6469 auto_leader_rebalancer.cc:140] leader rebalance for table range_aware_rebalance_new_range
I20260608 09:52:54.276903  6817 raft_consensus.cc:1217] T 4fb04e1b985f44f08db3756e560d6f8a P 2404c9034a9b4ecf84c5cc90906202ed [term 1 LEARNER]: Deduplicated request from leader. Original: 1.1->[1.2-1.2]   Dedup: 1.2->[]
I20260608 09:52:54.313282  6667 tablet_service.cc:2072] Received LeaderStepDown RPC: tablet_id: "25da331794dc4cadbd99a842651b20e6"
dest_uuid: "3b1775a9b3944ce2bd7f0672498a8446"
mode: GRACEFUL
new_leader_uuid: "2404c9034a9b4ecf84c5cc90906202ed"
 from {username='slave'} at 127.0.0.1:48298
I20260608 09:52:54.314086  6667 raft_consensus.cc:606] T 25da331794dc4cadbd99a842651b20e6 P 3b1775a9b3944ce2bd7f0672498a8446 [term 1 LEADER]: Received request to transfer leadership to TS 2404c9034a9b4ecf84c5cc90906202ed
I20260608 09:52:54.316934  6667 tablet_service.cc:2072] Received LeaderStepDown RPC: tablet_id: "4fb04e1b985f44f08db3756e560d6f8a"
dest_uuid: "3b1775a9b3944ce2bd7f0672498a8446"
mode: GRACEFUL
new_leader_uuid: "eb85dd0472ca48d8a790373c62946d05"
 from {username='slave'} at 127.0.0.1:48298
I20260608 09:52:54.317561  6667 raft_consensus.cc:606] T 4fb04e1b985f44f08db3756e560d6f8a P 3b1775a9b3944ce2bd7f0672498a8446 [term 1 LEADER]: Received request to transfer leadership to TS eb85dd0472ca48d8a790373c62946d05
I20260608 09:52:54.320300  6667 tablet_service.cc:2072] Received LeaderStepDown RPC: tablet_id: "a5199ef6c72d4e79bc6d21f9e26b7568"
dest_uuid: "3b1775a9b3944ce2bd7f0672498a8446"
mode: GRACEFUL
new_leader_uuid: "f868b081ae2e4cdd89c4b76b0240e6ba"
 from {username='slave'} at 127.0.0.1:48298
I20260608 09:52:54.320905  6667 raft_consensus.cc:606] T a5199ef6c72d4e79bc6d21f9e26b7568 P 3b1775a9b3944ce2bd7f0672498a8446 [term 1 LEADER]: Received request to transfer leadership to TS f868b081ae2e4cdd89c4b76b0240e6ba
I20260608 09:52:54.323541  6667 tablet_service.cc:2072] Received LeaderStepDown RPC: tablet_id: "c71cee567f954ffdadf4a4b8bb04ce28"
dest_uuid: "3b1775a9b3944ce2bd7f0672498a8446"
mode: GRACEFUL
new_leader_uuid: "eb85dd0472ca48d8a790373c62946d05"
 from {username='slave'} at 127.0.0.1:48298
I20260608 09:52:54.324147  6667 raft_consensus.cc:606] T c71cee567f954ffdadf4a4b8bb04ce28 P 3b1775a9b3944ce2bd7f0672498a8446 [term 1 LEADER]: Received request to transfer leadership to TS eb85dd0472ca48d8a790373c62946d05
I20260608 09:52:54.325376  6469 auto_leader_rebalancer.cc:388] table: range_aware_rebalance_new_range, leader rebalance finish, leader transfer count: 4
I20260608 09:52:54.326017  6469 auto_leader_rebalancer.cc:451] All tables' leader rebalancing finished this round
I20260608 09:52:54.350854  6718 raft_consensus.cc:993] T c71cee567f954ffdadf4a4b8bb04ce28 P 3b1775a9b3944ce2bd7f0672498a8446: : Instructing follower eb85dd0472ca48d8a790373c62946d05 to start an election
I20260608 09:52:54.351338  6975 raft_consensus.cc:1081] T c71cee567f954ffdadf4a4b8bb04ce28 P 3b1775a9b3944ce2bd7f0672498a8446 [term 1 LEADER]: Signalling peer eb85dd0472ca48d8a790373c62946d05 to start an election
I20260608 09:52:54.353332  6591 tablet_service.cc:2044] Received Run Leader Election RPC: tablet_id: "c71cee567f954ffdadf4a4b8bb04ce28"
dest_uuid: "eb85dd0472ca48d8a790373c62946d05"
 from {username='slave'} at 127.0.0.1:48806
I20260608 09:52:54.354064  6591 raft_consensus.cc:493] T c71cee567f954ffdadf4a4b8bb04ce28 P eb85dd0472ca48d8a790373c62946d05 [term 1 FOLLOWER]: Starting forced leader election (received explicit request)
I20260608 09:52:54.354487  6591 raft_consensus.cc:3060] T c71cee567f954ffdadf4a4b8bb04ce28 P eb85dd0472ca48d8a790373c62946d05 [term 1 FOLLOWER]: Advancing to term 2
I20260608 09:52:54.361969  6591 raft_consensus.cc:515] T c71cee567f954ffdadf4a4b8bb04ce28 P eb85dd0472ca48d8a790373c62946d05 [term 2 FOLLOWER]: Starting forced leader election with config: opid_index: -1 OBSOLETE_local: false peers { permanent_uuid: "f868b081ae2e4cdd89c4b76b0240e6ba" member_type: VOTER last_known_addr { host: "127.3.115.129" port: 38109 } } peers { permanent_uuid: "eb85dd0472ca48d8a790373c62946d05" member_type: VOTER last_known_addr { host: "127.3.115.130" port: 37495 } } peers { permanent_uuid: "3b1775a9b3944ce2bd7f0672498a8446" member_type: VOTER last_known_addr { host: "127.3.115.131" port: 35503 } }
I20260608 09:52:54.364353  6591 leader_election.cc:290] T c71cee567f954ffdadf4a4b8bb04ce28 P eb85dd0472ca48d8a790373c62946d05 [CANDIDATE]: Term 2 election: Requested vote from peers f868b081ae2e4cdd89c4b76b0240e6ba (127.3.115.129:38109), 3b1775a9b3944ce2bd7f0672498a8446 (127.3.115.131:35503)
I20260608 09:52:54.364979  6517 tablet_service.cc:1917] Received RequestConsensusVote() RPC: tablet_id: "c71cee567f954ffdadf4a4b8bb04ce28" candidate_uuid: "eb85dd0472ca48d8a790373c62946d05" candidate_term: 2 candidate_status { last_received { term: 1 index: 1 } } ignore_live_leader: true dest_uuid: "f868b081ae2e4cdd89c4b76b0240e6ba"
I20260608 09:52:54.365547  6517 raft_consensus.cc:3060] T c71cee567f954ffdadf4a4b8bb04ce28 P f868b081ae2e4cdd89c4b76b0240e6ba [term 1 FOLLOWER]: Advancing to term 2
I20260608 09:52:54.365394  6667 tablet_service.cc:1917] Received RequestConsensusVote() RPC: tablet_id: "c71cee567f954ffdadf4a4b8bb04ce28" candidate_uuid: "eb85dd0472ca48d8a790373c62946d05" candidate_term: 2 candidate_status { last_received { term: 1 index: 1 } } ignore_live_leader: true dest_uuid: "3b1775a9b3944ce2bd7f0672498a8446"
I20260608 09:52:54.366119  6667 raft_consensus.cc:3055] T c71cee567f954ffdadf4a4b8bb04ce28 P 3b1775a9b3944ce2bd7f0672498a8446 [term 1 LEADER]: Stepping down as leader of term 1
I20260608 09:52:54.366488  6667 raft_consensus.cc:740] T c71cee567f954ffdadf4a4b8bb04ce28 P 3b1775a9b3944ce2bd7f0672498a8446 [term 1 LEADER]: Becoming Follower/Learner. State: Replica: 3b1775a9b3944ce2bd7f0672498a8446, State: Running, Role: LEADER
I20260608 09:52:54.367421  6667 consensus_queue.cc:260] T c71cee567f954ffdadf4a4b8bb04ce28 P 3b1775a9b3944ce2bd7f0672498a8446 [NON_LEADER]: Queue going to NON_LEADER mode. State: All replicated index: 0, Majority replicated index: 1, Committed index: 1, Last appended: 1.1, Last appended by leader: 1, Current term: 1, Majority size: -1, State: 0, Mode: NON_LEADER, active raft config: opid_index: -1 OBSOLETE_local: false peers { permanent_uuid: "f868b081ae2e4cdd89c4b76b0240e6ba" member_type: VOTER last_known_addr { host: "127.3.115.129" port: 38109 } } peers { permanent_uuid: "eb85dd0472ca48d8a790373c62946d05" member_type: VOTER last_known_addr { host: "127.3.115.130" port: 37495 } } peers { permanent_uuid: "3b1775a9b3944ce2bd7f0672498a8446" member_type: VOTER last_known_addr { host: "127.3.115.131" port: 35503 } }
I20260608 09:52:54.369323  6667 raft_consensus.cc:3060] T c71cee567f954ffdadf4a4b8bb04ce28 P 3b1775a9b3944ce2bd7f0672498a8446 [term 1 FOLLOWER]: Advancing to term 2
I20260608 09:52:54.372071  6517 raft_consensus.cc:2468] T c71cee567f954ffdadf4a4b8bb04ce28 P f868b081ae2e4cdd89c4b76b0240e6ba [term 2 FOLLOWER]: Leader election vote request: Granting yes vote for candidate eb85dd0472ca48d8a790373c62946d05 in term 2.
I20260608 09:52:54.373164  6559 leader_election.cc:304] T c71cee567f954ffdadf4a4b8bb04ce28 P eb85dd0472ca48d8a790373c62946d05 [CANDIDATE]: Term 2 election: Election decided. Result: candidate won. Election summary: received 2 responses out of 3 voters: 2 yes votes; 0 no votes. yes voters: eb85dd0472ca48d8a790373c62946d05, f868b081ae2e4cdd89c4b76b0240e6ba; no voters: 
I20260608 09:52:54.373883  6973 raft_consensus.cc:2804] T c71cee567f954ffdadf4a4b8bb04ce28 P eb85dd0472ca48d8a790373c62946d05 [term 2 FOLLOWER]: Leader election won for term 2
I20260608 09:52:54.374336  6973 raft_consensus.cc:697] T c71cee567f954ffdadf4a4b8bb04ce28 P eb85dd0472ca48d8a790373c62946d05 [term 2 LEADER]: Becoming Leader. State: Replica: eb85dd0472ca48d8a790373c62946d05, State: Running, Role: LEADER
I20260608 09:52:54.375229  6973 consensus_queue.cc:237] T c71cee567f954ffdadf4a4b8bb04ce28 P eb85dd0472ca48d8a790373c62946d05 [LEADER]: Queue going to LEADER mode. State: All replicated index: 0, Majority replicated index: 1, Committed index: 1, Last appended: 1.1, Last appended by leader: 1, Current term: 2, Majority size: 2, State: 0, Mode: LEADER, active raft config: opid_index: -1 OBSOLETE_local: false peers { permanent_uuid: "f868b081ae2e4cdd89c4b76b0240e6ba" member_type: VOTER last_known_addr { host: "127.3.115.129" port: 38109 } } peers { permanent_uuid: "eb85dd0472ca48d8a790373c62946d05" member_type: VOTER last_known_addr { host: "127.3.115.130" port: 37495 } } peers { permanent_uuid: "3b1775a9b3944ce2bd7f0672498a8446" member_type: VOTER last_known_addr { host: "127.3.115.131" port: 35503 } }
I20260608 09:52:54.378525  6667 raft_consensus.cc:2468] T c71cee567f954ffdadf4a4b8bb04ce28 P 3b1775a9b3944ce2bd7f0672498a8446 [term 2 FOLLOWER]: Leader election vote request: Granting yes vote for candidate eb85dd0472ca48d8a790373c62946d05 in term 2.
I20260608 09:52:54.389761  6413 catalog_manager.cc:5696] T c71cee567f954ffdadf4a4b8bb04ce28 P eb85dd0472ca48d8a790373c62946d05 reported cstate change: term changed from 1 to 2, leader changed from 3b1775a9b3944ce2bd7f0672498a8446 (127.3.115.131) to eb85dd0472ca48d8a790373c62946d05 (127.3.115.130). New cstate: current_term: 2 leader_uuid: "eb85dd0472ca48d8a790373c62946d05" committed_config { opid_index: -1 OBSOLETE_local: false peers { permanent_uuid: "f868b081ae2e4cdd89c4b76b0240e6ba" member_type: VOTER last_known_addr { host: "127.3.115.129" port: 38109 } health_report { overall_health: UNKNOWN } } peers { permanent_uuid: "eb85dd0472ca48d8a790373c62946d05" member_type: VOTER last_known_addr { host: "127.3.115.130" port: 37495 } health_report { overall_health: HEALTHY } } peers { permanent_uuid: "3b1775a9b3944ce2bd7f0672498a8446" member_type: VOTER last_known_addr { host: "127.3.115.131" port: 35503 } health_report { overall_health: UNKNOWN } } }
I20260608 09:52:54.392007  6817 raft_consensus.cc:1217] T b901934d59bc454daf30181cd3039e51 P 2404c9034a9b4ecf84c5cc90906202ed [term 1 LEARNER]: Deduplicated request from leader. Original: 1.1->[1.2-1.2]   Dedup: 1.2->[]
I20260608 09:52:54.430073  6933 raft_consensus.cc:993] T a5199ef6c72d4e79bc6d21f9e26b7568 P 3b1775a9b3944ce2bd7f0672498a8446: : Instructing follower f868b081ae2e4cdd89c4b76b0240e6ba to start an election
I20260608 09:52:54.430578  6975 raft_consensus.cc:1081] T a5199ef6c72d4e79bc6d21f9e26b7568 P 3b1775a9b3944ce2bd7f0672498a8446 [term 1 LEADER]: Signalling peer f868b081ae2e4cdd89c4b76b0240e6ba to start an election
I20260608 09:52:54.432296  6517 tablet_service.cc:2044] Received Run Leader Election RPC: tablet_id: "a5199ef6c72d4e79bc6d21f9e26b7568"
dest_uuid: "f868b081ae2e4cdd89c4b76b0240e6ba"
 from {username='slave'} at 127.0.0.1:57512
I20260608 09:52:54.432736  6517 raft_consensus.cc:493] T a5199ef6c72d4e79bc6d21f9e26b7568 P f868b081ae2e4cdd89c4b76b0240e6ba [term 1 FOLLOWER]: Starting forced leader election (received explicit request)
I20260608 09:52:54.433015  6517 raft_consensus.cc:3060] T a5199ef6c72d4e79bc6d21f9e26b7568 P f868b081ae2e4cdd89c4b76b0240e6ba [term 1 FOLLOWER]: Advancing to term 2
