I20260608 09:52:52.212442 24066 raft_consensus.cc:359] T ebb3fe1a921044bf9b8c693c70fc56fa P 7ed2ca045cc54a7c90db5e20ac309c55 [term 0 FOLLOWER]: Replica starting. Triggering 0 pending ops. Active config: opid_index: -1 OBSOLETE_local: false peers { permanent_uuid: "98ff5d7cbe6b494a8f3e03836507c93d" member_type: VOTER last_known_addr { host: "127.20.100.65" port: 32771 } } peers { permanent_uuid: "11f715bb3a434e679a939de71b39f297" member_type: VOTER last_known_addr { host: "127.20.100.66" port: 35981 } } peers { permanent_uuid: "7ed2ca045cc54a7c90db5e20ac309c55" member_type: VOTER last_known_addr { host: "127.20.100.67" port: 46321 } }
I20260608 09:52:52.213234 24065 tablet_bootstrap.cc:492] T f3af214c13224d42b825b508468724bb P 11f715bb3a434e679a939de71b39f297: Bootstrap starting.
I20260608 09:52:52.213461 24066 raft_consensus.cc:385] T ebb3fe1a921044bf9b8c693c70fc56fa P 7ed2ca045cc54a7c90db5e20ac309c55 [term 0 FOLLOWER]: Consensus starting up: Expiring failure detector timer to make a prompt election more likely
I20260608 09:52:52.213929 24066 raft_consensus.cc:740] T ebb3fe1a921044bf9b8c693c70fc56fa P 7ed2ca045cc54a7c90db5e20ac309c55 [term 0 FOLLOWER]: Becoming Follower/Learner. State: Replica: 7ed2ca045cc54a7c90db5e20ac309c55, State: Initialized, Role: FOLLOWER
I20260608 09:52:52.215025 24066 consensus_queue.cc:260] T ebb3fe1a921044bf9b8c693c70fc56fa P 7ed2ca045cc54a7c90db5e20ac309c55 [NON_LEADER]: Queue going to NON_LEADER mode. State: All replicated index: 0, Majority replicated index: 0, Committed index: 0, Last appended: 0.0, Last appended by leader: 0, Current term: 0, Majority size: -1, State: 0, Mode: NON_LEADER, active raft config: opid_index: -1 OBSOLETE_local: false peers { permanent_uuid: "98ff5d7cbe6b494a8f3e03836507c93d" member_type: VOTER last_known_addr { host: "127.20.100.65" port: 32771 } } peers { permanent_uuid: "11f715bb3a434e679a939de71b39f297" member_type: VOTER last_known_addr { host: "127.20.100.66" port: 35981 } } peers { permanent_uuid: "7ed2ca045cc54a7c90db5e20ac309c55" member_type: VOTER last_known_addr { host: "127.20.100.67" port: 46321 } }
I20260608 09:52:52.220569 24066 ts_tablet_manager.cc:1434] T ebb3fe1a921044bf9b8c693c70fc56fa P 7ed2ca045cc54a7c90db5e20ac309c55: Time spent starting tablet: real 0.011s	user 0.006s	sys 0.000s
I20260608 09:52:52.221522 24065 tablet_bootstrap.cc:654] T f3af214c13224d42b825b508468724bb P 11f715bb3a434e679a939de71b39f297: Neither blocks nor log segments found. Creating new log.
I20260608 09:52:52.221837 24066 tablet_bootstrap.cc:492] T b713c5aea95348bdb35a983ae131a7c0 P 7ed2ca045cc54a7c90db5e20ac309c55: Bootstrap starting.
I20260608 09:52:52.225883 24064 tablet_bootstrap.cc:654] T d3b96e56760d44fd8643eb36c861c390 P 98ff5d7cbe6b494a8f3e03836507c93d: Neither blocks nor log segments found. Creating new log.
I20260608 09:52:52.233207 24066 tablet_bootstrap.cc:654] T b713c5aea95348bdb35a983ae131a7c0 P 7ed2ca045cc54a7c90db5e20ac309c55: Neither blocks nor log segments found. Creating new log.
I20260608 09:52:52.237815 24064 tablet_bootstrap.cc:492] T d3b96e56760d44fd8643eb36c861c390 P 98ff5d7cbe6b494a8f3e03836507c93d: No bootstrap required, opened a new log
I20260608 09:52:52.238399 24064 ts_tablet_manager.cc:1403] T d3b96e56760d44fd8643eb36c861c390 P 98ff5d7cbe6b494a8f3e03836507c93d: Time spent bootstrapping tablet: real 0.027s	user 0.007s	sys 0.011s
I20260608 09:52:52.241528 24064 raft_consensus.cc:359] T d3b96e56760d44fd8643eb36c861c390 P 98ff5d7cbe6b494a8f3e03836507c93d [term 0 FOLLOWER]: Replica starting. Triggering 0 pending ops. Active config: opid_index: -1 OBSOLETE_local: false peers { permanent_uuid: "11f715bb3a434e679a939de71b39f297" member_type: VOTER last_known_addr { host: "127.20.100.66" port: 35981 } } peers { permanent_uuid: "98ff5d7cbe6b494a8f3e03836507c93d" member_type: VOTER last_known_addr { host: "127.20.100.65" port: 32771 } } peers { permanent_uuid: "7ed2ca045cc54a7c90db5e20ac309c55" member_type: VOTER last_known_addr { host: "127.20.100.67" port: 46321 } }
I20260608 09:52:52.242375 24064 raft_consensus.cc:385] T d3b96e56760d44fd8643eb36c861c390 P 98ff5d7cbe6b494a8f3e03836507c93d [term 0 FOLLOWER]: Consensus starting up: Expiring failure detector timer to make a prompt election more likely
I20260608 09:52:52.242739 24064 raft_consensus.cc:740] T d3b96e56760d44fd8643eb36c861c390 P 98ff5d7cbe6b494a8f3e03836507c93d [term 0 FOLLOWER]: Becoming Follower/Learner. State: Replica: 98ff5d7cbe6b494a8f3e03836507c93d, State: Initialized, Role: FOLLOWER
I20260608 09:52:52.243752 24064 consensus_queue.cc:260] T d3b96e56760d44fd8643eb36c861c390 P 98ff5d7cbe6b494a8f3e03836507c93d [NON_LEADER]: Queue going to NON_LEADER mode. State: All replicated index: 0, Majority replicated index: 0, Committed index: 0, Last appended: 0.0, Last appended by leader: 0, Current term: 0, Majority size: -1, State: 0, Mode: NON_LEADER, active raft config: opid_index: -1 OBSOLETE_local: false peers { permanent_uuid: "11f715bb3a434e679a939de71b39f297" member_type: VOTER last_known_addr { host: "127.20.100.66" port: 35981 } } peers { permanent_uuid: "98ff5d7cbe6b494a8f3e03836507c93d" member_type: VOTER last_known_addr { host: "127.20.100.65" port: 32771 } } peers { permanent_uuid: "7ed2ca045cc54a7c90db5e20ac309c55" member_type: VOTER last_known_addr { host: "127.20.100.67" port: 46321 } }
I20260608 09:52:52.248174 24064 ts_tablet_manager.cc:1434] T d3b96e56760d44fd8643eb36c861c390 P 98ff5d7cbe6b494a8f3e03836507c93d: Time spent starting tablet: real 0.009s	user 0.006s	sys 0.000s
I20260608 09:52:52.249223 24064 tablet_bootstrap.cc:492] T 679c036e5b9e4ba5b2193ea32352f68a P 98ff5d7cbe6b494a8f3e03836507c93d: Bootstrap starting.
I20260608 09:52:52.256461 24066 tablet_bootstrap.cc:492] T b713c5aea95348bdb35a983ae131a7c0 P 7ed2ca045cc54a7c90db5e20ac309c55: No bootstrap required, opened a new log
I20260608 09:52:52.257144 24064 tablet_bootstrap.cc:654] T 679c036e5b9e4ba5b2193ea32352f68a P 98ff5d7cbe6b494a8f3e03836507c93d: Neither blocks nor log segments found. Creating new log.
I20260608 09:52:52.257332 24066 ts_tablet_manager.cc:1403] T b713c5aea95348bdb35a983ae131a7c0 P 7ed2ca045cc54a7c90db5e20ac309c55: Time spent bootstrapping tablet: real 0.036s	user 0.024s	sys 0.010s
I20260608 09:52:52.261253 24066 raft_consensus.cc:359] T b713c5aea95348bdb35a983ae131a7c0 P 7ed2ca045cc54a7c90db5e20ac309c55 [term 0 FOLLOWER]: Replica starting. Triggering 0 pending ops. Active config: opid_index: -1 OBSOLETE_local: false peers { permanent_uuid: "98ff5d7cbe6b494a8f3e03836507c93d" member_type: VOTER last_known_addr { host: "127.20.100.65" port: 32771 } } peers { permanent_uuid: "11f715bb3a434e679a939de71b39f297" member_type: VOTER last_known_addr { host: "127.20.100.66" port: 35981 } } peers { permanent_uuid: "7ed2ca045cc54a7c90db5e20ac309c55" member_type: VOTER last_known_addr { host: "127.20.100.67" port: 46321 } }
I20260608 09:52:52.262110 24065 tablet_bootstrap.cc:492] T f3af214c13224d42b825b508468724bb P 11f715bb3a434e679a939de71b39f297: No bootstrap required, opened a new log
I20260608 09:52:52.262358 24066 raft_consensus.cc:385] T b713c5aea95348bdb35a983ae131a7c0 P 7ed2ca045cc54a7c90db5e20ac309c55 [term 0 FOLLOWER]: Consensus starting up: Expiring failure detector timer to make a prompt election more likely
I20260608 09:52:52.262737 24065 ts_tablet_manager.cc:1403] T f3af214c13224d42b825b508468724bb P 11f715bb3a434e679a939de71b39f297: Time spent bootstrapping tablet: real 0.050s	user 0.026s	sys 0.022s
I20260608 09:52:52.262763 24066 raft_consensus.cc:740] T b713c5aea95348bdb35a983ae131a7c0 P 7ed2ca045cc54a7c90db5e20ac309c55 [term 0 FOLLOWER]: Becoming Follower/Learner. State: Replica: 7ed2ca045cc54a7c90db5e20ac309c55, State: Initialized, Role: FOLLOWER
I20260608 09:52:52.264138 24066 consensus_queue.cc:260] T b713c5aea95348bdb35a983ae131a7c0 P 7ed2ca045cc54a7c90db5e20ac309c55 [NON_LEADER]: Queue going to NON_LEADER mode. State: All replicated index: 0, Majority replicated index: 0, Committed index: 0, Last appended: 0.0, Last appended by leader: 0, Current term: 0, Majority size: -1, State: 0, Mode: NON_LEADER, active raft config: opid_index: -1 OBSOLETE_local: false peers { permanent_uuid: "98ff5d7cbe6b494a8f3e03836507c93d" member_type: VOTER last_known_addr { host: "127.20.100.65" port: 32771 } } peers { permanent_uuid: "11f715bb3a434e679a939de71b39f297" member_type: VOTER last_known_addr { host: "127.20.100.66" port: 35981 } } peers { permanent_uuid: "7ed2ca045cc54a7c90db5e20ac309c55" member_type: VOTER last_known_addr { host: "127.20.100.67" port: 46321 } }
I20260608 09:52:52.265210 24064 tablet_bootstrap.cc:492] T 679c036e5b9e4ba5b2193ea32352f68a P 98ff5d7cbe6b494a8f3e03836507c93d: No bootstrap required, opened a new log
I20260608 09:52:52.265738 24064 ts_tablet_manager.cc:1403] T 679c036e5b9e4ba5b2193ea32352f68a P 98ff5d7cbe6b494a8f3e03836507c93d: Time spent bootstrapping tablet: real 0.017s	user 0.008s	sys 0.005s
I20260608 09:52:52.266780 24066 ts_tablet_manager.cc:1434] T b713c5aea95348bdb35a983ae131a7c0 P 7ed2ca045cc54a7c90db5e20ac309c55: Time spent starting tablet: real 0.009s	user 0.008s	sys 0.000s
I20260608 09:52:52.266427 24065 raft_consensus.cc:359] T f3af214c13224d42b825b508468724bb P 11f715bb3a434e679a939de71b39f297 [term 0 FOLLOWER]: Replica starting. Triggering 0 pending ops. Active config: opid_index: -1 OBSOLETE_local: false peers { permanent_uuid: "98ff5d7cbe6b494a8f3e03836507c93d" member_type: VOTER last_known_addr { host: "127.20.100.65" port: 32771 } } peers { permanent_uuid: "11f715bb3a434e679a939de71b39f297" member_type: VOTER last_known_addr { host: "127.20.100.66" port: 35981 } } peers { permanent_uuid: "7ed2ca045cc54a7c90db5e20ac309c55" member_type: VOTER last_known_addr { host: "127.20.100.67" port: 46321 } }
I20260608 09:52:52.267328 24065 raft_consensus.cc:385] T f3af214c13224d42b825b508468724bb P 11f715bb3a434e679a939de71b39f297 [term 0 FOLLOWER]: Consensus starting up: Expiring failure detector timer to make a prompt election more likely
I20260608 09:52:52.267681 24065 raft_consensus.cc:740] T f3af214c13224d42b825b508468724bb P 11f715bb3a434e679a939de71b39f297 [term 0 FOLLOWER]: Becoming Follower/Learner. State: Replica: 11f715bb3a434e679a939de71b39f297, State: Initialized, Role: FOLLOWER
I20260608 09:52:52.268049 24066 tablet_bootstrap.cc:492] T f3af214c13224d42b825b508468724bb P 7ed2ca045cc54a7c90db5e20ac309c55: Bootstrap starting.
I20260608 09:52:52.268699 24065 consensus_queue.cc:260] T f3af214c13224d42b825b508468724bb P 11f715bb3a434e679a939de71b39f297 [NON_LEADER]: Queue going to NON_LEADER mode. State: All replicated index: 0, Majority replicated index: 0, Committed index: 0, Last appended: 0.0, Last appended by leader: 0, Current term: 0, Majority size: -1, State: 0, Mode: NON_LEADER, active raft config: opid_index: -1 OBSOLETE_local: false peers { permanent_uuid: "98ff5d7cbe6b494a8f3e03836507c93d" member_type: VOTER last_known_addr { host: "127.20.100.65" port: 32771 } } peers { permanent_uuid: "11f715bb3a434e679a939de71b39f297" member_type: VOTER last_known_addr { host: "127.20.100.66" port: 35981 } } peers { permanent_uuid: "7ed2ca045cc54a7c90db5e20ac309c55" member_type: VOTER last_known_addr { host: "127.20.100.67" port: 46321 } }
I20260608 09:52:52.269747 24064 raft_consensus.cc:359] T 679c036e5b9e4ba5b2193ea32352f68a P 98ff5d7cbe6b494a8f3e03836507c93d [term 0 FOLLOWER]: Replica starting. Triggering 0 pending ops. Active config: opid_index: -1 OBSOLETE_local: false peers { permanent_uuid: "11f715bb3a434e679a939de71b39f297" member_type: VOTER last_known_addr { host: "127.20.100.66" port: 35981 } } peers { permanent_uuid: "98ff5d7cbe6b494a8f3e03836507c93d" member_type: VOTER last_known_addr { host: "127.20.100.65" port: 32771 } } peers { permanent_uuid: "7ed2ca045cc54a7c90db5e20ac309c55" member_type: VOTER last_known_addr { host: "127.20.100.67" port: 46321 } }
I20260608 09:52:52.270560 24064 raft_consensus.cc:385] T 679c036e5b9e4ba5b2193ea32352f68a P 98ff5d7cbe6b494a8f3e03836507c93d [term 0 FOLLOWER]: Consensus starting up: Expiring failure detector timer to make a prompt election more likely
I20260608 09:52:52.270908 24064 raft_consensus.cc:740] T 679c036e5b9e4ba5b2193ea32352f68a P 98ff5d7cbe6b494a8f3e03836507c93d [term 0 FOLLOWER]: Becoming Follower/Learner. State: Replica: 98ff5d7cbe6b494a8f3e03836507c93d, State: Initialized, Role: FOLLOWER
I20260608 09:52:52.272454 24064 consensus_queue.cc:260] T 679c036e5b9e4ba5b2193ea32352f68a P 98ff5d7cbe6b494a8f3e03836507c93d [NON_LEADER]: Queue going to NON_LEADER mode. State: All replicated index: 0, Majority replicated index: 0, Committed index: 0, Last appended: 0.0, Last appended by leader: 0, Current term: 0, Majority size: -1, State: 0, Mode: NON_LEADER, active raft config: opid_index: -1 OBSOLETE_local: false peers { permanent_uuid: "11f715bb3a434e679a939de71b39f297" member_type: VOTER last_known_addr { host: "127.20.100.66" port: 35981 } } peers { permanent_uuid: "98ff5d7cbe6b494a8f3e03836507c93d" member_type: VOTER last_known_addr { host: "127.20.100.65" port: 32771 } } peers { permanent_uuid: "7ed2ca045cc54a7c90db5e20ac309c55" member_type: VOTER last_known_addr { host: "127.20.100.67" port: 46321 } }
I20260608 09:52:52.274302 24065 ts_tablet_manager.cc:1434] T f3af214c13224d42b825b508468724bb P 11f715bb3a434e679a939de71b39f297: Time spent starting tablet: real 0.011s	user 0.007s	sys 0.000s
I20260608 09:52:52.275444 24065 tablet_bootstrap.cc:492] T a8787bd88b4d4f47a9e103ceeed88971 P 11f715bb3a434e679a939de71b39f297: Bootstrap starting.
I20260608 09:52:52.276124 24066 tablet_bootstrap.cc:654] T f3af214c13224d42b825b508468724bb P 7ed2ca045cc54a7c90db5e20ac309c55: Neither blocks nor log segments found. Creating new log.
I20260608 09:52:52.279995 24064 ts_tablet_manager.cc:1434] T 679c036e5b9e4ba5b2193ea32352f68a P 98ff5d7cbe6b494a8f3e03836507c93d: Time spent starting tablet: real 0.014s	user 0.006s	sys 0.000s
I20260608 09:52:52.281176 24064 tablet_bootstrap.cc:492] T b713c5aea95348bdb35a983ae131a7c0 P 98ff5d7cbe6b494a8f3e03836507c93d: Bootstrap starting.
I20260608 09:52:52.284142 24065 tablet_bootstrap.cc:654] T a8787bd88b4d4f47a9e103ceeed88971 P 11f715bb3a434e679a939de71b39f297: Neither blocks nor log segments found. Creating new log.
I20260608 09:52:52.288830 24066 tablet_bootstrap.cc:492] T f3af214c13224d42b825b508468724bb P 7ed2ca045cc54a7c90db5e20ac309c55: No bootstrap required, opened a new log
I20260608 09:52:52.289485 24066 ts_tablet_manager.cc:1403] T f3af214c13224d42b825b508468724bb P 7ed2ca045cc54a7c90db5e20ac309c55: Time spent bootstrapping tablet: real 0.022s	user 0.009s	sys 0.011s
I20260608 09:52:52.290277 24065 tablet_bootstrap.cc:492] T a8787bd88b4d4f47a9e103ceeed88971 P 11f715bb3a434e679a939de71b39f297: No bootstrap required, opened a new log
I20260608 09:52:52.290699 24065 ts_tablet_manager.cc:1403] T a8787bd88b4d4f47a9e103ceeed88971 P 11f715bb3a434e679a939de71b39f297: Time spent bootstrapping tablet: real 0.016s	user 0.009s	sys 0.004s
I20260608 09:52:52.293100 24065 raft_consensus.cc:359] T a8787bd88b4d4f47a9e103ceeed88971 P 11f715bb3a434e679a939de71b39f297 [term 0 FOLLOWER]: Replica starting. Triggering 0 pending ops. Active config: opid_index: -1 OBSOLETE_local: false peers { permanent_uuid: "98ff5d7cbe6b494a8f3e03836507c93d" member_type: VOTER last_known_addr { host: "127.20.100.65" port: 32771 } } peers { permanent_uuid: "11f715bb3a434e679a939de71b39f297" member_type: VOTER last_known_addr { host: "127.20.100.66" port: 35981 } } peers { permanent_uuid: "7ed2ca045cc54a7c90db5e20ac309c55" member_type: VOTER last_known_addr { host: "127.20.100.67" port: 46321 } }
I20260608 09:52:52.292810 24066 raft_consensus.cc:359] T f3af214c13224d42b825b508468724bb P 7ed2ca045cc54a7c90db5e20ac309c55 [term 0 FOLLOWER]: Replica starting. Triggering 0 pending ops. Active config: opid_index: -1 OBSOLETE_local: false peers { permanent_uuid: "98ff5d7cbe6b494a8f3e03836507c93d" member_type: VOTER last_known_addr { host: "127.20.100.65" port: 32771 } } peers { permanent_uuid: "11f715bb3a434e679a939de71b39f297" member_type: VOTER last_known_addr { host: "127.20.100.66" port: 35981 } } peers { permanent_uuid: "7ed2ca045cc54a7c90db5e20ac309c55" member_type: VOTER last_known_addr { host: "127.20.100.67" port: 46321 } }
I20260608 09:52:52.293684 24065 raft_consensus.cc:385] T a8787bd88b4d4f47a9e103ceeed88971 P 11f715bb3a434e679a939de71b39f297 [term 0 FOLLOWER]: Consensus starting up: Expiring failure detector timer to make a prompt election more likely
I20260608 09:52:52.293759 24066 raft_consensus.cc:385] T f3af214c13224d42b825b508468724bb P 7ed2ca045cc54a7c90db5e20ac309c55 [term 0 FOLLOWER]: Consensus starting up: Expiring failure detector timer to make a prompt election more likely
I20260608 09:52:52.294080 24065 raft_consensus.cc:740] T a8787bd88b4d4f47a9e103ceeed88971 P 11f715bb3a434e679a939de71b39f297 [term 0 FOLLOWER]: Becoming Follower/Learner. State: Replica: 11f715bb3a434e679a939de71b39f297, State: Initialized, Role: FOLLOWER
I20260608 09:52:52.294164 24066 raft_consensus.cc:740] T f3af214c13224d42b825b508468724bb P 7ed2ca045cc54a7c90db5e20ac309c55 [term 0 FOLLOWER]: Becoming Follower/Learner. State: Replica: 7ed2ca045cc54a7c90db5e20ac309c55, State: Initialized, Role: FOLLOWER
I20260608 09:52:52.294978 24065 consensus_queue.cc:260] T a8787bd88b4d4f47a9e103ceeed88971 P 11f715bb3a434e679a939de71b39f297 [NON_LEADER]: Queue going to NON_LEADER mode. State: All replicated index: 0, Majority replicated index: 0, Committed index: 0, Last appended: 0.0, Last appended by leader: 0, Current term: 0, Majority size: -1, State: 0, Mode: NON_LEADER, active raft config: opid_index: -1 OBSOLETE_local: false peers { permanent_uuid: "98ff5d7cbe6b494a8f3e03836507c93d" member_type: VOTER last_known_addr { host: "127.20.100.65" port: 32771 } } peers { permanent_uuid: "11f715bb3a434e679a939de71b39f297" member_type: VOTER last_known_addr { host: "127.20.100.66" port: 35981 } } peers { permanent_uuid: "7ed2ca045cc54a7c90db5e20ac309c55" member_type: VOTER last_known_addr { host: "127.20.100.67" port: 46321 } }
I20260608 09:52:52.295032 24066 consensus_queue.cc:260] T f3af214c13224d42b825b508468724bb P 7ed2ca045cc54a7c90db5e20ac309c55 [NON_LEADER]: Queue going to NON_LEADER mode. State: All replicated index: 0, Majority replicated index: 0, Committed index: 0, Last appended: 0.0, Last appended by leader: 0, Current term: 0, Majority size: -1, State: 0, Mode: NON_LEADER, active raft config: opid_index: -1 OBSOLETE_local: false peers { permanent_uuid: "98ff5d7cbe6b494a8f3e03836507c93d" member_type: VOTER last_known_addr { host: "127.20.100.65" port: 32771 } } peers { permanent_uuid: "11f715bb3a434e679a939de71b39f297" member_type: VOTER last_known_addr { host: "127.20.100.66" port: 35981 } } peers { permanent_uuid: "7ed2ca045cc54a7c90db5e20ac309c55" member_type: VOTER last_known_addr { host: "127.20.100.67" port: 46321 } }
I20260608 09:52:52.297073 24064 tablet_bootstrap.cc:654] T b713c5aea95348bdb35a983ae131a7c0 P 98ff5d7cbe6b494a8f3e03836507c93d: Neither blocks nor log segments found. Creating new log.
I20260608 09:52:52.297521 24065 ts_tablet_manager.cc:1434] T a8787bd88b4d4f47a9e103ceeed88971 P 11f715bb3a434e679a939de71b39f297: Time spent starting tablet: real 0.007s	user 0.008s	sys 0.000s
I20260608 09:52:52.298535 24065 tablet_bootstrap.cc:492] T ebb3fe1a921044bf9b8c693c70fc56fa P 11f715bb3a434e679a939de71b39f297: Bootstrap starting.
I20260608 09:52:52.299582 24070 raft_consensus.cc:493] T ebb3fe1a921044bf9b8c693c70fc56fa P 7ed2ca045cc54a7c90db5e20ac309c55 [term 0 FOLLOWER]: Starting pre-election (no leader contacted us within the election timeout)
I20260608 09:52:52.300295 24066 ts_tablet_manager.cc:1434] T f3af214c13224d42b825b508468724bb P 7ed2ca045cc54a7c90db5e20ac309c55: Time spent starting tablet: real 0.010s	user 0.006s	sys 0.000s
I20260608 09:52:52.300202 24070 raft_consensus.cc:515] T ebb3fe1a921044bf9b8c693c70fc56fa P 7ed2ca045cc54a7c90db5e20ac309c55 [term 0 FOLLOWER]: Starting pre-election with config: opid_index: -1 OBSOLETE_local: false peers { permanent_uuid: "98ff5d7cbe6b494a8f3e03836507c93d" member_type: VOTER last_known_addr { host: "127.20.100.65" port: 32771 } } peers { permanent_uuid: "11f715bb3a434e679a939de71b39f297" member_type: VOTER last_known_addr { host: "127.20.100.66" port: 35981 } } peers { permanent_uuid: "7ed2ca045cc54a7c90db5e20ac309c55" member_type: VOTER last_known_addr { host: "127.20.100.67" port: 46321 } }
I20260608 09:52:52.301465 24066 tablet_bootstrap.cc:492] T d3b96e56760d44fd8643eb36c861c390 P 7ed2ca045cc54a7c90db5e20ac309c55: Bootstrap starting.
I20260608 09:52:52.305342 24065 tablet_bootstrap.cc:654] T ebb3fe1a921044bf9b8c693c70fc56fa P 11f715bb3a434e679a939de71b39f297: Neither blocks nor log segments found. Creating new log.
I20260608 09:52:52.309051 24066 tablet_bootstrap.cc:654] T d3b96e56760d44fd8643eb36c861c390 P 7ed2ca045cc54a7c90db5e20ac309c55: Neither blocks nor log segments found. Creating new log.
I20260608 09:52:52.321265 24070 leader_election.cc:290] T ebb3fe1a921044bf9b8c693c70fc56fa P 7ed2ca045cc54a7c90db5e20ac309c55 [CANDIDATE]: Term 1 pre-election: Requested pre-vote from peers 98ff5d7cbe6b494a8f3e03836507c93d (127.20.100.65:32771), 11f715bb3a434e679a939de71b39f297 (127.20.100.66:35981)
I20260608 09:52:52.322184 24070 raft_consensus.cc:493] T a8787bd88b4d4f47a9e103ceeed88971 P 7ed2ca045cc54a7c90db5e20ac309c55 [term 0 FOLLOWER]: Starting pre-election (no leader contacted us within the election timeout)
I20260608 09:52:52.322849 24070 raft_consensus.cc:515] T a8787bd88b4d4f47a9e103ceeed88971 P 7ed2ca045cc54a7c90db5e20ac309c55 [term 0 FOLLOWER]: Starting pre-election with config: opid_index: -1 OBSOLETE_local: false peers { permanent_uuid: "98ff5d7cbe6b494a8f3e03836507c93d" member_type: VOTER last_known_addr { host: "127.20.100.65" port: 32771 } } peers { permanent_uuid: "11f715bb3a434e679a939de71b39f297" member_type: VOTER last_known_addr { host: "127.20.100.66" port: 35981 } } peers { permanent_uuid: "7ed2ca045cc54a7c90db5e20ac309c55" member_type: VOTER last_known_addr { host: "127.20.100.67" port: 46321 } }
I20260608 09:52:52.344184 24070 leader_election.cc:290] T a8787bd88b4d4f47a9e103ceeed88971 P 7ed2ca045cc54a7c90db5e20ac309c55 [CANDIDATE]: Term 1 pre-election: Requested pre-vote from peers 98ff5d7cbe6b494a8f3e03836507c93d (127.20.100.65:32771), 11f715bb3a434e679a939de71b39f297 (127.20.100.66:35981)
I20260608 09:52:52.355101 24064 tablet_bootstrap.cc:492] T b713c5aea95348bdb35a983ae131a7c0 P 98ff5d7cbe6b494a8f3e03836507c93d: No bootstrap required, opened a new log
I20260608 09:52:52.355813 24064 ts_tablet_manager.cc:1403] T b713c5aea95348bdb35a983ae131a7c0 P 98ff5d7cbe6b494a8f3e03836507c93d: Time spent bootstrapping tablet: real 0.075s	user 0.013s	sys 0.001s
I20260608 09:52:52.360438 24064 raft_consensus.cc:359] T b713c5aea95348bdb35a983ae131a7c0 P 98ff5d7cbe6b494a8f3e03836507c93d [term 0 FOLLOWER]: Replica starting. Triggering 0 pending ops. Active config: opid_index: -1 OBSOLETE_local: false peers { permanent_uuid: "98ff5d7cbe6b494a8f3e03836507c93d" member_type: VOTER last_known_addr { host: "127.20.100.65" port: 32771 } } peers { permanent_uuid: "11f715bb3a434e679a939de71b39f297" member_type: VOTER last_known_addr { host: "127.20.100.66" port: 35981 } } peers { permanent_uuid: "7ed2ca045cc54a7c90db5e20ac309c55" member_type: VOTER last_known_addr { host: "127.20.100.67" port: 46321 } }
I20260608 09:52:52.364893 24064 raft_consensus.cc:385] T b713c5aea95348bdb35a983ae131a7c0 P 98ff5d7cbe6b494a8f3e03836507c93d [term 0 FOLLOWER]: Consensus starting up: Expiring failure detector timer to make a prompt election more likely
I20260608 09:52:52.365371 24064 raft_consensus.cc:740] T b713c5aea95348bdb35a983ae131a7c0 P 98ff5d7cbe6b494a8f3e03836507c93d [term 0 FOLLOWER]: Becoming Follower/Learner. State: Replica: 98ff5d7cbe6b494a8f3e03836507c93d, State: Initialized, Role: FOLLOWER
I20260608 09:52:52.366488 24064 consensus_queue.cc:260] T b713c5aea95348bdb35a983ae131a7c0 P 98ff5d7cbe6b494a8f3e03836507c93d [NON_LEADER]: Queue going to NON_LEADER mode. State: All replicated index: 0, Majority replicated index: 0, Committed index: 0, Last appended: 0.0, Last appended by leader: 0, Current term: 0, Majority size: -1, State: 0, Mode: NON_LEADER, active raft config: opid_index: -1 OBSOLETE_local: false peers { permanent_uuid: "98ff5d7cbe6b494a8f3e03836507c93d" member_type: VOTER last_known_addr { host: "127.20.100.65" port: 32771 } } peers { permanent_uuid: "11f715bb3a434e679a939de71b39f297" member_type: VOTER last_known_addr { host: "127.20.100.66" port: 35981 } } peers { permanent_uuid: "7ed2ca045cc54a7c90db5e20ac309c55" member_type: VOTER last_known_addr { host: "127.20.100.67" port: 46321 } }
I20260608 09:52:52.372294 24064 ts_tablet_manager.cc:1434] T b713c5aea95348bdb35a983ae131a7c0 P 98ff5d7cbe6b494a8f3e03836507c93d: Time spent starting tablet: real 0.016s	user 0.007s	sys 0.000s
I20260608 09:52:52.373548 24064 tablet_bootstrap.cc:492] T f3af214c13224d42b825b508468724bb P 98ff5d7cbe6b494a8f3e03836507c93d: Bootstrap starting.
I20260608 09:52:52.381102 24064 tablet_bootstrap.cc:654] T f3af214c13224d42b825b508468724bb P 98ff5d7cbe6b494a8f3e03836507c93d: Neither blocks nor log segments found. Creating new log.
I20260608 09:52:52.393873 24065 tablet_bootstrap.cc:492] T ebb3fe1a921044bf9b8c693c70fc56fa P 11f715bb3a434e679a939de71b39f297: No bootstrap required, opened a new log
I20260608 09:52:52.394332 24065 ts_tablet_manager.cc:1403] T ebb3fe1a921044bf9b8c693c70fc56fa P 11f715bb3a434e679a939de71b39f297: Time spent bootstrapping tablet: real 0.096s	user 0.031s	sys 0.057s
I20260608 09:52:52.396392 23944 tablet_service.cc:1917] Received RequestConsensusVote() RPC: tablet_id: "ebb3fe1a921044bf9b8c693c70fc56fa" candidate_uuid: "7ed2ca045cc54a7c90db5e20ac309c55" candidate_term: 1 candidate_status { last_received { term: 0 index: 0 } } ignore_live_leader: false dest_uuid: "11f715bb3a434e679a939de71b39f297" is_pre_election: true
I20260608 09:52:52.397653 23943 tablet_service.cc:1917] Received RequestConsensusVote() RPC: tablet_id: "a8787bd88b4d4f47a9e103ceeed88971" candidate_uuid: "7ed2ca045cc54a7c90db5e20ac309c55" candidate_term: 1 candidate_status { last_received { term: 0 index: 0 } } ignore_live_leader: false dest_uuid: "11f715bb3a434e679a939de71b39f297" is_pre_election: true
I20260608 09:52:52.398051 24064 tablet_bootstrap.cc:492] T f3af214c13224d42b825b508468724bb P 98ff5d7cbe6b494a8f3e03836507c93d: No bootstrap required, opened a new log
I20260608 09:52:52.397686 24065 raft_consensus.cc:359] T ebb3fe1a921044bf9b8c693c70fc56fa P 11f715bb3a434e679a939de71b39f297 [term 0 FOLLOWER]: Replica starting. Triggering 0 pending ops. Active config: opid_index: -1 OBSOLETE_local: false peers { permanent_uuid: "98ff5d7cbe6b494a8f3e03836507c93d" member_type: VOTER last_known_addr { host: "127.20.100.65" port: 32771 } } peers { permanent_uuid: "11f715bb3a434e679a939de71b39f297" member_type: VOTER last_known_addr { host: "127.20.100.66" port: 35981 } } peers { permanent_uuid: "7ed2ca045cc54a7c90db5e20ac309c55" member_type: VOTER last_known_addr { host: "127.20.100.67" port: 46321 } }
I20260608 09:52:52.398532 24065 raft_consensus.cc:385] T ebb3fe1a921044bf9b8c693c70fc56fa P 11f715bb3a434e679a939de71b39f297 [term 0 FOLLOWER]: Consensus starting up: Expiring failure detector timer to make a prompt election more likely
I20260608 09:52:52.398675 24064 ts_tablet_manager.cc:1403] T f3af214c13224d42b825b508468724bb P 98ff5d7cbe6b494a8f3e03836507c93d: Time spent bootstrapping tablet: real 0.025s	user 0.010s	sys 0.008s
I20260608 09:52:52.398499 23943 raft_consensus.cc:2468] T a8787bd88b4d4f47a9e103ceeed88971 P 11f715bb3a434e679a939de71b39f297 [term 0 FOLLOWER]: Leader pre-election vote request: Granting yes vote for candidate 7ed2ca045cc54a7c90db5e20ac309c55 in term 0.
I20260608 09:52:52.399138 24065 raft_consensus.cc:740] T ebb3fe1a921044bf9b8c693c70fc56fa P 11f715bb3a434e679a939de71b39f297 [term 0 FOLLOWER]: Becoming Follower/Learner. State: Replica: 11f715bb3a434e679a939de71b39f297, State: Initialized, Role: FOLLOWER
I20260608 09:52:52.400187 23869 tablet_service.cc:1917] Received RequestConsensusVote() RPC: tablet_id: "ebb3fe1a921044bf9b8c693c70fc56fa" candidate_uuid: "7ed2ca045cc54a7c90db5e20ac309c55" candidate_term: 1 candidate_status { last_received { term: 0 index: 0 } } ignore_live_leader: false dest_uuid: "98ff5d7cbe6b494a8f3e03836507c93d" is_pre_election: true
I20260608 09:52:52.400079 24065 consensus_queue.cc:260] T ebb3fe1a921044bf9b8c693c70fc56fa P 11f715bb3a434e679a939de71b39f297 [NON_LEADER]: Queue going to NON_LEADER mode. State: All replicated index: 0, Majority replicated index: 0, Committed index: 0, Last appended: 0.0, Last appended by leader: 0, Current term: 0, Majority size: -1, State: 0, Mode: NON_LEADER, active raft config: opid_index: -1 OBSOLETE_local: false peers { permanent_uuid: "98ff5d7cbe6b494a8f3e03836507c93d" member_type: VOTER last_known_addr { host: "127.20.100.65" port: 32771 } } peers { permanent_uuid: "11f715bb3a434e679a939de71b39f297" member_type: VOTER last_known_addr { host: "127.20.100.66" port: 35981 } } peers { permanent_uuid: "7ed2ca045cc54a7c90db5e20ac309c55" member_type: VOTER last_known_addr { host: "127.20.100.67" port: 46321 } }
I20260608 09:52:52.400856 23984 leader_election.cc:304] T a8787bd88b4d4f47a9e103ceeed88971 P 7ed2ca045cc54a7c90db5e20ac309c55 [CANDIDATE]: Term 1 pre-election: Election decided. Result: candidate won. Election summary: received 2 responses out of 3 voters: 2 yes votes; 0 no votes. yes voters: 11f715bb3a434e679a939de71b39f297, 7ed2ca045cc54a7c90db5e20ac309c55; no voters: 
I20260608 09:52:52.401996 23944 raft_consensus.cc:2468] T ebb3fe1a921044bf9b8c693c70fc56fa P 11f715bb3a434e679a939de71b39f297 [term 0 FOLLOWER]: Leader pre-election vote request: Granting yes vote for candidate 7ed2ca045cc54a7c90db5e20ac309c55 in term 0.
I20260608 09:52:52.402160 23868 tablet_service.cc:1917] Received RequestConsensusVote() RPC: tablet_id: "a8787bd88b4d4f47a9e103ceeed88971" candidate_uuid: "7ed2ca045cc54a7c90db5e20ac309c55" candidate_term: 1 candidate_status { last_received { term: 0 index: 0 } } ignore_live_leader: false dest_uuid: "98ff5d7cbe6b494a8f3e03836507c93d" is_pre_election: true
I20260608 09:52:52.402724 24065 ts_tablet_manager.cc:1434] T ebb3fe1a921044bf9b8c693c70fc56fa P 11f715bb3a434e679a939de71b39f297: Time spent starting tablet: real 0.008s	user 0.006s	sys 0.000s
I20260608 09:52:52.402769 24064 raft_consensus.cc:359] T f3af214c13224d42b825b508468724bb P 98ff5d7cbe6b494a8f3e03836507c93d [term 0 FOLLOWER]: Replica starting. Triggering 0 pending ops. Active config: opid_index: -1 OBSOLETE_local: false peers { permanent_uuid: "98ff5d7cbe6b494a8f3e03836507c93d" member_type: VOTER last_known_addr { host: "127.20.100.65" port: 32771 } } peers { permanent_uuid: "11f715bb3a434e679a939de71b39f297" member_type: VOTER last_known_addr { host: "127.20.100.66" port: 35981 } } peers { permanent_uuid: "7ed2ca045cc54a7c90db5e20ac309c55" member_type: VOTER last_known_addr { host: "127.20.100.67" port: 46321 } }
I20260608 09:52:52.403796 24064 raft_consensus.cc:385] T f3af214c13224d42b825b508468724bb P 98ff5d7cbe6b494a8f3e03836507c93d [term 0 FOLLOWER]: Consensus starting up: Expiring failure detector timer to make a prompt election more likely
I20260608 09:52:52.403957 24065 tablet_bootstrap.cc:492] T d3b96e56760d44fd8643eb36c861c390 P 11f715bb3a434e679a939de71b39f297: Bootstrap starting.
I20260608 09:52:52.404220 24064 raft_consensus.cc:740] T f3af214c13224d42b825b508468724bb P 98ff5d7cbe6b494a8f3e03836507c93d [term 0 FOLLOWER]: Becoming Follower/Learner. State: Replica: 98ff5d7cbe6b494a8f3e03836507c93d, State: Initialized, Role: FOLLOWER
I20260608 09:52:52.404183 24083 raft_consensus.cc:2804] T a8787bd88b4d4f47a9e103ceeed88971 P 7ed2ca045cc54a7c90db5e20ac309c55 [term 0 FOLLOWER]: Leader pre-election won for term 1
I20260608 09:52:52.405516 24083 raft_consensus.cc:493] T a8787bd88b4d4f47a9e103ceeed88971 P 7ed2ca045cc54a7c90db5e20ac309c55 [term 0 FOLLOWER]: Starting leader election (no leader contacted us within the election timeout)
I20260608 09:52:52.405328 24064 consensus_queue.cc:260] T f3af214c13224d42b825b508468724bb P 98ff5d7cbe6b494a8f3e03836507c93d [NON_LEADER]: Queue going to NON_LEADER mode. State: All replicated index: 0, Majority replicated index: 0, Committed index: 0, Last appended: 0.0, Last appended by leader: 0, Current term: 0, Majority size: -1, State: 0, Mode: NON_LEADER, active raft config: opid_index: -1 OBSOLETE_local: false peers { permanent_uuid: "98ff5d7cbe6b494a8f3e03836507c93d" member_type: VOTER last_known_addr { host: "127.20.100.65" port: 32771 } } peers { permanent_uuid: "11f715bb3a434e679a939de71b39f297" member_type: VOTER last_known_addr { host: "127.20.100.66" port: 35981 } } peers { permanent_uuid: "7ed2ca045cc54a7c90db5e20ac309c55" member_type: VOTER last_known_addr { host: "127.20.100.67" port: 46321 } }
I20260608 09:52:52.406011 24083 raft_consensus.cc:3060] T a8787bd88b4d4f47a9e103ceeed88971 P 7ed2ca045cc54a7c90db5e20ac309c55 [term 0 FOLLOWER]: Advancing to term 1
I20260608 09:52:52.408362 24064 ts_tablet_manager.cc:1434] T f3af214c13224d42b825b508468724bb P 98ff5d7cbe6b494a8f3e03836507c93d: Time spent starting tablet: real 0.009s	user 0.007s	sys 0.000s
I20260608 09:52:52.404567 23984 leader_election.cc:304] T ebb3fe1a921044bf9b8c693c70fc56fa P 7ed2ca045cc54a7c90db5e20ac309c55 [CANDIDATE]: Term 1 pre-election: Election decided. Result: candidate won. Election summary: received 2 responses out of 3 voters: 2 yes votes; 0 no votes. yes voters: 11f715bb3a434e679a939de71b39f297, 7ed2ca045cc54a7c90db5e20ac309c55; no voters: 
I20260608 09:52:52.409582 24064 tablet_bootstrap.cc:492] T d82ca8b6ee60448b8027a0f131fba7fa P 98ff5d7cbe6b494a8f3e03836507c93d: Bootstrap starting.
I20260608 09:52:52.410960 24065 tablet_bootstrap.cc:654] T d3b96e56760d44fd8643eb36c861c390 P 11f715bb3a434e679a939de71b39f297: Neither blocks nor log segments found. Creating new log.
I20260608 09:52:52.413973 24070 raft_consensus.cc:2804] T ebb3fe1a921044bf9b8c693c70fc56fa P 7ed2ca045cc54a7c90db5e20ac309c55 [term 0 FOLLOWER]: Leader pre-election won for term 1
I20260608 09:52:52.414443 24070 raft_consensus.cc:493] T ebb3fe1a921044bf9b8c693c70fc56fa P 7ed2ca045cc54a7c90db5e20ac309c55 [term 0 FOLLOWER]: Starting leader election (no leader contacted us within the election timeout)
I20260608 09:52:52.414870 24070 raft_consensus.cc:3060] T ebb3fe1a921044bf9b8c693c70fc56fa P 7ed2ca045cc54a7c90db5e20ac309c55 [term 0 FOLLOWER]: Advancing to term 1
I20260608 09:52:52.414554 24083 raft_consensus.cc:515] T a8787bd88b4d4f47a9e103ceeed88971 P 7ed2ca045cc54a7c90db5e20ac309c55 [term 1 FOLLOWER]: Starting leader election with config: opid_index: -1 OBSOLETE_local: false peers { permanent_uuid: "98ff5d7cbe6b494a8f3e03836507c93d" member_type: VOTER last_known_addr { host: "127.20.100.65" port: 32771 } } peers { permanent_uuid: "11f715bb3a434e679a939de71b39f297" member_type: VOTER last_known_addr { host: "127.20.100.66" port: 35981 } } peers { permanent_uuid: "7ed2ca045cc54a7c90db5e20ac309c55" member_type: VOTER last_known_addr { host: "127.20.100.67" port: 46321 } }
I20260608 09:52:52.417755 24064 tablet_bootstrap.cc:654] T d82ca8b6ee60448b8027a0f131fba7fa P 98ff5d7cbe6b494a8f3e03836507c93d: Neither blocks nor log segments found. Creating new log.
W20260608 09:52:52.418176 23983 leader_election.cc:343] T ebb3fe1a921044bf9b8c693c70fc56fa P 7ed2ca045cc54a7c90db5e20ac309c55 [CANDIDATE]: Term 1 pre-election: Tablet error from VoteRequest() call to peer 98ff5d7cbe6b494a8f3e03836507c93d (127.20.100.65:32771): Illegal state: must be running to vote when last-logged opid is not known
I20260608 09:52:52.418452 23868 tablet_service.cc:1917] Received RequestConsensusVote() RPC: tablet_id: "a8787bd88b4d4f47a9e103ceeed88971" candidate_uuid: "7ed2ca045cc54a7c90db5e20ac309c55" candidate_term: 1 candidate_status { last_received { term: 0 index: 0 } } ignore_live_leader: false dest_uuid: "98ff5d7cbe6b494a8f3e03836507c93d"
W20260608 09:52:52.419633 23983 leader_election.cc:343] T a8787bd88b4d4f47a9e103ceeed88971 P 7ed2ca045cc54a7c90db5e20ac309c55 [CANDIDATE]: Term 1 pre-election: Tablet error from VoteRequest() call to peer 98ff5d7cbe6b494a8f3e03836507c93d (127.20.100.65:32771): Illegal state: must be running to vote when last-logged opid is not known
I20260608 09:52:52.423581 23944 tablet_service.cc:1917] Received RequestConsensusVote() RPC: tablet_id: "a8787bd88b4d4f47a9e103ceeed88971" candidate_uuid: "7ed2ca045cc54a7c90db5e20ac309c55" candidate_term: 1 candidate_status { last_received { term: 0 index: 0 } } ignore_live_leader: false dest_uuid: "11f715bb3a434e679a939de71b39f297"
I20260608 09:52:52.424366 23944 raft_consensus.cc:3060] T a8787bd88b4d4f47a9e103ceeed88971 P 11f715bb3a434e679a939de71b39f297 [term 0 FOLLOWER]: Advancing to term 1
I20260608 09:52:52.427911 24071 raft_consensus.cc:493] T f3af214c13224d42b825b508468724bb P 11f715bb3a434e679a939de71b39f297 [term 0 FOLLOWER]: Starting pre-election (no leader contacted us within the election timeout)
I20260608 09:52:52.428705 24071 raft_consensus.cc:515] T f3af214c13224d42b825b508468724bb P 11f715bb3a434e679a939de71b39f297 [term 0 FOLLOWER]: Starting pre-election with config: opid_index: -1 OBSOLETE_local: false peers { permanent_uuid: "98ff5d7cbe6b494a8f3e03836507c93d" member_type: VOTER last_known_addr { host: "127.20.100.65" port: 32771 } } peers { permanent_uuid: "11f715bb3a434e679a939de71b39f297" member_type: VOTER last_known_addr { host: "127.20.100.66" port: 35981 } } peers { permanent_uuid: "7ed2ca045cc54a7c90db5e20ac309c55" member_type: VOTER last_known_addr { host: "127.20.100.67" port: 46321 } }
W20260608 09:52:52.448549 23983 leader_election.cc:343] T a8787bd88b4d4f47a9e103ceeed88971 P 7ed2ca045cc54a7c90db5e20ac309c55 [CANDIDATE]: Term 1 election: Tablet error from VoteRequest() call to peer 98ff5d7cbe6b494a8f3e03836507c93d (127.20.100.65:32771): Illegal state: must be running to vote when last-logged opid is not known
I20260608 09:52:52.450147 24071 leader_election.cc:290] T f3af214c13224d42b825b508468724bb P 11f715bb3a434e679a939de71b39f297 [CANDIDATE]: Term 1 pre-election: Requested pre-vote from peers 98ff5d7cbe6b494a8f3e03836507c93d (127.20.100.65:32771), 7ed2ca045cc54a7c90db5e20ac309c55 (127.20.100.67:46321)
I20260608 09:52:52.457358 24083 leader_election.cc:290] T a8787bd88b4d4f47a9e103ceeed88971 P 7ed2ca045cc54a7c90db5e20ac309c55 [CANDIDATE]: Term 1 election: Requested vote from peers 98ff5d7cbe6b494a8f3e03836507c93d (127.20.100.65:32771), 11f715bb3a434e679a939de71b39f297 (127.20.100.66:35981)
I20260608 09:52:52.461257 24083 raft_consensus.cc:493] T b713c5aea95348bdb35a983ae131a7c0 P 7ed2ca045cc54a7c90db5e20ac309c55 [term 0 FOLLOWER]: Starting pre-election (no leader contacted us within the election timeout)
I20260608 09:52:52.461552 23944 raft_consensus.cc:2468] T a8787bd88b4d4f47a9e103ceeed88971 P 11f715bb3a434e679a939de71b39f297 [term 1 FOLLOWER]: Leader election vote request: Granting yes vote for candidate 7ed2ca045cc54a7c90db5e20ac309c55 in term 1.
I20260608 09:52:52.464352 24066 tablet_bootstrap.cc:492] T d3b96e56760d44fd8643eb36c861c390 P 7ed2ca045cc54a7c90db5e20ac309c55: No bootstrap required, opened a new log
I20260608 09:52:52.467000 24066 ts_tablet_manager.cc:1403] T d3b96e56760d44fd8643eb36c861c390 P 7ed2ca045cc54a7c90db5e20ac309c55: Time spent bootstrapping tablet: real 0.166s	user 0.030s	sys 0.059s
I20260608 09:52:52.468566 23820 auto_leader_rebalancer.cc:140] leader rebalance for table range_aware_rebalance_new_range
I20260608 09:52:52.466534 24083 raft_consensus.cc:515] T b713c5aea95348bdb35a983ae131a7c0 P 7ed2ca045cc54a7c90db5e20ac309c55 [term 0 FOLLOWER]: Starting pre-election with config: opid_index: -1 OBSOLETE_local: false peers { permanent_uuid: "98ff5d7cbe6b494a8f3e03836507c93d" member_type: VOTER last_known_addr { host: "127.20.100.65" port: 32771 } } peers { permanent_uuid: "11f715bb3a434e679a939de71b39f297" member_type: VOTER last_known_addr { host: "127.20.100.66" port: 35981 } } peers { permanent_uuid: "7ed2ca045cc54a7c90db5e20ac309c55" member_type: VOTER last_known_addr { host: "127.20.100.67" port: 46321 } }
W20260608 09:52:52.469769 23820 auto_leader_rebalancer.cc:460] the master instance isn't leader: Service unavailable: Tablet not running
I20260608 09:52:52.471560 24066 raft_consensus.cc:359] T d3b96e56760d44fd8643eb36c861c390 P 7ed2ca045cc54a7c90db5e20ac309c55 [term 0 FOLLOWER]: Replica starting. Triggering 0 pending ops. Active config: opid_index: -1 OBSOLETE_local: false peers { permanent_uuid: "11f715bb3a434e679a939de71b39f297" member_type: VOTER last_known_addr { host: "127.20.100.66" port: 35981 } } peers { permanent_uuid: "98ff5d7cbe6b494a8f3e03836507c93d" member_type: VOTER last_known_addr { host: "127.20.100.65" port: 32771 } } peers { permanent_uuid: "7ed2ca045cc54a7c90db5e20ac309c55" member_type: VOTER last_known_addr { host: "127.20.100.67" port: 46321 } }
I20260608 09:52:52.472540 24066 raft_consensus.cc:385] T d3b96e56760d44fd8643eb36c861c390 P 7ed2ca045cc54a7c90db5e20ac309c55 [term 0 FOLLOWER]: Consensus starting up: Expiring failure detector timer to make a prompt election more likely
I20260608 09:52:52.472927 24066 raft_consensus.cc:740] T d3b96e56760d44fd8643eb36c861c390 P 7ed2ca045cc54a7c90db5e20ac309c55 [term 0 FOLLOWER]: Becoming Follower/Learner. State: Replica: 7ed2ca045cc54a7c90db5e20ac309c55, State: Initialized, Role: FOLLOWER
I20260608 09:52:52.473520 23868 tablet_service.cc:1917] Received RequestConsensusVote() RPC: tablet_id: "b713c5aea95348bdb35a983ae131a7c0" candidate_uuid: "7ed2ca045cc54a7c90db5e20ac309c55" candidate_term: 1 candidate_status { last_received { term: 0 index: 0 } } ignore_live_leader: false dest_uuid: "98ff5d7cbe6b494a8f3e03836507c93d" is_pre_election: true
I20260608 09:52:52.474476 23868 raft_consensus.cc:2468] T b713c5aea95348bdb35a983ae131a7c0 P 98ff5d7cbe6b494a8f3e03836507c93d [term 0 FOLLOWER]: Leader pre-election vote request: Granting yes vote for candidate 7ed2ca045cc54a7c90db5e20ac309c55 in term 0.
I20260608 09:52:52.474134 24066 consensus_queue.cc:260] T d3b96e56760d44fd8643eb36c861c390 P 7ed2ca045cc54a7c90db5e20ac309c55 [NON_LEADER]: Queue going to NON_LEADER mode. State: All replicated index: 0, Majority replicated index: 0, Committed index: 0, Last appended: 0.0, Last appended by leader: 0, Current term: 0, Majority size: -1, State: 0, Mode: NON_LEADER, active raft config: opid_index: -1 OBSOLETE_local: false peers { permanent_uuid: "11f715bb3a434e679a939de71b39f297" member_type: VOTER last_known_addr { host: "127.20.100.66" port: 35981 } } peers { permanent_uuid: "98ff5d7cbe6b494a8f3e03836507c93d" member_type: VOTER last_known_addr { host: "127.20.100.65" port: 32771 } } peers { permanent_uuid: "7ed2ca045cc54a7c90db5e20ac309c55" member_type: VOTER last_known_addr { host: "127.20.100.67" port: 46321 } }
I20260608 09:52:52.476819 23983 leader_election.cc:304] T b713c5aea95348bdb35a983ae131a7c0 P 7ed2ca045cc54a7c90db5e20ac309c55 [CANDIDATE]: Term 1 pre-election: Election decided. Result: candidate won. Election summary: received 2 responses out of 3 voters: 2 yes votes; 0 no votes. yes voters: 7ed2ca045cc54a7c90db5e20ac309c55, 98ff5d7cbe6b494a8f3e03836507c93d; no voters: 
I20260608 09:52:52.477419 24066 ts_tablet_manager.cc:1434] T d3b96e56760d44fd8643eb36c861c390 P 7ed2ca045cc54a7c90db5e20ac309c55: Time spent starting tablet: real 0.010s	user 0.007s	sys 0.003s
I20260608 09:52:52.478950 24066 tablet_bootstrap.cc:492] T d82ca8b6ee60448b8027a0f131fba7fa P 7ed2ca045cc54a7c90db5e20ac309c55: Bootstrap starting.
I20260608 09:52:52.493300 24089 raft_consensus.cc:2804] T b713c5aea95348bdb35a983ae131a7c0 P 7ed2ca045cc54a7c90db5e20ac309c55 [term 0 FOLLOWER]: Leader pre-election won for term 1
W20260608 09:52:52.466166 23815 auto_rebalancer.cc:259] Could not retrieve cluster info: Service unavailable: Tablet not running
I20260608 09:52:52.494808 24083 leader_election.cc:290] T b713c5aea95348bdb35a983ae131a7c0 P 7ed2ca045cc54a7c90db5e20ac309c55 [CANDIDATE]: Term 1 pre-election: Requested pre-vote from peers 98ff5d7cbe6b494a8f3e03836507c93d (127.20.100.65:32771), 11f715bb3a434e679a939de71b39f297 (127.20.100.66:35981)
I20260608 09:52:52.465380 24070 raft_consensus.cc:515] T ebb3fe1a921044bf9b8c693c70fc56fa P 7ed2ca045cc54a7c90db5e20ac309c55 [term 1 FOLLOWER]: Starting leader election with config: opid_index: -1 OBSOLETE_local: false peers { permanent_uuid: "98ff5d7cbe6b494a8f3e03836507c93d" member_type: VOTER last_known_addr { host: "127.20.100.65" port: 32771 } } peers { permanent_uuid: "11f715bb3a434e679a939de71b39f297" member_type: VOTER last_known_addr { host: "127.20.100.66" port: 35981 } } peers { permanent_uuid: "7ed2ca045cc54a7c90db5e20ac309c55" member_type: VOTER last_known_addr { host: "127.20.100.67" port: 46321 } }
I20260608 09:52:52.498417 23984 leader_election.cc:304] T a8787bd88b4d4f47a9e103ceeed88971 P 7ed2ca045cc54a7c90db5e20ac309c55 [CANDIDATE]: Term 1 election: Election decided. Result: candidate won. Election summary: received 3 responses out of 3 voters: 2 yes votes; 1 no votes. yes voters: 11f715bb3a434e679a939de71b39f297, 7ed2ca045cc54a7c90db5e20ac309c55; no voters: 98ff5d7cbe6b494a8f3e03836507c93d
I20260608 09:52:52.511119 23868 tablet_service.cc:1917] Received RequestConsensusVote() RPC: tablet_id: "ebb3fe1a921044bf9b8c693c70fc56fa" candidate_uuid: "7ed2ca045cc54a7c90db5e20ac309c55" candidate_term: 1 candidate_status { last_received { term: 0 index: 0 } } ignore_live_leader: false dest_uuid: "98ff5d7cbe6b494a8f3e03836507c93d"
W20260608 09:52:52.513176 23983 leader_election.cc:343] T ebb3fe1a921044bf9b8c693c70fc56fa P 7ed2ca045cc54a7c90db5e20ac309c55 [CANDIDATE]: Term 1 election: Tablet error from VoteRequest() call to peer 98ff5d7cbe6b494a8f3e03836507c93d (127.20.100.65:32771): Illegal state: must be running to vote when last-logged opid is not known
I20260608 09:52:52.515512 24070 leader_election.cc:290] T ebb3fe1a921044bf9b8c693c70fc56fa P 7ed2ca045cc54a7c90db5e20ac309c55 [CANDIDATE]: Term 1 election: Requested vote from peers 98ff5d7cbe6b494a8f3e03836507c93d (127.20.100.65:32771), 11f715bb3a434e679a939de71b39f297 (127.20.100.66:35981)
I20260608 09:52:52.516489 24070 raft_consensus.cc:2804] T a8787bd88b4d4f47a9e103ceeed88971 P 7ed2ca045cc54a7c90db5e20ac309c55 [term 1 FOLLOWER]: Leader election won for term 1
I20260608 09:52:52.516947 23943 tablet_service.cc:1917] Received RequestConsensusVote() RPC: tablet_id: "ebb3fe1a921044bf9b8c693c70fc56fa" candidate_uuid: "7ed2ca045cc54a7c90db5e20ac309c55" candidate_term: 1 candidate_status { last_received { term: 0 index: 0 } } ignore_live_leader: false dest_uuid: "11f715bb3a434e679a939de71b39f297"
I20260608 09:52:52.517247 24070 raft_consensus.cc:697] T a8787bd88b4d4f47a9e103ceeed88971 P 7ed2ca045cc54a7c90db5e20ac309c55 [term 1 LEADER]: Becoming Leader. State: Replica: 7ed2ca045cc54a7c90db5e20ac309c55, State: Running, Role: LEADER
I20260608 09:52:52.517859 23943 raft_consensus.cc:3060] T ebb3fe1a921044bf9b8c693c70fc56fa P 11f715bb3a434e679a939de71b39f297 [term 0 FOLLOWER]: Advancing to term 1
I20260608 09:52:52.518730 24070 consensus_queue.cc:237] T a8787bd88b4d4f47a9e103ceeed88971 P 7ed2ca045cc54a7c90db5e20ac309c55 [LEADER]: Queue going to LEADER mode. State: All replicated index: 0, Majority replicated index: 0, Committed index: 0, Last appended: 0.0, Last appended by leader: 0, Current term: 1, Majority size: 2, State: 0, Mode: LEADER, active raft config: opid_index: -1 OBSOLETE_local: false peers { permanent_uuid: "98ff5d7cbe6b494a8f3e03836507c93d" member_type: VOTER last_known_addr { host: "127.20.100.65" port: 32771 } } peers { permanent_uuid: "11f715bb3a434e679a939de71b39f297" member_type: VOTER last_known_addr { host: "127.20.100.66" port: 35981 } } peers { permanent_uuid: "7ed2ca045cc54a7c90db5e20ac309c55" member_type: VOTER last_known_addr { host: "127.20.100.67" port: 46321 } }
I20260608 09:52:52.522399 24089 raft_consensus.cc:493] T b713c5aea95348bdb35a983ae131a7c0 P 7ed2ca045cc54a7c90db5e20ac309c55 [term 0 FOLLOWER]: Starting leader election (no leader contacted us within the election timeout)
I20260608 09:52:52.523069 24089 raft_consensus.cc:3060] T b713c5aea95348bdb35a983ae131a7c0 P 7ed2ca045cc54a7c90db5e20ac309c55 [term 0 FOLLOWER]: Advancing to term 1
I20260608 09:52:52.527431 24018 tablet_service.cc:1917] Received RequestConsensusVote() RPC: tablet_id: "f3af214c13224d42b825b508468724bb" candidate_uuid: "11f715bb3a434e679a939de71b39f297" candidate_term: 1 candidate_status { last_received { term: 0 index: 0 } } ignore_live_leader: false dest_uuid: "7ed2ca045cc54a7c90db5e20ac309c55" is_pre_election: true
I20260608 09:52:52.498881 24092 raft_consensus.cc:493] T f3af214c13224d42b825b508468724bb P 7ed2ca045cc54a7c90db5e20ac309c55 [term 0 FOLLOWER]: Starting pre-election (no leader contacted us within the election timeout)
I20260608 09:52:52.500209 23944 tablet_service.cc:1917] Received RequestConsensusVote() RPC: tablet_id: "b713c5aea95348bdb35a983ae131a7c0" candidate_uuid: "7ed2ca045cc54a7c90db5e20ac309c55" candidate_term: 1 candidate_status { last_received { term: 0 index: 0 } } ignore_live_leader: false dest_uuid: "11f715bb3a434e679a939de71b39f297" is_pre_election: true
I20260608 09:52:52.529433 24092 raft_consensus.cc:515] T f3af214c13224d42b825b508468724bb P 7ed2ca045cc54a7c90db5e20ac309c55 [term 0 FOLLOWER]: Starting pre-election with config: opid_index: -1 OBSOLETE_local: false peers { permanent_uuid: "98ff5d7cbe6b494a8f3e03836507c93d" member_type: VOTER last_known_addr { host: "127.20.100.65" port: 32771 } } peers { permanent_uuid: "11f715bb3a434e679a939de71b39f297" member_type: VOTER last_known_addr { host: "127.20.100.66" port: 35981 } } peers { permanent_uuid: "7ed2ca045cc54a7c90db5e20ac309c55" member_type: VOTER last_known_addr { host: "127.20.100.67" port: 46321 } }
