I20260608 09:51:52.686589 16136 consensus_queue.cc:260] T 1383689a7f754823a0df1b4bfb98f61d P 46647d46805645ce9718f06edd1cb90b [NON_LEADER]: Queue going to NON_LEADER mode. State: All replicated index: 0, Majority replicated index: 0, Committed index: 0, Last appended: 0.0, Last appended by leader: 0, Current term: 0, Majority size: -1, State: 0, Mode: NON_LEADER, active raft config: opid_index: -1 OBSOLETE_local: false peers { permanent_uuid: "fe71c72aadd34f92853c61cb8a15896d" member_type: VOTER last_known_addr { host: "127.13.216.193" port: 44685 } } peers { permanent_uuid: "46647d46805645ce9718f06edd1cb90b" member_type: VOTER last_known_addr { host: "127.13.216.194" port: 42089 } } peers { permanent_uuid: "b6dbf89f5e20426a8ec69ee6d8285dfd" member_type: VOTER last_known_addr { host: "127.13.216.195" port: 41789 } }
I20260608 09:51:52.687353 16135 ts_tablet_manager.cc:1434] T 9e8713a4bbe841ffbb6cf64d5590eb1b P b6dbf89f5e20426a8ec69ee6d8285dfd: Time spent starting tablet: real 0.009s	user 0.008s	sys 0.000s
I20260608 09:51:52.688548 16135 tablet_bootstrap.cc:492] T 1383689a7f754823a0df1b4bfb98f61d P b6dbf89f5e20426a8ec69ee6d8285dfd: Bootstrap starting.
I20260608 09:51:52.695595 16136 ts_tablet_manager.cc:1434] T 1383689a7f754823a0df1b4bfb98f61d P 46647d46805645ce9718f06edd1cb90b: Time spent starting tablet: real 0.014s	user 0.013s	sys 0.000s
I20260608 09:51:52.696770 16136 tablet_bootstrap.cc:492] T 9e8713a4bbe841ffbb6cf64d5590eb1b P 46647d46805645ce9718f06edd1cb90b: Bootstrap starting.
I20260608 09:51:52.697925 16135 tablet_bootstrap.cc:654] T 1383689a7f754823a0df1b4bfb98f61d P b6dbf89f5e20426a8ec69ee6d8285dfd: Neither blocks nor log segments found. Creating new log.
I20260608 09:51:52.704555 16136 tablet_bootstrap.cc:654] T 9e8713a4bbe841ffbb6cf64d5590eb1b P 46647d46805645ce9718f06edd1cb90b: Neither blocks nor log segments found. Creating new log.
I20260608 09:51:52.708668 16135 tablet_bootstrap.cc:492] T 1383689a7f754823a0df1b4bfb98f61d P b6dbf89f5e20426a8ec69ee6d8285dfd: No bootstrap required, opened a new log
I20260608 09:51:52.709192 16135 ts_tablet_manager.cc:1403] T 1383689a7f754823a0df1b4bfb98f61d P b6dbf89f5e20426a8ec69ee6d8285dfd: Time spent bootstrapping tablet: real 0.021s	user 0.007s	sys 0.011s
I20260608 09:51:52.710557 16136 tablet_bootstrap.cc:492] T 9e8713a4bbe841ffbb6cf64d5590eb1b P 46647d46805645ce9718f06edd1cb90b: No bootstrap required, opened a new log
I20260608 09:51:52.711047 16136 ts_tablet_manager.cc:1403] T 9e8713a4bbe841ffbb6cf64d5590eb1b P 46647d46805645ce9718f06edd1cb90b: Time spent bootstrapping tablet: real 0.015s	user 0.010s	sys 0.002s
I20260608 09:51:52.712208 16135 raft_consensus.cc:359] T 1383689a7f754823a0df1b4bfb98f61d P b6dbf89f5e20426a8ec69ee6d8285dfd [term 0 FOLLOWER]: Replica starting. Triggering 0 pending ops. Active config: opid_index: -1 OBSOLETE_local: false peers { permanent_uuid: "fe71c72aadd34f92853c61cb8a15896d" member_type: VOTER last_known_addr { host: "127.13.216.193" port: 44685 } } peers { permanent_uuid: "46647d46805645ce9718f06edd1cb90b" member_type: VOTER last_known_addr { host: "127.13.216.194" port: 42089 } } peers { permanent_uuid: "b6dbf89f5e20426a8ec69ee6d8285dfd" member_type: VOTER last_known_addr { host: "127.13.216.195" port: 41789 } }
I20260608 09:51:52.712950 16135 raft_consensus.cc:385] T 1383689a7f754823a0df1b4bfb98f61d P b6dbf89f5e20426a8ec69ee6d8285dfd [term 0 FOLLOWER]: Consensus starting up: Expiring failure detector timer to make a prompt election more likely
I20260608 09:51:52.713264 16135 raft_consensus.cc:740] T 1383689a7f754823a0df1b4bfb98f61d P b6dbf89f5e20426a8ec69ee6d8285dfd [term 0 FOLLOWER]: Becoming Follower/Learner. State: Replica: b6dbf89f5e20426a8ec69ee6d8285dfd, State: Initialized, Role: FOLLOWER
I20260608 09:51:52.713940 16136 raft_consensus.cc:359] T 9e8713a4bbe841ffbb6cf64d5590eb1b P 46647d46805645ce9718f06edd1cb90b [term 0 FOLLOWER]: Replica starting. Triggering 0 pending ops. Active config: opid_index: -1 OBSOLETE_local: false peers { permanent_uuid: "fe71c72aadd34f92853c61cb8a15896d" member_type: VOTER last_known_addr { host: "127.13.216.193" port: 44685 } } peers { permanent_uuid: "b6dbf89f5e20426a8ec69ee6d8285dfd" member_type: VOTER last_known_addr { host: "127.13.216.195" port: 41789 } } peers { permanent_uuid: "46647d46805645ce9718f06edd1cb90b" member_type: VOTER last_known_addr { host: "127.13.216.194" port: 42089 } }
I20260608 09:51:52.714099 16135 consensus_queue.cc:260] T 1383689a7f754823a0df1b4bfb98f61d P b6dbf89f5e20426a8ec69ee6d8285dfd [NON_LEADER]: Queue going to NON_LEADER mode. State: All replicated index: 0, Majority replicated index: 0, Committed index: 0, Last appended: 0.0, Last appended by leader: 0, Current term: 0, Majority size: -1, State: 0, Mode: NON_LEADER, active raft config: opid_index: -1 OBSOLETE_local: false peers { permanent_uuid: "fe71c72aadd34f92853c61cb8a15896d" member_type: VOTER last_known_addr { host: "127.13.216.193" port: 44685 } } peers { permanent_uuid: "46647d46805645ce9718f06edd1cb90b" member_type: VOTER last_known_addr { host: "127.13.216.194" port: 42089 } } peers { permanent_uuid: "b6dbf89f5e20426a8ec69ee6d8285dfd" member_type: VOTER last_known_addr { host: "127.13.216.195" port: 41789 } }
I20260608 09:51:52.714681 16136 raft_consensus.cc:385] T 9e8713a4bbe841ffbb6cf64d5590eb1b P 46647d46805645ce9718f06edd1cb90b [term 0 FOLLOWER]: Consensus starting up: Expiring failure detector timer to make a prompt election more likely
I20260608 09:51:52.715001 16136 raft_consensus.cc:740] T 9e8713a4bbe841ffbb6cf64d5590eb1b P 46647d46805645ce9718f06edd1cb90b [term 0 FOLLOWER]: Becoming Follower/Learner. State: Replica: 46647d46805645ce9718f06edd1cb90b, State: Initialized, Role: FOLLOWER
I20260608 09:51:52.715832 16136 consensus_queue.cc:260] T 9e8713a4bbe841ffbb6cf64d5590eb1b P 46647d46805645ce9718f06edd1cb90b [NON_LEADER]: Queue going to NON_LEADER mode. State: All replicated index: 0, Majority replicated index: 0, Committed index: 0, Last appended: 0.0, Last appended by leader: 0, Current term: 0, Majority size: -1, State: 0, Mode: NON_LEADER, active raft config: opid_index: -1 OBSOLETE_local: false peers { permanent_uuid: "fe71c72aadd34f92853c61cb8a15896d" member_type: VOTER last_known_addr { host: "127.13.216.193" port: 44685 } } peers { permanent_uuid: "b6dbf89f5e20426a8ec69ee6d8285dfd" member_type: VOTER last_known_addr { host: "127.13.216.195" port: 41789 } } peers { permanent_uuid: "46647d46805645ce9718f06edd1cb90b" member_type: VOTER last_known_addr { host: "127.13.216.194" port: 42089 } }
I20260608 09:51:52.716410 16135 ts_tablet_manager.cc:1434] T 1383689a7f754823a0df1b4bfb98f61d P b6dbf89f5e20426a8ec69ee6d8285dfd: Time spent starting tablet: real 0.007s	user 0.002s	sys 0.003s
I20260608 09:51:52.718072 16136 ts_tablet_manager.cc:1434] T 9e8713a4bbe841ffbb6cf64d5590eb1b P 46647d46805645ce9718f06edd1cb90b: Time spent starting tablet: real 0.007s	user 0.004s	sys 0.004s
I20260608 09:51:52.814432 16142 raft_consensus.cc:493] T 9e8713a4bbe841ffbb6cf64d5590eb1b P 46647d46805645ce9718f06edd1cb90b [term 0 FOLLOWER]: Starting pre-election (no leader contacted us within the election timeout)
I20260608 09:51:52.814921 16142 raft_consensus.cc:515] T 9e8713a4bbe841ffbb6cf64d5590eb1b P 46647d46805645ce9718f06edd1cb90b [term 0 FOLLOWER]: Starting pre-election with config: opid_index: -1 OBSOLETE_local: false peers { permanent_uuid: "fe71c72aadd34f92853c61cb8a15896d" member_type: VOTER last_known_addr { host: "127.13.216.193" port: 44685 } } peers { permanent_uuid: "b6dbf89f5e20426a8ec69ee6d8285dfd" member_type: VOTER last_known_addr { host: "127.13.216.195" port: 41789 } } peers { permanent_uuid: "46647d46805645ce9718f06edd1cb90b" member_type: VOTER last_known_addr { host: "127.13.216.194" port: 42089 } }
I20260608 09:51:52.817329 16142 leader_election.cc:290] T 9e8713a4bbe841ffbb6cf64d5590eb1b P 46647d46805645ce9718f06edd1cb90b [CANDIDATE]: Term 1 pre-election: Requested pre-vote from peers fe71c72aadd34f92853c61cb8a15896d (127.13.216.193:44685), b6dbf89f5e20426a8ec69ee6d8285dfd (127.13.216.195:41789)
I20260608 09:51:52.828585 15940 tablet_service.cc:1917] Received RequestConsensusVote() RPC: tablet_id: "9e8713a4bbe841ffbb6cf64d5590eb1b" candidate_uuid: "46647d46805645ce9718f06edd1cb90b" candidate_term: 1 candidate_status { last_received { term: 0 index: 0 } } ignore_live_leader: false dest_uuid: "fe71c72aadd34f92853c61cb8a15896d" is_pre_election: true
I20260608 09:51:52.828574 16089 tablet_service.cc:1917] Received RequestConsensusVote() RPC: tablet_id: "9e8713a4bbe841ffbb6cf64d5590eb1b" candidate_uuid: "46647d46805645ce9718f06edd1cb90b" candidate_term: 1 candidate_status { last_received { term: 0 index: 0 } } ignore_live_leader: false dest_uuid: "b6dbf89f5e20426a8ec69ee6d8285dfd" is_pre_election: true
I20260608 09:51:52.829594 15940 raft_consensus.cc:2468] T 9e8713a4bbe841ffbb6cf64d5590eb1b P fe71c72aadd34f92853c61cb8a15896d [term 0 FOLLOWER]: Leader pre-election vote request: Granting yes vote for candidate 46647d46805645ce9718f06edd1cb90b in term 0.
I20260608 09:51:52.829658 16089 raft_consensus.cc:2468] T 9e8713a4bbe841ffbb6cf64d5590eb1b P b6dbf89f5e20426a8ec69ee6d8285dfd [term 0 FOLLOWER]: Leader pre-election vote request: Granting yes vote for candidate 46647d46805645ce9718f06edd1cb90b in term 0.
I20260608 09:51:52.831107 15979 leader_election.cc:304] T 9e8713a4bbe841ffbb6cf64d5590eb1b P 46647d46805645ce9718f06edd1cb90b [CANDIDATE]: Term 1 pre-election: Election decided. Result: candidate won. Election summary: received 2 responses out of 3 voters: 2 yes votes; 0 no votes. yes voters: 46647d46805645ce9718f06edd1cb90b, b6dbf89f5e20426a8ec69ee6d8285dfd; no voters: 
I20260608 09:51:52.831799 16142 raft_consensus.cc:2804] T 9e8713a4bbe841ffbb6cf64d5590eb1b P 46647d46805645ce9718f06edd1cb90b [term 0 FOLLOWER]: Leader pre-election won for term 1
I20260608 09:51:52.832098 16142 raft_consensus.cc:493] T 9e8713a4bbe841ffbb6cf64d5590eb1b P 46647d46805645ce9718f06edd1cb90b [term 0 FOLLOWER]: Starting leader election (no leader contacted us within the election timeout)
I20260608 09:51:52.832388 16142 raft_consensus.cc:3060] T 9e8713a4bbe841ffbb6cf64d5590eb1b P 46647d46805645ce9718f06edd1cb90b [term 0 FOLLOWER]: Advancing to term 1
I20260608 09:51:52.837044 16142 raft_consensus.cc:515] T 9e8713a4bbe841ffbb6cf64d5590eb1b P 46647d46805645ce9718f06edd1cb90b [term 1 FOLLOWER]: Starting leader election with config: opid_index: -1 OBSOLETE_local: false peers { permanent_uuid: "fe71c72aadd34f92853c61cb8a15896d" member_type: VOTER last_known_addr { host: "127.13.216.193" port: 44685 } } peers { permanent_uuid: "b6dbf89f5e20426a8ec69ee6d8285dfd" member_type: VOTER last_known_addr { host: "127.13.216.195" port: 41789 } } peers { permanent_uuid: "46647d46805645ce9718f06edd1cb90b" member_type: VOTER last_known_addr { host: "127.13.216.194" port: 42089 } }
I20260608 09:51:52.838662 16142 leader_election.cc:290] T 9e8713a4bbe841ffbb6cf64d5590eb1b P 46647d46805645ce9718f06edd1cb90b [CANDIDATE]: Term 1 election: Requested vote from peers fe71c72aadd34f92853c61cb8a15896d (127.13.216.193:44685), b6dbf89f5e20426a8ec69ee6d8285dfd (127.13.216.195:41789)
I20260608 09:51:52.839525 15940 tablet_service.cc:1917] Received RequestConsensusVote() RPC: tablet_id: "9e8713a4bbe841ffbb6cf64d5590eb1b" candidate_uuid: "46647d46805645ce9718f06edd1cb90b" candidate_term: 1 candidate_status { last_received { term: 0 index: 0 } } ignore_live_leader: false dest_uuid: "fe71c72aadd34f92853c61cb8a15896d"
I20260608 09:51:52.839725 16089 tablet_service.cc:1917] Received RequestConsensusVote() RPC: tablet_id: "9e8713a4bbe841ffbb6cf64d5590eb1b" candidate_uuid: "46647d46805645ce9718f06edd1cb90b" candidate_term: 1 candidate_status { last_received { term: 0 index: 0 } } ignore_live_leader: false dest_uuid: "b6dbf89f5e20426a8ec69ee6d8285dfd"
I20260608 09:51:52.840008 15940 raft_consensus.cc:3060] T 9e8713a4bbe841ffbb6cf64d5590eb1b P fe71c72aadd34f92853c61cb8a15896d [term 0 FOLLOWER]: Advancing to term 1
I20260608 09:51:52.840282 16089 raft_consensus.cc:3060] T 9e8713a4bbe841ffbb6cf64d5590eb1b P b6dbf89f5e20426a8ec69ee6d8285dfd [term 0 FOLLOWER]: Advancing to term 1
I20260608 09:51:52.845588 15940 raft_consensus.cc:2468] T 9e8713a4bbe841ffbb6cf64d5590eb1b P fe71c72aadd34f92853c61cb8a15896d [term 1 FOLLOWER]: Leader election vote request: Granting yes vote for candidate 46647d46805645ce9718f06edd1cb90b in term 1.
I20260608 09:51:52.846083 16089 raft_consensus.cc:2468] T 9e8713a4bbe841ffbb6cf64d5590eb1b P b6dbf89f5e20426a8ec69ee6d8285dfd [term 1 FOLLOWER]: Leader election vote request: Granting yes vote for candidate 46647d46805645ce9718f06edd1cb90b in term 1.
I20260608 09:51:52.846834 15978 leader_election.cc:304] T 9e8713a4bbe841ffbb6cf64d5590eb1b P 46647d46805645ce9718f06edd1cb90b [CANDIDATE]: Term 1 election: Election decided. Result: candidate won. Election summary: received 2 responses out of 3 voters: 2 yes votes; 0 no votes. yes voters: 46647d46805645ce9718f06edd1cb90b, fe71c72aadd34f92853c61cb8a15896d; no voters: 
I20260608 09:51:52.847574 16142 raft_consensus.cc:2804] T 9e8713a4bbe841ffbb6cf64d5590eb1b P 46647d46805645ce9718f06edd1cb90b [term 1 FOLLOWER]: Leader election won for term 1
I20260608 09:51:52.848634 16142 raft_consensus.cc:697] T 9e8713a4bbe841ffbb6cf64d5590eb1b P 46647d46805645ce9718f06edd1cb90b [term 1 LEADER]: Becoming Leader. State: Replica: 46647d46805645ce9718f06edd1cb90b, State: Running, Role: LEADER
I20260608 09:51:52.849306 16142 consensus_queue.cc:237] T 9e8713a4bbe841ffbb6cf64d5590eb1b P 46647d46805645ce9718f06edd1cb90b [LEADER]: Queue going to LEADER mode. State: All replicated index: 0, Majority replicated index: 0, Committed index: 0, Last appended: 0.0, Last appended by leader: 0, Current term: 1, Majority size: 2, State: 0, Mode: LEADER, active raft config: opid_index: -1 OBSOLETE_local: false peers { permanent_uuid: "fe71c72aadd34f92853c61cb8a15896d" member_type: VOTER last_known_addr { host: "127.13.216.193" port: 44685 } } peers { permanent_uuid: "b6dbf89f5e20426a8ec69ee6d8285dfd" member_type: VOTER last_known_addr { host: "127.13.216.195" port: 41789 } } peers { permanent_uuid: "46647d46805645ce9718f06edd1cb90b" member_type: VOTER last_known_addr { host: "127.13.216.194" port: 42089 } }
I20260608 09:51:52.857774 15836 catalog_manager.cc:5696] T 9e8713a4bbe841ffbb6cf64d5590eb1b P 46647d46805645ce9718f06edd1cb90b reported cstate change: term changed from 0 to 1, leader changed from <none> to 46647d46805645ce9718f06edd1cb90b (127.13.216.194). New cstate: current_term: 1 leader_uuid: "46647d46805645ce9718f06edd1cb90b" committed_config { opid_index: -1 OBSOLETE_local: false peers { permanent_uuid: "fe71c72aadd34f92853c61cb8a15896d" member_type: VOTER last_known_addr { host: "127.13.216.193" port: 44685 } health_report { overall_health: UNKNOWN } } peers { permanent_uuid: "b6dbf89f5e20426a8ec69ee6d8285dfd" member_type: VOTER last_known_addr { host: "127.13.216.195" port: 41789 } health_report { overall_health: UNKNOWN } } peers { permanent_uuid: "46647d46805645ce9718f06edd1cb90b" member_type: VOTER last_known_addr { host: "127.13.216.194" port: 42089 } health_report { overall_health: HEALTHY } } }
I20260608 09:51:52.881839 16142 raft_consensus.cc:493] T 1383689a7f754823a0df1b4bfb98f61d P 46647d46805645ce9718f06edd1cb90b [term 0 FOLLOWER]: Starting pre-election (no leader contacted us within the election timeout)
I20260608 09:51:52.882318 16142 raft_consensus.cc:515] T 1383689a7f754823a0df1b4bfb98f61d P 46647d46805645ce9718f06edd1cb90b [term 0 FOLLOWER]: Starting pre-election with config: opid_index: -1 OBSOLETE_local: false peers { permanent_uuid: "fe71c72aadd34f92853c61cb8a15896d" member_type: VOTER last_known_addr { host: "127.13.216.193" port: 44685 } } peers { permanent_uuid: "46647d46805645ce9718f06edd1cb90b" member_type: VOTER last_known_addr { host: "127.13.216.194" port: 42089 } } peers { permanent_uuid: "b6dbf89f5e20426a8ec69ee6d8285dfd" member_type: VOTER last_known_addr { host: "127.13.216.195" port: 41789 } }
I20260608 09:51:52.883984 16142 leader_election.cc:290] T 1383689a7f754823a0df1b4bfb98f61d P 46647d46805645ce9718f06edd1cb90b [CANDIDATE]: Term 1 pre-election: Requested pre-vote from peers fe71c72aadd34f92853c61cb8a15896d (127.13.216.193:44685), b6dbf89f5e20426a8ec69ee6d8285dfd (127.13.216.195:41789)
I20260608 09:51:52.885043 15940 tablet_service.cc:1917] Received RequestConsensusVote() RPC: tablet_id: "1383689a7f754823a0df1b4bfb98f61d" candidate_uuid: "46647d46805645ce9718f06edd1cb90b" candidate_term: 1 candidate_status { last_received { term: 0 index: 0 } } ignore_live_leader: false dest_uuid: "fe71c72aadd34f92853c61cb8a15896d" is_pre_election: true
I20260608 09:51:52.885174 16089 tablet_service.cc:1917] Received RequestConsensusVote() RPC: tablet_id: "1383689a7f754823a0df1b4bfb98f61d" candidate_uuid: "46647d46805645ce9718f06edd1cb90b" candidate_term: 1 candidate_status { last_received { term: 0 index: 0 } } ignore_live_leader: false dest_uuid: "b6dbf89f5e20426a8ec69ee6d8285dfd" is_pre_election: true
I20260608 09:51:52.885843 15940 raft_consensus.cc:2468] T 1383689a7f754823a0df1b4bfb98f61d P fe71c72aadd34f92853c61cb8a15896d [term 0 FOLLOWER]: Leader pre-election vote request: Granting yes vote for candidate 46647d46805645ce9718f06edd1cb90b in term 0.
I20260608 09:51:52.885877 16089 raft_consensus.cc:2468] T 1383689a7f754823a0df1b4bfb98f61d P b6dbf89f5e20426a8ec69ee6d8285dfd [term 0 FOLLOWER]: Leader pre-election vote request: Granting yes vote for candidate 46647d46805645ce9718f06edd1cb90b in term 0.
I20260608 09:51:52.886930 15978 leader_election.cc:304] T 1383689a7f754823a0df1b4bfb98f61d P 46647d46805645ce9718f06edd1cb90b [CANDIDATE]: Term 1 pre-election: Election decided. Result: candidate won. Election summary: received 2 responses out of 3 voters: 2 yes votes; 0 no votes. yes voters: 46647d46805645ce9718f06edd1cb90b, fe71c72aadd34f92853c61cb8a15896d; no voters: 
I20260608 09:51:52.887639 16142 raft_consensus.cc:2804] T 1383689a7f754823a0df1b4bfb98f61d P 46647d46805645ce9718f06edd1cb90b [term 0 FOLLOWER]: Leader pre-election won for term 1
I20260608 09:51:52.887934 16142 raft_consensus.cc:493] T 1383689a7f754823a0df1b4bfb98f61d P 46647d46805645ce9718f06edd1cb90b [term 0 FOLLOWER]: Starting leader election (no leader contacted us within the election timeout)
I20260608 09:51:52.888226 16142 raft_consensus.cc:3060] T 1383689a7f754823a0df1b4bfb98f61d P 46647d46805645ce9718f06edd1cb90b [term 0 FOLLOWER]: Advancing to term 1
I20260608 09:51:52.892944 16142 raft_consensus.cc:515] T 1383689a7f754823a0df1b4bfb98f61d P 46647d46805645ce9718f06edd1cb90b [term 1 FOLLOWER]: Starting leader election with config: opid_index: -1 OBSOLETE_local: false peers { permanent_uuid: "fe71c72aadd34f92853c61cb8a15896d" member_type: VOTER last_known_addr { host: "127.13.216.193" port: 44685 } } peers { permanent_uuid: "46647d46805645ce9718f06edd1cb90b" member_type: VOTER last_known_addr { host: "127.13.216.194" port: 42089 } } peers { permanent_uuid: "b6dbf89f5e20426a8ec69ee6d8285dfd" member_type: VOTER last_known_addr { host: "127.13.216.195" port: 41789 } }
I20260608 09:51:52.894632 16142 leader_election.cc:290] T 1383689a7f754823a0df1b4bfb98f61d P 46647d46805645ce9718f06edd1cb90b [CANDIDATE]: Term 1 election: Requested vote from peers fe71c72aadd34f92853c61cb8a15896d (127.13.216.193:44685), b6dbf89f5e20426a8ec69ee6d8285dfd (127.13.216.195:41789)
I20260608 09:51:52.895542 15940 tablet_service.cc:1917] Received RequestConsensusVote() RPC: tablet_id: "1383689a7f754823a0df1b4bfb98f61d" candidate_uuid: "46647d46805645ce9718f06edd1cb90b" candidate_term: 1 candidate_status { last_received { term: 0 index: 0 } } ignore_live_leader: false dest_uuid: "fe71c72aadd34f92853c61cb8a15896d"
I20260608 09:51:52.895720 16089 tablet_service.cc:1917] Received RequestConsensusVote() RPC: tablet_id: "1383689a7f754823a0df1b4bfb98f61d" candidate_uuid: "46647d46805645ce9718f06edd1cb90b" candidate_term: 1 candidate_status { last_received { term: 0 index: 0 } } ignore_live_leader: false dest_uuid: "b6dbf89f5e20426a8ec69ee6d8285dfd"
I20260608 09:51:52.896013 15940 raft_consensus.cc:3060] T 1383689a7f754823a0df1b4bfb98f61d P fe71c72aadd34f92853c61cb8a15896d [term 0 FOLLOWER]: Advancing to term 1
I20260608 09:51:52.896256 16089 raft_consensus.cc:3060] T 1383689a7f754823a0df1b4bfb98f61d P b6dbf89f5e20426a8ec69ee6d8285dfd [term 0 FOLLOWER]: Advancing to term 1
I20260608 09:51:52.900877 15940 raft_consensus.cc:2468] T 1383689a7f754823a0df1b4bfb98f61d P fe71c72aadd34f92853c61cb8a15896d [term 1 FOLLOWER]: Leader election vote request: Granting yes vote for candidate 46647d46805645ce9718f06edd1cb90b in term 1.
I20260608 09:51:52.901651 16089 raft_consensus.cc:2468] T 1383689a7f754823a0df1b4bfb98f61d P b6dbf89f5e20426a8ec69ee6d8285dfd [term 1 FOLLOWER]: Leader election vote request: Granting yes vote for candidate 46647d46805645ce9718f06edd1cb90b in term 1.
I20260608 09:51:52.902093 15978 leader_election.cc:304] T 1383689a7f754823a0df1b4bfb98f61d P 46647d46805645ce9718f06edd1cb90b [CANDIDATE]: Term 1 election: Election decided. Result: candidate won. Election summary: received 2 responses out of 3 voters: 2 yes votes; 0 no votes. yes voters: 46647d46805645ce9718f06edd1cb90b, fe71c72aadd34f92853c61cb8a15896d; no voters: 
I20260608 09:51:52.902925 16142 raft_consensus.cc:2804] T 1383689a7f754823a0df1b4bfb98f61d P 46647d46805645ce9718f06edd1cb90b [term 1 FOLLOWER]: Leader election won for term 1
I20260608 09:51:52.903431 16142 raft_consensus.cc:697] T 1383689a7f754823a0df1b4bfb98f61d P 46647d46805645ce9718f06edd1cb90b [term 1 LEADER]: Becoming Leader. State: Replica: 46647d46805645ce9718f06edd1cb90b, State: Running, Role: LEADER
I20260608 09:51:52.904143 16142 consensus_queue.cc:237] T 1383689a7f754823a0df1b4bfb98f61d P 46647d46805645ce9718f06edd1cb90b [LEADER]: Queue going to LEADER mode. State: All replicated index: 0, Majority replicated index: 0, Committed index: 0, Last appended: 0.0, Last appended by leader: 0, Current term: 1, Majority size: 2, State: 0, Mode: LEADER, active raft config: opid_index: -1 OBSOLETE_local: false peers { permanent_uuid: "fe71c72aadd34f92853c61cb8a15896d" member_type: VOTER last_known_addr { host: "127.13.216.193" port: 44685 } } peers { permanent_uuid: "46647d46805645ce9718f06edd1cb90b" member_type: VOTER last_known_addr { host: "127.13.216.194" port: 42089 } } peers { permanent_uuid: "b6dbf89f5e20426a8ec69ee6d8285dfd" member_type: VOTER last_known_addr { host: "127.13.216.195" port: 41789 } }
I20260608 09:51:52.911154 15836 catalog_manager.cc:5696] T 1383689a7f754823a0df1b4bfb98f61d P 46647d46805645ce9718f06edd1cb90b reported cstate change: term changed from 0 to 1, leader changed from <none> to 46647d46805645ce9718f06edd1cb90b (127.13.216.194). New cstate: current_term: 1 leader_uuid: "46647d46805645ce9718f06edd1cb90b" committed_config { opid_index: -1 OBSOLETE_local: false peers { permanent_uuid: "fe71c72aadd34f92853c61cb8a15896d" member_type: VOTER last_known_addr { host: "127.13.216.193" port: 44685 } health_report { overall_health: UNKNOWN } } peers { permanent_uuid: "46647d46805645ce9718f06edd1cb90b" member_type: VOTER last_known_addr { host: "127.13.216.194" port: 42089 } health_report { overall_health: HEALTHY } } peers { permanent_uuid: "b6dbf89f5e20426a8ec69ee6d8285dfd" member_type: VOTER last_known_addr { host: "127.13.216.195" port: 41789 } health_report { overall_health: UNKNOWN } } }
I20260608 09:51:53.105254 15891 auto_leader_rebalancer.cc:140] leader rebalance for table test-workload
I20260608 09:51:53.118189 16015 tablet_service.cc:2072] Received LeaderStepDown RPC: tablet_id: "9e8713a4bbe841ffbb6cf64d5590eb1b"
dest_uuid: "46647d46805645ce9718f06edd1cb90b"
mode: GRACEFUL
new_leader_uuid: "fe71c72aadd34f92853c61cb8a15896d"
 from {username='slave'} at 127.0.0.1:43904
I20260608 09:51:53.118848 16015 raft_consensus.cc:606] T 9e8713a4bbe841ffbb6cf64d5590eb1b P 46647d46805645ce9718f06edd1cb90b [term 1 LEADER]: Received request to transfer leadership to TS fe71c72aadd34f92853c61cb8a15896d
I20260608 09:51:53.120090 15891 auto_leader_rebalancer.cc:388] table: test-workload, leader rebalance finish, leader transfer count: 1
I20260608 09:51:53.120473 15891 auto_leader_rebalancer.cc:451] All tables' leader rebalancing finished this round
I20260608 09:51:53.315896 16142 consensus_queue.cc:1048] T 9e8713a4bbe841ffbb6cf64d5590eb1b P 46647d46805645ce9718f06edd1cb90b [LEADER]: Connected to new peer: Peer: permanent_uuid: "b6dbf89f5e20426a8ec69ee6d8285dfd" member_type: VOTER last_known_addr { host: "127.13.216.195" port: 41789 }, Status: LMP_MISMATCH, Last received: 0.0, Next index: 1, Last known committed idx: 0, Time since last communication: 0.000s
I20260608 09:51:53.329733 16142 consensus_queue.cc:1048] T 9e8713a4bbe841ffbb6cf64d5590eb1b P 46647d46805645ce9718f06edd1cb90b [LEADER]: Connected to new peer: Peer: permanent_uuid: "fe71c72aadd34f92853c61cb8a15896d" member_type: VOTER last_known_addr { host: "127.13.216.193" port: 44685 }, Status: LMP_MISMATCH, Last received: 0.0, Next index: 1, Last known committed idx: 0, Time since last communication: 0.000s
I20260608 09:51:53.337934 16147 raft_consensus.cc:993] T 9e8713a4bbe841ffbb6cf64d5590eb1b P 46647d46805645ce9718f06edd1cb90b: : Instructing follower fe71c72aadd34f92853c61cb8a15896d to start an election
I20260608 09:51:53.338410 16142 raft_consensus.cc:1081] T 9e8713a4bbe841ffbb6cf64d5590eb1b P 46647d46805645ce9718f06edd1cb90b [term 1 LEADER]: Signalling peer fe71c72aadd34f92853c61cb8a15896d to start an election
I20260608 09:51:53.339996 15940 tablet_service.cc:2044] Received Run Leader Election RPC: tablet_id: "9e8713a4bbe841ffbb6cf64d5590eb1b"
dest_uuid: "fe71c72aadd34f92853c61cb8a15896d"
 from {username='slave'} at 127.0.0.1:47476
I20260608 09:51:53.340512 15940 raft_consensus.cc:493] T 9e8713a4bbe841ffbb6cf64d5590eb1b P fe71c72aadd34f92853c61cb8a15896d [term 1 FOLLOWER]: Starting forced leader election (received explicit request)
I20260608 09:51:53.340902 15940 raft_consensus.cc:3060] T 9e8713a4bbe841ffbb6cf64d5590eb1b P fe71c72aadd34f92853c61cb8a15896d [term 1 FOLLOWER]: Advancing to term 2
I20260608 09:51:53.345293 15940 raft_consensus.cc:515] T 9e8713a4bbe841ffbb6cf64d5590eb1b P fe71c72aadd34f92853c61cb8a15896d [term 2 FOLLOWER]: Starting forced leader election with config: opid_index: -1 OBSOLETE_local: false peers { permanent_uuid: "fe71c72aadd34f92853c61cb8a15896d" member_type: VOTER last_known_addr { host: "127.13.216.193" port: 44685 } } peers { permanent_uuid: "b6dbf89f5e20426a8ec69ee6d8285dfd" member_type: VOTER last_known_addr { host: "127.13.216.195" port: 41789 } } peers { permanent_uuid: "46647d46805645ce9718f06edd1cb90b" member_type: VOTER last_known_addr { host: "127.13.216.194" port: 42089 } }
I20260608 09:51:53.347430 15940 leader_election.cc:290] T 9e8713a4bbe841ffbb6cf64d5590eb1b P fe71c72aadd34f92853c61cb8a15896d [CANDIDATE]: Term 2 election: Requested vote from peers b6dbf89f5e20426a8ec69ee6d8285dfd (127.13.216.195:41789), 46647d46805645ce9718f06edd1cb90b (127.13.216.194:42089)
I20260608 09:51:53.358052 16089 tablet_service.cc:1917] Received RequestConsensusVote() RPC: tablet_id: "9e8713a4bbe841ffbb6cf64d5590eb1b" candidate_uuid: "fe71c72aadd34f92853c61cb8a15896d" candidate_term: 2 candidate_status { last_received { term: 1 index: 1 } } ignore_live_leader: true dest_uuid: "b6dbf89f5e20426a8ec69ee6d8285dfd"
I20260608 09:51:53.358826 16089 raft_consensus.cc:3060] T 9e8713a4bbe841ffbb6cf64d5590eb1b P b6dbf89f5e20426a8ec69ee6d8285dfd [term 1 FOLLOWER]: Advancing to term 2
I20260608 09:51:53.360631 16015 tablet_service.cc:1917] Received RequestConsensusVote() RPC: tablet_id: "9e8713a4bbe841ffbb6cf64d5590eb1b" candidate_uuid: "fe71c72aadd34f92853c61cb8a15896d" candidate_term: 2 candidate_status { last_received { term: 1 index: 1 } } ignore_live_leader: true dest_uuid: "46647d46805645ce9718f06edd1cb90b"
I20260608 09:51:53.361106 16015 raft_consensus.cc:3055] T 9e8713a4bbe841ffbb6cf64d5590eb1b P 46647d46805645ce9718f06edd1cb90b [term 1 LEADER]: Stepping down as leader of term 1
I20260608 09:51:53.361367 16015 raft_consensus.cc:740] T 9e8713a4bbe841ffbb6cf64d5590eb1b P 46647d46805645ce9718f06edd1cb90b [term 1 LEADER]: Becoming Follower/Learner. State: Replica: 46647d46805645ce9718f06edd1cb90b, State: Running, Role: LEADER
I20260608 09:51:53.362174 16015 consensus_queue.cc:260] T 9e8713a4bbe841ffbb6cf64d5590eb1b P 46647d46805645ce9718f06edd1cb90b [NON_LEADER]: Queue going to NON_LEADER mode. State: All replicated index: 0, Majority replicated index: 1, Committed index: 1, Last appended: 1.1, Last appended by leader: 1, Current term: 1, Majority size: -1, State: 0, Mode: NON_LEADER, active raft config: opid_index: -1 OBSOLETE_local: false peers { permanent_uuid: "fe71c72aadd34f92853c61cb8a15896d" member_type: VOTER last_known_addr { host: "127.13.216.193" port: 44685 } } peers { permanent_uuid: "b6dbf89f5e20426a8ec69ee6d8285dfd" member_type: VOTER last_known_addr { host: "127.13.216.195" port: 41789 } } peers { permanent_uuid: "46647d46805645ce9718f06edd1cb90b" member_type: VOTER last_known_addr { host: "127.13.216.194" port: 42089 } }
I20260608 09:51:53.363106 16015 raft_consensus.cc:3060] T 9e8713a4bbe841ffbb6cf64d5590eb1b P 46647d46805645ce9718f06edd1cb90b [term 1 FOLLOWER]: Advancing to term 2
I20260608 09:51:53.364365 16089 raft_consensus.cc:2468] T 9e8713a4bbe841ffbb6cf64d5590eb1b P b6dbf89f5e20426a8ec69ee6d8285dfd [term 2 FOLLOWER]: Leader election vote request: Granting yes vote for candidate fe71c72aadd34f92853c61cb8a15896d in term 2.
I20260608 09:51:53.365432 15904 leader_election.cc:304] T 9e8713a4bbe841ffbb6cf64d5590eb1b P fe71c72aadd34f92853c61cb8a15896d [CANDIDATE]: Term 2 election: Election decided. Result: candidate won. Election summary: received 2 responses out of 3 voters: 2 yes votes; 0 no votes. yes voters: b6dbf89f5e20426a8ec69ee6d8285dfd, fe71c72aadd34f92853c61cb8a15896d; no voters: 
I20260608 09:51:53.366253 16155 raft_consensus.cc:2804] T 9e8713a4bbe841ffbb6cf64d5590eb1b P fe71c72aadd34f92853c61cb8a15896d [term 2 FOLLOWER]: Leader election won for term 2
I20260608 09:51:53.367622 16155 raft_consensus.cc:697] T 9e8713a4bbe841ffbb6cf64d5590eb1b P fe71c72aadd34f92853c61cb8a15896d [term 2 LEADER]: Becoming Leader. State: Replica: fe71c72aadd34f92853c61cb8a15896d, State: Running, Role: LEADER
I20260608 09:51:53.368507 16155 consensus_queue.cc:237] T 9e8713a4bbe841ffbb6cf64d5590eb1b P fe71c72aadd34f92853c61cb8a15896d [LEADER]: Queue going to LEADER mode. State: All replicated index: 0, Majority replicated index: 1, Committed index: 1, Last appended: 1.1, Last appended by leader: 1, Current term: 2, Majority size: 2, State: 0, Mode: LEADER, active raft config: opid_index: -1 OBSOLETE_local: false peers { permanent_uuid: "fe71c72aadd34f92853c61cb8a15896d" member_type: VOTER last_known_addr { host: "127.13.216.193" port: 44685 } } peers { permanent_uuid: "b6dbf89f5e20426a8ec69ee6d8285dfd" member_type: VOTER last_known_addr { host: "127.13.216.195" port: 41789 } } peers { permanent_uuid: "46647d46805645ce9718f06edd1cb90b" member_type: VOTER last_known_addr { host: "127.13.216.194" port: 42089 } }
I20260608 09:51:53.369794 16015 raft_consensus.cc:2468] T 9e8713a4bbe841ffbb6cf64d5590eb1b P 46647d46805645ce9718f06edd1cb90b [term 2 FOLLOWER]: Leader election vote request: Granting yes vote for candidate fe71c72aadd34f92853c61cb8a15896d in term 2.
I20260608 09:51:53.375321 15836 catalog_manager.cc:5696] T 9e8713a4bbe841ffbb6cf64d5590eb1b P fe71c72aadd34f92853c61cb8a15896d reported cstate change: term changed from 1 to 2, leader changed from 46647d46805645ce9718f06edd1cb90b (127.13.216.194) to fe71c72aadd34f92853c61cb8a15896d (127.13.216.193). New cstate: current_term: 2 leader_uuid: "fe71c72aadd34f92853c61cb8a15896d" committed_config { opid_index: -1 OBSOLETE_local: false peers { permanent_uuid: "fe71c72aadd34f92853c61cb8a15896d" member_type: VOTER last_known_addr { host: "127.13.216.193" port: 44685 } health_report { overall_health: HEALTHY } } peers { permanent_uuid: "b6dbf89f5e20426a8ec69ee6d8285dfd" member_type: VOTER last_known_addr { host: "127.13.216.195" port: 41789 } health_report { overall_health: UNKNOWN } } peers { permanent_uuid: "46647d46805645ce9718f06edd1cb90b" member_type: VOTER last_known_addr { host: "127.13.216.194" port: 42089 } health_report { overall_health: UNKNOWN } } }
I20260608 09:51:53.393400 16142 consensus_queue.cc:1048] T 1383689a7f754823a0df1b4bfb98f61d P 46647d46805645ce9718f06edd1cb90b [LEADER]: Connected to new peer: Peer: permanent_uuid: "b6dbf89f5e20426a8ec69ee6d8285dfd" member_type: VOTER last_known_addr { host: "127.13.216.195" port: 41789 }, Status: LMP_MISMATCH, Last received: 0.0, Next index: 1, Last known committed idx: 0, Time since last communication: 0.000s
I20260608 09:51:53.405722 16163 consensus_queue.cc:1048] T 1383689a7f754823a0df1b4bfb98f61d P 46647d46805645ce9718f06edd1cb90b [LEADER]: Connected to new peer: Peer: permanent_uuid: "fe71c72aadd34f92853c61cb8a15896d" member_type: VOTER last_known_addr { host: "127.13.216.193" port: 44685 }, Status: LMP_MISMATCH, Last received: 0.0, Next index: 1, Last known committed idx: 0, Time since last communication: 0.001s
I20260608 09:51:53.807607 16015 raft_consensus.cc:1275] T 9e8713a4bbe841ffbb6cf64d5590eb1b P 46647d46805645ce9718f06edd1cb90b [term 2 FOLLOWER]: Refusing update from remote peer fe71c72aadd34f92853c61cb8a15896d: Log matching property violated. Preceding OpId in replica: term: 1 index: 1. Preceding OpId from leader: term: 2 index: 2. (index mismatch)
I20260608 09:51:53.809083 16155 consensus_queue.cc:1048] T 9e8713a4bbe841ffbb6cf64d5590eb1b P fe71c72aadd34f92853c61cb8a15896d [LEADER]: Connected to new peer: Peer: permanent_uuid: "46647d46805645ce9718f06edd1cb90b" member_type: VOTER last_known_addr { host: "127.13.216.194" port: 42089 }, Status: LMP_MISMATCH, Last received: 0.0, Next index: 2, Last known committed idx: 1, Time since last communication: 0.000s
I20260608 09:51:53.817108 16089 raft_consensus.cc:1275] T 9e8713a4bbe841ffbb6cf64d5590eb1b P b6dbf89f5e20426a8ec69ee6d8285dfd [term 2 FOLLOWER]: Refusing update from remote peer fe71c72aadd34f92853c61cb8a15896d: Log matching property violated. Preceding OpId in replica: term: 1 index: 1. Preceding OpId from leader: term: 2 index: 2. (index mismatch)
I20260608 09:51:53.819674 16165 consensus_queue.cc:1048] T 9e8713a4bbe841ffbb6cf64d5590eb1b P fe71c72aadd34f92853c61cb8a15896d [LEADER]: Connected to new peer: Peer: permanent_uuid: "b6dbf89f5e20426a8ec69ee6d8285dfd" member_type: VOTER last_known_addr { host: "127.13.216.195" port: 41789 }, Status: LMP_MISMATCH, Last received: 0.0, Next index: 2, Last known committed idx: 1, Time since last communication: 0.001s
I20260608 09:51:55.121266 15891 auto_leader_rebalancer.cc:140] leader rebalance for table test-workload
I20260608 09:51:55.123294 15891 auto_leader_rebalancer.cc:388] table: test-workload, leader rebalance finish, leader transfer count: 0
I20260608 09:51:55.123587 15891 auto_leader_rebalancer.cc:451] All tables' leader rebalancing finished this round
I20260608 09:51:57.124555 15891 auto_leader_rebalancer.cc:140] leader rebalance for table test-workload
I20260608 09:51:57.127545 15891 auto_leader_rebalancer.cc:388] table: test-workload, leader rebalance finish, leader transfer count: 0
I20260608 09:51:57.128016 15891 auto_leader_rebalancer.cc:451] All tables' leader rebalancing finished this round
I20260608 09:51:59.129046 15891 auto_leader_rebalancer.cc:140] leader rebalance for table test-workload
I20260608 09:51:59.131079 15891 auto_leader_rebalancer.cc:388] table: test-workload, leader rebalance finish, leader transfer count: 0
I20260608 09:51:59.131357 15891 auto_leader_rebalancer.cc:451] All tables' leader rebalancing finished this round
I20260608 09:52:01.132450 15891 auto_leader_rebalancer.cc:140] leader rebalance for table test-workload
I20260608 09:52:01.134678 15891 auto_leader_rebalancer.cc:388] table: test-workload, leader rebalance finish, leader transfer count: 0
I20260608 09:52:01.135010 15891 auto_leader_rebalancer.cc:451] All tables' leader rebalancing finished this round
I20260608 09:52:03.136049 15891 auto_leader_rebalancer.cc:140] leader rebalance for table test-workload
I20260608 09:52:03.138031 15891 auto_leader_rebalancer.cc:388] table: test-workload, leader rebalance finish, leader transfer count: 0
I20260608 09:52:03.138307 15891 auto_leader_rebalancer.cc:451] All tables' leader rebalancing finished this round
I20260608 09:52:04.041083 14179 file_cache.cc:492] Constructed file cache file cache with capacity 419430
W20260608 09:52:04.049311 16173 instance_detector.cc:116] could not retrieve AWS instance metadata: Network error: curl error: HTTP response code said error: The requested URL returned error: 404
W20260608 09:52:04.050014 16174 instance_detector.cc:116] could not retrieve Azure instance metadata: Network error: curl error: HTTP response code said error: The requested URL returned error: 404
W20260608 09:52:04.050716 16176 instance_detector.cc:116] could not retrieve OpenStack instance metadata: Network error: curl error: HTTP response code said error: The requested URL returned error: 404
I20260608 09:52:04.051596 14179 server_base.cc:1061] running on GCE node
I20260608 09:52:04.053928 14179 hybrid_clock.cc:584] initializing the hybrid clock with 'system_unsync' time source
W20260608 09:52:04.054134 14179 system_unsync_time.cc:38] NTP support is disabled. Clock error bounds will not be accurate. This configuration is not suitable for distributed clusters.
I20260608 09:52:04.054281 14179 hybrid_clock.cc:648] HybridClock initialized: now 1780912324054268 us; error 0 us; skew 500 ppm
I20260608 09:52:04.054808 14179 server_base.cc:861] Flag tcmalloc_max_total_thread_cache_bytes is not working since tcmalloc is not enabled.
I20260608 09:52:04.057570 14179 webserver.cc:533] Webserver started at http://127.13.216.196:39529/ using document root <none> and password file <none>
I20260608 09:52:04.058393 14179 fs_manager.cc:362] Metadata directory not provided
I20260608 09:52:04.058672 14179 fs_manager.cc:368] Using write-ahead log directory (fs_wal_dir) as metadata directory
I20260608 09:52:04.059093 14179 server_base.cc:909] This appears to be a new deployment of Kudu; creating new FS layout
I20260608 09:52:04.061323 14179 fs_manager.cc:1068] Generated new instance metadata in path /tmp/dist-test-taskADQsbA/test-tmp/auto_rebalancer-test.0.AutoRebalancerTest.MovesScheduledIfAddTserver.1780912289786205-14179-0/minicluster-data/ts-3-root/instance:
uuid: "8b482ed28cfb49299614561109a6e8f8"
format_stamp: "Formatted at 2026-06-08 09:52:04 on dist-test-slave-7bgf"
I20260608 09:52:04.067054 14179 fs_manager.cc:696] Time spent creating directory manager: real 0.004s	user 0.003s	sys 0.000s
I20260608 09:52:04.070870 16181 log_block_manager.cc:4031] Time spent loading block containers with low live blocks: real 0.000s	user 0.000s	sys 0.000s
I20260608 09:52:04.071782 14179 fs_manager.cc:730] Time spent opening block manager: real 0.003s	user 0.004s	sys 0.000s
I20260608 09:52:04.072042 14179 fs_manager.cc:647] Opened local filesystem: /tmp/dist-test-taskADQsbA/test-tmp/auto_rebalancer-test.0.AutoRebalancerTest.MovesScheduledIfAddTserver.1780912289786205-14179-0/minicluster-data/ts-3-root
uuid: "8b482ed28cfb49299614561109a6e8f8"
format_stamp: "Formatted at 2026-06-08 09:52:04 on dist-test-slave-7bgf"
I20260608 09:52:04.072290 14179 fs_report.cc:389] FS layout report
--------------------
wal directory: /tmp/dist-test-taskADQsbA/test-tmp/auto_rebalancer-test.0.AutoRebalancerTest.MovesScheduledIfAddTserver.1780912289786205-14179-0/minicluster-data/ts-3-root
metadata directory: /tmp/dist-test-taskADQsbA/test-tmp/auto_rebalancer-test.0.AutoRebalancerTest.MovesScheduledIfAddTserver.1780912289786205-14179-0/minicluster-data/ts-3-root
1 data directories: /tmp/dist-test-taskADQsbA/test-tmp/auto_rebalancer-test.0.AutoRebalancerTest.MovesScheduledIfAddTserver.1780912289786205-14179-0/minicluster-data/ts-3-root/data
Total live blocks: 0
Total live bytes: 0
Total live bytes (after alignment): 0
Total number of LBM containers: 0 (0 full)
Did not check for missing blocks
Did not check for orphaned blocks
Total full LBM containers with extra space: 0 (0 repaired)
Total full LBM container extra space in bytes: 0 (0 repaired)
Total incomplete LBM containers: 0 (0 repaired)
Total LBM partial records: 0 (0 repaired)
Total corrupted LBM metadata records in RocksDB: 0 (0 repaired)
I20260608 09:52:04.092461 14179 rpc_server.cc:225] running with OpenSSL 1.1.1  11 Sep 2018
I20260608 09:52:04.093824 14179 kserver.cc:163] Server-wide thread pool size limit: 3276
I20260608 09:52:04.095417 14179 txn_system_client.cc:432] TxnSystemClient initialization is disabled...
I20260608 09:52:04.097975 14179 ts_tablet_manager.cc:585] Loaded tablet metadata (0 total tablets, 0 live tablets)
I20260608 09:52:04.098181 14179 ts_tablet_manager.cc:531] Time spent load tablet metadata: real 0.000s	user 0.000s	sys 0.000s
I20260608 09:52:04.098454 14179 ts_tablet_manager.cc:616] Registered 0 tablets
I20260608 09:52:04.098660 14179 ts_tablet_manager.cc:595] Time spent register tablets: real 0.000s	user 0.000s	sys 0.000s
I20260608 09:52:04.140364 14179 rpc_server.cc:307] RPC server started. Bound to: 127.13.216.196:34545
I20260608 09:52:04.140496 16243 acceptor_pool.cc:272] collecting diagnostics on the listening RPC socket 127.13.216.196:34545 every 8 connection(s)
I20260608 09:52:04.161264 16244 heartbeater.cc:344] Connected to a master server at 127.13.216.254:43401
I20260608 09:52:04.161813 16244 heartbeater.cc:461] Registering TS with master...
I20260608 09:52:04.162847 16244 heartbeater.cc:507] Master 127.13.216.254:43401 requested a full tablet report, sending...
I20260608 09:52:04.165270 15836 ts_manager.cc:194] Registered new tserver with Master: 8b482ed28cfb49299614561109a6e8f8 (127.13.216.196:34545)
I20260608 09:52:04.166759 15836 master_service.cc:502] Signed X509 certificate for tserver {username='slave'} at 127.0.0.1:41968
I20260608 09:52:05.139223 15891 auto_leader_rebalancer.cc:140] leader rebalance for table test-workload
I20260608 09:52:05.141283 15891 auto_leader_rebalancer.cc:388] table: test-workload, leader rebalance finish, leader transfer count: 0
I20260608 09:52:05.141664 15891 auto_leader_rebalancer.cc:451] All tables' leader rebalancing finished this round
I20260608 09:52:05.169255 16244 heartbeater.cc:499] Master 127.13.216.254:43401 was elected leader, sending a full tablet report...
I20260608 09:52:05.185437 15940 consensus_queue.cc:237] T 9e8713a4bbe841ffbb6cf64d5590eb1b P fe71c72aadd34f92853c61cb8a15896d [LEADER]: Queue going to LEADER mode. State: All replicated index: 0, Majority replicated index: 2, Committed index: 2, Last appended: 2.2, Last appended by leader: 1, Current term: 2, Majority size: 2, State: 0, Mode: LEADER, active raft config: opid_index: 3 OBSOLETE_local: false peers { permanent_uuid: "fe71c72aadd34f92853c61cb8a15896d" member_type: VOTER last_known_addr { host: "127.13.216.193" port: 44685 } } peers { permanent_uuid: "b6dbf89f5e20426a8ec69ee6d8285dfd" member_type: VOTER last_known_addr { host: "127.13.216.195" port: 41789 } attrs { replace: true } } peers { permanent_uuid: "46647d46805645ce9718f06edd1cb90b" member_type: VOTER last_known_addr { host: "127.13.216.194" port: 42089 } } peers { permanent_uuid: "8b482ed28cfb49299614561109a6e8f8" member_type: NON_VOTER last_known_addr { host: "127.13.216.196" port: 34545 } attrs { promote: true } }
I20260608 09:52:05.194517 16015 raft_consensus.cc:1275] T 9e8713a4bbe841ffbb6cf64d5590eb1b P 46647d46805645ce9718f06edd1cb90b [term 2 FOLLOWER]: Refusing update from remote peer fe71c72aadd34f92853c61cb8a15896d: Log matching property violated. Preceding OpId in replica: term: 2 index: 2. Preceding OpId from leader: term: 2 index: 3. (index mismatch)
I20260608 09:52:05.196573 16251 consensus_queue.cc:1048] T 9e8713a4bbe841ffbb6cf64d5590eb1b P fe71c72aadd34f92853c61cb8a15896d [LEADER]: Connected to new peer: Peer: permanent_uuid: "46647d46805645ce9718f06edd1cb90b" member_type: VOTER last_known_addr { host: "127.13.216.194" port: 42089 }, Status: LMP_MISMATCH, Last received: 0.0, Next index: 3, Last known committed idx: 2, Time since last communication: 0.000s
I20260608 09:52:05.197290 16088 raft_consensus.cc:1275] T 9e8713a4bbe841ffbb6cf64d5590eb1b P b6dbf89f5e20426a8ec69ee6d8285dfd [term 2 FOLLOWER]: Refusing update from remote peer fe71c72aadd34f92853c61cb8a15896d: Log matching property violated. Preceding OpId in replica: term: 2 index: 2. Preceding OpId from leader: term: 2 index: 3. (index mismatch)
I20260608 09:52:05.198947 16168 consensus_queue.cc:1048] T 9e8713a4bbe841ffbb6cf64d5590eb1b P fe71c72aadd34f92853c61cb8a15896d [LEADER]: Connected to new peer: Peer: permanent_uuid: "b6dbf89f5e20426a8ec69ee6d8285dfd" member_type: VOTER last_known_addr { host: "127.13.216.195" port: 41789 } attrs { replace: true }, Status: LMP_MISMATCH, Last received: 0.0, Next index: 3, Last known committed idx: 2, Time since last communication: 0.001s
I20260608 09:52:05.207747 16168 raft_consensus.cc:2955] T 9e8713a4bbe841ffbb6cf64d5590eb1b P fe71c72aadd34f92853c61cb8a15896d [term 2 LEADER]: Committing config change with OpId 2.3: config changed from index -1 to 3, NON_VOTER 8b482ed28cfb49299614561109a6e8f8 (127.13.216.196) added. New config: { opid_index: 3 OBSOLETE_local: false peers { permanent_uuid: "fe71c72aadd34f92853c61cb8a15896d" member_type: VOTER last_known_addr { host: "127.13.216.193" port: 44685 } } peers { permanent_uuid: "b6dbf89f5e20426a8ec69ee6d8285dfd" member_type: VOTER last_known_addr { host: "127.13.216.195" port: 41789 } attrs { replace: true } } peers { permanent_uuid: "46647d46805645ce9718f06edd1cb90b" member_type: VOTER last_known_addr { host: "127.13.216.194" port: 42089 } } peers { permanent_uuid: "8b482ed28cfb49299614561109a6e8f8" member_type: NON_VOTER last_known_addr { host: "127.13.216.196" port: 34545 } attrs { promote: true } } }
W20260608 09:52:05.209303 15903 consensus_peers.cc:597] T 9e8713a4bbe841ffbb6cf64d5590eb1b P fe71c72aadd34f92853c61cb8a15896d -> Peer 8b482ed28cfb49299614561109a6e8f8 (127.13.216.196:34545): Couldn't send request to peer 8b482ed28cfb49299614561109a6e8f8. Error code: TABLET_NOT_FOUND (6). Status: Not found: Tablet not found: 9e8713a4bbe841ffbb6cf64d5590eb1b. This is attempt 1: this message will repeat every 5th retry.
I20260608 09:52:05.210934 16015 raft_consensus.cc:2955] T 9e8713a4bbe841ffbb6cf64d5590eb1b P 46647d46805645ce9718f06edd1cb90b [term 2 FOLLOWER]: Committing config change with OpId 2.3: config changed from index -1 to 3, NON_VOTER 8b482ed28cfb49299614561109a6e8f8 (127.13.216.196) added. New config: { opid_index: 3 OBSOLETE_local: false peers { permanent_uuid: "fe71c72aadd34f92853c61cb8a15896d" member_type: VOTER last_known_addr { host: "127.13.216.193" port: 44685 } } peers { permanent_uuid: "b6dbf89f5e20426a8ec69ee6d8285dfd" member_type: VOTER last_known_addr { host: "127.13.216.195" port: 41789 } attrs { replace: true } } peers { permanent_uuid: "46647d46805645ce9718f06edd1cb90b" member_type: VOTER last_known_addr { host: "127.13.216.194" port: 42089 } } peers { permanent_uuid: "8b482ed28cfb49299614561109a6e8f8" member_type: NON_VOTER last_known_addr { host: "127.13.216.196" port: 34545 } attrs { promote: true } } }
I20260608 09:52:05.229521 15835 catalog_manager.cc:5696] T 9e8713a4bbe841ffbb6cf64d5590eb1b P fe71c72aadd34f92853c61cb8a15896d reported cstate change: config changed from index -1 to 3, NON_VOTER 8b482ed28cfb49299614561109a6e8f8 (127.13.216.196) added. New cstate: current_term: 2 leader_uuid: "fe71c72aadd34f92853c61cb8a15896d" committed_config { opid_index: 3 OBSOLETE_local: false peers { permanent_uuid: "fe71c72aadd34f92853c61cb8a15896d" member_type: VOTER last_known_addr { host: "127.13.216.193" port: 44685 } health_report { overall_health: HEALTHY } } peers { permanent_uuid: "b6dbf89f5e20426a8ec69ee6d8285dfd" member_type: VOTER last_known_addr { host: "127.13.216.195" port: 41789 } attrs { replace: true } health_report { overall_health: UNKNOWN } } peers { permanent_uuid: "46647d46805645ce9718f06edd1cb90b" member_type: VOTER last_known_addr { host: "127.13.216.194" port: 42089 } health_report { overall_health: HEALTHY } } peers { permanent_uuid: "8b482ed28cfb49299614561109a6e8f8" member_type: NON_VOTER last_known_addr { host: "127.13.216.196" port: 34545 } attrs { promote: true } health_report { overall_health: UNKNOWN } } }
I20260608 09:52:05.230978 16088 raft_consensus.cc:2955] T 9e8713a4bbe841ffbb6cf64d5590eb1b P b6dbf89f5e20426a8ec69ee6d8285dfd [term 2 FOLLOWER]: Committing config change with OpId 2.3: config changed from index -1 to 3, NON_VOTER 8b482ed28cfb49299614561109a6e8f8 (127.13.216.196) added. New config: { opid_index: 3 OBSOLETE_local: false peers { permanent_uuid: "fe71c72aadd34f92853c61cb8a15896d" member_type: VOTER last_known_addr { host: "127.13.216.193" port: 44685 } } peers { permanent_uuid: "b6dbf89f5e20426a8ec69ee6d8285dfd" member_type: VOTER last_known_addr { host: "127.13.216.195" port: 41789 } attrs { replace: true } } peers { permanent_uuid: "46647d46805645ce9718f06edd1cb90b" member_type: VOTER last_known_addr { host: "127.13.216.194" port: 42089 } } peers { permanent_uuid: "8b482ed28cfb49299614561109a6e8f8" member_type: NON_VOTER last_known_addr { host: "127.13.216.196" port: 34545 } attrs { promote: true } } }
I20260608 09:52:05.772627 16262 ts_tablet_manager.cc:933] T 9e8713a4bbe841ffbb6cf64d5590eb1b P 8b482ed28cfb49299614561109a6e8f8: Initiating tablet copy from peer fe71c72aadd34f92853c61cb8a15896d (127.13.216.193:44685)
I20260608 09:52:05.774523 16262 tablet_copy_client.cc:323] T 9e8713a4bbe841ffbb6cf64d5590eb1b P 8b482ed28cfb49299614561109a6e8f8: tablet copy: Beginning tablet copy session from remote peer at address 127.13.216.193:44685
