I20260608 09:52:56.980818  5996 raft_consensus.cc:515] T 6bcf5a02c35e4094ba25cbaafcdcbc50 P ac3ddb23edd5404b9c931f1fe0c4bdbe [term 0 FOLLOWER]: Starting pre-election with config: opid_index: -1 OBSOLETE_local: false peers { permanent_uuid: "af380a8e3c534fa78509cb4574623f01" member_type: VOTER last_known_addr { host: "127.2.186.195" port: 37775 } } peers { permanent_uuid: "7db548d049f844e6aa3363a086c9fa7d" member_type: VOTER last_known_addr { host: "127.2.186.196" port: 39519 } } peers { permanent_uuid: "ac3ddb23edd5404b9c931f1fe0c4bdbe" member_type: VOTER last_known_addr { host: "127.2.186.193" port: 43395 } }
I20260608 09:52:56.982183  6082 raft_consensus.cc:515] T 6d5107a1920140a1ab232404d29d34b5 P ac3ddb23edd5404b9c931f1fe0c4bdbe [term 0 FOLLOWER]: Starting pre-election with config: opid_index: -1 OBSOLETE_local: false peers { permanent_uuid: "ac3ddb23edd5404b9c931f1fe0c4bdbe" member_type: VOTER last_known_addr { host: "127.2.186.193" port: 43395 } } peers { permanent_uuid: "7db548d049f844e6aa3363a086c9fa7d" member_type: VOTER last_known_addr { host: "127.2.186.196" port: 39519 } } peers { permanent_uuid: "d5fa8a04951549148f4376b5375577d3" member_type: VOTER last_known_addr { host: "127.2.186.194" port: 33595 } }
I20260608 09:52:56.989002  5996 leader_election.cc:290] T 6bcf5a02c35e4094ba25cbaafcdcbc50 P ac3ddb23edd5404b9c931f1fe0c4bdbe [CANDIDATE]: Term 1 pre-election: Requested pre-vote from peers af380a8e3c534fa78509cb4574623f01 (127.2.186.195:37775), 7db548d049f844e6aa3363a086c9fa7d (127.2.186.196:39519)
I20260608 09:52:56.989782  5939 tablet_service.cc:1917] Received RequestConsensusVote() RPC: tablet_id: "6bcf5a02c35e4094ba25cbaafcdcbc50" candidate_uuid: "ac3ddb23edd5404b9c931f1fe0c4bdbe" candidate_term: 1 candidate_status { last_received { term: 0 index: 0 } } ignore_live_leader: false dest_uuid: "af380a8e3c534fa78509cb4574623f01" is_pre_election: true
I20260608 09:52:56.990181  5866 raft_consensus.cc:2393] T 6896ccca0a9449b5a56db85be8088eee P d5fa8a04951549148f4376b5375577d3 [term 1 FOLLOWER]: Leader election vote request: Denying vote to candidate ac3ddb23edd5404b9c931f1fe0c4bdbe in current term 1: Already voted for candidate d5fa8a04951549148f4376b5375577d3 in this term.
I20260608 09:52:56.990470  5939 raft_consensus.cc:2468] T 6bcf5a02c35e4094ba25cbaafcdcbc50 P af380a8e3c534fa78509cb4574623f01 [term 0 FOLLOWER]: Leader pre-election vote request: Granting yes vote for candidate ac3ddb23edd5404b9c931f1fe0c4bdbe in term 0.
I20260608 09:52:56.990794  6082 leader_election.cc:290] T 6d5107a1920140a1ab232404d29d34b5 P ac3ddb23edd5404b9c931f1fe0c4bdbe [CANDIDATE]: Term 1 pre-election: Requested pre-vote from peers 7db548d049f844e6aa3363a086c9fa7d (127.2.186.196:39519), d5fa8a04951549148f4376b5375577d3 (127.2.186.194:33595)
I20260608 09:52:56.992632  5867 raft_consensus.cc:2468] T 28dd20345d5341b193c5ae8a08848a95 P d5fa8a04951549148f4376b5375577d3 [term 1 FOLLOWER]: Leader election vote request: Granting yes vote for candidate af380a8e3c534fa78509cb4574623f01 in term 1.
I20260608 09:52:56.993005  5866 tablet_service.cc:1917] Received RequestConsensusVote() RPC: tablet_id: "6d5107a1920140a1ab232404d29d34b5" candidate_uuid: "ac3ddb23edd5404b9c931f1fe0c4bdbe" candidate_term: 1 candidate_status { last_received { term: 0 index: 0 } } ignore_live_leader: false dest_uuid: "d5fa8a04951549148f4376b5375577d3" is_pre_election: true
I20260608 09:52:56.992547  5755 leader_election.cc:304] T 6bcf5a02c35e4094ba25cbaafcdcbc50 P ac3ddb23edd5404b9c931f1fe0c4bdbe [CANDIDATE]: Term 1 pre-election: Election decided. Result: candidate won. Election summary: received 2 responses out of 3 voters: 2 yes votes; 0 no votes. yes voters: ac3ddb23edd5404b9c931f1fe0c4bdbe, af380a8e3c534fa78509cb4574623f01; no voters: 
I20260608 09:52:56.995918  6082 raft_consensus.cc:2804] T 6bcf5a02c35e4094ba25cbaafcdcbc50 P ac3ddb23edd5404b9c931f1fe0c4bdbe [term 0 FOLLOWER]: Leader pre-election won for term 1
I20260608 09:52:56.996062  5755 leader_election.cc:304] T 6896ccca0a9449b5a56db85be8088eee P ac3ddb23edd5404b9c931f1fe0c4bdbe [CANDIDATE]: Term 1 election: Election decided. Result: candidate lost. Election summary: received 3 responses out of 3 voters: 1 yes votes; 2 no votes. yes voters: ac3ddb23edd5404b9c931f1fe0c4bdbe; no voters: 7db548d049f844e6aa3363a086c9fa7d, d5fa8a04951549148f4376b5375577d3
I20260608 09:52:56.996338  6082 raft_consensus.cc:493] T 6bcf5a02c35e4094ba25cbaafcdcbc50 P ac3ddb23edd5404b9c931f1fe0c4bdbe [term 0 FOLLOWER]: Starting leader election (no leader contacted us within the election timeout)
I20260608 09:52:56.996778  6082 raft_consensus.cc:3060] T 6bcf5a02c35e4094ba25cbaafcdcbc50 P ac3ddb23edd5404b9c931f1fe0c4bdbe [term 0 FOLLOWER]: Advancing to term 1
I20260608 09:52:56.996891  5996 raft_consensus.cc:2749] T 6896ccca0a9449b5a56db85be8088eee P ac3ddb23edd5404b9c931f1fe0c4bdbe [term 1 FOLLOWER]: Leader election lost for term 1. Reason: could not achieve majority
I20260608 09:52:56.994201  5866 raft_consensus.cc:2468] T 6d5107a1920140a1ab232404d29d34b5 P d5fa8a04951549148f4376b5375577d3 [term 0 FOLLOWER]: Leader pre-election vote request: Granting yes vote for candidate ac3ddb23edd5404b9c931f1fe0c4bdbe in term 0.
I20260608 09:52:56.996682  5987 consensus_queue.cc:237] T 28dd20345d5341b193c5ae8a08848a95 P af380a8e3c534fa78509cb4574623f01 [LEADER]: Queue going to LEADER mode. State: All replicated index: 0, Majority replicated index: 0, Committed index: 0, Last appended: 0.0, Last appended by leader: 0, Current term: 1, Majority size: 2, State: 0, Mode: LEADER, active raft config: opid_index: -1 OBSOLETE_local: false peers { permanent_uuid: "af380a8e3c534fa78509cb4574623f01" member_type: VOTER last_known_addr { host: "127.2.186.195" port: 37775 } } peers { permanent_uuid: "d5fa8a04951549148f4376b5375577d3" member_type: VOTER last_known_addr { host: "127.2.186.194" port: 33595 } } peers { permanent_uuid: "7db548d049f844e6aa3363a086c9fa7d" member_type: VOTER last_known_addr { host: "127.2.186.196" port: 39519 } }
I20260608 09:52:56.997927  6144 tablet_bootstrap.cc:492] T 6bcf5a02c35e4094ba25cbaafcdcbc50 P 7db548d049f844e6aa3363a086c9fa7d: Bootstrap starting.
I20260608 09:52:56.997911  6021 raft_consensus.cc:493] T f8aac1cd67be4e68827c6bd412394788 P af380a8e3c534fa78509cb4574623f01 [term 0 FOLLOWER]: Starting pre-election (no leader contacted us within the election timeout)
I20260608 09:52:56.993690  6057 leader_election.cc:304] T 6896ccca0a9449b5a56db85be8088eee P 7db548d049f844e6aa3363a086c9fa7d [CANDIDATE]: Term 1 election: Election decided. Result: candidate lost. Election summary: received 3 responses out of 3 voters: 1 yes votes; 2 no votes. yes voters: 7db548d049f844e6aa3363a086c9fa7d; no voters: ac3ddb23edd5404b9c931f1fe0c4bdbe, d5fa8a04951549148f4376b5375577d3
I20260608 09:52:56.999404  6021 raft_consensus.cc:515] T f8aac1cd67be4e68827c6bd412394788 P af380a8e3c534fa78509cb4574623f01 [term 0 FOLLOWER]: Starting pre-election with config: opid_index: -1 OBSOLETE_local: false peers { permanent_uuid: "7db548d049f844e6aa3363a086c9fa7d" member_type: VOTER last_known_addr { host: "127.2.186.196" port: 39519 } } peers { permanent_uuid: "ac3ddb23edd5404b9c931f1fe0c4bdbe" member_type: VOTER last_known_addr { host: "127.2.186.193" port: 43395 } } peers { permanent_uuid: "af380a8e3c534fa78509cb4574623f01" member_type: VOTER last_known_addr { host: "127.2.186.195" port: 37775 } }
I20260608 09:52:57.001262  6106 tablet_service.cc:1917] Received RequestConsensusVote() RPC: tablet_id: "6bcf5a02c35e4094ba25cbaafcdcbc50" candidate_uuid: "ac3ddb23edd5404b9c931f1fe0c4bdbe" candidate_term: 1 candidate_status { last_received { term: 0 index: 0 } } ignore_live_leader: false dest_uuid: "7db548d049f844e6aa3363a086c9fa7d" is_pre_election: true
I20260608 09:52:57.001185  5755 leader_election.cc:304] T 6d5107a1920140a1ab232404d29d34b5 P ac3ddb23edd5404b9c931f1fe0c4bdbe [CANDIDATE]: Term 1 pre-election: Election decided. Result: candidate won. Election summary: received 2 responses out of 3 voters: 2 yes votes; 0 no votes. yes voters: ac3ddb23edd5404b9c931f1fe0c4bdbe, d5fa8a04951549148f4376b5375577d3; no voters: 
I20260608 09:52:57.002578  6021 leader_election.cc:290] T f8aac1cd67be4e68827c6bd412394788 P af380a8e3c534fa78509cb4574623f01 [CANDIDATE]: Term 1 pre-election: Requested pre-vote from peers 7db548d049f844e6aa3363a086c9fa7d (127.2.186.196:39519), ac3ddb23edd5404b9c931f1fe0c4bdbe (127.2.186.193:43395)
I20260608 09:52:57.004529  6105 tablet_service.cc:1917] Received RequestConsensusVote() RPC: tablet_id: "f8aac1cd67be4e68827c6bd412394788" candidate_uuid: "af380a8e3c534fa78509cb4574623f01" candidate_term: 1 candidate_status { last_received { term: 0 index: 0 } } ignore_live_leader: false dest_uuid: "7db548d049f844e6aa3363a086c9fa7d" is_pre_election: true
I20260608 09:52:57.005297  5996 raft_consensus.cc:2804] T 6d5107a1920140a1ab232404d29d34b5 P ac3ddb23edd5404b9c931f1fe0c4bdbe [term 0 FOLLOWER]: Leader pre-election won for term 1
I20260608 09:52:57.007037  5996 raft_consensus.cc:493] T 6d5107a1920140a1ab232404d29d34b5 P ac3ddb23edd5404b9c931f1fe0c4bdbe [term 0 FOLLOWER]: Starting leader election (no leader contacted us within the election timeout)
I20260608 09:52:57.007405  5996 raft_consensus.cc:3060] T 6d5107a1920140a1ab232404d29d34b5 P ac3ddb23edd5404b9c931f1fe0c4bdbe [term 0 FOLLOWER]: Advancing to term 1
I20260608 09:52:57.007966  6143 tablet_bootstrap.cc:654] T b614833ee922408da40e87543ad72634 P d5fa8a04951549148f4376b5375577d3: Neither blocks nor log segments found. Creating new log.
I20260608 09:52:57.008124  5790 tablet_service.cc:1917] Received RequestConsensusVote() RPC: tablet_id: "f8aac1cd67be4e68827c6bd412394788" candidate_uuid: "af380a8e3c534fa78509cb4574623f01" candidate_term: 1 candidate_status { last_received { term: 0 index: 0 } } ignore_live_leader: false dest_uuid: "ac3ddb23edd5404b9c931f1fe0c4bdbe" is_pre_election: true
W20260608 09:52:57.006408  5907 leader_election.cc:343] T f8aac1cd67be4e68827c6bd412394788 P af380a8e3c534fa78509cb4574623f01 [CANDIDATE]: Term 1 pre-election: Tablet error from VoteRequest() call to peer 7db548d049f844e6aa3363a086c9fa7d (127.2.186.196:39519): Illegal state: must be running to vote when last-logged opid is not known
W20260608 09:52:57.010383  5904 leader_election.cc:343] T f8aac1cd67be4e68827c6bd412394788 P af380a8e3c534fa78509cb4574623f01 [CANDIDATE]: Term 1 pre-election: Tablet error from VoteRequest() call to peer ac3ddb23edd5404b9c931f1fe0c4bdbe (127.2.186.193:43395): Illegal state: must be running to vote when last-logged opid is not known
I20260608 09:52:57.010881  5904 leader_election.cc:304] T f8aac1cd67be4e68827c6bd412394788 P af380a8e3c534fa78509cb4574623f01 [CANDIDATE]: Term 1 pre-election: Election decided. Result: candidate lost. Election summary: received 3 responses out of 3 voters: 1 yes votes; 2 no votes. yes voters: af380a8e3c534fa78509cb4574623f01; no voters: 7db548d049f844e6aa3363a086c9fa7d, ac3ddb23edd5404b9c931f1fe0c4bdbe
I20260608 09:52:57.001147  6020 raft_consensus.cc:493] T f8921100fcdc4d64b1934e89e53f9cd5 P d5fa8a04951549148f4376b5375577d3 [term 0 FOLLOWER]: Starting pre-election (no leader contacted us within the election timeout)
I20260608 09:52:57.014389  6021 raft_consensus.cc:2749] T f8aac1cd67be4e68827c6bd412394788 P af380a8e3c534fa78509cb4574623f01 [term 0 FOLLOWER]: Leader pre-election lost for term 1. Reason: could not achieve majority
I20260608 09:52:57.014698  6020 raft_consensus.cc:515] T f8921100fcdc4d64b1934e89e53f9cd5 P d5fa8a04951549148f4376b5375577d3 [term 0 FOLLOWER]: Starting pre-election with config: opid_index: -1 OBSOLETE_local: false peers { permanent_uuid: "7db548d049f844e6aa3363a086c9fa7d" member_type: VOTER last_known_addr { host: "127.2.186.196" port: 39519 } } peers { permanent_uuid: "d5fa8a04951549148f4376b5375577d3" member_type: VOTER last_known_addr { host: "127.2.186.194" port: 33595 } } peers { permanent_uuid: "af380a8e3c534fa78509cb4574623f01" member_type: VOTER last_known_addr { host: "127.2.186.195" port: 37775 } }
I20260608 09:52:57.016645  6082 raft_consensus.cc:515] T 6bcf5a02c35e4094ba25cbaafcdcbc50 P ac3ddb23edd5404b9c931f1fe0c4bdbe [term 1 FOLLOWER]: Starting leader election with config: opid_index: -1 OBSOLETE_local: false peers { permanent_uuid: "af380a8e3c534fa78509cb4574623f01" member_type: VOTER last_known_addr { host: "127.2.186.195" port: 37775 } } peers { permanent_uuid: "7db548d049f844e6aa3363a086c9fa7d" member_type: VOTER last_known_addr { host: "127.2.186.196" port: 39519 } } peers { permanent_uuid: "ac3ddb23edd5404b9c931f1fe0c4bdbe" member_type: VOTER last_known_addr { host: "127.2.186.193" port: 43395 } }
W20260608 09:52:57.020521  5758 leader_election.cc:343] T 6bcf5a02c35e4094ba25cbaafcdcbc50 P ac3ddb23edd5404b9c931f1fe0c4bdbe [CANDIDATE]: Term 1 pre-election: Tablet error from VoteRequest() call to peer 7db548d049f844e6aa3363a086c9fa7d (127.2.186.196:39519): Illegal state: must be running to vote when last-logged opid is not known
I20260608 09:52:57.021159  6082 leader_election.cc:290] T 6bcf5a02c35e4094ba25cbaafcdcbc50 P ac3ddb23edd5404b9c931f1fe0c4bdbe [CANDIDATE]: Term 1 election: Requested vote from peers af380a8e3c534fa78509cb4574623f01 (127.2.186.195:37775), 7db548d049f844e6aa3363a086c9fa7d (127.2.186.196:39519)
I20260608 09:52:57.021067  6105 tablet_service.cc:1917] Received RequestConsensusVote() RPC: tablet_id: "6d5107a1920140a1ab232404d29d34b5" candidate_uuid: "ac3ddb23edd5404b9c931f1fe0c4bdbe" candidate_term: 1 candidate_status { last_received { term: 0 index: 0 } } ignore_live_leader: false dest_uuid: "7db548d049f844e6aa3363a086c9fa7d" is_pre_election: true
I20260608 09:52:57.021872  6105 raft_consensus.cc:2468] T 6d5107a1920140a1ab232404d29d34b5 P 7db548d049f844e6aa3363a086c9fa7d [term 0 FOLLOWER]: Leader pre-election vote request: Granting yes vote for candidate ac3ddb23edd5404b9c931f1fe0c4bdbe in term 0.
I20260608 09:52:57.022732  6083 raft_consensus.cc:493] T b614833ee922408da40e87543ad72634 P ac3ddb23edd5404b9c931f1fe0c4bdbe [term 0 FOLLOWER]: Starting pre-election (no leader contacted us within the election timeout)
I20260608 09:52:57.023223  6083 raft_consensus.cc:515] T b614833ee922408da40e87543ad72634 P ac3ddb23edd5404b9c931f1fe0c4bdbe [term 0 FOLLOWER]: Starting pre-election with config: opid_index: -1 OBSOLETE_local: false peers { permanent_uuid: "d5fa8a04951549148f4376b5375577d3" member_type: VOTER last_known_addr { host: "127.2.186.194" port: 33595 } } peers { permanent_uuid: "7db548d049f844e6aa3363a086c9fa7d" member_type: VOTER last_known_addr { host: "127.2.186.196" port: 39519 } } peers { permanent_uuid: "ac3ddb23edd5404b9c931f1fe0c4bdbe" member_type: VOTER last_known_addr { host: "127.2.186.193" port: 43395 } }
I20260608 09:52:57.017927  6020 leader_election.cc:290] T f8921100fcdc4d64b1934e89e53f9cd5 P d5fa8a04951549148f4376b5375577d3 [CANDIDATE]: Term 1 pre-election: Requested pre-vote from peers 7db548d049f844e6aa3363a086c9fa7d (127.2.186.196:39519), af380a8e3c534fa78509cb4574623f01 (127.2.186.195:37775)
I20260608 09:52:57.028321  6083 leader_election.cc:290] T b614833ee922408da40e87543ad72634 P ac3ddb23edd5404b9c931f1fe0c4bdbe [CANDIDATE]: Term 1 pre-election: Requested pre-vote from peers d5fa8a04951549148f4376b5375577d3 (127.2.186.194:33595), 7db548d049f844e6aa3363a086c9fa7d (127.2.186.196:39519)
I20260608 09:52:57.025208  5939 tablet_service.cc:1917] Received RequestConsensusVote() RPC: tablet_id: "f8921100fcdc4d64b1934e89e53f9cd5" candidate_uuid: "d5fa8a04951549148f4376b5375577d3" candidate_term: 1 candidate_status { last_received { term: 0 index: 0 } } ignore_live_leader: false dest_uuid: "af380a8e3c534fa78509cb4574623f01" is_pre_election: true
I20260608 09:52:57.030284  5939 raft_consensus.cc:2468] T f8921100fcdc4d64b1934e89e53f9cd5 P af380a8e3c534fa78509cb4574623f01 [term 0 FOLLOWER]: Leader pre-election vote request: Granting yes vote for candidate d5fa8a04951549148f4376b5375577d3 in term 0.
I20260608 09:52:57.032236  5939 tablet_service.cc:1917] Received RequestConsensusVote() RPC: tablet_id: "6bcf5a02c35e4094ba25cbaafcdcbc50" candidate_uuid: "ac3ddb23edd5404b9c931f1fe0c4bdbe" candidate_term: 1 candidate_status { last_received { term: 0 index: 0 } } ignore_live_leader: false dest_uuid: "af380a8e3c534fa78509cb4574623f01"
I20260608 09:52:57.032855  5939 raft_consensus.cc:3060] T 6bcf5a02c35e4094ba25cbaafcdcbc50 P af380a8e3c534fa78509cb4574623f01 [term 0 FOLLOWER]: Advancing to term 1
I20260608 09:52:57.032656  5830 leader_election.cc:304] T f8921100fcdc4d64b1934e89e53f9cd5 P d5fa8a04951549148f4376b5375577d3 [CANDIDATE]: Term 1 pre-election: Election decided. Result: candidate won. Election summary: received 2 responses out of 3 voters: 2 yes votes; 0 no votes. yes voters: af380a8e3c534fa78509cb4574623f01, d5fa8a04951549148f4376b5375577d3; no voters: 
I20260608 09:52:57.034675  5866 tablet_service.cc:1917] Received RequestConsensusVote() RPC: tablet_id: "b614833ee922408da40e87543ad72634" candidate_uuid: "ac3ddb23edd5404b9c931f1fe0c4bdbe" candidate_term: 1 candidate_status { last_received { term: 0 index: 0 } } ignore_live_leader: false dest_uuid: "d5fa8a04951549148f4376b5375577d3" is_pre_election: true
I20260608 09:52:57.035526  6030 raft_consensus.cc:2804] T f8921100fcdc4d64b1934e89e53f9cd5 P d5fa8a04951549148f4376b5375577d3 [term 0 FOLLOWER]: Leader pre-election won for term 1
I20260608 09:52:57.036044  6030 raft_consensus.cc:493] T f8921100fcdc4d64b1934e89e53f9cd5 P d5fa8a04951549148f4376b5375577d3 [term 0 FOLLOWER]: Starting leader election (no leader contacted us within the election timeout)
W20260608 09:52:57.036327  5755 leader_election.cc:343] T b614833ee922408da40e87543ad72634 P ac3ddb23edd5404b9c931f1fe0c4bdbe [CANDIDATE]: Term 1 pre-election: Tablet error from VoteRequest() call to peer d5fa8a04951549148f4376b5375577d3 (127.2.186.194:33595): Illegal state: must be running to vote when last-logged opid is not known
I20260608 09:52:57.036731  5996 raft_consensus.cc:515] T 6d5107a1920140a1ab232404d29d34b5 P ac3ddb23edd5404b9c931f1fe0c4bdbe [term 1 FOLLOWER]: Starting leader election with config: opid_index: -1 OBSOLETE_local: false peers { permanent_uuid: "ac3ddb23edd5404b9c931f1fe0c4bdbe" member_type: VOTER last_known_addr { host: "127.2.186.193" port: 43395 } } peers { permanent_uuid: "7db548d049f844e6aa3363a086c9fa7d" member_type: VOTER last_known_addr { host: "127.2.186.196" port: 39519 } } peers { permanent_uuid: "d5fa8a04951549148f4376b5375577d3" member_type: VOTER last_known_addr { host: "127.2.186.194" port: 33595 } }
I20260608 09:52:57.037369  6030 raft_consensus.cc:3060] T f8921100fcdc4d64b1934e89e53f9cd5 P d5fa8a04951549148f4376b5375577d3 [term 0 FOLLOWER]: Advancing to term 1
I20260608 09:52:57.039036  6170 raft_consensus.cc:2749] T 6896ccca0a9449b5a56db85be8088eee P 7db548d049f844e6aa3363a086c9fa7d [term 1 FOLLOWER]: Leader election lost for term 1. Reason: could not achieve majority
I20260608 09:52:57.039799  6141 tablet_bootstrap.cc:654] T f8aac1cd67be4e68827c6bd412394788 P ac3ddb23edd5404b9c931f1fe0c4bdbe: Neither blocks nor log segments found. Creating new log.
I20260608 09:52:57.043759  6105 tablet_service.cc:1917] Received RequestConsensusVote() RPC: tablet_id: "f8921100fcdc4d64b1934e89e53f9cd5" candidate_uuid: "d5fa8a04951549148f4376b5375577d3" candidate_term: 1 candidate_status { last_received { term: 0 index: 0 } } ignore_live_leader: false dest_uuid: "7db548d049f844e6aa3363a086c9fa7d" is_pre_election: true
I20260608 09:52:57.044175  5996 leader_election.cc:290] T 6d5107a1920140a1ab232404d29d34b5 P ac3ddb23edd5404b9c931f1fe0c4bdbe [CANDIDATE]: Term 1 election: Requested vote from peers 7db548d049f844e6aa3363a086c9fa7d (127.2.186.196:39519), d5fa8a04951549148f4376b5375577d3 (127.2.186.194:33595)
I20260608 09:52:57.044512  6106 tablet_service.cc:1917] Received RequestConsensusVote() RPC: tablet_id: "6bcf5a02c35e4094ba25cbaafcdcbc50" candidate_uuid: "ac3ddb23edd5404b9c931f1fe0c4bdbe" candidate_term: 1 candidate_status { last_received { term: 0 index: 0 } } ignore_live_leader: false dest_uuid: "7db548d049f844e6aa3363a086c9fa7d"
I20260608 09:52:57.047039  5866 tablet_service.cc:1917] Received RequestConsensusVote() RPC: tablet_id: "6d5107a1920140a1ab232404d29d34b5" candidate_uuid: "ac3ddb23edd5404b9c931f1fe0c4bdbe" candidate_term: 1 candidate_status { last_received { term: 0 index: 0 } } ignore_live_leader: false dest_uuid: "d5fa8a04951549148f4376b5375577d3"
I20260608 09:52:57.047627  5866 raft_consensus.cc:3060] T 6d5107a1920140a1ab232404d29d34b5 P d5fa8a04951549148f4376b5375577d3 [term 0 FOLLOWER]: Advancing to term 1
W20260608 09:52:57.049099  5833 leader_election.cc:343] T f8921100fcdc4d64b1934e89e53f9cd5 P d5fa8a04951549148f4376b5375577d3 [CANDIDATE]: Term 1 pre-election: Tablet error from VoteRequest() call to peer 7db548d049f844e6aa3363a086c9fa7d (127.2.186.196:39519): Illegal state: must be running to vote when last-logged opid is not known
W20260608 09:52:57.049407  5758 leader_election.cc:343] T 6bcf5a02c35e4094ba25cbaafcdcbc50 P ac3ddb23edd5404b9c931f1fe0c4bdbe [CANDIDATE]: Term 1 election: Tablet error from VoteRequest() call to peer 7db548d049f844e6aa3363a086c9fa7d (127.2.186.196:39519): Illegal state: must be running to vote when last-logged opid is not known
I20260608 09:52:57.050251  6106 tablet_service.cc:1917] Received RequestConsensusVote() RPC: tablet_id: "b614833ee922408da40e87543ad72634" candidate_uuid: "ac3ddb23edd5404b9c931f1fe0c4bdbe" candidate_term: 1 candidate_status { last_received { term: 0 index: 0 } } ignore_live_leader: false dest_uuid: "7db548d049f844e6aa3363a086c9fa7d" is_pre_election: true
W20260608 09:52:57.051432  5758 leader_election.cc:343] T b614833ee922408da40e87543ad72634 P ac3ddb23edd5404b9c931f1fe0c4bdbe [CANDIDATE]: Term 1 pre-election: Tablet error from VoteRequest() call to peer 7db548d049f844e6aa3363a086c9fa7d (127.2.186.196:39519): Illegal state: must be running to vote when last-logged opid is not known
I20260608 09:52:57.051882  5758 leader_election.cc:304] T b614833ee922408da40e87543ad72634 P ac3ddb23edd5404b9c931f1fe0c4bdbe [CANDIDATE]: Term 1 pre-election: Election decided. Result: candidate lost. Election summary: received 3 responses out of 3 voters: 1 yes votes; 2 no votes. yes voters: ac3ddb23edd5404b9c931f1fe0c4bdbe; no voters: 7db548d049f844e6aa3363a086c9fa7d, d5fa8a04951549148f4376b5375577d3
I20260608 09:52:57.051306  5690 catalog_manager.cc:5696] T 28dd20345d5341b193c5ae8a08848a95 P af380a8e3c534fa78509cb4574623f01 reported cstate change: term changed from 0 to 1, leader changed from <none> to af380a8e3c534fa78509cb4574623f01 (127.2.186.195). New cstate: current_term: 1 leader_uuid: "af380a8e3c534fa78509cb4574623f01" committed_config { opid_index: -1 OBSOLETE_local: false peers { permanent_uuid: "af380a8e3c534fa78509cb4574623f01" member_type: VOTER last_known_addr { host: "127.2.186.195" port: 37775 } health_report { overall_health: HEALTHY } } peers { permanent_uuid: "d5fa8a04951549148f4376b5375577d3" member_type: VOTER last_known_addr { host: "127.2.186.194" port: 33595 } health_report { overall_health: UNKNOWN } } peers { permanent_uuid: "7db548d049f844e6aa3363a086c9fa7d" member_type: VOTER last_known_addr { host: "127.2.186.196" port: 39519 } health_report { overall_health: UNKNOWN } } }
I20260608 09:52:57.053682  5996 raft_consensus.cc:2749] T b614833ee922408da40e87543ad72634 P ac3ddb23edd5404b9c931f1fe0c4bdbe [term 0 FOLLOWER]: Leader pre-election lost for term 1. Reason: could not achieve majority
I20260608 09:52:57.056461  6105 tablet_service.cc:1917] Received RequestConsensusVote() RPC: tablet_id: "6d5107a1920140a1ab232404d29d34b5" candidate_uuid: "ac3ddb23edd5404b9c931f1fe0c4bdbe" candidate_term: 1 candidate_status { last_received { term: 0 index: 0 } } ignore_live_leader: false dest_uuid: "7db548d049f844e6aa3363a086c9fa7d"
I20260608 09:52:57.057232  6105 raft_consensus.cc:3060] T 6d5107a1920140a1ab232404d29d34b5 P 7db548d049f844e6aa3363a086c9fa7d [term 0 FOLLOWER]: Advancing to term 1
I20260608 09:52:57.072213  5866 raft_consensus.cc:2468] T 6d5107a1920140a1ab232404d29d34b5 P d5fa8a04951549148f4376b5375577d3 [term 1 FOLLOWER]: Leader election vote request: Granting yes vote for candidate ac3ddb23edd5404b9c931f1fe0c4bdbe in term 1.
I20260608 09:52:57.072969  6030 raft_consensus.cc:515] T f8921100fcdc4d64b1934e89e53f9cd5 P d5fa8a04951549148f4376b5375577d3 [term 1 FOLLOWER]: Starting leader election with config: opid_index: -1 OBSOLETE_local: false peers { permanent_uuid: "7db548d049f844e6aa3363a086c9fa7d" member_type: VOTER last_known_addr { host: "127.2.186.196" port: 39519 } } peers { permanent_uuid: "d5fa8a04951549148f4376b5375577d3" member_type: VOTER last_known_addr { host: "127.2.186.194" port: 33595 } } peers { permanent_uuid: "af380a8e3c534fa78509cb4574623f01" member_type: VOTER last_known_addr { host: "127.2.186.195" port: 37775 } }
I20260608 09:52:57.073969  5755 leader_election.cc:304] T 6d5107a1920140a1ab232404d29d34b5 P ac3ddb23edd5404b9c931f1fe0c4bdbe [CANDIDATE]: Term 1 election: Election decided. Result: candidate won. Election summary: received 2 responses out of 3 voters: 2 yes votes; 0 no votes. yes voters: ac3ddb23edd5404b9c931f1fe0c4bdbe, d5fa8a04951549148f4376b5375577d3; no voters: 
I20260608 09:52:57.074900  5996 raft_consensus.cc:2804] T 6d5107a1920140a1ab232404d29d34b5 P ac3ddb23edd5404b9c931f1fe0c4bdbe [term 1 FOLLOWER]: Leader election won for term 1
I20260608 09:52:57.075448  5996 raft_consensus.cc:697] T 6d5107a1920140a1ab232404d29d34b5 P ac3ddb23edd5404b9c931f1fe0c4bdbe [term 1 LEADER]: Becoming Leader. State: Replica: ac3ddb23edd5404b9c931f1fe0c4bdbe, State: Running, Role: LEADER
I20260608 09:52:57.076287  5996 consensus_queue.cc:237] T 6d5107a1920140a1ab232404d29d34b5 P ac3ddb23edd5404b9c931f1fe0c4bdbe [LEADER]: Queue going to LEADER mode. State: All replicated index: 0, Majority replicated index: 0, Committed index: 0, Last appended: 0.0, Last appended by leader: 0, Current term: 1, Majority size: 2, State: 0, Mode: LEADER, active raft config: opid_index: -1 OBSOLETE_local: false peers { permanent_uuid: "ac3ddb23edd5404b9c931f1fe0c4bdbe" member_type: VOTER last_known_addr { host: "127.2.186.193" port: 43395 } } peers { permanent_uuid: "7db548d049f844e6aa3363a086c9fa7d" member_type: VOTER last_known_addr { host: "127.2.186.196" port: 39519 } } peers { permanent_uuid: "d5fa8a04951549148f4376b5375577d3" member_type: VOTER last_known_addr { host: "127.2.186.194" port: 33595 } }
I20260608 09:52:57.081962  6106 tablet_service.cc:1917] Received RequestConsensusVote() RPC: tablet_id: "f8921100fcdc4d64b1934e89e53f9cd5" candidate_uuid: "d5fa8a04951549148f4376b5375577d3" candidate_term: 1 candidate_status { last_received { term: 0 index: 0 } } ignore_live_leader: false dest_uuid: "7db548d049f844e6aa3363a086c9fa7d"
I20260608 09:52:57.083335  5941 tablet_service.cc:1917] Received RequestConsensusVote() RPC: tablet_id: "f8921100fcdc4d64b1934e89e53f9cd5" candidate_uuid: "d5fa8a04951549148f4376b5375577d3" candidate_term: 1 candidate_status { last_received { term: 0 index: 0 } } ignore_live_leader: false dest_uuid: "af380a8e3c534fa78509cb4574623f01"
I20260608 09:52:57.083986  5941 raft_consensus.cc:3060] T f8921100fcdc4d64b1934e89e53f9cd5 P af380a8e3c534fa78509cb4574623f01 [term 0 FOLLOWER]: Advancing to term 1
I20260608 09:52:57.085129  6105 raft_consensus.cc:2468] T 6d5107a1920140a1ab232404d29d34b5 P 7db548d049f844e6aa3363a086c9fa7d [term 1 FOLLOWER]: Leader election vote request: Granting yes vote for candidate ac3ddb23edd5404b9c931f1fe0c4bdbe in term 1.
W20260608 09:52:57.086104  5833 leader_election.cc:343] T f8921100fcdc4d64b1934e89e53f9cd5 P d5fa8a04951549148f4376b5375577d3 [CANDIDATE]: Term 1 election: Tablet error from VoteRequest() call to peer 7db548d049f844e6aa3363a086c9fa7d (127.2.186.196:39519): Illegal state: must be running to vote when last-logged opid is not known
I20260608 09:52:57.088551  5939 raft_consensus.cc:2468] T 6bcf5a02c35e4094ba25cbaafcdcbc50 P af380a8e3c534fa78509cb4574623f01 [term 1 FOLLOWER]: Leader election vote request: Granting yes vote for candidate ac3ddb23edd5404b9c931f1fe0c4bdbe in term 1.
I20260608 09:52:57.087260  6030 leader_election.cc:290] T f8921100fcdc4d64b1934e89e53f9cd5 P d5fa8a04951549148f4376b5375577d3 [CANDIDATE]: Term 1 election: Requested vote from peers 7db548d049f844e6aa3363a086c9fa7d (127.2.186.196:39519), af380a8e3c534fa78509cb4574623f01 (127.2.186.195:37775)
I20260608 09:52:57.090231  5755 leader_election.cc:304] T 6bcf5a02c35e4094ba25cbaafcdcbc50 P ac3ddb23edd5404b9c931f1fe0c4bdbe [CANDIDATE]: Term 1 election: Election decided. Result: candidate won. Election summary: received 3 responses out of 3 voters: 2 yes votes; 1 no votes. yes voters: ac3ddb23edd5404b9c931f1fe0c4bdbe, af380a8e3c534fa78509cb4574623f01; no voters: 7db548d049f844e6aa3363a086c9fa7d
I20260608 09:52:57.093091  5996 raft_consensus.cc:2804] T 6bcf5a02c35e4094ba25cbaafcdcbc50 P ac3ddb23edd5404b9c931f1fe0c4bdbe [term 1 FOLLOWER]: Leader election won for term 1
I20260608 09:52:57.093915  5996 raft_consensus.cc:697] T 6bcf5a02c35e4094ba25cbaafcdcbc50 P ac3ddb23edd5404b9c931f1fe0c4bdbe [term 1 LEADER]: Becoming Leader. State: Replica: ac3ddb23edd5404b9c931f1fe0c4bdbe, State: Running, Role: LEADER
I20260608 09:52:57.094669  6143 tablet_bootstrap.cc:492] T b614833ee922408da40e87543ad72634 P d5fa8a04951549148f4376b5375577d3: No bootstrap required, opened a new log
I20260608 09:52:57.095257  6143 ts_tablet_manager.cc:1403] T b614833ee922408da40e87543ad72634 P d5fa8a04951549148f4376b5375577d3: Time spent bootstrapping tablet: real 0.118s	user 0.009s	sys 0.019s
I20260608 09:52:57.095124  5941 raft_consensus.cc:2468] T f8921100fcdc4d64b1934e89e53f9cd5 P af380a8e3c534fa78509cb4574623f01 [term 1 FOLLOWER]: Leader election vote request: Granting yes vote for candidate d5fa8a04951549148f4376b5375577d3 in term 1.
I20260608 09:52:57.094767  5996 consensus_queue.cc:237] T 6bcf5a02c35e4094ba25cbaafcdcbc50 P ac3ddb23edd5404b9c931f1fe0c4bdbe [LEADER]: Queue going to LEADER mode. State: All replicated index: 0, Majority replicated index: 0, Committed index: 0, Last appended: 0.0, Last appended by leader: 0, Current term: 1, Majority size: 2, State: 0, Mode: LEADER, active raft config: opid_index: -1 OBSOLETE_local: false peers { permanent_uuid: "af380a8e3c534fa78509cb4574623f01" member_type: VOTER last_known_addr { host: "127.2.186.195" port: 37775 } } peers { permanent_uuid: "7db548d049f844e6aa3363a086c9fa7d" member_type: VOTER last_known_addr { host: "127.2.186.196" port: 39519 } } peers { permanent_uuid: "ac3ddb23edd5404b9c931f1fe0c4bdbe" member_type: VOTER last_known_addr { host: "127.2.186.193" port: 43395 } }
I20260608 09:52:57.096563  5830 leader_election.cc:304] T f8921100fcdc4d64b1934e89e53f9cd5 P d5fa8a04951549148f4376b5375577d3 [CANDIDATE]: Term 1 election: Election decided. Result: candidate won. Election summary: received 3 responses out of 3 voters: 2 yes votes; 1 no votes. yes voters: af380a8e3c534fa78509cb4574623f01, d5fa8a04951549148f4376b5375577d3; no voters: 7db548d049f844e6aa3363a086c9fa7d
I20260608 09:52:57.097512  6030 raft_consensus.cc:2804] T f8921100fcdc4d64b1934e89e53f9cd5 P d5fa8a04951549148f4376b5375577d3 [term 1 FOLLOWER]: Leader election won for term 1
I20260608 09:52:57.095682  5690 catalog_manager.cc:5696] T 6d5107a1920140a1ab232404d29d34b5 P ac3ddb23edd5404b9c931f1fe0c4bdbe reported cstate change: term changed from 0 to 1, leader changed from <none> to ac3ddb23edd5404b9c931f1fe0c4bdbe (127.2.186.193). New cstate: current_term: 1 leader_uuid: "ac3ddb23edd5404b9c931f1fe0c4bdbe" committed_config { opid_index: -1 OBSOLETE_local: false peers { permanent_uuid: "ac3ddb23edd5404b9c931f1fe0c4bdbe" member_type: VOTER last_known_addr { host: "127.2.186.193" port: 43395 } health_report { overall_health: HEALTHY } } peers { permanent_uuid: "7db548d049f844e6aa3363a086c9fa7d" member_type: VOTER last_known_addr { host: "127.2.186.196" port: 39519 } health_report { overall_health: UNKNOWN } } peers { permanent_uuid: "d5fa8a04951549148f4376b5375577d3" member_type: VOTER last_known_addr { host: "127.2.186.194" port: 33595 } health_report { overall_health: UNKNOWN } } }
I20260608 09:52:57.098121  6144 tablet_bootstrap.cc:654] T 6bcf5a02c35e4094ba25cbaafcdcbc50 P 7db548d049f844e6aa3363a086c9fa7d: Neither blocks nor log segments found. Creating new log.
I20260608 09:52:57.099548  6030 raft_consensus.cc:697] T f8921100fcdc4d64b1934e89e53f9cd5 P d5fa8a04951549148f4376b5375577d3 [term 1 LEADER]: Becoming Leader. State: Replica: d5fa8a04951549148f4376b5375577d3, State: Running, Role: LEADER
I20260608 09:52:57.100293  6141 tablet_bootstrap.cc:492] T f8aac1cd67be4e68827c6bd412394788 P ac3ddb23edd5404b9c931f1fe0c4bdbe: No bootstrap required, opened a new log
I20260608 09:52:57.102634  6141 ts_tablet_manager.cc:1403] T f8aac1cd67be4e68827c6bd412394788 P ac3ddb23edd5404b9c931f1fe0c4bdbe: Time spent bootstrapping tablet: real 0.130s	user 0.016s	sys 0.024s
I20260608 09:52:57.106679  6030 consensus_queue.cc:237] T f8921100fcdc4d64b1934e89e53f9cd5 P d5fa8a04951549148f4376b5375577d3 [LEADER]: Queue going to LEADER mode. State: All replicated index: 0, Majority replicated index: 0, Committed index: 0, Last appended: 0.0, Last appended by leader: 0, Current term: 1, Majority size: 2, State: 0, Mode: LEADER, active raft config: opid_index: -1 OBSOLETE_local: false peers { permanent_uuid: "7db548d049f844e6aa3363a086c9fa7d" member_type: VOTER last_known_addr { host: "127.2.186.196" port: 39519 } } peers { permanent_uuid: "d5fa8a04951549148f4376b5375577d3" member_type: VOTER last_known_addr { host: "127.2.186.194" port: 33595 } } peers { permanent_uuid: "af380a8e3c534fa78509cb4574623f01" member_type: VOTER last_known_addr { host: "127.2.186.195" port: 37775 } }
I20260608 09:52:57.106902  6143 raft_consensus.cc:359] T b614833ee922408da40e87543ad72634 P d5fa8a04951549148f4376b5375577d3 [term 0 FOLLOWER]: Replica starting. Triggering 0 pending ops. Active config: opid_index: -1 OBSOLETE_local: false peers { permanent_uuid: "d5fa8a04951549148f4376b5375577d3" member_type: VOTER last_known_addr { host: "127.2.186.194" port: 33595 } } peers { permanent_uuid: "7db548d049f844e6aa3363a086c9fa7d" member_type: VOTER last_known_addr { host: "127.2.186.196" port: 39519 } } peers { permanent_uuid: "ac3ddb23edd5404b9c931f1fe0c4bdbe" member_type: VOTER last_known_addr { host: "127.2.186.193" port: 43395 } }
I20260608 09:52:57.107738  6143 raft_consensus.cc:385] T b614833ee922408da40e87543ad72634 P d5fa8a04951549148f4376b5375577d3 [term 0 FOLLOWER]: Consensus starting up: Expiring failure detector timer to make a prompt election more likely
I20260608 09:52:57.108076  6143 raft_consensus.cc:740] T b614833ee922408da40e87543ad72634 P d5fa8a04951549148f4376b5375577d3 [term 0 FOLLOWER]: Becoming Follower/Learner. State: Replica: d5fa8a04951549148f4376b5375577d3, State: Initialized, Role: FOLLOWER
I20260608 09:52:57.108848  6143 consensus_queue.cc:260] T b614833ee922408da40e87543ad72634 P d5fa8a04951549148f4376b5375577d3 [NON_LEADER]: Queue going to NON_LEADER mode. State: All replicated index: 0, Majority replicated index: 0, Committed index: 0, Last appended: 0.0, Last appended by leader: 0, Current term: 0, Majority size: -1, State: 0, Mode: NON_LEADER, active raft config: opid_index: -1 OBSOLETE_local: false peers { permanent_uuid: "d5fa8a04951549148f4376b5375577d3" member_type: VOTER last_known_addr { host: "127.2.186.194" port: 33595 } } peers { permanent_uuid: "7db548d049f844e6aa3363a086c9fa7d" member_type: VOTER last_known_addr { host: "127.2.186.196" port: 39519 } } peers { permanent_uuid: "ac3ddb23edd5404b9c931f1fe0c4bdbe" member_type: VOTER last_known_addr { host: "127.2.186.193" port: 43395 } }
I20260608 09:52:57.112601  6143 ts_tablet_manager.cc:1434] T b614833ee922408da40e87543ad72634 P d5fa8a04951549148f4376b5375577d3: Time spent starting tablet: real 0.017s	user 0.006s	sys 0.004s
I20260608 09:52:57.114895  6141 raft_consensus.cc:359] T f8aac1cd67be4e68827c6bd412394788 P ac3ddb23edd5404b9c931f1fe0c4bdbe [term 0 FOLLOWER]: Replica starting. Triggering 0 pending ops. Active config: opid_index: -1 OBSOLETE_local: false peers { permanent_uuid: "7db548d049f844e6aa3363a086c9fa7d" member_type: VOTER last_known_addr { host: "127.2.186.196" port: 39519 } } peers { permanent_uuid: "ac3ddb23edd5404b9c931f1fe0c4bdbe" member_type: VOTER last_known_addr { host: "127.2.186.193" port: 43395 } } peers { permanent_uuid: "af380a8e3c534fa78509cb4574623f01" member_type: VOTER last_known_addr { host: "127.2.186.195" port: 37775 } }
I20260608 09:52:57.115651  6141 raft_consensus.cc:385] T f8aac1cd67be4e68827c6bd412394788 P ac3ddb23edd5404b9c931f1fe0c4bdbe [term 0 FOLLOWER]: Consensus starting up: Expiring failure detector timer to make a prompt election more likely
I20260608 09:52:57.115960  6141 raft_consensus.cc:740] T f8aac1cd67be4e68827c6bd412394788 P ac3ddb23edd5404b9c931f1fe0c4bdbe [term 0 FOLLOWER]: Becoming Follower/Learner. State: Replica: ac3ddb23edd5404b9c931f1fe0c4bdbe, State: Initialized, Role: FOLLOWER
I20260608 09:52:57.117230  6141 consensus_queue.cc:260] T f8aac1cd67be4e68827c6bd412394788 P ac3ddb23edd5404b9c931f1fe0c4bdbe [NON_LEADER]: Queue going to NON_LEADER mode. State: All replicated index: 0, Majority replicated index: 0, Committed index: 0, Last appended: 0.0, Last appended by leader: 0, Current term: 0, Majority size: -1, State: 0, Mode: NON_LEADER, active raft config: opid_index: -1 OBSOLETE_local: false peers { permanent_uuid: "7db548d049f844e6aa3363a086c9fa7d" member_type: VOTER last_known_addr { host: "127.2.186.196" port: 39519 } } peers { permanent_uuid: "ac3ddb23edd5404b9c931f1fe0c4bdbe" member_type: VOTER last_known_addr { host: "127.2.186.193" port: 43395 } } peers { permanent_uuid: "af380a8e3c534fa78509cb4574623f01" member_type: VOTER last_known_addr { host: "127.2.186.195" port: 37775 } }
I20260608 09:52:57.120924  6141 ts_tablet_manager.cc:1434] T f8aac1cd67be4e68827c6bd412394788 P ac3ddb23edd5404b9c931f1fe0c4bdbe: Time spent starting tablet: real 0.018s	user 0.004s	sys 0.003s
I20260608 09:52:57.121368  5690 catalog_manager.cc:5696] T f8921100fcdc4d64b1934e89e53f9cd5 P d5fa8a04951549148f4376b5375577d3 reported cstate change: term changed from 0 to 1, leader changed from <none> to d5fa8a04951549148f4376b5375577d3 (127.2.186.194). New cstate: current_term: 1 leader_uuid: "d5fa8a04951549148f4376b5375577d3" committed_config { opid_index: -1 OBSOLETE_local: false peers { permanent_uuid: "7db548d049f844e6aa3363a086c9fa7d" member_type: VOTER last_known_addr { host: "127.2.186.196" port: 39519 } health_report { overall_health: UNKNOWN } } peers { permanent_uuid: "d5fa8a04951549148f4376b5375577d3" member_type: VOTER last_known_addr { host: "127.2.186.194" port: 33595 } health_report { overall_health: HEALTHY } } peers { permanent_uuid: "af380a8e3c534fa78509cb4574623f01" member_type: VOTER last_known_addr { host: "127.2.186.195" port: 37775 } health_report { overall_health: UNKNOWN } } }
I20260608 09:52:57.124447  5996 raft_consensus.cc:493] T f8aac1cd67be4e68827c6bd412394788 P ac3ddb23edd5404b9c931f1fe0c4bdbe [term 0 FOLLOWER]: Starting pre-election (no leader contacted us within the election timeout)
I20260608 09:52:57.123653  5687 catalog_manager.cc:5696] T 6bcf5a02c35e4094ba25cbaafcdcbc50 P ac3ddb23edd5404b9c931f1fe0c4bdbe reported cstate change: term changed from 0 to 1, leader changed from <none> to ac3ddb23edd5404b9c931f1fe0c4bdbe (127.2.186.193). New cstate: current_term: 1 leader_uuid: "ac3ddb23edd5404b9c931f1fe0c4bdbe" committed_config { opid_index: -1 OBSOLETE_local: false peers { permanent_uuid: "af380a8e3c534fa78509cb4574623f01" member_type: VOTER last_known_addr { host: "127.2.186.195" port: 37775 } health_report { overall_health: UNKNOWN } } peers { permanent_uuid: "7db548d049f844e6aa3363a086c9fa7d" member_type: VOTER last_known_addr { host: "127.2.186.196" port: 39519 } health_report { overall_health: UNKNOWN } } peers { permanent_uuid: "ac3ddb23edd5404b9c931f1fe0c4bdbe" member_type: VOTER last_known_addr { host: "127.2.186.193" port: 43395 } health_report { overall_health: HEALTHY } } }
I20260608 09:52:57.124943  5996 raft_consensus.cc:515] T f8aac1cd67be4e68827c6bd412394788 P ac3ddb23edd5404b9c931f1fe0c4bdbe [term 0 FOLLOWER]: Starting pre-election with config: opid_index: -1 OBSOLETE_local: false peers { permanent_uuid: "7db548d049f844e6aa3363a086c9fa7d" member_type: VOTER last_known_addr { host: "127.2.186.196" port: 39519 } } peers { permanent_uuid: "ac3ddb23edd5404b9c931f1fe0c4bdbe" member_type: VOTER last_known_addr { host: "127.2.186.193" port: 43395 } } peers { permanent_uuid: "af380a8e3c534fa78509cb4574623f01" member_type: VOTER last_known_addr { host: "127.2.186.195" port: 37775 } }
I20260608 09:52:57.127082  5996 leader_election.cc:290] T f8aac1cd67be4e68827c6bd412394788 P ac3ddb23edd5404b9c931f1fe0c4bdbe [CANDIDATE]: Term 1 pre-election: Requested pre-vote from peers 7db548d049f844e6aa3363a086c9fa7d (127.2.186.196:39519), af380a8e3c534fa78509cb4574623f01 (127.2.186.195:37775)
I20260608 09:52:57.128394  5941 tablet_service.cc:1917] Received RequestConsensusVote() RPC: tablet_id: "f8aac1cd67be4e68827c6bd412394788" candidate_uuid: "ac3ddb23edd5404b9c931f1fe0c4bdbe" candidate_term: 1 candidate_status { last_received { term: 0 index: 0 } } ignore_live_leader: false dest_uuid: "af380a8e3c534fa78509cb4574623f01" is_pre_election: true
I20260608 09:52:57.128943  6105 tablet_service.cc:1917] Received RequestConsensusVote() RPC: tablet_id: "f8aac1cd67be4e68827c6bd412394788" candidate_uuid: "ac3ddb23edd5404b9c931f1fe0c4bdbe" candidate_term: 1 candidate_status { last_received { term: 0 index: 0 } } ignore_live_leader: false dest_uuid: "7db548d049f844e6aa3363a086c9fa7d" is_pre_election: true
I20260608 09:52:57.129050  5941 raft_consensus.cc:2468] T f8aac1cd67be4e68827c6bd412394788 P af380a8e3c534fa78509cb4574623f01 [term 0 FOLLOWER]: Leader pre-election vote request: Granting yes vote for candidate ac3ddb23edd5404b9c931f1fe0c4bdbe in term 0.
I20260608 09:52:57.130246  5755 leader_election.cc:304] T f8aac1cd67be4e68827c6bd412394788 P ac3ddb23edd5404b9c931f1fe0c4bdbe [CANDIDATE]: Term 1 pre-election: Election decided. Result: candidate won. Election summary: received 2 responses out of 3 voters: 2 yes votes; 0 no votes. yes voters: ac3ddb23edd5404b9c931f1fe0c4bdbe, af380a8e3c534fa78509cb4574623f01; no voters: 
W20260608 09:52:57.130870  5758 leader_election.cc:343] T f8aac1cd67be4e68827c6bd412394788 P ac3ddb23edd5404b9c931f1fe0c4bdbe [CANDIDATE]: Term 1 pre-election: Tablet error from VoteRequest() call to peer 7db548d049f844e6aa3363a086c9fa7d (127.2.186.196:39519): Illegal state: must be running to vote when last-logged opid is not known
I20260608 09:52:57.131804  5996 raft_consensus.cc:2804] T f8aac1cd67be4e68827c6bd412394788 P ac3ddb23edd5404b9c931f1fe0c4bdbe [term 0 FOLLOWER]: Leader pre-election won for term 1
I20260608 09:52:57.132208  5996 raft_consensus.cc:493] T f8aac1cd67be4e68827c6bd412394788 P ac3ddb23edd5404b9c931f1fe0c4bdbe [term 0 FOLLOWER]: Starting leader election (no leader contacted us within the election timeout)
I20260608 09:52:57.136832  5996 raft_consensus.cc:3060] T f8aac1cd67be4e68827c6bd412394788 P ac3ddb23edd5404b9c931f1fe0c4bdbe [term 0 FOLLOWER]: Advancing to term 1
I20260608 09:52:57.140692  6144 tablet_bootstrap.cc:492] T 6bcf5a02c35e4094ba25cbaafcdcbc50 P 7db548d049f844e6aa3363a086c9fa7d: No bootstrap required, opened a new log
I20260608 09:52:57.141247  6144 ts_tablet_manager.cc:1403] T 6bcf5a02c35e4094ba25cbaafcdcbc50 P 7db548d049f844e6aa3363a086c9fa7d: Time spent bootstrapping tablet: real 0.144s	user 0.014s	sys 0.004s
I20260608 09:52:57.144258  5996 raft_consensus.cc:515] T f8aac1cd67be4e68827c6bd412394788 P ac3ddb23edd5404b9c931f1fe0c4bdbe [term 1 FOLLOWER]: Starting leader election with config: opid_index: -1 OBSOLETE_local: false peers { permanent_uuid: "7db548d049f844e6aa3363a086c9fa7d" member_type: VOTER last_known_addr { host: "127.2.186.196" port: 39519 } } peers { permanent_uuid: "ac3ddb23edd5404b9c931f1fe0c4bdbe" member_type: VOTER last_known_addr { host: "127.2.186.193" port: 43395 } } peers { permanent_uuid: "af380a8e3c534fa78509cb4574623f01" member_type: VOTER last_known_addr { host: "127.2.186.195" port: 37775 } }
I20260608 09:52:57.146008  6144 raft_consensus.cc:359] T 6bcf5a02c35e4094ba25cbaafcdcbc50 P 7db548d049f844e6aa3363a086c9fa7d [term 0 FOLLOWER]: Replica starting. Triggering 0 pending ops. Active config: opid_index: -1 OBSOLETE_local: false peers { permanent_uuid: "af380a8e3c534fa78509cb4574623f01" member_type: VOTER last_known_addr { host: "127.2.186.195" port: 37775 } } peers { permanent_uuid: "7db548d049f844e6aa3363a086c9fa7d" member_type: VOTER last_known_addr { host: "127.2.186.196" port: 39519 } } peers { permanent_uuid: "ac3ddb23edd5404b9c931f1fe0c4bdbe" member_type: VOTER last_known_addr { host: "127.2.186.193" port: 43395 } }
I20260608 09:52:57.146787  6144 raft_consensus.cc:385] T 6bcf5a02c35e4094ba25cbaafcdcbc50 P 7db548d049f844e6aa3363a086c9fa7d [term 0 FOLLOWER]: Consensus starting up: Expiring failure detector timer to make a prompt election more likely
I20260608 09:52:57.147114  6144 raft_consensus.cc:740] T 6bcf5a02c35e4094ba25cbaafcdcbc50 P 7db548d049f844e6aa3363a086c9fa7d [term 0 FOLLOWER]: Becoming Follower/Learner. State: Replica: 7db548d049f844e6aa3363a086c9fa7d, State: Initialized, Role: FOLLOWER
I20260608 09:52:57.147629  6105 tablet_service.cc:1917] Received RequestConsensusVote() RPC: tablet_id: "f8aac1cd67be4e68827c6bd412394788" candidate_uuid: "ac3ddb23edd5404b9c931f1fe0c4bdbe" candidate_term: 1 candidate_status { last_received { term: 0 index: 0 } } ignore_live_leader: false dest_uuid: "7db548d049f844e6aa3363a086c9fa7d"
I20260608 09:52:57.147936  6144 consensus_queue.cc:260] T 6bcf5a02c35e4094ba25cbaafcdcbc50 P 7db548d049f844e6aa3363a086c9fa7d [NON_LEADER]: Queue going to NON_LEADER mode. State: All replicated index: 0, Majority replicated index: 0, Committed index: 0, Last appended: 0.0, Last appended by leader: 0, Current term: 0, Majority size: -1, State: 0, Mode: NON_LEADER, active raft config: opid_index: -1 OBSOLETE_local: false peers { permanent_uuid: "af380a8e3c534fa78509cb4574623f01" member_type: VOTER last_known_addr { host: "127.2.186.195" port: 37775 } } peers { permanent_uuid: "7db548d049f844e6aa3363a086c9fa7d" member_type: VOTER last_known_addr { host: "127.2.186.196" port: 39519 } } peers { permanent_uuid: "ac3ddb23edd5404b9c931f1fe0c4bdbe" member_type: VOTER last_known_addr { host: "127.2.186.193" port: 43395 } }
W20260608 09:52:57.149132  5758 leader_election.cc:343] T f8aac1cd67be4e68827c6bd412394788 P ac3ddb23edd5404b9c931f1fe0c4bdbe [CANDIDATE]: Term 1 election: Tablet error from VoteRequest() call to peer 7db548d049f844e6aa3363a086c9fa7d (127.2.186.196:39519): Illegal state: must be running to vote when last-logged opid is not known
I20260608 09:52:57.151284  6144 ts_tablet_manager.cc:1434] T 6bcf5a02c35e4094ba25cbaafcdcbc50 P 7db548d049f844e6aa3363a086c9fa7d: Time spent starting tablet: real 0.010s	user 0.009s	sys 0.000s
I20260608 09:52:57.151386  5941 tablet_service.cc:1917] Received RequestConsensusVote() RPC: tablet_id: "f8aac1cd67be4e68827c6bd412394788" candidate_uuid: "ac3ddb23edd5404b9c931f1fe0c4bdbe" candidate_term: 1 candidate_status { last_received { term: 0 index: 0 } } ignore_live_leader: false dest_uuid: "af380a8e3c534fa78509cb4574623f01"
I20260608 09:52:57.152287  5941 raft_consensus.cc:3060] T f8aac1cd67be4e68827c6bd412394788 P af380a8e3c534fa78509cb4574623f01 [term 0 FOLLOWER]: Advancing to term 1
I20260608 09:52:57.152839  6144 tablet_bootstrap.cc:492] T b614833ee922408da40e87543ad72634 P 7db548d049f844e6aa3363a086c9fa7d: Bootstrap starting.
I20260608 09:52:57.151867  5996 leader_election.cc:290] T f8aac1cd67be4e68827c6bd412394788 P ac3ddb23edd5404b9c931f1fe0c4bdbe [CANDIDATE]: Term 1 election: Requested vote from peers 7db548d049f844e6aa3363a086c9fa7d (127.2.186.196:39519), af380a8e3c534fa78509cb4574623f01 (127.2.186.195:37775)
I20260608 09:52:57.158789  5941 raft_consensus.cc:2468] T f8aac1cd67be4e68827c6bd412394788 P af380a8e3c534fa78509cb4574623f01 [term 1 FOLLOWER]: Leader election vote request: Granting yes vote for candidate ac3ddb23edd5404b9c931f1fe0c4bdbe in term 1.
I20260608 09:52:57.159703  6144 tablet_bootstrap.cc:654] T b614833ee922408da40e87543ad72634 P 7db548d049f844e6aa3363a086c9fa7d: Neither blocks nor log segments found. Creating new log.
I20260608 09:52:57.160009  5755 leader_election.cc:304] T f8aac1cd67be4e68827c6bd412394788 P ac3ddb23edd5404b9c931f1fe0c4bdbe [CANDIDATE]: Term 1 election: Election decided. Result: candidate won. Election summary: received 3 responses out of 3 voters: 2 yes votes; 1 no votes. yes voters: ac3ddb23edd5404b9c931f1fe0c4bdbe, af380a8e3c534fa78509cb4574623f01; no voters: 7db548d049f844e6aa3363a086c9fa7d
I20260608 09:52:57.160959  5996 raft_consensus.cc:2804] T f8aac1cd67be4e68827c6bd412394788 P ac3ddb23edd5404b9c931f1fe0c4bdbe [term 1 FOLLOWER]: Leader election won for term 1
I20260608 09:52:57.161543  5996 raft_consensus.cc:697] T f8aac1cd67be4e68827c6bd412394788 P ac3ddb23edd5404b9c931f1fe0c4bdbe [term 1 LEADER]: Becoming Leader. State: Replica: ac3ddb23edd5404b9c931f1fe0c4bdbe, State: Running, Role: LEADER
