I20260608 09:52:50.728082 14389 raft_consensus.cc:515] T 3312414590a04e788d1ef5c501636b8d P 6abd31002e924ede870356c468320c4f [term 0 FOLLOWER]: Starting pre-election with config: opid_index: -1 OBSOLETE_local: false peers { permanent_uuid: "2fc8c373b5d74394b69fddb22699ddec" member_type: VOTER last_known_addr { host: "127.10.237.129" port: 43781 } } peers { permanent_uuid: "6abd31002e924ede870356c468320c4f" member_type: VOTER last_known_addr { host: "127.10.237.130" port: 38103 } } peers { permanent_uuid: "5a0136c5a4dd43ecaa0fde2c63dc1efb" member_type: VOTER last_known_addr { host: "127.10.237.131" port: 37149 } }
I20260608 09:52:50.730378 14389 leader_election.cc:290] T 3312414590a04e788d1ef5c501636b8d P 6abd31002e924ede870356c468320c4f [CANDIDATE]: Term 1 pre-election: Requested pre-vote from peers 2fc8c373b5d74394b69fddb22699ddec (127.10.237.129:43781), 5a0136c5a4dd43ecaa0fde2c63dc1efb (127.10.237.131:37149)
I20260608 09:52:50.737176 14387 tablet_bootstrap.cc:492] T eb9eab2fc95d409f95d29fd8cfbecfb4 P 6abd31002e924ede870356c468320c4f: No bootstrap required, opened a new log
I20260608 09:52:50.737061 14264 tablet_service.cc:1917] Received RequestConsensusVote() RPC: tablet_id: "3a9a446ce1e24f4c8910db92736bd1e1" candidate_uuid: "5a0136c5a4dd43ecaa0fde2c63dc1efb" candidate_term: 1 candidate_status { last_received { term: 0 index: 0 } } ignore_live_leader: false dest_uuid: "6abd31002e924ede870356c468320c4f" is_pre_election: true
I20260608 09:52:50.737788 14387 ts_tablet_manager.cc:1403] T eb9eab2fc95d409f95d29fd8cfbecfb4 P 6abd31002e924ede870356c468320c4f: Time spent bootstrapping tablet: real 0.226s	user 0.071s	sys 0.146s
I20260608 09:52:50.737807 14386 tablet_bootstrap.cc:492] T 9bf50b791638480f92cdeb8b038163d1 P 5a0136c5a4dd43ecaa0fde2c63dc1efb: No bootstrap required, opened a new log
I20260608 09:52:50.738052 14384 tablet_bootstrap.cc:492] T 16344df229f74762b59db39d4ad78f4e P 2fc8c373b5d74394b69fddb22699ddec: No bootstrap required, opened a new log
I20260608 09:52:50.738476 14386 ts_tablet_manager.cc:1403] T 9bf50b791638480f92cdeb8b038163d1 P 5a0136c5a4dd43ecaa0fde2c63dc1efb: Time spent bootstrapping tablet: real 0.224s	user 0.072s	sys 0.124s
I20260608 09:52:50.738776 14384 ts_tablet_manager.cc:1403] T 16344df229f74762b59db39d4ad78f4e P 2fc8c373b5d74394b69fddb22699ddec: Time spent bootstrapping tablet: real 0.020s	user 0.012s	sys 0.006s
I20260608 09:52:50.739197 14264 tablet_service.cc:1917] Received RequestConsensusVote() RPC: tablet_id: "16344df229f74762b59db39d4ad78f4e" candidate_uuid: "5a0136c5a4dd43ecaa0fde2c63dc1efb" candidate_term: 1 candidate_status { last_received { term: 0 index: 0 } } ignore_live_leader: false dest_uuid: "6abd31002e924ede870356c468320c4f" is_pre_election: true
I20260608 09:52:50.739809 14264 raft_consensus.cc:2468] T 16344df229f74762b59db39d4ad78f4e P 6abd31002e924ede870356c468320c4f [term 0 FOLLOWER]: Leader pre-election vote request: Granting yes vote for candidate 5a0136c5a4dd43ecaa0fde2c63dc1efb in term 0.
I20260608 09:52:50.741254 14387 raft_consensus.cc:359] T eb9eab2fc95d409f95d29fd8cfbecfb4 P 6abd31002e924ede870356c468320c4f [term 0 FOLLOWER]: Replica starting. Triggering 0 pending ops. Active config: opid_index: -1 OBSOLETE_local: false peers { permanent_uuid: "6abd31002e924ede870356c468320c4f" member_type: VOTER last_known_addr { host: "127.10.237.130" port: 38103 } } peers { permanent_uuid: "2fc8c373b5d74394b69fddb22699ddec" member_type: VOTER last_known_addr { host: "127.10.237.129" port: 43781 } } peers { permanent_uuid: "5a0136c5a4dd43ecaa0fde2c63dc1efb" member_type: VOTER last_known_addr { host: "127.10.237.131" port: 37149 } }
I20260608 09:52:50.741653 14386 raft_consensus.cc:359] T 9bf50b791638480f92cdeb8b038163d1 P 5a0136c5a4dd43ecaa0fde2c63dc1efb [term 0 FOLLOWER]: Replica starting. Triggering 0 pending ops. Active config: opid_index: -1 OBSOLETE_local: false peers { permanent_uuid: "2fc8c373b5d74394b69fddb22699ddec" member_type: VOTER last_known_addr { host: "127.10.237.129" port: 43781 } } peers { permanent_uuid: "6abd31002e924ede870356c468320c4f" member_type: VOTER last_known_addr { host: "127.10.237.130" port: 38103 } } peers { permanent_uuid: "5a0136c5a4dd43ecaa0fde2c63dc1efb" member_type: VOTER last_known_addr { host: "127.10.237.131" port: 37149 } }
I20260608 09:52:50.742040 14387 raft_consensus.cc:385] T eb9eab2fc95d409f95d29fd8cfbecfb4 P 6abd31002e924ede870356c468320c4f [term 0 FOLLOWER]: Consensus starting up: Expiring failure detector timer to make a prompt election more likely
I20260608 09:52:50.742033 14264 tablet_service.cc:1917] Received RequestConsensusVote() RPC: tablet_id: "02532b18ec3a449ea11c2b0d83788761" candidate_uuid: "5a0136c5a4dd43ecaa0fde2c63dc1efb" candidate_term: 1 candidate_status { last_received { term: 0 index: 0 } } ignore_live_leader: false dest_uuid: "6abd31002e924ede870356c468320c4f" is_pre_election: true
I20260608 09:52:50.742417 14386 raft_consensus.cc:385] T 9bf50b791638480f92cdeb8b038163d1 P 5a0136c5a4dd43ecaa0fde2c63dc1efb [term 0 FOLLOWER]: Consensus starting up: Expiring failure detector timer to make a prompt election more likely
W20260608 09:52:50.742206 14301 leader_election.cc:343] T 3a9a446ce1e24f4c8910db92736bd1e1 P 5a0136c5a4dd43ecaa0fde2c63dc1efb [CANDIDATE]: Term 1 pre-election: Tablet error from VoteRequest() call to peer 6abd31002e924ede870356c468320c4f (127.10.237.130:38103): Illegal state: must be running to vote when last-logged opid is not known
I20260608 09:52:50.742645 14387 raft_consensus.cc:740] T eb9eab2fc95d409f95d29fd8cfbecfb4 P 6abd31002e924ede870356c468320c4f [term 0 FOLLOWER]: Becoming Follower/Learner. State: Replica: 6abd31002e924ede870356c468320c4f, State: Initialized, Role: FOLLOWER
I20260608 09:52:50.742866 14264 raft_consensus.cc:2468] T 02532b18ec3a449ea11c2b0d83788761 P 6abd31002e924ede870356c468320c4f [term 0 FOLLOWER]: Leader pre-election vote request: Granting yes vote for candidate 5a0136c5a4dd43ecaa0fde2c63dc1efb in term 0.
I20260608 09:52:50.742985 14386 raft_consensus.cc:740] T 9bf50b791638480f92cdeb8b038163d1 P 5a0136c5a4dd43ecaa0fde2c63dc1efb [term 0 FOLLOWER]: Becoming Follower/Learner. State: Replica: 5a0136c5a4dd43ecaa0fde2c63dc1efb, State: Initialized, Role: FOLLOWER
I20260608 09:52:50.743635 14301 leader_election.cc:304] T 16344df229f74762b59db39d4ad78f4e P 5a0136c5a4dd43ecaa0fde2c63dc1efb [CANDIDATE]: Term 1 pre-election: Election decided. Result: candidate won. Election summary: received 3 responses out of 3 voters: 2 yes votes; 1 no votes. yes voters: 5a0136c5a4dd43ecaa0fde2c63dc1efb, 6abd31002e924ede870356c468320c4f; no voters: 2fc8c373b5d74394b69fddb22699ddec
I20260608 09:52:50.743827 14387 consensus_queue.cc:260] T eb9eab2fc95d409f95d29fd8cfbecfb4 P 6abd31002e924ede870356c468320c4f [NON_LEADER]: Queue going to NON_LEADER mode. State: All replicated index: 0, Majority replicated index: 0, Committed index: 0, Last appended: 0.0, Last appended by leader: 0, Current term: 0, Majority size: -1, State: 0, Mode: NON_LEADER, active raft config: opid_index: -1 OBSOLETE_local: false peers { permanent_uuid: "6abd31002e924ede870356c468320c4f" member_type: VOTER last_known_addr { host: "127.10.237.130" port: 38103 } } peers { permanent_uuid: "2fc8c373b5d74394b69fddb22699ddec" member_type: VOTER last_known_addr { host: "127.10.237.129" port: 43781 } } peers { permanent_uuid: "5a0136c5a4dd43ecaa0fde2c63dc1efb" member_type: VOTER last_known_addr { host: "127.10.237.131" port: 37149 } }
I20260608 09:52:50.743933 14386 consensus_queue.cc:260] T 9bf50b791638480f92cdeb8b038163d1 P 5a0136c5a4dd43ecaa0fde2c63dc1efb [NON_LEADER]: Queue going to NON_LEADER mode. State: All replicated index: 0, Majority replicated index: 0, Committed index: 0, Last appended: 0.0, Last appended by leader: 0, Current term: 0, Majority size: -1, State: 0, Mode: NON_LEADER, active raft config: opid_index: -1 OBSOLETE_local: false peers { permanent_uuid: "2fc8c373b5d74394b69fddb22699ddec" member_type: VOTER last_known_addr { host: "127.10.237.129" port: 43781 } } peers { permanent_uuid: "6abd31002e924ede870356c468320c4f" member_type: VOTER last_known_addr { host: "127.10.237.130" port: 38103 } } peers { permanent_uuid: "5a0136c5a4dd43ecaa0fde2c63dc1efb" member_type: VOTER last_known_addr { host: "127.10.237.131" port: 37149 } }
I20260608 09:52:50.744553 14398 raft_consensus.cc:2804] T 16344df229f74762b59db39d4ad78f4e P 5a0136c5a4dd43ecaa0fde2c63dc1efb [term 0 FOLLOWER]: Leader pre-election won for term 1
I20260608 09:52:50.745007 14398 raft_consensus.cc:493] T 16344df229f74762b59db39d4ad78f4e P 5a0136c5a4dd43ecaa0fde2c63dc1efb [term 0 FOLLOWER]: Starting leader election (no leader contacted us within the election timeout)
I20260608 09:52:50.745410 14398 raft_consensus.cc:3060] T 16344df229f74762b59db39d4ad78f4e P 5a0136c5a4dd43ecaa0fde2c63dc1efb [term 0 FOLLOWER]: Advancing to term 1
I20260608 09:52:50.745222 14301 leader_election.cc:304] T 02532b18ec3a449ea11c2b0d83788761 P 5a0136c5a4dd43ecaa0fde2c63dc1efb [CANDIDATE]: Term 1 pre-election: Election decided. Result: candidate won. Election summary: received 3 responses out of 3 voters: 2 yes votes; 1 no votes. yes voters: 5a0136c5a4dd43ecaa0fde2c63dc1efb, 6abd31002e924ede870356c468320c4f; no voters: 2fc8c373b5d74394b69fddb22699ddec
I20260608 09:52:50.742199 14384 raft_consensus.cc:359] T 16344df229f74762b59db39d4ad78f4e P 2fc8c373b5d74394b69fddb22699ddec [term 0 FOLLOWER]: Replica starting. Triggering 0 pending ops. Active config: opid_index: -1 OBSOLETE_local: false peers { permanent_uuid: "6abd31002e924ede870356c468320c4f" member_type: VOTER last_known_addr { host: "127.10.237.130" port: 38103 } } peers { permanent_uuid: "2fc8c373b5d74394b69fddb22699ddec" member_type: VOTER last_known_addr { host: "127.10.237.129" port: 43781 } } peers { permanent_uuid: "5a0136c5a4dd43ecaa0fde2c63dc1efb" member_type: VOTER last_known_addr { host: "127.10.237.131" port: 37149 } }
I20260608 09:52:50.746695 14387 ts_tablet_manager.cc:1434] T eb9eab2fc95d409f95d29fd8cfbecfb4 P 6abd31002e924ede870356c468320c4f: Time spent starting tablet: real 0.008s	user 0.008s	sys 0.000s
I20260608 09:52:50.747152 14384 raft_consensus.cc:385] T 16344df229f74762b59db39d4ad78f4e P 2fc8c373b5d74394b69fddb22699ddec [term 0 FOLLOWER]: Consensus starting up: Expiring failure detector timer to make a prompt election more likely
I20260608 09:52:50.747541 14384 raft_consensus.cc:740] T 16344df229f74762b59db39d4ad78f4e P 2fc8c373b5d74394b69fddb22699ddec [term 0 FOLLOWER]: Becoming Follower/Learner. State: Replica: 2fc8c373b5d74394b69fddb22699ddec, State: Initialized, Role: FOLLOWER
I20260608 09:52:50.748035 14387 tablet_bootstrap.cc:492] T 3a9a446ce1e24f4c8910db92736bd1e1 P 6abd31002e924ede870356c468320c4f: Bootstrap starting.
I20260608 09:52:50.748588 14384 consensus_queue.cc:260] T 16344df229f74762b59db39d4ad78f4e P 2fc8c373b5d74394b69fddb22699ddec [NON_LEADER]: Queue going to NON_LEADER mode. State: All replicated index: 0, Majority replicated index: 0, Committed index: 0, Last appended: 0.0, Last appended by leader: 0, Current term: 0, Majority size: -1, State: 0, Mode: NON_LEADER, active raft config: opid_index: -1 OBSOLETE_local: false peers { permanent_uuid: "6abd31002e924ede870356c468320c4f" member_type: VOTER last_known_addr { host: "127.10.237.130" port: 38103 } } peers { permanent_uuid: "2fc8c373b5d74394b69fddb22699ddec" member_type: VOTER last_known_addr { host: "127.10.237.129" port: 43781 } } peers { permanent_uuid: "5a0136c5a4dd43ecaa0fde2c63dc1efb" member_type: VOTER last_known_addr { host: "127.10.237.131" port: 37149 } }
I20260608 09:52:50.751173 14384 ts_tablet_manager.cc:1434] T 16344df229f74762b59db39d4ad78f4e P 2fc8c373b5d74394b69fddb22699ddec: Time spent starting tablet: real 0.012s	user 0.003s	sys 0.003s
I20260608 09:52:50.752991 14398 raft_consensus.cc:515] T 16344df229f74762b59db39d4ad78f4e P 5a0136c5a4dd43ecaa0fde2c63dc1efb [term 1 FOLLOWER]: Starting leader election with config: opid_index: -1 OBSOLETE_local: false peers { permanent_uuid: "6abd31002e924ede870356c468320c4f" member_type: VOTER last_known_addr { host: "127.10.237.130" port: 38103 } } peers { permanent_uuid: "2fc8c373b5d74394b69fddb22699ddec" member_type: VOTER last_known_addr { host: "127.10.237.129" port: 43781 } } peers { permanent_uuid: "5a0136c5a4dd43ecaa0fde2c63dc1efb" member_type: VOTER last_known_addr { host: "127.10.237.131" port: 37149 } }
I20260608 09:52:50.754541 14384 tablet_bootstrap.cc:492] T 9bf50b791638480f92cdeb8b038163d1 P 2fc8c373b5d74394b69fddb22699ddec: Bootstrap starting.
I20260608 09:52:50.755388 14398 leader_election.cc:290] T 16344df229f74762b59db39d4ad78f4e P 5a0136c5a4dd43ecaa0fde2c63dc1efb [CANDIDATE]: Term 1 election: Requested vote from peers 6abd31002e924ede870356c468320c4f (127.10.237.130:38103), 2fc8c373b5d74394b69fddb22699ddec (127.10.237.129:43781)
I20260608 09:52:50.757874 14398 raft_consensus.cc:2804] T 02532b18ec3a449ea11c2b0d83788761 P 5a0136c5a4dd43ecaa0fde2c63dc1efb [term 0 FOLLOWER]: Leader pre-election won for term 1
I20260608 09:52:50.758255 14398 raft_consensus.cc:493] T 02532b18ec3a449ea11c2b0d83788761 P 5a0136c5a4dd43ecaa0fde2c63dc1efb [term 0 FOLLOWER]: Starting leader election (no leader contacted us within the election timeout)
I20260608 09:52:50.758476 14387 tablet_bootstrap.cc:654] T 3a9a446ce1e24f4c8910db92736bd1e1 P 6abd31002e924ede870356c468320c4f: Neither blocks nor log segments found. Creating new log.
I20260608 09:52:50.760607 14386 ts_tablet_manager.cc:1434] T 9bf50b791638480f92cdeb8b038163d1 P 5a0136c5a4dd43ecaa0fde2c63dc1efb: Time spent starting tablet: real 0.022s	user 0.010s	sys 0.012s
I20260608 09:52:50.762504 14386 tablet_bootstrap.cc:492] T 8a12f07af56e4dcb8ee16dd2b10e4b59 P 5a0136c5a4dd43ecaa0fde2c63dc1efb: Bootstrap starting.
I20260608 09:52:50.766829 14384 tablet_bootstrap.cc:654] T 9bf50b791638480f92cdeb8b038163d1 P 2fc8c373b5d74394b69fddb22699ddec: Neither blocks nor log segments found. Creating new log.
I20260608 09:52:50.770316 14386 tablet_bootstrap.cc:654] T 8a12f07af56e4dcb8ee16dd2b10e4b59 P 5a0136c5a4dd43ecaa0fde2c63dc1efb: Neither blocks nor log segments found. Creating new log.
I20260608 09:52:50.772802 14387 tablet_bootstrap.cc:492] T 3a9a446ce1e24f4c8910db92736bd1e1 P 6abd31002e924ede870356c468320c4f: No bootstrap required, opened a new log
I20260608 09:52:50.773267 14387 ts_tablet_manager.cc:1403] T 3a9a446ce1e24f4c8910db92736bd1e1 P 6abd31002e924ede870356c468320c4f: Time spent bootstrapping tablet: real 0.025s	user 0.010s	sys 0.009s
I20260608 09:52:50.761116 14411 raft_consensus.cc:515] T 3a9a446ce1e24f4c8910db92736bd1e1 P 5a0136c5a4dd43ecaa0fde2c63dc1efb [term 1 FOLLOWER]: Starting leader election with config: opid_index: -1 OBSOLETE_local: false peers { permanent_uuid: "6abd31002e924ede870356c468320c4f" member_type: VOTER last_known_addr { host: "127.10.237.130" port: 38103 } } peers { permanent_uuid: "2fc8c373b5d74394b69fddb22699ddec" member_type: VOTER last_known_addr { host: "127.10.237.129" port: 43781 } } peers { permanent_uuid: "5a0136c5a4dd43ecaa0fde2c63dc1efb" member_type: VOTER last_known_addr { host: "127.10.237.131" port: 37149 } }
I20260608 09:52:50.775888 14411 leader_election.cc:290] T 3a9a446ce1e24f4c8910db92736bd1e1 P 5a0136c5a4dd43ecaa0fde2c63dc1efb [CANDIDATE]: Term 1 election: Requested vote from peers 6abd31002e924ede870356c468320c4f (127.10.237.130:38103), 2fc8c373b5d74394b69fddb22699ddec (127.10.237.129:43781)
I20260608 09:52:50.709699 14229 leader_election.cc:304] T 8a12f07af56e4dcb8ee16dd2b10e4b59 P 6abd31002e924ede870356c468320c4f [CANDIDATE]: Term 1 election: Election decided. Result: candidate won. Election summary: received 3 responses out of 3 voters: 2 yes votes; 1 no votes. yes voters: 2fc8c373b5d74394b69fddb22699ddec, 6abd31002e924ede870356c468320c4f; no voters: 5a0136c5a4dd43ecaa0fde2c63dc1efb
I20260608 09:52:50.776343 14387 raft_consensus.cc:359] T 3a9a446ce1e24f4c8910db92736bd1e1 P 6abd31002e924ede870356c468320c4f [term 0 FOLLOWER]: Replica starting. Triggering 0 pending ops. Active config: opid_index: -1 OBSOLETE_local: false peers { permanent_uuid: "6abd31002e924ede870356c468320c4f" member_type: VOTER last_known_addr { host: "127.10.237.130" port: 38103 } } peers { permanent_uuid: "2fc8c373b5d74394b69fddb22699ddec" member_type: VOTER last_known_addr { host: "127.10.237.129" port: 43781 } } peers { permanent_uuid: "5a0136c5a4dd43ecaa0fde2c63dc1efb" member_type: VOTER last_known_addr { host: "127.10.237.131" port: 37149 } }
I20260608 09:52:50.777163 14387 raft_consensus.cc:385] T 3a9a446ce1e24f4c8910db92736bd1e1 P 6abd31002e924ede870356c468320c4f [term 0 FOLLOWER]: Consensus starting up: Expiring failure detector timer to make a prompt election more likely
I20260608 09:52:50.777522 14387 raft_consensus.cc:740] T 3a9a446ce1e24f4c8910db92736bd1e1 P 6abd31002e924ede870356c468320c4f [term 0 FOLLOWER]: Becoming Follower/Learner. State: Replica: 6abd31002e924ede870356c468320c4f, State: Initialized, Role: FOLLOWER
I20260608 09:52:50.777642 14402 raft_consensus.cc:2804] T 8a12f07af56e4dcb8ee16dd2b10e4b59 P 6abd31002e924ede870356c468320c4f [term 1 FOLLOWER]: Leader election won for term 1
I20260608 09:52:50.778427 14402 raft_consensus.cc:697] T 8a12f07af56e4dcb8ee16dd2b10e4b59 P 6abd31002e924ede870356c468320c4f [term 1 LEADER]: Becoming Leader. State: Replica: 6abd31002e924ede870356c468320c4f, State: Running, Role: LEADER
I20260608 09:52:50.778538 14387 consensus_queue.cc:260] T 3a9a446ce1e24f4c8910db92736bd1e1 P 6abd31002e924ede870356c468320c4f [NON_LEADER]: Queue going to NON_LEADER mode. State: All replicated index: 0, Majority replicated index: 0, Committed index: 0, Last appended: 0.0, Last appended by leader: 0, Current term: 0, Majority size: -1, State: 0, Mode: NON_LEADER, active raft config: opid_index: -1 OBSOLETE_local: false peers { permanent_uuid: "6abd31002e924ede870356c468320c4f" member_type: VOTER last_known_addr { host: "127.10.237.130" port: 38103 } } peers { permanent_uuid: "2fc8c373b5d74394b69fddb22699ddec" member_type: VOTER last_known_addr { host: "127.10.237.129" port: 43781 } } peers { permanent_uuid: "5a0136c5a4dd43ecaa0fde2c63dc1efb" member_type: VOTER last_known_addr { host: "127.10.237.131" port: 37149 } }
I20260608 09:52:50.779425 14402 consensus_queue.cc:237] T 8a12f07af56e4dcb8ee16dd2b10e4b59 P 6abd31002e924ede870356c468320c4f [LEADER]: Queue going to LEADER mode. State: All replicated index: 0, Majority replicated index: 0, Committed index: 0, Last appended: 0.0, Last appended by leader: 0, Current term: 1, Majority size: 2, State: 0, Mode: LEADER, active raft config: opid_index: -1 OBSOLETE_local: false peers { permanent_uuid: "6abd31002e924ede870356c468320c4f" member_type: VOTER last_known_addr { host: "127.10.237.130" port: 38103 } } peers { permanent_uuid: "2fc8c373b5d74394b69fddb22699ddec" member_type: VOTER last_known_addr { host: "127.10.237.129" port: 43781 } } peers { permanent_uuid: "5a0136c5a4dd43ecaa0fde2c63dc1efb" member_type: VOTER last_known_addr { host: "127.10.237.131" port: 37149 } }
I20260608 09:52:50.780947 14387 ts_tablet_manager.cc:1434] T 3a9a446ce1e24f4c8910db92736bd1e1 P 6abd31002e924ede870356c468320c4f: Time spent starting tablet: real 0.007s	user 0.004s	sys 0.001s
W20260608 09:52:50.773275 14303 outbound_call.cc:321] RPC callback for RPC call kudu.consensus.ConsensusService.RequestConsensusVote -> {remote=127.10.237.129:43781, user_credentials={real_user=slave}} blocked reactor thread for 61473.6us
I20260608 09:52:50.783617 14188 tablet_service.cc:1917] Received RequestConsensusVote() RPC: tablet_id: "16344df229f74762b59db39d4ad78f4e" candidate_uuid: "5a0136c5a4dd43ecaa0fde2c63dc1efb" candidate_term: 1 candidate_status { last_received { term: 0 index: 0 } } ignore_live_leader: false dest_uuid: "2fc8c373b5d74394b69fddb22699ddec"
I20260608 09:52:50.784348 14188 raft_consensus.cc:3060] T 16344df229f74762b59db39d4ad78f4e P 2fc8c373b5d74394b69fddb22699ddec [term 0 FOLLOWER]: Advancing to term 1
I20260608 09:52:50.784646 14384 tablet_bootstrap.cc:492] T 9bf50b791638480f92cdeb8b038163d1 P 2fc8c373b5d74394b69fddb22699ddec: No bootstrap required, opened a new log
I20260608 09:52:50.786209 14384 ts_tablet_manager.cc:1403] T 9bf50b791638480f92cdeb8b038163d1 P 2fc8c373b5d74394b69fddb22699ddec: Time spent bootstrapping tablet: real 0.032s	user 0.012s	sys 0.003s
I20260608 09:52:50.787098 14398 raft_consensus.cc:3060] T 02532b18ec3a449ea11c2b0d83788761 P 5a0136c5a4dd43ecaa0fde2c63dc1efb [term 0 FOLLOWER]: Advancing to term 1
I20260608 09:52:50.789247 14384 raft_consensus.cc:359] T 9bf50b791638480f92cdeb8b038163d1 P 2fc8c373b5d74394b69fddb22699ddec [term 0 FOLLOWER]: Replica starting. Triggering 0 pending ops. Active config: opid_index: -1 OBSOLETE_local: false peers { permanent_uuid: "2fc8c373b5d74394b69fddb22699ddec" member_type: VOTER last_known_addr { host: "127.10.237.129" port: 43781 } } peers { permanent_uuid: "6abd31002e924ede870356c468320c4f" member_type: VOTER last_known_addr { host: "127.10.237.130" port: 38103 } } peers { permanent_uuid: "5a0136c5a4dd43ecaa0fde2c63dc1efb" member_type: VOTER last_known_addr { host: "127.10.237.131" port: 37149 } }
I20260608 09:52:50.789974 14384 raft_consensus.cc:385] T 9bf50b791638480f92cdeb8b038163d1 P 2fc8c373b5d74394b69fddb22699ddec [term 0 FOLLOWER]: Consensus starting up: Expiring failure detector timer to make a prompt election more likely
I20260608 09:52:50.789880 14187 tablet_service.cc:1917] Received RequestConsensusVote() RPC: tablet_id: "3a9a446ce1e24f4c8910db92736bd1e1" candidate_uuid: "5a0136c5a4dd43ecaa0fde2c63dc1efb" candidate_term: 1 candidate_status { last_received { term: 0 index: 0 } } ignore_live_leader: false dest_uuid: "2fc8c373b5d74394b69fddb22699ddec"
W20260608 09:52:50.777388 14229 outbound_call.cc:321] RPC callback for RPC call kudu.consensus.ConsensusService.RequestConsensusVote -> {remote=127.10.237.129:43781, user_credentials={real_user=slave}} blocked reactor thread for 67808.4us
I20260608 09:52:50.795250 14187 raft_consensus.cc:3060] T 3a9a446ce1e24f4c8910db92736bd1e1 P 2fc8c373b5d74394b69fddb22699ddec [term 0 FOLLOWER]: Advancing to term 1
I20260608 09:52:50.796379 14189 tablet_service.cc:1917] Received RequestConsensusVote() RPC: tablet_id: "3312414590a04e788d1ef5c501636b8d" candidate_uuid: "6abd31002e924ede870356c468320c4f" candidate_term: 1 candidate_status { last_received { term: 0 index: 0 } } ignore_live_leader: false dest_uuid: "2fc8c373b5d74394b69fddb22699ddec" is_pre_election: true
I20260608 09:52:50.796989 14189 raft_consensus.cc:2468] T 3312414590a04e788d1ef5c501636b8d P 2fc8c373b5d74394b69fddb22699ddec [term 0 FOLLOWER]: Leader pre-election vote request: Granting yes vote for candidate 6abd31002e924ede870356c468320c4f in term 0.
I20260608 09:52:50.794947 14384 raft_consensus.cc:740] T 9bf50b791638480f92cdeb8b038163d1 P 2fc8c373b5d74394b69fddb22699ddec [term 0 FOLLOWER]: Becoming Follower/Learner. State: Replica: 2fc8c373b5d74394b69fddb22699ddec, State: Initialized, Role: FOLLOWER
I20260608 09:52:50.799407 14384 consensus_queue.cc:260] T 9bf50b791638480f92cdeb8b038163d1 P 2fc8c373b5d74394b69fddb22699ddec [NON_LEADER]: Queue going to NON_LEADER mode. State: All replicated index: 0, Majority replicated index: 0, Committed index: 0, Last appended: 0.0, Last appended by leader: 0, Current term: 0, Majority size: -1, State: 0, Mode: NON_LEADER, active raft config: opid_index: -1 OBSOLETE_local: false peers { permanent_uuid: "2fc8c373b5d74394b69fddb22699ddec" member_type: VOTER last_known_addr { host: "127.10.237.129" port: 43781 } } peers { permanent_uuid: "6abd31002e924ede870356c468320c4f" member_type: VOTER last_known_addr { host: "127.10.237.130" port: 38103 } } peers { permanent_uuid: "5a0136c5a4dd43ecaa0fde2c63dc1efb" member_type: VOTER last_known_addr { host: "127.10.237.131" port: 37149 } }
I20260608 09:52:50.802220 14229 leader_election.cc:304] T 3312414590a04e788d1ef5c501636b8d P 6abd31002e924ede870356c468320c4f [CANDIDATE]: Term 1 pre-election: Election decided. Result: candidate won. Election summary: received 2 responses out of 3 voters: 2 yes votes; 0 no votes. yes voters: 2fc8c373b5d74394b69fddb22699ddec, 6abd31002e924ede870356c468320c4f; no voters: 
I20260608 09:52:50.803036 14389 raft_consensus.cc:2804] T 3312414590a04e788d1ef5c501636b8d P 6abd31002e924ede870356c468320c4f [term 0 FOLLOWER]: Leader pre-election won for term 1
I20260608 09:52:50.803413 14389 raft_consensus.cc:493] T 3312414590a04e788d1ef5c501636b8d P 6abd31002e924ede870356c468320c4f [term 0 FOLLOWER]: Starting leader election (no leader contacted us within the election timeout)
I20260608 09:52:50.803736 14389 raft_consensus.cc:3060] T 3312414590a04e788d1ef5c501636b8d P 6abd31002e924ede870356c468320c4f [term 0 FOLLOWER]: Advancing to term 1
I20260608 09:52:50.804299 14187 raft_consensus.cc:2468] T 3a9a446ce1e24f4c8910db92736bd1e1 P 2fc8c373b5d74394b69fddb22699ddec [term 1 FOLLOWER]: Leader election vote request: Granting yes vote for candidate 5a0136c5a4dd43ecaa0fde2c63dc1efb in term 1.
I20260608 09:52:50.810321 14389 raft_consensus.cc:515] T 3312414590a04e788d1ef5c501636b8d P 6abd31002e924ede870356c468320c4f [term 1 FOLLOWER]: Starting leader election with config: opid_index: -1 OBSOLETE_local: false peers { permanent_uuid: "2fc8c373b5d74394b69fddb22699ddec" member_type: VOTER last_known_addr { host: "127.10.237.129" port: 43781 } } peers { permanent_uuid: "6abd31002e924ede870356c468320c4f" member_type: VOTER last_known_addr { host: "127.10.237.130" port: 38103 } } peers { permanent_uuid: "5a0136c5a4dd43ecaa0fde2c63dc1efb" member_type: VOTER last_known_addr { host: "127.10.237.131" port: 37149 } }
I20260608 09:52:50.811431 14384 ts_tablet_manager.cc:1434] T 9bf50b791638480f92cdeb8b038163d1 P 2fc8c373b5d74394b69fddb22699ddec: Time spent starting tablet: real 0.025s	user 0.005s	sys 0.001s
I20260608 09:52:50.812609 14389 leader_election.cc:290] T 3312414590a04e788d1ef5c501636b8d P 6abd31002e924ede870356c468320c4f [CANDIDATE]: Term 1 election: Requested vote from peers 2fc8c373b5d74394b69fddb22699ddec (127.10.237.129:43781), 5a0136c5a4dd43ecaa0fde2c63dc1efb (127.10.237.131:37149)
I20260608 09:52:50.812975 14187 tablet_service.cc:1917] Received RequestConsensusVote() RPC: tablet_id: "3312414590a04e788d1ef5c501636b8d" candidate_uuid: "6abd31002e924ede870356c468320c4f" candidate_term: 1 candidate_status { last_received { term: 0 index: 0 } } ignore_live_leader: false dest_uuid: "2fc8c373b5d74394b69fddb22699ddec"
I20260608 09:52:50.813589 14187 raft_consensus.cc:3060] T 3312414590a04e788d1ef5c501636b8d P 2fc8c373b5d74394b69fddb22699ddec [term 0 FOLLOWER]: Advancing to term 1
I20260608 09:52:50.813589 14338 tablet_service.cc:1917] Received RequestConsensusVote() RPC: tablet_id: "3312414590a04e788d1ef5c501636b8d" candidate_uuid: "6abd31002e924ede870356c468320c4f" candidate_term: 1 candidate_status { last_received { term: 0 index: 0 } } ignore_live_leader: false dest_uuid: "5a0136c5a4dd43ecaa0fde2c63dc1efb" is_pre_election: true
I20260608 09:52:50.814347 14338 raft_consensus.cc:2468] T 3312414590a04e788d1ef5c501636b8d P 5a0136c5a4dd43ecaa0fde2c63dc1efb [term 0 FOLLOWER]: Leader pre-election vote request: Granting yes vote for candidate 6abd31002e924ede870356c468320c4f in term 0.
I20260608 09:52:50.816308 14303 leader_election.cc:304] T 3a9a446ce1e24f4c8910db92736bd1e1 P 5a0136c5a4dd43ecaa0fde2c63dc1efb [CANDIDATE]: Term 1 election: Election decided. Result: candidate won. Election summary: received 2 responses out of 3 voters: 2 yes votes; 0 no votes. yes voters: 2fc8c373b5d74394b69fddb22699ddec, 5a0136c5a4dd43ecaa0fde2c63dc1efb; no voters: 
I20260608 09:52:50.816740 14384 tablet_bootstrap.cc:492] T eb9eab2fc95d409f95d29fd8cfbecfb4 P 2fc8c373b5d74394b69fddb22699ddec: Bootstrap starting.
I20260608 09:52:50.817346 14417 raft_consensus.cc:493] T 3312414590a04e788d1ef5c501636b8d P 5a0136c5a4dd43ecaa0fde2c63dc1efb [term 0 FOLLOWER]: Starting pre-election (no leader contacted us within the election timeout)
I20260608 09:52:50.817845 14417 raft_consensus.cc:515] T 3312414590a04e788d1ef5c501636b8d P 5a0136c5a4dd43ecaa0fde2c63dc1efb [term 0 FOLLOWER]: Starting pre-election with config: opid_index: -1 OBSOLETE_local: false peers { permanent_uuid: "2fc8c373b5d74394b69fddb22699ddec" member_type: VOTER last_known_addr { host: "127.10.237.129" port: 43781 } } peers { permanent_uuid: "6abd31002e924ede870356c468320c4f" member_type: VOTER last_known_addr { host: "127.10.237.130" port: 38103 } } peers { permanent_uuid: "5a0136c5a4dd43ecaa0fde2c63dc1efb" member_type: VOTER last_known_addr { host: "127.10.237.131" port: 37149 } }
I20260608 09:52:50.820092 14417 leader_election.cc:290] T 3312414590a04e788d1ef5c501636b8d P 5a0136c5a4dd43ecaa0fde2c63dc1efb [CANDIDATE]: Term 1 pre-election: Requested pre-vote from peers 2fc8c373b5d74394b69fddb22699ddec (127.10.237.129:43781), 6abd31002e924ede870356c468320c4f (127.10.237.130:38103)
I20260608 09:52:50.820555 14417 raft_consensus.cc:2804] T 3a9a446ce1e24f4c8910db92736bd1e1 P 5a0136c5a4dd43ecaa0fde2c63dc1efb [term 1 FOLLOWER]: Leader election won for term 1
I20260608 09:52:50.820964 14417 raft_consensus.cc:697] T 3a9a446ce1e24f4c8910db92736bd1e1 P 5a0136c5a4dd43ecaa0fde2c63dc1efb [term 1 LEADER]: Becoming Leader. State: Replica: 5a0136c5a4dd43ecaa0fde2c63dc1efb, State: Running, Role: LEADER
I20260608 09:52:50.821923 14417 consensus_queue.cc:237] T 3a9a446ce1e24f4c8910db92736bd1e1 P 5a0136c5a4dd43ecaa0fde2c63dc1efb [LEADER]: Queue going to LEADER mode. State: All replicated index: 0, Majority replicated index: 0, Committed index: 0, Last appended: 0.0, Last appended by leader: 0, Current term: 1, Majority size: 2, State: 0, Mode: LEADER, active raft config: opid_index: -1 OBSOLETE_local: false peers { permanent_uuid: "6abd31002e924ede870356c468320c4f" member_type: VOTER last_known_addr { host: "127.10.237.130" port: 38103 } } peers { permanent_uuid: "2fc8c373b5d74394b69fddb22699ddec" member_type: VOTER last_known_addr { host: "127.10.237.129" port: 43781 } } peers { permanent_uuid: "5a0136c5a4dd43ecaa0fde2c63dc1efb" member_type: VOTER last_known_addr { host: "127.10.237.131" port: 37149 } }
I20260608 09:52:50.825093 14187 raft_consensus.cc:2468] T 3312414590a04e788d1ef5c501636b8d P 2fc8c373b5d74394b69fddb22699ddec [term 1 FOLLOWER]: Leader election vote request: Granting yes vote for candidate 6abd31002e924ede870356c468320c4f in term 1.
I20260608 09:52:50.826383 14229 leader_election.cc:304] T 3312414590a04e788d1ef5c501636b8d P 6abd31002e924ede870356c468320c4f [CANDIDATE]: Term 1 election: Election decided. Result: candidate won. Election summary: received 2 responses out of 3 voters: 2 yes votes; 0 no votes. yes voters: 2fc8c373b5d74394b69fddb22699ddec, 6abd31002e924ede870356c468320c4f; no voters: 
I20260608 09:52:50.827100 14389 raft_consensus.cc:493] T eb9eab2fc95d409f95d29fd8cfbecfb4 P 6abd31002e924ede870356c468320c4f [term 0 FOLLOWER]: Starting pre-election (no leader contacted us within the election timeout)
W20260608 09:52:50.828971 14301 outbound_call.cc:321] RPC callback for RPC call kudu.consensus.ConsensusService.RequestConsensusVote -> {remote=127.10.237.130:38103, user_credentials={real_user=slave}} blocked reactor thread for 83817.4us
I20260608 09:52:50.830807 14392 raft_consensus.cc:493] T 02532b18ec3a449ea11c2b0d83788761 P 2fc8c373b5d74394b69fddb22699ddec [term 0 FOLLOWER]: Starting pre-election (no leader contacted us within the election timeout)
I20260608 09:52:50.831274 14392 raft_consensus.cc:515] T 02532b18ec3a449ea11c2b0d83788761 P 2fc8c373b5d74394b69fddb22699ddec [term 0 FOLLOWER]: Starting pre-election with config: opid_index: -1 OBSOLETE_local: false peers { permanent_uuid: "2fc8c373b5d74394b69fddb22699ddec" member_type: VOTER last_known_addr { host: "127.10.237.129" port: 43781 } } peers { permanent_uuid: "5a0136c5a4dd43ecaa0fde2c63dc1efb" member_type: VOTER last_known_addr { host: "127.10.237.131" port: 37149 } } peers { permanent_uuid: "6abd31002e924ede870356c468320c4f" member_type: VOTER last_known_addr { host: "127.10.237.130" port: 38103 } }
I20260608 09:52:50.832146 14264 tablet_service.cc:1917] Received RequestConsensusVote() RPC: tablet_id: "16344df229f74762b59db39d4ad78f4e" candidate_uuid: "5a0136c5a4dd43ecaa0fde2c63dc1efb" candidate_term: 1 candidate_status { last_received { term: 0 index: 0 } } ignore_live_leader: false dest_uuid: "6abd31002e924ede870356c468320c4f"
I20260608 09:52:50.832731 14264 raft_consensus.cc:3060] T 16344df229f74762b59db39d4ad78f4e P 6abd31002e924ede870356c468320c4f [term 0 FOLLOWER]: Advancing to term 1
I20260608 09:52:50.833355 14384 tablet_bootstrap.cc:654] T eb9eab2fc95d409f95d29fd8cfbecfb4 P 2fc8c373b5d74394b69fddb22699ddec: Neither blocks nor log segments found. Creating new log.
I20260608 09:52:50.834215 14392 leader_election.cc:290] T 02532b18ec3a449ea11c2b0d83788761 P 2fc8c373b5d74394b69fddb22699ddec [CANDIDATE]: Term 1 pre-election: Requested pre-vote from peers 5a0136c5a4dd43ecaa0fde2c63dc1efb (127.10.237.131:37149), 6abd31002e924ede870356c468320c4f (127.10.237.130:38103)
I20260608 09:52:50.793093 14188 raft_consensus.cc:2468] T 16344df229f74762b59db39d4ad78f4e P 2fc8c373b5d74394b69fddb22699ddec [term 1 FOLLOWER]: Leader election vote request: Granting yes vote for candidate 5a0136c5a4dd43ecaa0fde2c63dc1efb in term 1.
I20260608 09:52:50.837978 14263 tablet_service.cc:1917] Received RequestConsensusVote() RPC: tablet_id: "3a9a446ce1e24f4c8910db92736bd1e1" candidate_uuid: "5a0136c5a4dd43ecaa0fde2c63dc1efb" candidate_term: 1 candidate_status { last_received { term: 0 index: 0 } } ignore_live_leader: false dest_uuid: "6abd31002e924ede870356c468320c4f"
I20260608 09:52:50.838675 14263 raft_consensus.cc:3060] T 3a9a446ce1e24f4c8910db92736bd1e1 P 6abd31002e924ede870356c468320c4f [term 0 FOLLOWER]: Advancing to term 1
I20260608 09:52:50.841954 14262 tablet_service.cc:1917] Received RequestConsensusVote() RPC: tablet_id: "3312414590a04e788d1ef5c501636b8d" candidate_uuid: "5a0136c5a4dd43ecaa0fde2c63dc1efb" candidate_term: 1 candidate_status { last_received { term: 0 index: 0 } } ignore_live_leader: false dest_uuid: "6abd31002e924ede870356c468320c4f" is_pre_election: true
I20260608 09:52:50.842195 14424 raft_consensus.cc:2804] T 3312414590a04e788d1ef5c501636b8d P 6abd31002e924ede870356c468320c4f [term 1 FOLLOWER]: Leader election won for term 1
I20260608 09:52:50.843907 14261 tablet_service.cc:1917] Received RequestConsensusVote() RPC: tablet_id: "02532b18ec3a449ea11c2b0d83788761" candidate_uuid: "2fc8c373b5d74394b69fddb22699ddec" candidate_term: 1 candidate_status { last_received { term: 0 index: 0 } } ignore_live_leader: false dest_uuid: "6abd31002e924ede870356c468320c4f" is_pre_election: true
I20260608 09:52:50.844564 14261 raft_consensus.cc:2468] T 02532b18ec3a449ea11c2b0d83788761 P 6abd31002e924ede870356c468320c4f [term 0 FOLLOWER]: Leader pre-election vote request: Granting yes vote for candidate 2fc8c373b5d74394b69fddb22699ddec in term 0.
I20260608 09:52:50.846015 14152 leader_election.cc:304] T 02532b18ec3a449ea11c2b0d83788761 P 2fc8c373b5d74394b69fddb22699ddec [CANDIDATE]: Term 1 pre-election: Election decided. Result: candidate won. Election summary: received 2 responses out of 3 voters: 2 yes votes; 0 no votes. yes voters: 2fc8c373b5d74394b69fddb22699ddec, 6abd31002e924ede870356c468320c4f; no voters: 
I20260608 09:52:50.846961 14392 raft_consensus.cc:2804] T 02532b18ec3a449ea11c2b0d83788761 P 2fc8c373b5d74394b69fddb22699ddec [term 0 FOLLOWER]: Leader pre-election won for term 1
I20260608 09:52:50.847301 14392 raft_consensus.cc:493] T 02532b18ec3a449ea11c2b0d83788761 P 2fc8c373b5d74394b69fddb22699ddec [term 0 FOLLOWER]: Starting leader election (no leader contacted us within the election timeout)
I20260608 09:52:50.847644 14392 raft_consensus.cc:3060] T 02532b18ec3a449ea11c2b0d83788761 P 2fc8c373b5d74394b69fddb22699ddec [term 0 FOLLOWER]: Advancing to term 1
I20260608 09:52:50.848037 14424 raft_consensus.cc:697] T 3312414590a04e788d1ef5c501636b8d P 6abd31002e924ede870356c468320c4f [term 1 LEADER]: Becoming Leader. State: Replica: 6abd31002e924ede870356c468320c4f, State: Running, Role: LEADER
I20260608 09:52:50.849056 14263 raft_consensus.cc:2468] T 3a9a446ce1e24f4c8910db92736bd1e1 P 6abd31002e924ede870356c468320c4f [term 1 FOLLOWER]: Leader election vote request: Granting yes vote for candidate 5a0136c5a4dd43ecaa0fde2c63dc1efb in term 1.
I20260608 09:52:50.848934 14424 consensus_queue.cc:237] T 3312414590a04e788d1ef5c501636b8d P 6abd31002e924ede870356c468320c4f [LEADER]: Queue going to LEADER mode. State: All replicated index: 0, Majority replicated index: 0, Committed index: 0, Last appended: 0.0, Last appended by leader: 0, Current term: 1, Majority size: 2, State: 0, Mode: LEADER, active raft config: opid_index: -1 OBSOLETE_local: false peers { permanent_uuid: "2fc8c373b5d74394b69fddb22699ddec" member_type: VOTER last_known_addr { host: "127.10.237.129" port: 43781 } } peers { permanent_uuid: "6abd31002e924ede870356c468320c4f" member_type: VOTER last_known_addr { host: "127.10.237.130" port: 38103 } } peers { permanent_uuid: "5a0136c5a4dd43ecaa0fde2c63dc1efb" member_type: VOTER last_known_addr { host: "127.10.237.131" port: 37149 } }
I20260608 09:52:50.857527 14264 raft_consensus.cc:2468] T 16344df229f74762b59db39d4ad78f4e P 6abd31002e924ede870356c468320c4f [term 1 FOLLOWER]: Leader election vote request: Granting yes vote for candidate 5a0136c5a4dd43ecaa0fde2c63dc1efb in term 1.
I20260608 09:52:50.858906 14301 leader_election.cc:304] T 16344df229f74762b59db39d4ad78f4e P 5a0136c5a4dd43ecaa0fde2c63dc1efb [CANDIDATE]: Term 1 election: Election decided. Result: candidate won. Election summary: received 2 responses out of 3 voters: 2 yes votes; 0 no votes. yes voters: 5a0136c5a4dd43ecaa0fde2c63dc1efb, 6abd31002e924ede870356c468320c4f; no voters: 
I20260608 09:52:50.859745 14392 raft_consensus.cc:515] T 02532b18ec3a449ea11c2b0d83788761 P 2fc8c373b5d74394b69fddb22699ddec [term 1 FOLLOWER]: Starting leader election with config: opid_index: -1 OBSOLETE_local: false peers { permanent_uuid: "2fc8c373b5d74394b69fddb22699ddec" member_type: VOTER last_known_addr { host: "127.10.237.129" port: 43781 } } peers { permanent_uuid: "5a0136c5a4dd43ecaa0fde2c63dc1efb" member_type: VOTER last_known_addr { host: "127.10.237.131" port: 37149 } } peers { permanent_uuid: "6abd31002e924ede870356c468320c4f" member_type: VOTER last_known_addr { host: "127.10.237.130" port: 38103 } }
I20260608 09:52:50.861480 14411 raft_consensus.cc:2804] T 16344df229f74762b59db39d4ad78f4e P 5a0136c5a4dd43ecaa0fde2c63dc1efb [term 1 FOLLOWER]: Leader election won for term 1
I20260608 09:52:50.862177 14411 raft_consensus.cc:697] T 16344df229f74762b59db39d4ad78f4e P 5a0136c5a4dd43ecaa0fde2c63dc1efb [term 1 LEADER]: Becoming Leader. State: Replica: 5a0136c5a4dd43ecaa0fde2c63dc1efb, State: Running, Role: LEADER
I20260608 09:52:50.864949 14338 tablet_service.cc:1917] Received RequestConsensusVote() RPC: tablet_id: "3312414590a04e788d1ef5c501636b8d" candidate_uuid: "6abd31002e924ede870356c468320c4f" candidate_term: 1 candidate_status { last_received { term: 0 index: 0 } } ignore_live_leader: false dest_uuid: "5a0136c5a4dd43ecaa0fde2c63dc1efb"
I20260608 09:52:50.865409 14338 raft_consensus.cc:3060] T 3312414590a04e788d1ef5c501636b8d P 5a0136c5a4dd43ecaa0fde2c63dc1efb [term 0 FOLLOWER]: Advancing to term 1
I20260608 09:52:50.827656 14389 raft_consensus.cc:515] T eb9eab2fc95d409f95d29fd8cfbecfb4 P 6abd31002e924ede870356c468320c4f [term 0 FOLLOWER]: Starting pre-election with config: opid_index: -1 OBSOLETE_local: false peers { permanent_uuid: "6abd31002e924ede870356c468320c4f" member_type: VOTER last_known_addr { host: "127.10.237.130" port: 38103 } } peers { permanent_uuid: "2fc8c373b5d74394b69fddb22699ddec" member_type: VOTER last_known_addr { host: "127.10.237.129" port: 43781 } } peers { permanent_uuid: "5a0136c5a4dd43ecaa0fde2c63dc1efb" member_type: VOTER last_known_addr { host: "127.10.237.131" port: 37149 } }
I20260608 09:52:50.871834 14338 raft_consensus.cc:2468] T 3312414590a04e788d1ef5c501636b8d P 5a0136c5a4dd43ecaa0fde2c63dc1efb [term 1 FOLLOWER]: Leader election vote request: Granting yes vote for candidate 6abd31002e924ede870356c468320c4f in term 1.
I20260608 09:52:50.872457 14188 tablet_service.cc:1917] Received RequestConsensusVote() RPC: tablet_id: "eb9eab2fc95d409f95d29fd8cfbecfb4" candidate_uuid: "6abd31002e924ede870356c468320c4f" candidate_term: 1 candidate_status { last_received { term: 0 index: 0 } } ignore_live_leader: false dest_uuid: "2fc8c373b5d74394b69fddb22699ddec" is_pre_election: true
W20260608 09:52:50.873842 14229 leader_election.cc:343] T eb9eab2fc95d409f95d29fd8cfbecfb4 P 6abd31002e924ede870356c468320c4f [CANDIDATE]: Term 1 pre-election: Tablet error from VoteRequest() call to peer 2fc8c373b5d74394b69fddb22699ddec (127.10.237.129:43781): Illegal state: must be running to vote when last-logged opid is not known
I20260608 09:52:50.875180 14188 tablet_service.cc:1917] Received RequestConsensusVote() RPC: tablet_id: "3312414590a04e788d1ef5c501636b8d" candidate_uuid: "5a0136c5a4dd43ecaa0fde2c63dc1efb" candidate_term: 1 candidate_status { last_received { term: 0 index: 0 } } ignore_live_leader: false dest_uuid: "2fc8c373b5d74394b69fddb22699ddec" is_pre_election: true
I20260608 09:52:50.875916 14188 raft_consensus.cc:2393] T 3312414590a04e788d1ef5c501636b8d P 2fc8c373b5d74394b69fddb22699ddec [term 1 FOLLOWER]: Leader pre-election vote request: Denying vote to candidate 5a0136c5a4dd43ecaa0fde2c63dc1efb in current term 1: Already voted for candidate 6abd31002e924ede870356c468320c4f in this term.
I20260608 09:52:50.876791 14411 consensus_queue.cc:237] T 16344df229f74762b59db39d4ad78f4e P 5a0136c5a4dd43ecaa0fde2c63dc1efb [LEADER]: Queue going to LEADER mode. State: All replicated index: 0, Majority replicated index: 0, Committed index: 0, Last appended: 0.0, Last appended by leader: 0, Current term: 1, Majority size: 2, State: 0, Mode: LEADER, active raft config: opid_index: -1 OBSOLETE_local: false peers { permanent_uuid: "6abd31002e924ede870356c468320c4f" member_type: VOTER last_known_addr { host: "127.10.237.130" port: 38103 } } peers { permanent_uuid: "2fc8c373b5d74394b69fddb22699ddec" member_type: VOTER last_known_addr { host: "127.10.237.129" port: 43781 } } peers { permanent_uuid: "5a0136c5a4dd43ecaa0fde2c63dc1efb" member_type: VOTER last_known_addr { host: "127.10.237.131" port: 37149 } }
I20260608 09:52:50.877902 14338 tablet_service.cc:1917] Received RequestConsensusVote() RPC: tablet_id: "02532b18ec3a449ea11c2b0d83788761" candidate_uuid: "2fc8c373b5d74394b69fddb22699ddec" candidate_term: 1 candidate_status { last_received { term: 0 index: 0 } } ignore_live_leader: false dest_uuid: "5a0136c5a4dd43ecaa0fde2c63dc1efb" is_pre_election: true
I20260608 09:52:50.879212 14303 leader_election.cc:304] T 3312414590a04e788d1ef5c501636b8d P 5a0136c5a4dd43ecaa0fde2c63dc1efb [CANDIDATE]: Term 1 pre-election: Election decided. Result: candidate lost. Election summary: received 3 responses out of 3 voters: 1 yes votes; 2 no votes. yes voters: 5a0136c5a4dd43ecaa0fde2c63dc1efb; no voters: 2fc8c373b5d74394b69fddb22699ddec, 6abd31002e924ede870356c468320c4f
I20260608 09:52:50.880582 14418 raft_consensus.cc:2749] T 3312414590a04e788d1ef5c501636b8d P 5a0136c5a4dd43ecaa0fde2c63dc1efb [term 1 FOLLOWER]: Leader pre-election lost for term 1. Reason: could not achieve majority
I20260608 09:52:50.887830 14398 raft_consensus.cc:515] T 02532b18ec3a449ea11c2b0d83788761 P 5a0136c5a4dd43ecaa0fde2c63dc1efb [term 1 FOLLOWER]: Starting leader election with config: opid_index: -1 OBSOLETE_local: false peers { permanent_uuid: "2fc8c373b5d74394b69fddb22699ddec" member_type: VOTER last_known_addr { host: "127.10.237.129" port: 43781 } } peers { permanent_uuid: "5a0136c5a4dd43ecaa0fde2c63dc1efb" member_type: VOTER last_known_addr { host: "127.10.237.131" port: 37149 } } peers { permanent_uuid: "6abd31002e924ede870356c468320c4f" member_type: VOTER last_known_addr { host: "127.10.237.130" port: 38103 } }
I20260608 09:52:50.890738 14392 leader_election.cc:290] T 02532b18ec3a449ea11c2b0d83788761 P 2fc8c373b5d74394b69fddb22699ddec [CANDIDATE]: Term 1 election: Requested vote from peers 5a0136c5a4dd43ecaa0fde2c63dc1efb (127.10.237.131:37149), 6abd31002e924ede870356c468320c4f (127.10.237.130:38103)
I20260608 09:52:50.891907 14389 leader_election.cc:290] T eb9eab2fc95d409f95d29fd8cfbecfb4 P 6abd31002e924ede870356c468320c4f [CANDIDATE]: Term 1 pre-election: Requested pre-vote from peers 2fc8c373b5d74394b69fddb22699ddec (127.10.237.129:43781), 5a0136c5a4dd43ecaa0fde2c63dc1efb (127.10.237.131:37149)
I20260608 09:52:50.895133 14386 tablet_bootstrap.cc:492] T 8a12f07af56e4dcb8ee16dd2b10e4b59 P 5a0136c5a4dd43ecaa0fde2c63dc1efb: No bootstrap required, opened a new log
I20260608 09:52:50.895190 14398 leader_election.cc:290] T 02532b18ec3a449ea11c2b0d83788761 P 5a0136c5a4dd43ecaa0fde2c63dc1efb [CANDIDATE]: Term 1 election: Requested vote from peers 2fc8c373b5d74394b69fddb22699ddec (127.10.237.129:43781), 6abd31002e924ede870356c468320c4f (127.10.237.130:38103)
I20260608 09:52:50.895768 14386 ts_tablet_manager.cc:1403] T 8a12f07af56e4dcb8ee16dd2b10e4b59 P 5a0136c5a4dd43ecaa0fde2c63dc1efb: Time spent bootstrapping tablet: real 0.134s	user 0.058s	sys 0.065s
I20260608 09:52:50.895282 14262 tablet_service.cc:1917] Received RequestConsensusVote() RPC: tablet_id: "02532b18ec3a449ea11c2b0d83788761" candidate_uuid: "2fc8c373b5d74394b69fddb22699ddec" candidate_term: 1 candidate_status { last_received { term: 0 index: 0 } } ignore_live_leader: false dest_uuid: "6abd31002e924ede870356c468320c4f"
I20260608 09:52:50.896994 14262 raft_consensus.cc:3060] T 02532b18ec3a449ea11c2b0d83788761 P 6abd31002e924ede870356c468320c4f [term 0 FOLLOWER]: Advancing to term 1
I20260608 09:52:50.898099 14264 tablet_service.cc:1917] Received RequestConsensusVote() RPC: tablet_id: "02532b18ec3a449ea11c2b0d83788761" candidate_uuid: "5a0136c5a4dd43ecaa0fde2c63dc1efb" candidate_term: 1 candidate_status { last_received { term: 0 index: 0 } } ignore_live_leader: false dest_uuid: "6abd31002e924ede870356c468320c4f"
I20260608 09:52:50.899171 14386 raft_consensus.cc:359] T 8a12f07af56e4dcb8ee16dd2b10e4b59 P 5a0136c5a4dd43ecaa0fde2c63dc1efb [term 0 FOLLOWER]: Replica starting. Triggering 0 pending ops. Active config: opid_index: -1 OBSOLETE_local: false peers { permanent_uuid: "6abd31002e924ede870356c468320c4f" member_type: VOTER last_known_addr { host: "127.10.237.130" port: 38103 } } peers { permanent_uuid: "2fc8c373b5d74394b69fddb22699ddec" member_type: VOTER last_known_addr { host: "127.10.237.129" port: 43781 } } peers { permanent_uuid: "5a0136c5a4dd43ecaa0fde2c63dc1efb" member_type: VOTER last_known_addr { host: "127.10.237.131" port: 37149 } }
I20260608 09:52:50.899904 14386 raft_consensus.cc:385] T 8a12f07af56e4dcb8ee16dd2b10e4b59 P 5a0136c5a4dd43ecaa0fde2c63dc1efb [term 0 FOLLOWER]: Consensus starting up: Expiring failure detector timer to make a prompt election more likely
I20260608 09:52:50.899967 14384 tablet_bootstrap.cc:492] T eb9eab2fc95d409f95d29fd8cfbecfb4 P 2fc8c373b5d74394b69fddb22699ddec: No bootstrap required, opened a new log
I20260608 09:52:50.900352 14386 raft_consensus.cc:740] T 8a12f07af56e4dcb8ee16dd2b10e4b59 P 5a0136c5a4dd43ecaa0fde2c63dc1efb [term 0 FOLLOWER]: Becoming Follower/Learner. State: Replica: 5a0136c5a4dd43ecaa0fde2c63dc1efb, State: Initialized, Role: FOLLOWER
I20260608 09:52:50.900795 14384 ts_tablet_manager.cc:1403] T eb9eab2fc95d409f95d29fd8cfbecfb4 P 2fc8c373b5d74394b69fddb22699ddec: Time spent bootstrapping tablet: real 0.084s	user 0.024s	sys 0.043s
I20260608 09:52:50.901253 14386 consensus_queue.cc:260] T 8a12f07af56e4dcb8ee16dd2b10e4b59 P 5a0136c5a4dd43ecaa0fde2c63dc1efb [NON_LEADER]: Queue going to NON_LEADER mode. State: All replicated index: 0, Majority replicated index: 0, Committed index: 0, Last appended: 0.0, Last appended by leader: 0, Current term: 0, Majority size: -1, State: 0, Mode: NON_LEADER, active raft config: opid_index: -1 OBSOLETE_local: false peers { permanent_uuid: "6abd31002e924ede870356c468320c4f" member_type: VOTER last_known_addr { host: "127.10.237.130" port: 38103 } } peers { permanent_uuid: "2fc8c373b5d74394b69fddb22699ddec" member_type: VOTER last_known_addr { host: "127.10.237.129" port: 43781 } } peers { permanent_uuid: "5a0136c5a4dd43ecaa0fde2c63dc1efb" member_type: VOTER last_known_addr { host: "127.10.237.131" port: 37149 } }
I20260608 09:52:50.902724 14338 raft_consensus.cc:2393] T 02532b18ec3a449ea11c2b0d83788761 P 5a0136c5a4dd43ecaa0fde2c63dc1efb [term 1 FOLLOWER]: Leader pre-election vote request: Denying vote to candidate 2fc8c373b5d74394b69fddb22699ddec in current term 1: Already voted for candidate 5a0136c5a4dd43ecaa0fde2c63dc1efb in this term.
I20260608 09:52:50.903710 14386 ts_tablet_manager.cc:1434] T 8a12f07af56e4dcb8ee16dd2b10e4b59 P 5a0136c5a4dd43ecaa0fde2c63dc1efb: Time spent starting tablet: real 0.008s	user 0.006s	sys 0.000s
I20260608 09:52:50.904002 14262 raft_consensus.cc:2468] T 02532b18ec3a449ea11c2b0d83788761 P 6abd31002e924ede870356c468320c4f [term 1 FOLLOWER]: Leader election vote request: Granting yes vote for candidate 2fc8c373b5d74394b69fddb22699ddec in term 1.
I20260608 09:52:50.904271 14384 raft_consensus.cc:359] T eb9eab2fc95d409f95d29fd8cfbecfb4 P 2fc8c373b5d74394b69fddb22699ddec [term 0 FOLLOWER]: Replica starting. Triggering 0 pending ops. Active config: opid_index: -1 OBSOLETE_local: false peers { permanent_uuid: "6abd31002e924ede870356c468320c4f" member_type: VOTER last_known_addr { host: "127.10.237.130" port: 38103 } } peers { permanent_uuid: "2fc8c373b5d74394b69fddb22699ddec" member_type: VOTER last_known_addr { host: "127.10.237.129" port: 43781 } } peers { permanent_uuid: "5a0136c5a4dd43ecaa0fde2c63dc1efb" member_type: VOTER last_known_addr { host: "127.10.237.131" port: 37149 } }
I20260608 09:52:50.904934 14386 tablet_bootstrap.cc:492] T eb9eab2fc95d409f95d29fd8cfbecfb4 P 5a0136c5a4dd43ecaa0fde2c63dc1efb: Bootstrap starting.
