I20260608 09:51:49.617935  9021 tablet_replica.cc:333] T 74c1ddb920db46c0ae29a25ac9ea9f1c P ee4dcb6e699f444c88cfdf1153ffca3e: stopping tablet replica
I20260608 09:51:49.618427  9021 raft_consensus.cc:2243] T 74c1ddb920db46c0ae29a25ac9ea9f1c P ee4dcb6e699f444c88cfdf1153ffca3e [term 1 LEADER]: Raft consensus shutting down.
I20260608 09:51:49.618923  9021 raft_consensus.cc:2272] T 74c1ddb920db46c0ae29a25ac9ea9f1c P ee4dcb6e699f444c88cfdf1153ffca3e [term 1 FOLLOWER]: Raft consensus is shut down!
I20260608 09:51:49.637903  9021 tablet_server.cc:196] TabletServer@127.8.207.66:0 shutdown complete.
I20260608 09:51:49.647887  9021 tablet_server.cc:179] TabletServer@127.8.207.67:0 shutting down...
I20260608 09:51:49.670835  9021 ts_tablet_manager.cc:1507] Shutting down tablet manager...
I20260608 09:51:49.671622  9021 tablet_replica.cc:333] T 64d4f427317b471d9f0cf50aaf1204bd P 8d6ebfd1500b46a0b9cda25ad6acf302: stopping tablet replica
I20260608 09:51:49.672271  9021 raft_consensus.cc:2243] T 64d4f427317b471d9f0cf50aaf1204bd P 8d6ebfd1500b46a0b9cda25ad6acf302 [term 1 LEADER]: Raft consensus shutting down.
I20260608 09:51:49.672880  9021 raft_consensus.cc:2272] T 64d4f427317b471d9f0cf50aaf1204bd P 8d6ebfd1500b46a0b9cda25ad6acf302 [term 1 FOLLOWER]: Raft consensus is shut down!
I20260608 09:51:49.693250  9021 tablet_server.cc:196] TabletServer@127.8.207.67:0 shutdown complete.
I20260608 09:51:49.703512  9021 master.cc:562] Master@127.8.207.126:41119 shutting down...
I20260608 09:51:49.722026  9021 raft_consensus.cc:2243] T 00000000000000000000000000000000 P 6c7b59df7b42416d8e0537828541c06b [term 2 FOLLOWER]: Raft consensus shutting down.
I20260608 09:51:49.722652  9021 raft_consensus.cc:2272] T 00000000000000000000000000000000 P 6c7b59df7b42416d8e0537828541c06b [term 2 FOLLOWER]: Raft consensus is shut down!
I20260608 09:51:49.722931  9021 tablet_replica.cc:333] T 00000000000000000000000000000000 P 6c7b59df7b42416d8e0537828541c06b: stopping tablet replica
I20260608 09:51:49.741998  9021 master.cc:584] Master@127.8.207.126:41119 shutdown complete.
I20260608 09:51:49.757170  9021 master.cc:562] Master@127.8.207.124:37469 shutting down...
I20260608 09:51:49.777885  9021 raft_consensus.cc:2243] T 00000000000000000000000000000000 P f04e8f769ce741b0b74efd280a65ebb7 [term 2 LEADER]: Raft consensus shutting down.
I20260608 09:51:49.778813  9021 raft_consensus.cc:2272] T 00000000000000000000000000000000 P f04e8f769ce741b0b74efd280a65ebb7 [term 2 FOLLOWER]: Raft consensus is shut down!
I20260608 09:51:49.779120  9021 tablet_replica.cc:333] T 00000000000000000000000000000000 P f04e8f769ce741b0b74efd280a65ebb7: stopping tablet replica
I20260608 09:51:49.798771  9021 master.cc:584] Master@127.8.207.124:37469 shutdown complete.
[       OK ] AutoRebalancerTest.NextLeaderResumesAutoRebalancing (6791 ms)
[ RUN      ] AutoRebalancerTest.MovesScheduledIfAddTserver
I20260608 09:51:49.831621  9021 internal_mini_cluster.cc:156] Creating distributed mini masters. Addrs: 127.8.207.126:37679
I20260608 09:51:49.832913  9021 file_cache.cc:492] Constructed file cache file cache with capacity 419430
W20260608 09:51:49.838472 10681 instance_detector.cc:116] could not retrieve AWS instance metadata: Network error: curl error: HTTP response code said error: The requested URL returned error: 404
W20260608 09:51:49.838676 10682 instance_detector.cc:116] could not retrieve Azure instance metadata: Network error: curl error: HTTP response code said error: The requested URL returned error: 404
W20260608 09:51:49.839915 10684 instance_detector.cc:116] could not retrieve OpenStack instance metadata: Network error: curl error: HTTP response code said error: The requested URL returned error: 404
I20260608 09:51:49.841459  9021 server_base.cc:1061] running on GCE node
I20260608 09:51:49.842325  9021 hybrid_clock.cc:584] initializing the hybrid clock with 'system_unsync' time source
W20260608 09:51:49.842500  9021 system_unsync_time.cc:38] NTP support is disabled. Clock error bounds will not be accurate. This configuration is not suitable for distributed clusters.
I20260608 09:51:49.842839  9021 hybrid_clock.cc:648] HybridClock initialized: now 1780912309842822 us; error 0 us; skew 500 ppm
I20260608 09:51:49.843508  9021 server_base.cc:861] Flag tcmalloc_max_total_thread_cache_bytes is not working since tcmalloc is not enabled.
I20260608 09:51:49.846275  9021 webserver.cc:533] Webserver started at http://127.8.207.126:42665/ using document root <none> and password file <none>
I20260608 09:51:49.846819  9021 fs_manager.cc:362] Metadata directory not provided
I20260608 09:51:49.847018  9021 fs_manager.cc:368] Using write-ahead log directory (fs_wal_dir) as metadata directory
I20260608 09:51:49.847316  9021 server_base.cc:909] This appears to be a new deployment of Kudu; creating new FS layout
I20260608 09:51:49.848726  9021 fs_manager.cc:1068] Generated new instance metadata in path /tmp/dist-test-taskEFupMm/test-tmp/auto_rebalancer-test.0.AutoRebalancerTest.MovesScheduledIfAddTserver.1780912287820028-9021-0/minicluster-data/master-0-root/instance:
uuid: "4750ec60db3b49bf9b0d3da6626634c4"
format_stamp: "Formatted at 2026-06-08 09:51:49 on dist-test-slave-90g7"
I20260608 09:51:49.853942  9021 fs_manager.cc:696] Time spent creating directory manager: real 0.005s	user 0.005s	sys 0.000s
I20260608 09:51:49.857846 10690 log_block_manager.cc:4031] Time spent loading block containers with low live blocks: real 0.000s	user 0.000s	sys 0.000s
I20260608 09:51:49.858680  9021 fs_manager.cc:730] Time spent opening block manager: real 0.003s	user 0.002s	sys 0.001s
I20260608 09:51:49.858994  9021 fs_manager.cc:647] Opened local filesystem: /tmp/dist-test-taskEFupMm/test-tmp/auto_rebalancer-test.0.AutoRebalancerTest.MovesScheduledIfAddTserver.1780912287820028-9021-0/minicluster-data/master-0-root
uuid: "4750ec60db3b49bf9b0d3da6626634c4"
format_stamp: "Formatted at 2026-06-08 09:51:49 on dist-test-slave-90g7"
I20260608 09:51:49.859330  9021 fs_report.cc:389] FS layout report
--------------------
wal directory: /tmp/dist-test-taskEFupMm/test-tmp/auto_rebalancer-test.0.AutoRebalancerTest.MovesScheduledIfAddTserver.1780912287820028-9021-0/minicluster-data/master-0-root
metadata directory: /tmp/dist-test-taskEFupMm/test-tmp/auto_rebalancer-test.0.AutoRebalancerTest.MovesScheduledIfAddTserver.1780912287820028-9021-0/minicluster-data/master-0-root
1 data directories: /tmp/dist-test-taskEFupMm/test-tmp/auto_rebalancer-test.0.AutoRebalancerTest.MovesScheduledIfAddTserver.1780912287820028-9021-0/minicluster-data/master-0-root/data
Total live blocks: 0
Total live bytes: 0
Total live bytes (after alignment): 0
Total number of LBM containers: 0 (0 full)
Did not check for missing blocks
Did not check for orphaned blocks
Total full LBM containers with extra space: 0 (0 repaired)
Total full LBM container extra space in bytes: 0 (0 repaired)
Total incomplete LBM containers: 0 (0 repaired)
Total LBM partial records: 0 (0 repaired)
Total corrupted LBM metadata records in RocksDB: 0 (0 repaired)
I20260608 09:51:49.882949  9021 rpc_server.cc:225] running with OpenSSL 1.1.1  11 Sep 2018
I20260608 09:51:49.884243  9021 kserver.cc:163] Server-wide thread pool size limit: 3276
I20260608 09:51:49.924893  9021 rpc_server.cc:307] RPC server started. Bound to: 127.8.207.126:37679
I20260608 09:51:49.925053 10742 acceptor_pool.cc:272] collecting diagnostics on the listening RPC socket 127.8.207.126:37679 every 8 connection(s)
I20260608 09:51:49.929456 10743 data_dirs.cc:400] Could only allocate 1 dirs of requested 3 for tablet 00000000000000000000000000000000. 1 dirs total, 0 dirs full, 0 dirs failed
I20260608 09:51:49.940794 10743 tablet_bootstrap.cc:492] T 00000000000000000000000000000000 P 4750ec60db3b49bf9b0d3da6626634c4: Bootstrap starting.
I20260608 09:51:49.945974 10743 tablet_bootstrap.cc:654] T 00000000000000000000000000000000 P 4750ec60db3b49bf9b0d3da6626634c4: Neither blocks nor log segments found. Creating new log.
I20260608 09:51:49.950634 10743 tablet_bootstrap.cc:492] T 00000000000000000000000000000000 P 4750ec60db3b49bf9b0d3da6626634c4: No bootstrap required, opened a new log
I20260608 09:51:49.953128 10743 raft_consensus.cc:359] T 00000000000000000000000000000000 P 4750ec60db3b49bf9b0d3da6626634c4 [term 0 FOLLOWER]: Replica starting. Triggering 0 pending ops. Active config: opid_index: -1 OBSOLETE_local: true peers { permanent_uuid: "4750ec60db3b49bf9b0d3da6626634c4" member_type: VOTER }
I20260608 09:51:49.953608 10743 raft_consensus.cc:385] T 00000000000000000000000000000000 P 4750ec60db3b49bf9b0d3da6626634c4 [term 0 FOLLOWER]: Consensus starting up: Expiring failure detector timer to make a prompt election more likely
I20260608 09:51:49.953850 10743 raft_consensus.cc:740] T 00000000000000000000000000000000 P 4750ec60db3b49bf9b0d3da6626634c4 [term 0 FOLLOWER]: Becoming Follower/Learner. State: Replica: 4750ec60db3b49bf9b0d3da6626634c4, State: Initialized, Role: FOLLOWER
I20260608 09:51:49.954536 10743 consensus_queue.cc:260] T 00000000000000000000000000000000 P 4750ec60db3b49bf9b0d3da6626634c4 [NON_LEADER]: Queue going to NON_LEADER mode. State: All replicated index: 0, Majority replicated index: 0, Committed index: 0, Last appended: 0.0, Last appended by leader: 0, Current term: 0, Majority size: -1, State: 0, Mode: NON_LEADER, active raft config: opid_index: -1 OBSOLETE_local: true peers { permanent_uuid: "4750ec60db3b49bf9b0d3da6626634c4" member_type: VOTER }
I20260608 09:51:49.955032 10743 raft_consensus.cc:399] T 00000000000000000000000000000000 P 4750ec60db3b49bf9b0d3da6626634c4 [term 0 FOLLOWER]: Only one voter in the Raft config. Triggering election immediately
I20260608 09:51:49.955257 10743 raft_consensus.cc:493] T 00000000000000000000000000000000 P 4750ec60db3b49bf9b0d3da6626634c4 [term 0 FOLLOWER]: Starting leader election (initial election of a single-replica configuration)
I20260608 09:51:49.955538 10743 raft_consensus.cc:3060] T 00000000000000000000000000000000 P 4750ec60db3b49bf9b0d3da6626634c4 [term 0 FOLLOWER]: Advancing to term 1
I20260608 09:51:49.959802 10743 raft_consensus.cc:515] T 00000000000000000000000000000000 P 4750ec60db3b49bf9b0d3da6626634c4 [term 1 FOLLOWER]: Starting leader election with config: opid_index: -1 OBSOLETE_local: true peers { permanent_uuid: "4750ec60db3b49bf9b0d3da6626634c4" member_type: VOTER }
I20260608 09:51:49.960320 10743 leader_election.cc:304] T 00000000000000000000000000000000 P 4750ec60db3b49bf9b0d3da6626634c4 [CANDIDATE]: Term 1 election: Election decided. Result: candidate won. Election summary: received 1 responses out of 1 voters: 1 yes votes; 0 no votes. yes voters: 4750ec60db3b49bf9b0d3da6626634c4; no voters: 
I20260608 09:51:49.961572 10743 leader_election.cc:290] T 00000000000000000000000000000000 P 4750ec60db3b49bf9b0d3da6626634c4 [CANDIDATE]: Term 1 election: Requested vote from peers 
I20260608 09:51:49.962064 10746 raft_consensus.cc:2804] T 00000000000000000000000000000000 P 4750ec60db3b49bf9b0d3da6626634c4 [term 1 FOLLOWER]: Leader election won for term 1
I20260608 09:51:49.963357 10746 raft_consensus.cc:697] T 00000000000000000000000000000000 P 4750ec60db3b49bf9b0d3da6626634c4 [term 1 LEADER]: Becoming Leader. State: Replica: 4750ec60db3b49bf9b0d3da6626634c4, State: Running, Role: LEADER
I20260608 09:51:49.964098 10746 consensus_queue.cc:237] T 00000000000000000000000000000000 P 4750ec60db3b49bf9b0d3da6626634c4 [LEADER]: Queue going to LEADER mode. State: All replicated index: 0, Majority replicated index: 0, Committed index: 0, Last appended: 0.0, Last appended by leader: 0, Current term: 1, Majority size: 1, State: 0, Mode: LEADER, active raft config: opid_index: -1 OBSOLETE_local: true peers { permanent_uuid: "4750ec60db3b49bf9b0d3da6626634c4" member_type: VOTER }
I20260608 09:51:49.964797 10743 sys_catalog.cc:565] T 00000000000000000000000000000000 P 4750ec60db3b49bf9b0d3da6626634c4 [sys.catalog]: configured and running, proceeding with master startup.
I20260608 09:51:49.967257 10747 sys_catalog.cc:455] T 00000000000000000000000000000000 P 4750ec60db3b49bf9b0d3da6626634c4 [sys.catalog]: SysCatalogTable state changed. Reason: RaftConsensus started. Latest consensus state: current_term: 1 leader_uuid: "4750ec60db3b49bf9b0d3da6626634c4" committed_config { opid_index: -1 OBSOLETE_local: true peers { permanent_uuid: "4750ec60db3b49bf9b0d3da6626634c4" member_type: VOTER } }
I20260608 09:51:49.967198 10748 sys_catalog.cc:455] T 00000000000000000000000000000000 P 4750ec60db3b49bf9b0d3da6626634c4 [sys.catalog]: SysCatalogTable state changed. Reason: New leader 4750ec60db3b49bf9b0d3da6626634c4. Latest consensus state: current_term: 1 leader_uuid: "4750ec60db3b49bf9b0d3da6626634c4" committed_config { opid_index: -1 OBSOLETE_local: true peers { permanent_uuid: "4750ec60db3b49bf9b0d3da6626634c4" member_type: VOTER } }
I20260608 09:51:49.967866 10747 sys_catalog.cc:458] T 00000000000000000000000000000000 P 4750ec60db3b49bf9b0d3da6626634c4 [sys.catalog]: This master's current role is: LEADER
I20260608 09:51:49.967979 10748 sys_catalog.cc:458] T 00000000000000000000000000000000 P 4750ec60db3b49bf9b0d3da6626634c4 [sys.catalog]: This master's current role is: LEADER
I20260608 09:51:49.977172 10751 catalog_manager.cc:1510] Loading table and tablet metadata into memory...
I20260608 09:51:49.982201 10751 catalog_manager.cc:1519] Initializing Kudu cluster ID...
I20260608 09:51:49.983361  9021 internal_mini_cluster.cc:184] Waiting to initialize catalog manager on master 0
I20260608 09:51:49.991397 10751 catalog_manager.cc:1382] Generated new cluster ID: b4b64929ae084da49eb2cccb79156cf4
I20260608 09:51:49.991660 10751 catalog_manager.cc:1530] Initializing Kudu internal certificate authority...
I20260608 09:51:50.018863 10751 catalog_manager.cc:1405] Generated new certificate authority record
I20260608 09:51:50.020113 10751 catalog_manager.cc:1539] Loading token signing keys...
I20260608 09:51:50.035827 10751 catalog_manager.cc:6069] T 00000000000000000000000000000000 P 4750ec60db3b49bf9b0d3da6626634c4: Generated new TSK 0
I20260608 09:51:50.036433 10751 catalog_manager.cc:1549] Initializing in-progress tserver states...
I20260608 09:51:50.050580  9021 file_cache.cc:492] Constructed file cache file cache with capacity 419430
W20260608 09:51:50.057924 10764 instance_detector.cc:116] could not retrieve AWS instance metadata: Network error: curl error: HTTP response code said error: The requested URL returned error: 404
W20260608 09:51:50.059122 10765 instance_detector.cc:116] could not retrieve Azure instance metadata: Network error: curl error: HTTP response code said error: The requested URL returned error: 404
I20260608 09:51:50.060879  9021 server_base.cc:1061] running on GCE node
W20260608 09:51:50.061223 10767 instance_detector.cc:116] could not retrieve OpenStack instance metadata: Network error: curl error: HTTP response code said error: The requested URL returned error: 404
I20260608 09:51:50.062296  9021 hybrid_clock.cc:584] initializing the hybrid clock with 'system_unsync' time source
W20260608 09:51:50.062496  9021 system_unsync_time.cc:38] NTP support is disabled. Clock error bounds will not be accurate. This configuration is not suitable for distributed clusters.
I20260608 09:51:50.062704  9021 hybrid_clock.cc:648] HybridClock initialized: now 1780912310062686 us; error 0 us; skew 500 ppm
I20260608 09:51:50.063313  9021 server_base.cc:861] Flag tcmalloc_max_total_thread_cache_bytes is not working since tcmalloc is not enabled.
I20260608 09:51:50.065845  9021 webserver.cc:533] Webserver started at http://127.8.207.65:42109/ using document root <none> and password file <none>
I20260608 09:51:50.066397  9021 fs_manager.cc:362] Metadata directory not provided
I20260608 09:51:50.066622  9021 fs_manager.cc:368] Using write-ahead log directory (fs_wal_dir) as metadata directory
I20260608 09:51:50.066905  9021 server_base.cc:909] This appears to be a new deployment of Kudu; creating new FS layout
I20260608 09:51:50.068053  9021 fs_manager.cc:1068] Generated new instance metadata in path /tmp/dist-test-taskEFupMm/test-tmp/auto_rebalancer-test.0.AutoRebalancerTest.MovesScheduledIfAddTserver.1780912287820028-9021-0/minicluster-data/ts-0-root/instance:
uuid: "d94370cac67247019f2f7badb6950985"
format_stamp: "Formatted at 2026-06-08 09:51:50 on dist-test-slave-90g7"
I20260608 09:51:50.072913  9021 fs_manager.cc:696] Time spent creating directory manager: real 0.004s	user 0.004s	sys 0.000s
I20260608 09:51:50.077104 10772 log_block_manager.cc:4031] Time spent loading block containers with low live blocks: real 0.000s	user 0.000s	sys 0.000s
I20260608 09:51:50.077939  9021 fs_manager.cc:730] Time spent opening block manager: real 0.003s	user 0.003s	sys 0.001s
I20260608 09:51:50.078323  9021 fs_manager.cc:647] Opened local filesystem: /tmp/dist-test-taskEFupMm/test-tmp/auto_rebalancer-test.0.AutoRebalancerTest.MovesScheduledIfAddTserver.1780912287820028-9021-0/minicluster-data/ts-0-root
uuid: "d94370cac67247019f2f7badb6950985"
format_stamp: "Formatted at 2026-06-08 09:51:50 on dist-test-slave-90g7"
I20260608 09:51:50.078634  9021 fs_report.cc:389] FS layout report
--------------------
wal directory: /tmp/dist-test-taskEFupMm/test-tmp/auto_rebalancer-test.0.AutoRebalancerTest.MovesScheduledIfAddTserver.1780912287820028-9021-0/minicluster-data/ts-0-root
metadata directory: /tmp/dist-test-taskEFupMm/test-tmp/auto_rebalancer-test.0.AutoRebalancerTest.MovesScheduledIfAddTserver.1780912287820028-9021-0/minicluster-data/ts-0-root
1 data directories: /tmp/dist-test-taskEFupMm/test-tmp/auto_rebalancer-test.0.AutoRebalancerTest.MovesScheduledIfAddTserver.1780912287820028-9021-0/minicluster-data/ts-0-root/data
Total live blocks: 0
Total live bytes: 0
Total live bytes (after alignment): 0
Total number of LBM containers: 0 (0 full)
Did not check for missing blocks
Did not check for orphaned blocks
Total full LBM containers with extra space: 0 (0 repaired)
Total full LBM container extra space in bytes: 0 (0 repaired)
Total incomplete LBM containers: 0 (0 repaired)
Total LBM partial records: 0 (0 repaired)
Total corrupted LBM metadata records in RocksDB: 0 (0 repaired)
I20260608 09:51:50.110462  9021 rpc_server.cc:225] running with OpenSSL 1.1.1  11 Sep 2018
I20260608 09:51:50.111716  9021 kserver.cc:163] Server-wide thread pool size limit: 3276
I20260608 09:51:50.113299  9021 txn_system_client.cc:432] TxnSystemClient initialization is disabled...
I20260608 09:51:50.115747  9021 ts_tablet_manager.cc:585] Loaded tablet metadata (0 total tablets, 0 live tablets)
I20260608 09:51:50.115988  9021 ts_tablet_manager.cc:531] Time spent load tablet metadata: real 0.000s	user 0.000s	sys 0.000s
I20260608 09:51:50.116241  9021 ts_tablet_manager.cc:616] Registered 0 tablets
I20260608 09:51:50.116438  9021 ts_tablet_manager.cc:595] Time spent register tablets: real 0.000s	user 0.000s	sys 0.001s
I20260608 09:51:50.158427  9021 rpc_server.cc:307] RPC server started. Bound to: 127.8.207.65:38739
I20260608 09:51:50.158537 10834 acceptor_pool.cc:272] collecting diagnostics on the listening RPC socket 127.8.207.65:38739 every 8 connection(s)
I20260608 09:51:50.163879  9021 file_cache.cc:492] Constructed file cache file cache with capacity 419430
W20260608 09:51:50.172375 10839 instance_detector.cc:116] could not retrieve AWS instance metadata: Network error: curl error: HTTP response code said error: The requested URL returned error: 404
W20260608 09:51:50.172677 10840 instance_detector.cc:116] could not retrieve Azure instance metadata: Network error: curl error: HTTP response code said error: The requested URL returned error: 404
I20260608 09:51:50.175623  9021 server_base.cc:1061] running on GCE node
W20260608 09:51:50.175668 10842 instance_detector.cc:116] could not retrieve OpenStack instance metadata: Network error: curl error: HTTP response code said error: The requested URL returned error: 404
I20260608 09:51:50.176802  9021 hybrid_clock.cc:584] initializing the hybrid clock with 'system_unsync' time source
W20260608 09:51:50.177031  9021 system_unsync_time.cc:38] NTP support is disabled. Clock error bounds will not be accurate. This configuration is not suitable for distributed clusters.
I20260608 09:51:50.177218  9021 hybrid_clock.cc:648] HybridClock initialized: now 1780912310177197 us; error 0 us; skew 500 ppm
I20260608 09:51:50.178010  9021 server_base.cc:861] Flag tcmalloc_max_total_thread_cache_bytes is not working since tcmalloc is not enabled.
I20260608 09:51:50.180956  9021 webserver.cc:533] Webserver started at http://127.8.207.66:43873/ using document root <none> and password file <none>
I20260608 09:51:50.181427 10835 heartbeater.cc:344] Connected to a master server at 127.8.207.126:37679
I20260608 09:51:50.181607  9021 fs_manager.cc:362] Metadata directory not provided
I20260608 09:51:50.181840 10835 heartbeater.cc:461] Registering TS with master...
I20260608 09:51:50.181907  9021 fs_manager.cc:368] Using write-ahead log directory (fs_wal_dir) as metadata directory
I20260608 09:51:50.182320  9021 server_base.cc:909] This appears to be a new deployment of Kudu; creating new FS layout
I20260608 09:51:50.182752 10835 heartbeater.cc:507] Master 127.8.207.126:37679 requested a full tablet report, sending...
I20260608 09:51:50.183538  9021 fs_manager.cc:1068] Generated new instance metadata in path /tmp/dist-test-taskEFupMm/test-tmp/auto_rebalancer-test.0.AutoRebalancerTest.MovesScheduledIfAddTserver.1780912287820028-9021-0/minicluster-data/ts-1-root/instance:
uuid: "838c9fe8a07a4a43b694ed3bffdf4b8f"
format_stamp: "Formatted at 2026-06-08 09:51:50 on dist-test-slave-90g7"
I20260608 09:51:50.185137 10708 ts_manager.cc:194] Registered new tserver with Master: d94370cac67247019f2f7badb6950985 (127.8.207.65:38739)
I20260608 09:51:50.187048 10708 master_service.cc:502] Signed X509 certificate for tserver {username='slave'} at 127.0.0.1:54236
I20260608 09:51:50.189007  9021 fs_manager.cc:696] Time spent creating directory manager: real 0.005s	user 0.005s	sys 0.001s
I20260608 09:51:50.192767 10847 log_block_manager.cc:4031] Time spent loading block containers with low live blocks: real 0.000s	user 0.000s	sys 0.000s
I20260608 09:51:50.193631  9021 fs_manager.cc:730] Time spent opening block manager: real 0.003s	user 0.002s	sys 0.001s
I20260608 09:51:50.194031  9021 fs_manager.cc:647] Opened local filesystem: /tmp/dist-test-taskEFupMm/test-tmp/auto_rebalancer-test.0.AutoRebalancerTest.MovesScheduledIfAddTserver.1780912287820028-9021-0/minicluster-data/ts-1-root
uuid: "838c9fe8a07a4a43b694ed3bffdf4b8f"
format_stamp: "Formatted at 2026-06-08 09:51:50 on dist-test-slave-90g7"
I20260608 09:51:50.194351  9021 fs_report.cc:389] FS layout report
--------------------
wal directory: /tmp/dist-test-taskEFupMm/test-tmp/auto_rebalancer-test.0.AutoRebalancerTest.MovesScheduledIfAddTserver.1780912287820028-9021-0/minicluster-data/ts-1-root
metadata directory: /tmp/dist-test-taskEFupMm/test-tmp/auto_rebalancer-test.0.AutoRebalancerTest.MovesScheduledIfAddTserver.1780912287820028-9021-0/minicluster-data/ts-1-root
1 data directories: /tmp/dist-test-taskEFupMm/test-tmp/auto_rebalancer-test.0.AutoRebalancerTest.MovesScheduledIfAddTserver.1780912287820028-9021-0/minicluster-data/ts-1-root/data
Total live blocks: 0
Total live bytes: 0
Total live bytes (after alignment): 0
Total number of LBM containers: 0 (0 full)
Did not check for missing blocks
Did not check for orphaned blocks
Total full LBM containers with extra space: 0 (0 repaired)
Total full LBM container extra space in bytes: 0 (0 repaired)
Total incomplete LBM containers: 0 (0 repaired)
Total LBM partial records: 0 (0 repaired)
Total corrupted LBM metadata records in RocksDB: 0 (0 repaired)
I20260608 09:51:50.212579  9021 rpc_server.cc:225] running with OpenSSL 1.1.1  11 Sep 2018
I20260608 09:51:50.213937  9021 kserver.cc:163] Server-wide thread pool size limit: 3276
I20260608 09:51:50.215533  9021 txn_system_client.cc:432] TxnSystemClient initialization is disabled...
I20260608 09:51:50.218065  9021 ts_tablet_manager.cc:585] Loaded tablet metadata (0 total tablets, 0 live tablets)
I20260608 09:51:50.218327  9021 ts_tablet_manager.cc:531] Time spent load tablet metadata: real 0.000s	user 0.000s	sys 0.000s
I20260608 09:51:50.218593  9021 ts_tablet_manager.cc:616] Registered 0 tablets
I20260608 09:51:50.218787  9021 ts_tablet_manager.cc:595] Time spent register tablets: real 0.000s	user 0.000s	sys 0.000s
I20260608 09:51:50.262059  9021 rpc_server.cc:307] RPC server started. Bound to: 127.8.207.66:34061
I20260608 09:51:50.262173 10909 acceptor_pool.cc:272] collecting diagnostics on the listening RPC socket 127.8.207.66:34061 every 8 connection(s)
I20260608 09:51:50.267156  9021 file_cache.cc:492] Constructed file cache file cache with capacity 419430
W20260608 09:51:50.274833 10913 instance_detector.cc:116] could not retrieve AWS instance metadata: Network error: curl error: HTTP response code said error: The requested URL returned error: 404
W20260608 09:51:50.275549 10914 instance_detector.cc:116] could not retrieve Azure instance metadata: Network error: curl error: HTTP response code said error: The requested URL returned error: 404
I20260608 09:51:50.278980  9021 server_base.cc:1061] running on GCE node
W20260608 09:51:50.279332 10918 instance_detector.cc:116] could not retrieve OpenStack instance metadata: Network error: curl error: HTTP response code said error: The requested URL returned error: 404
I20260608 09:51:50.280491 10910 heartbeater.cc:344] Connected to a master server at 127.8.207.126:37679
I20260608 09:51:50.280489  9021 hybrid_clock.cc:584] initializing the hybrid clock with 'system_unsync' time source
W20260608 09:51:50.281014  9021 system_unsync_time.cc:38] NTP support is disabled. Clock error bounds will not be accurate. This configuration is not suitable for distributed clusters.
I20260608 09:51:50.281075 10910 heartbeater.cc:461] Registering TS with master...
I20260608 09:51:50.281241  9021 hybrid_clock.cc:648] HybridClock initialized: now 1780912310281218 us; error 0 us; skew 500 ppm
I20260608 09:51:50.281978 10910 heartbeater.cc:507] Master 127.8.207.126:37679 requested a full tablet report, sending...
I20260608 09:51:50.282032  9021 server_base.cc:861] Flag tcmalloc_max_total_thread_cache_bytes is not working since tcmalloc is not enabled.
I20260608 09:51:50.284447 10708 ts_manager.cc:194] Registered new tserver with Master: 838c9fe8a07a4a43b694ed3bffdf4b8f (127.8.207.66:34061)
I20260608 09:51:50.285079  9021 webserver.cc:533] Webserver started at http://127.8.207.67:39265/ using document root <none> and password file <none>
I20260608 09:51:50.285612  9021 fs_manager.cc:362] Metadata directory not provided
I20260608 09:51:50.285825  9021 fs_manager.cc:368] Using write-ahead log directory (fs_wal_dir) as metadata directory
I20260608 09:51:50.286090  9021 server_base.cc:909] This appears to be a new deployment of Kudu; creating new FS layout
I20260608 09:51:50.286033 10708 master_service.cc:502] Signed X509 certificate for tserver {username='slave'} at 127.0.0.1:54248
I20260608 09:51:50.287582  9021 fs_manager.cc:1068] Generated new instance metadata in path /tmp/dist-test-taskEFupMm/test-tmp/auto_rebalancer-test.0.AutoRebalancerTest.MovesScheduledIfAddTserver.1780912287820028-9021-0/minicluster-data/ts-2-root/instance:
uuid: "cd2cead3139e45f380185c6867de1d63"
format_stamp: "Formatted at 2026-06-08 09:51:50 on dist-test-slave-90g7"
I20260608 09:51:50.292552  9021 fs_manager.cc:696] Time spent creating directory manager: real 0.004s	user 0.007s	sys 0.000s
I20260608 09:51:50.296406 10922 log_block_manager.cc:4031] Time spent loading block containers with low live blocks: real 0.000s	user 0.000s	sys 0.000s
I20260608 09:51:50.297314  9021 fs_manager.cc:730] Time spent opening block manager: real 0.003s	user 0.003s	sys 0.000s
I20260608 09:51:50.297636  9021 fs_manager.cc:647] Opened local filesystem: /tmp/dist-test-taskEFupMm/test-tmp/auto_rebalancer-test.0.AutoRebalancerTest.MovesScheduledIfAddTserver.1780912287820028-9021-0/minicluster-data/ts-2-root
uuid: "cd2cead3139e45f380185c6867de1d63"
format_stamp: "Formatted at 2026-06-08 09:51:50 on dist-test-slave-90g7"
I20260608 09:51:50.297932  9021 fs_report.cc:389] FS layout report
--------------------
wal directory: /tmp/dist-test-taskEFupMm/test-tmp/auto_rebalancer-test.0.AutoRebalancerTest.MovesScheduledIfAddTserver.1780912287820028-9021-0/minicluster-data/ts-2-root
metadata directory: /tmp/dist-test-taskEFupMm/test-tmp/auto_rebalancer-test.0.AutoRebalancerTest.MovesScheduledIfAddTserver.1780912287820028-9021-0/minicluster-data/ts-2-root
1 data directories: /tmp/dist-test-taskEFupMm/test-tmp/auto_rebalancer-test.0.AutoRebalancerTest.MovesScheduledIfAddTserver.1780912287820028-9021-0/minicluster-data/ts-2-root/data
Total live blocks: 0
Total live bytes: 0
Total live bytes (after alignment): 0
Total number of LBM containers: 0 (0 full)
Did not check for missing blocks
Did not check for orphaned blocks
Total full LBM containers with extra space: 0 (0 repaired)
Total full LBM container extra space in bytes: 0 (0 repaired)
Total incomplete LBM containers: 0 (0 repaired)
Total LBM partial records: 0 (0 repaired)
Total corrupted LBM metadata records in RocksDB: 0 (0 repaired)
I20260608 09:51:50.321411  9021 rpc_server.cc:225] running with OpenSSL 1.1.1  11 Sep 2018
I20260608 09:51:50.322790  9021 kserver.cc:163] Server-wide thread pool size limit: 3276
I20260608 09:51:50.324487  9021 txn_system_client.cc:432] TxnSystemClient initialization is disabled...
I20260608 09:51:50.327070  9021 ts_tablet_manager.cc:585] Loaded tablet metadata (0 total tablets, 0 live tablets)
I20260608 09:51:50.327319  9021 ts_tablet_manager.cc:531] Time spent load tablet metadata: real 0.000s	user 0.000s	sys 0.000s
I20260608 09:51:50.327577  9021 ts_tablet_manager.cc:616] Registered 0 tablets
I20260608 09:51:50.327773  9021 ts_tablet_manager.cc:595] Time spent register tablets: real 0.000s	user 0.000s	sys 0.000s
I20260608 09:51:50.370949  9021 rpc_server.cc:307] RPC server started. Bound to: 127.8.207.67:42603
I20260608 09:51:50.371064 10984 acceptor_pool.cc:272] collecting diagnostics on the listening RPC socket 127.8.207.67:42603 every 8 connection(s)
I20260608 09:51:50.386169 10985 heartbeater.cc:344] Connected to a master server at 127.8.207.126:37679
I20260608 09:51:50.386554 10985 heartbeater.cc:461] Registering TS with master...
I20260608 09:51:50.387298 10985 heartbeater.cc:507] Master 127.8.207.126:37679 requested a full tablet report, sending...
I20260608 09:51:50.389614 10708 ts_manager.cc:194] Registered new tserver with Master: cd2cead3139e45f380185c6867de1d63 (127.8.207.67:42603)
I20260608 09:51:50.390625  9021 internal_mini_cluster.cc:371] 3 TS(s) registered with all masters after 0.015986857s
I20260608 09:51:50.391039 10708 master_service.cc:502] Signed X509 certificate for tserver {username='slave'} at 127.0.0.1:54254
I20260608 09:51:51.189951 10835 heartbeater.cc:499] Master 127.8.207.126:37679 was elected leader, sending a full tablet report...
I20260608 09:51:51.288757 10910 heartbeater.cc:499] Master 127.8.207.126:37679 was elected leader, sending a full tablet report...
I20260608 09:51:51.393748 10985 heartbeater.cc:499] Master 127.8.207.126:37679 was elected leader, sending a full tablet report...
I20260608 09:51:51.448716 10708 catalog_manager.cc:2282] Servicing CreateTable request from {username='slave'} at 127.0.0.1:54260:
name: "test-workload"
schema {
  columns {
    name: "key"
    type: INT32
    is_key: true
    is_nullable: false
    encoding: AUTO_ENCODING
    compression: DEFAULT_COMPRESSION
    cfile_block_size: 0
    immutable: false
  }
  columns {
    name: "int_val"
    type: INT32
    is_key: false
    is_nullable: false
    encoding: AUTO_ENCODING
    compression: DEFAULT_COMPRESSION
    cfile_block_size: 0
    immutable: false
  }
  columns {
    name: "string_val"
    type: STRING
    is_key: false
    is_nullable: true
    encoding: AUTO_ENCODING
    compression: DEFAULT_COMPRESSION
    cfile_block_size: 0
    immutable: false
  }
}
num_replicas: 3
split_rows_range_bounds {
  rows: "\004\001\000\377\377\377?""\004\001\000\377\377\377?"
  indirect_data: """"
}
partition_schema {
  range_schema {
    columns {
      name: "key"
    }
  }
}
W20260608 09:51:51.450922 10708 catalog_manager.cc:7076] The number of live tablet servers is not enough to re-replicate a tablet replica of the newly created table test-workload in case of a server failure: 4 tablet servers would be needed, 3 are available. Consider bringing up more tablet servers.
I20260608 09:51:51.500672 10800 tablet_service.cc:1511] Processing CreateTablet for tablet a9ae0ea5b8df4d338e244b1d37aea5f5 (DEFAULT_TABLE table=test-workload [id=8e592cfd166b4b548953dd822e1e90b5]), partition=RANGE (key) PARTITION VALUES < 1073741823
I20260608 09:51:51.502240 10800 data_dirs.cc:400] Could only allocate 1 dirs of requested 3 for tablet a9ae0ea5b8df4d338e244b1d37aea5f5. 1 dirs total, 0 dirs full, 0 dirs failed
I20260608 09:51:51.506064 10799 tablet_service.cc:1511] Processing CreateTablet for tablet 7fe26027ee6947d5b012d4e8d15ec7b2 (DEFAULT_TABLE table=test-workload [id=8e592cfd166b4b548953dd822e1e90b5]), partition=RANGE (key) PARTITION 1073741823 <= VALUES
I20260608 09:51:51.507735 10799 data_dirs.cc:400] Could only allocate 1 dirs of requested 3 for tablet 7fe26027ee6947d5b012d4e8d15ec7b2. 1 dirs total, 0 dirs full, 0 dirs failed
I20260608 09:51:51.527979 10875 tablet_service.cc:1511] Processing CreateTablet for tablet a9ae0ea5b8df4d338e244b1d37aea5f5 (DEFAULT_TABLE table=test-workload [id=8e592cfd166b4b548953dd822e1e90b5]), partition=RANGE (key) PARTITION VALUES < 1073741823
I20260608 09:51:51.528607 10874 tablet_service.cc:1511] Processing CreateTablet for tablet 7fe26027ee6947d5b012d4e8d15ec7b2 (DEFAULT_TABLE table=test-workload [id=8e592cfd166b4b548953dd822e1e90b5]), partition=RANGE (key) PARTITION 1073741823 <= VALUES
I20260608 09:51:51.529500 10875 data_dirs.cc:400] Could only allocate 1 dirs of requested 3 for tablet a9ae0ea5b8df4d338e244b1d37aea5f5. 1 dirs total, 0 dirs full, 0 dirs failed
I20260608 09:51:51.530488 10874 data_dirs.cc:400] Could only allocate 1 dirs of requested 3 for tablet 7fe26027ee6947d5b012d4e8d15ec7b2. 1 dirs total, 0 dirs full, 0 dirs failed
I20260608 09:51:51.533248 11005 tablet_bootstrap.cc:492] T 7fe26027ee6947d5b012d4e8d15ec7b2 P d94370cac67247019f2f7badb6950985: Bootstrap starting.
I20260608 09:51:51.533735 10950 tablet_service.cc:1511] Processing CreateTablet for tablet a9ae0ea5b8df4d338e244b1d37aea5f5 (DEFAULT_TABLE table=test-workload [id=8e592cfd166b4b548953dd822e1e90b5]), partition=RANGE (key) PARTITION VALUES < 1073741823
I20260608 09:51:51.534077 10949 tablet_service.cc:1511] Processing CreateTablet for tablet 7fe26027ee6947d5b012d4e8d15ec7b2 (DEFAULT_TABLE table=test-workload [id=8e592cfd166b4b548953dd822e1e90b5]), partition=RANGE (key) PARTITION 1073741823 <= VALUES
I20260608 09:51:51.535184 10950 data_dirs.cc:400] Could only allocate 1 dirs of requested 3 for tablet a9ae0ea5b8df4d338e244b1d37aea5f5. 1 dirs total, 0 dirs full, 0 dirs failed
I20260608 09:51:51.541170 11005 tablet_bootstrap.cc:654] T 7fe26027ee6947d5b012d4e8d15ec7b2 P d94370cac67247019f2f7badb6950985: Neither blocks nor log segments found. Creating new log.
I20260608 09:51:51.544821 10949 data_dirs.cc:400] Could only allocate 1 dirs of requested 3 for tablet 7fe26027ee6947d5b012d4e8d15ec7b2. 1 dirs total, 0 dirs full, 0 dirs failed
I20260608 09:51:51.578287 11007 tablet_bootstrap.cc:492] T a9ae0ea5b8df4d338e244b1d37aea5f5 P 838c9fe8a07a4a43b694ed3bffdf4b8f: Bootstrap starting.
I20260608 09:51:51.580861 11005 tablet_bootstrap.cc:492] T 7fe26027ee6947d5b012d4e8d15ec7b2 P d94370cac67247019f2f7badb6950985: No bootstrap required, opened a new log
I20260608 09:51:51.581063 11008 tablet_bootstrap.cc:492] T 7fe26027ee6947d5b012d4e8d15ec7b2 P cd2cead3139e45f380185c6867de1d63: Bootstrap starting.
I20260608 09:51:51.581460 11005 ts_tablet_manager.cc:1403] T 7fe26027ee6947d5b012d4e8d15ec7b2 P d94370cac67247019f2f7badb6950985: Time spent bootstrapping tablet: real 0.049s	user 0.020s	sys 0.026s
I20260608 09:51:51.585059 11005 raft_consensus.cc:359] T 7fe26027ee6947d5b012d4e8d15ec7b2 P d94370cac67247019f2f7badb6950985 [term 0 FOLLOWER]: Replica starting. Triggering 0 pending ops. Active config: opid_index: -1 OBSOLETE_local: false peers { permanent_uuid: "d94370cac67247019f2f7badb6950985" member_type: VOTER last_known_addr { host: "127.8.207.65" port: 38739 } } peers { permanent_uuid: "838c9fe8a07a4a43b694ed3bffdf4b8f" member_type: VOTER last_known_addr { host: "127.8.207.66" port: 34061 } } peers { permanent_uuid: "cd2cead3139e45f380185c6867de1d63" member_type: VOTER last_known_addr { host: "127.8.207.67" port: 42603 } }
I20260608 09:51:51.585968 11005 raft_consensus.cc:385] T 7fe26027ee6947d5b012d4e8d15ec7b2 P d94370cac67247019f2f7badb6950985 [term 0 FOLLOWER]: Consensus starting up: Expiring failure detector timer to make a prompt election more likely
I20260608 09:51:51.586315 11005 raft_consensus.cc:740] T 7fe26027ee6947d5b012d4e8d15ec7b2 P d94370cac67247019f2f7badb6950985 [term 0 FOLLOWER]: Becoming Follower/Learner. State: Replica: d94370cac67247019f2f7badb6950985, State: Initialized, Role: FOLLOWER
I20260608 09:51:51.586611 11008 tablet_bootstrap.cc:654] T 7fe26027ee6947d5b012d4e8d15ec7b2 P cd2cead3139e45f380185c6867de1d63: Neither blocks nor log segments found. Creating new log.
I20260608 09:51:51.587105 11007 tablet_bootstrap.cc:654] T a9ae0ea5b8df4d338e244b1d37aea5f5 P 838c9fe8a07a4a43b694ed3bffdf4b8f: Neither blocks nor log segments found. Creating new log.
I20260608 09:51:51.587216 11005 consensus_queue.cc:260] T 7fe26027ee6947d5b012d4e8d15ec7b2 P d94370cac67247019f2f7badb6950985 [NON_LEADER]: Queue going to NON_LEADER mode. State: All replicated index: 0, Majority replicated index: 0, Committed index: 0, Last appended: 0.0, Last appended by leader: 0, Current term: 0, Majority size: -1, State: 0, Mode: NON_LEADER, active raft config: opid_index: -1 OBSOLETE_local: false peers { permanent_uuid: "d94370cac67247019f2f7badb6950985" member_type: VOTER last_known_addr { host: "127.8.207.65" port: 38739 } } peers { permanent_uuid: "838c9fe8a07a4a43b694ed3bffdf4b8f" member_type: VOTER last_known_addr { host: "127.8.207.66" port: 34061 } } peers { permanent_uuid: "cd2cead3139e45f380185c6867de1d63" member_type: VOTER last_known_addr { host: "127.8.207.67" port: 42603 } }
I20260608 09:51:51.591009 11005 ts_tablet_manager.cc:1434] T 7fe26027ee6947d5b012d4e8d15ec7b2 P d94370cac67247019f2f7badb6950985: Time spent starting tablet: real 0.009s	user 0.009s	sys 0.000s
I20260608 09:51:51.592530 11005 tablet_bootstrap.cc:492] T a9ae0ea5b8df4d338e244b1d37aea5f5 P d94370cac67247019f2f7badb6950985: Bootstrap starting.
I20260608 09:51:51.597874 11008 tablet_bootstrap.cc:492] T 7fe26027ee6947d5b012d4e8d15ec7b2 P cd2cead3139e45f380185c6867de1d63: No bootstrap required, opened a new log
I20260608 09:51:51.598428 11008 ts_tablet_manager.cc:1403] T 7fe26027ee6947d5b012d4e8d15ec7b2 P cd2cead3139e45f380185c6867de1d63: Time spent bootstrapping tablet: real 0.018s	user 0.011s	sys 0.004s
I20260608 09:51:51.600325 11005 tablet_bootstrap.cc:654] T a9ae0ea5b8df4d338e244b1d37aea5f5 P d94370cac67247019f2f7badb6950985: Neither blocks nor log segments found. Creating new log.
I20260608 09:51:51.601480 11007 tablet_bootstrap.cc:492] T a9ae0ea5b8df4d338e244b1d37aea5f5 P 838c9fe8a07a4a43b694ed3bffdf4b8f: No bootstrap required, opened a new log
I20260608 09:51:51.602052 11007 ts_tablet_manager.cc:1403] T a9ae0ea5b8df4d338e244b1d37aea5f5 P 838c9fe8a07a4a43b694ed3bffdf4b8f: Time spent bootstrapping tablet: real 0.024s	user 0.016s	sys 0.000s
I20260608 09:51:51.601660 11008 raft_consensus.cc:359] T 7fe26027ee6947d5b012d4e8d15ec7b2 P cd2cead3139e45f380185c6867de1d63 [term 0 FOLLOWER]: Replica starting. Triggering 0 pending ops. Active config: opid_index: -1 OBSOLETE_local: false peers { permanent_uuid: "d94370cac67247019f2f7badb6950985" member_type: VOTER last_known_addr { host: "127.8.207.65" port: 38739 } } peers { permanent_uuid: "838c9fe8a07a4a43b694ed3bffdf4b8f" member_type: VOTER last_known_addr { host: "127.8.207.66" port: 34061 } } peers { permanent_uuid: "cd2cead3139e45f380185c6867de1d63" member_type: VOTER last_known_addr { host: "127.8.207.67" port: 42603 } }
I20260608 09:51:51.602528 11008 raft_consensus.cc:385] T 7fe26027ee6947d5b012d4e8d15ec7b2 P cd2cead3139e45f380185c6867de1d63 [term 0 FOLLOWER]: Consensus starting up: Expiring failure detector timer to make a prompt election more likely
I20260608 09:51:51.602886 11008 raft_consensus.cc:740] T 7fe26027ee6947d5b012d4e8d15ec7b2 P cd2cead3139e45f380185c6867de1d63 [term 0 FOLLOWER]: Becoming Follower/Learner. State: Replica: cd2cead3139e45f380185c6867de1d63, State: Initialized, Role: FOLLOWER
I20260608 09:51:51.603852 11008 consensus_queue.cc:260] T 7fe26027ee6947d5b012d4e8d15ec7b2 P cd2cead3139e45f380185c6867de1d63 [NON_LEADER]: Queue going to NON_LEADER mode. State: All replicated index: 0, Majority replicated index: 0, Committed index: 0, Last appended: 0.0, Last appended by leader: 0, Current term: 0, Majority size: -1, State: 0, Mode: NON_LEADER, active raft config: opid_index: -1 OBSOLETE_local: false peers { permanent_uuid: "d94370cac67247019f2f7badb6950985" member_type: VOTER last_known_addr { host: "127.8.207.65" port: 38739 } } peers { permanent_uuid: "838c9fe8a07a4a43b694ed3bffdf4b8f" member_type: VOTER last_known_addr { host: "127.8.207.66" port: 34061 } } peers { permanent_uuid: "cd2cead3139e45f380185c6867de1d63" member_type: VOTER last_known_addr { host: "127.8.207.67" port: 42603 } }
I20260608 09:51:51.605751 11007 raft_consensus.cc:359] T a9ae0ea5b8df4d338e244b1d37aea5f5 P 838c9fe8a07a4a43b694ed3bffdf4b8f [term 0 FOLLOWER]: Replica starting. Triggering 0 pending ops. Active config: opid_index: -1 OBSOLETE_local: false peers { permanent_uuid: "d94370cac67247019f2f7badb6950985" member_type: VOTER last_known_addr { host: "127.8.207.65" port: 38739 } } peers { permanent_uuid: "838c9fe8a07a4a43b694ed3bffdf4b8f" member_type: VOTER last_known_addr { host: "127.8.207.66" port: 34061 } } peers { permanent_uuid: "cd2cead3139e45f380185c6867de1d63" member_type: VOTER last_known_addr { host: "127.8.207.67" port: 42603 } }
I20260608 09:51:51.606850 11007 raft_consensus.cc:385] T a9ae0ea5b8df4d338e244b1d37aea5f5 P 838c9fe8a07a4a43b694ed3bffdf4b8f [term 0 FOLLOWER]: Consensus starting up: Expiring failure detector timer to make a prompt election more likely
I20260608 09:51:51.607332 11007 raft_consensus.cc:740] T a9ae0ea5b8df4d338e244b1d37aea5f5 P 838c9fe8a07a4a43b694ed3bffdf4b8f [term 0 FOLLOWER]: Becoming Follower/Learner. State: Replica: 838c9fe8a07a4a43b694ed3bffdf4b8f, State: Initialized, Role: FOLLOWER
I20260608 09:51:51.608683 11007 consensus_queue.cc:260] T a9ae0ea5b8df4d338e244b1d37aea5f5 P 838c9fe8a07a4a43b694ed3bffdf4b8f [NON_LEADER]: Queue going to NON_LEADER mode. State: All replicated index: 0, Majority replicated index: 0, Committed index: 0, Last appended: 0.0, Last appended by leader: 0, Current term: 0, Majority size: -1, State: 0, Mode: NON_LEADER, active raft config: opid_index: -1 OBSOLETE_local: false peers { permanent_uuid: "d94370cac67247019f2f7badb6950985" member_type: VOTER last_known_addr { host: "127.8.207.65" port: 38739 } } peers { permanent_uuid: "838c9fe8a07a4a43b694ed3bffdf4b8f" member_type: VOTER last_known_addr { host: "127.8.207.66" port: 34061 } } peers { permanent_uuid: "cd2cead3139e45f380185c6867de1d63" member_type: VOTER last_known_addr { host: "127.8.207.67" port: 42603 } }
I20260608 09:51:51.613447 11008 ts_tablet_manager.cc:1434] T 7fe26027ee6947d5b012d4e8d15ec7b2 P cd2cead3139e45f380185c6867de1d63: Time spent starting tablet: real 0.015s	user 0.011s	sys 0.004s
I20260608 09:51:51.613903 11005 tablet_bootstrap.cc:492] T a9ae0ea5b8df4d338e244b1d37aea5f5 P d94370cac67247019f2f7badb6950985: No bootstrap required, opened a new log
I20260608 09:51:51.614298 11005 ts_tablet_manager.cc:1403] T a9ae0ea5b8df4d338e244b1d37aea5f5 P d94370cac67247019f2f7badb6950985: Time spent bootstrapping tablet: real 0.022s	user 0.014s	sys 0.005s
I20260608 09:51:51.613447 11007 ts_tablet_manager.cc:1434] T a9ae0ea5b8df4d338e244b1d37aea5f5 P 838c9fe8a07a4a43b694ed3bffdf4b8f: Time spent starting tablet: real 0.011s	user 0.008s	sys 0.000s
I20260608 09:51:51.615572 11007 tablet_bootstrap.cc:492] T 7fe26027ee6947d5b012d4e8d15ec7b2 P 838c9fe8a07a4a43b694ed3bffdf4b8f: Bootstrap starting.
I20260608 09:51:51.617728 11005 raft_consensus.cc:359] T a9ae0ea5b8df4d338e244b1d37aea5f5 P d94370cac67247019f2f7badb6950985 [term 0 FOLLOWER]: Replica starting. Triggering 0 pending ops. Active config: opid_index: -1 OBSOLETE_local: false peers { permanent_uuid: "d94370cac67247019f2f7badb6950985" member_type: VOTER last_known_addr { host: "127.8.207.65" port: 38739 } } peers { permanent_uuid: "838c9fe8a07a4a43b694ed3bffdf4b8f" member_type: VOTER last_known_addr { host: "127.8.207.66" port: 34061 } } peers { permanent_uuid: "cd2cead3139e45f380185c6867de1d63" member_type: VOTER last_known_addr { host: "127.8.207.67" port: 42603 } }
I20260608 09:51:51.618602 11005 raft_consensus.cc:385] T a9ae0ea5b8df4d338e244b1d37aea5f5 P d94370cac67247019f2f7badb6950985 [term 0 FOLLOWER]: Consensus starting up: Expiring failure detector timer to make a prompt election more likely
I20260608 09:51:51.618942 11005 raft_consensus.cc:740] T a9ae0ea5b8df4d338e244b1d37aea5f5 P d94370cac67247019f2f7badb6950985 [term 0 FOLLOWER]: Becoming Follower/Learner. State: Replica: d94370cac67247019f2f7badb6950985, State: Initialized, Role: FOLLOWER
I20260608 09:51:51.619789 11005 consensus_queue.cc:260] T a9ae0ea5b8df4d338e244b1d37aea5f5 P d94370cac67247019f2f7badb6950985 [NON_LEADER]: Queue going to NON_LEADER mode. State: All replicated index: 0, Majority replicated index: 0, Committed index: 0, Last appended: 0.0, Last appended by leader: 0, Current term: 0, Majority size: -1, State: 0, Mode: NON_LEADER, active raft config: opid_index: -1 OBSOLETE_local: false peers { permanent_uuid: "d94370cac67247019f2f7badb6950985" member_type: VOTER last_known_addr { host: "127.8.207.65" port: 38739 } } peers { permanent_uuid: "838c9fe8a07a4a43b694ed3bffdf4b8f" member_type: VOTER last_known_addr { host: "127.8.207.66" port: 34061 } } peers { permanent_uuid: "cd2cead3139e45f380185c6867de1d63" member_type: VOTER last_known_addr { host: "127.8.207.67" port: 42603 } }
I20260608 09:51:51.622291 11005 ts_tablet_manager.cc:1434] T a9ae0ea5b8df4d338e244b1d37aea5f5 P d94370cac67247019f2f7badb6950985: Time spent starting tablet: real 0.008s	user 0.005s	sys 0.003s
I20260608 09:51:51.622503 11008 tablet_bootstrap.cc:492] T a9ae0ea5b8df4d338e244b1d37aea5f5 P cd2cead3139e45f380185c6867de1d63: Bootstrap starting.
I20260608 09:51:51.623548 11015 raft_consensus.cc:493] T a9ae0ea5b8df4d338e244b1d37aea5f5 P 838c9fe8a07a4a43b694ed3bffdf4b8f [term 0 FOLLOWER]: Starting pre-election (no leader contacted us within the election timeout)
I20260608 09:51:51.624068 11015 raft_consensus.cc:515] T a9ae0ea5b8df4d338e244b1d37aea5f5 P 838c9fe8a07a4a43b694ed3bffdf4b8f [term 0 FOLLOWER]: Starting pre-election with config: opid_index: -1 OBSOLETE_local: false peers { permanent_uuid: "d94370cac67247019f2f7badb6950985" member_type: VOTER last_known_addr { host: "127.8.207.65" port: 38739 } } peers { permanent_uuid: "838c9fe8a07a4a43b694ed3bffdf4b8f" member_type: VOTER last_known_addr { host: "127.8.207.66" port: 34061 } } peers { permanent_uuid: "cd2cead3139e45f380185c6867de1d63" member_type: VOTER last_known_addr { host: "127.8.207.67" port: 42603 } }
I20260608 09:51:51.630223 11008 tablet_bootstrap.cc:654] T a9ae0ea5b8df4d338e244b1d37aea5f5 P cd2cead3139e45f380185c6867de1d63: Neither blocks nor log segments found. Creating new log.
I20260608 09:51:51.636291 11015 leader_election.cc:290] T a9ae0ea5b8df4d338e244b1d37aea5f5 P 838c9fe8a07a4a43b694ed3bffdf4b8f [CANDIDATE]: Term 1 pre-election: Requested pre-vote from peers d94370cac67247019f2f7badb6950985 (127.8.207.65:38739), cd2cead3139e45f380185c6867de1d63 (127.8.207.67:42603)
I20260608 09:51:51.637710 11008 tablet_bootstrap.cc:492] T a9ae0ea5b8df4d338e244b1d37aea5f5 P cd2cead3139e45f380185c6867de1d63: No bootstrap required, opened a new log
I20260608 09:51:51.638782 11008 ts_tablet_manager.cc:1403] T a9ae0ea5b8df4d338e244b1d37aea5f5 P cd2cead3139e45f380185c6867de1d63: Time spent bootstrapping tablet: real 0.017s	user 0.005s	sys 0.009s
I20260608 09:51:51.641953 11007 tablet_bootstrap.cc:654] T 7fe26027ee6947d5b012d4e8d15ec7b2 P 838c9fe8a07a4a43b694ed3bffdf4b8f: Neither blocks nor log segments found. Creating new log.
I20260608 09:51:51.641815 11008 raft_consensus.cc:359] T a9ae0ea5b8df4d338e244b1d37aea5f5 P cd2cead3139e45f380185c6867de1d63 [term 0 FOLLOWER]: Replica starting. Triggering 0 pending ops. Active config: opid_index: -1 OBSOLETE_local: false peers { permanent_uuid: "d94370cac67247019f2f7badb6950985" member_type: VOTER last_known_addr { host: "127.8.207.65" port: 38739 } } peers { permanent_uuid: "838c9fe8a07a4a43b694ed3bffdf4b8f" member_type: VOTER last_known_addr { host: "127.8.207.66" port: 34061 } } peers { permanent_uuid: "cd2cead3139e45f380185c6867de1d63" member_type: VOTER last_known_addr { host: "127.8.207.67" port: 42603 } }
I20260608 09:51:51.642599 11008 raft_consensus.cc:385] T a9ae0ea5b8df4d338e244b1d37aea5f5 P cd2cead3139e45f380185c6867de1d63 [term 0 FOLLOWER]: Consensus starting up: Expiring failure detector timer to make a prompt election more likely
I20260608 09:51:51.642913 11008 raft_consensus.cc:740] T a9ae0ea5b8df4d338e244b1d37aea5f5 P cd2cead3139e45f380185c6867de1d63 [term 0 FOLLOWER]: Becoming Follower/Learner. State: Replica: cd2cead3139e45f380185c6867de1d63, State: Initialized, Role: FOLLOWER
