I20260608 09:53:01.533270 32014 data_dirs.cc:400] Could only allocate 1 dirs of requested 3 for tablet 82d42fa5d12245d4b399079e4629592a. 1 dirs total, 0 dirs full, 0 dirs failed
I20260608 09:53:01.539287 32089 tablet_service.cc:1511] Processing CreateTablet for tablet 82d42fa5d12245d4b399079e4629592a (DEFAULT_TABLE table=test-workload [id=ac511bc9832e4d1b8308bd01e583e3e3]), partition=RANGE (key) PARTITION UNBOUNDED
I20260608 09:53:01.540729 32089 data_dirs.cc:400] Could only allocate 1 dirs of requested 3 for tablet 82d42fa5d12245d4b399079e4629592a. 1 dirs total, 0 dirs full, 0 dirs failed
I20260608 09:53:01.540693 31940 tablet_service.cc:1511] Processing CreateTablet for tablet 82d42fa5d12245d4b399079e4629592a (DEFAULT_TABLE table=test-workload [id=ac511bc9832e4d1b8308bd01e583e3e3]), partition=RANGE (key) PARTITION UNBOUNDED
I20260608 09:53:01.542083 31940 data_dirs.cc:400] Could only allocate 1 dirs of requested 3 for tablet 82d42fa5d12245d4b399079e4629592a. 1 dirs total, 0 dirs full, 0 dirs failed
I20260608 09:53:01.551002 32146 tablet_bootstrap.cc:492] T 82d42fa5d12245d4b399079e4629592a P 775c21c41dd54e1faf1af107e359cf39: Bootstrap starting.
I20260608 09:53:01.558228 32147 tablet_bootstrap.cc:492] T 82d42fa5d12245d4b399079e4629592a P f93ae590e0e44020a9d5fcbf4b105a9a: Bootstrap starting.
I20260608 09:53:01.558588 32146 tablet_bootstrap.cc:654] T 82d42fa5d12245d4b399079e4629592a P 775c21c41dd54e1faf1af107e359cf39: Neither blocks nor log segments found. Creating new log.
I20260608 09:53:01.560464 32148 tablet_bootstrap.cc:492] T 82d42fa5d12245d4b399079e4629592a P 25849d9ac1d749a699f4e4fd0ff61337: Bootstrap starting.
I20260608 09:53:01.565900 32147 tablet_bootstrap.cc:654] T 82d42fa5d12245d4b399079e4629592a P f93ae590e0e44020a9d5fcbf4b105a9a: Neither blocks nor log segments found. Creating new log.
I20260608 09:53:01.566720 32146 tablet_bootstrap.cc:492] T 82d42fa5d12245d4b399079e4629592a P 775c21c41dd54e1faf1af107e359cf39: No bootstrap required, opened a new log
I20260608 09:53:01.566902 32148 tablet_bootstrap.cc:654] T 82d42fa5d12245d4b399079e4629592a P 25849d9ac1d749a699f4e4fd0ff61337: Neither blocks nor log segments found. Creating new log.
I20260608 09:53:01.567646 32146 ts_tablet_manager.cc:1403] T 82d42fa5d12245d4b399079e4629592a P 775c21c41dd54e1faf1af107e359cf39: Time spent bootstrapping tablet: real 0.017s	user 0.008s	sys 0.005s
I20260608 09:53:01.571460 32147 tablet_bootstrap.cc:492] T 82d42fa5d12245d4b399079e4629592a P f93ae590e0e44020a9d5fcbf4b105a9a: No bootstrap required, opened a new log
I20260608 09:53:01.571239 32146 raft_consensus.cc:359] T 82d42fa5d12245d4b399079e4629592a P 775c21c41dd54e1faf1af107e359cf39 [term 0 FOLLOWER]: Replica starting. Triggering 0 pending ops. Active config: opid_index: -1 OBSOLETE_local: false peers { permanent_uuid: "775c21c41dd54e1faf1af107e359cf39" member_type: VOTER last_known_addr { host: "127.27.123.3" port: 44327 } } peers { permanent_uuid: "f93ae590e0e44020a9d5fcbf4b105a9a" member_type: VOTER last_known_addr { host: "127.27.123.4" port: 42589 } } peers { permanent_uuid: "25849d9ac1d749a699f4e4fd0ff61337" member_type: VOTER last_known_addr { host: "127.27.123.2" port: 34237 } }
I20260608 09:53:01.571936 32147 ts_tablet_manager.cc:1403] T 82d42fa5d12245d4b399079e4629592a P f93ae590e0e44020a9d5fcbf4b105a9a: Time spent bootstrapping tablet: real 0.014s	user 0.009s	sys 0.004s
I20260608 09:53:01.572012 32146 raft_consensus.cc:385] T 82d42fa5d12245d4b399079e4629592a P 775c21c41dd54e1faf1af107e359cf39 [term 0 FOLLOWER]: Consensus starting up: Expiring failure detector timer to make a prompt election more likely
I20260608 09:53:01.572414 32146 raft_consensus.cc:740] T 82d42fa5d12245d4b399079e4629592a P 775c21c41dd54e1faf1af107e359cf39 [term 0 FOLLOWER]: Becoming Follower/Learner. State: Replica: 775c21c41dd54e1faf1af107e359cf39, State: Initialized, Role: FOLLOWER
I20260608 09:53:01.573015 32148 tablet_bootstrap.cc:492] T 82d42fa5d12245d4b399079e4629592a P 25849d9ac1d749a699f4e4fd0ff61337: No bootstrap required, opened a new log
I20260608 09:53:01.573510 32148 ts_tablet_manager.cc:1403] T 82d42fa5d12245d4b399079e4629592a P 25849d9ac1d749a699f4e4fd0ff61337: Time spent bootstrapping tablet: real 0.013s	user 0.005s	sys 0.006s
I20260608 09:53:01.573242 32146 consensus_queue.cc:260] T 82d42fa5d12245d4b399079e4629592a P 775c21c41dd54e1faf1af107e359cf39 [NON_LEADER]: Queue going to NON_LEADER mode. State: All replicated index: 0, Majority replicated index: 0, Committed index: 0, Last appended: 0.0, Last appended by leader: 0, Current term: 0, Majority size: -1, State: 0, Mode: NON_LEADER, active raft config: opid_index: -1 OBSOLETE_local: false peers { permanent_uuid: "775c21c41dd54e1faf1af107e359cf39" member_type: VOTER last_known_addr { host: "127.27.123.3" port: 44327 } } peers { permanent_uuid: "f93ae590e0e44020a9d5fcbf4b105a9a" member_type: VOTER last_known_addr { host: "127.27.123.4" port: 42589 } } peers { permanent_uuid: "25849d9ac1d749a699f4e4fd0ff61337" member_type: VOTER last_known_addr { host: "127.27.123.2" port: 34237 } }
I20260608 09:53:01.574728 32147 raft_consensus.cc:359] T 82d42fa5d12245d4b399079e4629592a P f93ae590e0e44020a9d5fcbf4b105a9a [term 0 FOLLOWER]: Replica starting. Triggering 0 pending ops. Active config: opid_index: -1 OBSOLETE_local: false peers { permanent_uuid: "775c21c41dd54e1faf1af107e359cf39" member_type: VOTER last_known_addr { host: "127.27.123.3" port: 44327 } } peers { permanent_uuid: "f93ae590e0e44020a9d5fcbf4b105a9a" member_type: VOTER last_known_addr { host: "127.27.123.4" port: 42589 } } peers { permanent_uuid: "25849d9ac1d749a699f4e4fd0ff61337" member_type: VOTER last_known_addr { host: "127.27.123.2" port: 34237 } }
I20260608 09:53:01.575559 32147 raft_consensus.cc:385] T 82d42fa5d12245d4b399079e4629592a P f93ae590e0e44020a9d5fcbf4b105a9a [term 0 FOLLOWER]: Consensus starting up: Expiring failure detector timer to make a prompt election more likely
I20260608 09:53:01.575933 32147 raft_consensus.cc:740] T 82d42fa5d12245d4b399079e4629592a P f93ae590e0e44020a9d5fcbf4b105a9a [term 0 FOLLOWER]: Becoming Follower/Learner. State: Replica: f93ae590e0e44020a9d5fcbf4b105a9a, State: Initialized, Role: FOLLOWER
I20260608 09:53:01.576895 32147 consensus_queue.cc:260] T 82d42fa5d12245d4b399079e4629592a P f93ae590e0e44020a9d5fcbf4b105a9a [NON_LEADER]: Queue going to NON_LEADER mode. State: All replicated index: 0, Majority replicated index: 0, Committed index: 0, Last appended: 0.0, Last appended by leader: 0, Current term: 0, Majority size: -1, State: 0, Mode: NON_LEADER, active raft config: opid_index: -1 OBSOLETE_local: false peers { permanent_uuid: "775c21c41dd54e1faf1af107e359cf39" member_type: VOTER last_known_addr { host: "127.27.123.3" port: 44327 } } peers { permanent_uuid: "f93ae590e0e44020a9d5fcbf4b105a9a" member_type: VOTER last_known_addr { host: "127.27.123.4" port: 42589 } } peers { permanent_uuid: "25849d9ac1d749a699f4e4fd0ff61337" member_type: VOTER last_known_addr { host: "127.27.123.2" port: 34237 } }
I20260608 09:53:01.577183 32148 raft_consensus.cc:359] T 82d42fa5d12245d4b399079e4629592a P 25849d9ac1d749a699f4e4fd0ff61337 [term 0 FOLLOWER]: Replica starting. Triggering 0 pending ops. Active config: opid_index: -1 OBSOLETE_local: false peers { permanent_uuid: "775c21c41dd54e1faf1af107e359cf39" member_type: VOTER last_known_addr { host: "127.27.123.3" port: 44327 } } peers { permanent_uuid: "f93ae590e0e44020a9d5fcbf4b105a9a" member_type: VOTER last_known_addr { host: "127.27.123.4" port: 42589 } } peers { permanent_uuid: "25849d9ac1d749a699f4e4fd0ff61337" member_type: VOTER last_known_addr { host: "127.27.123.2" port: 34237 } }
I20260608 09:53:01.578326 32148 raft_consensus.cc:385] T 82d42fa5d12245d4b399079e4629592a P 25849d9ac1d749a699f4e4fd0ff61337 [term 0 FOLLOWER]: Consensus starting up: Expiring failure detector timer to make a prompt election more likely
I20260608 09:53:01.578748 32148 raft_consensus.cc:740] T 82d42fa5d12245d4b399079e4629592a P 25849d9ac1d749a699f4e4fd0ff61337 [term 0 FOLLOWER]: Becoming Follower/Learner. State: Replica: 25849d9ac1d749a699f4e4fd0ff61337, State: Initialized, Role: FOLLOWER
I20260608 09:53:01.579530 32049 heartbeater.cc:499] Master 127.27.123.62:44643 was elected leader, sending a full tablet report...
I20260608 09:53:01.579808 32146 ts_tablet_manager.cc:1434] T 82d42fa5d12245d4b399079e4629592a P 775c21c41dd54e1faf1af107e359cf39: Time spent starting tablet: real 0.012s	user 0.009s	sys 0.003s
I20260608 09:53:01.579851 32148 consensus_queue.cc:260] T 82d42fa5d12245d4b399079e4629592a P 25849d9ac1d749a699f4e4fd0ff61337 [NON_LEADER]: Queue going to NON_LEADER mode. State: All replicated index: 0, Majority replicated index: 0, Committed index: 0, Last appended: 0.0, Last appended by leader: 0, Current term: 0, Majority size: -1, State: 0, Mode: NON_LEADER, active raft config: opid_index: -1 OBSOLETE_local: false peers { permanent_uuid: "775c21c41dd54e1faf1af107e359cf39" member_type: VOTER last_known_addr { host: "127.27.123.3" port: 44327 } } peers { permanent_uuid: "f93ae590e0e44020a9d5fcbf4b105a9a" member_type: VOTER last_known_addr { host: "127.27.123.4" port: 42589 } } peers { permanent_uuid: "25849d9ac1d749a699f4e4fd0ff61337" member_type: VOTER last_known_addr { host: "127.27.123.2" port: 34237 } }
I20260608 09:53:01.582194 32125 heartbeater.cc:499] Master 127.27.123.62:44643 was elected leader, sending a full tablet report...
I20260608 09:53:01.582454 32147 ts_tablet_manager.cc:1434] T 82d42fa5d12245d4b399079e4629592a P f93ae590e0e44020a9d5fcbf4b105a9a: Time spent starting tablet: real 0.010s	user 0.002s	sys 0.007s
I20260608 09:53:01.584359 31975 heartbeater.cc:499] Master 127.27.123.62:44643 was elected leader, sending a full tablet report...
I20260608 09:53:01.585412 32148 ts_tablet_manager.cc:1434] T 82d42fa5d12245d4b399079e4629592a P 25849d9ac1d749a699f4e4fd0ff61337: Time spent starting tablet: real 0.012s	user 0.009s	sys 0.003s
I20260608 09:53:01.614606 31899 heartbeater.cc:499] Master 127.27.123.62:44643 was elected leader, sending a full tablet report...
I20260608 09:53:01.662148 32154 raft_consensus.cc:493] T 82d42fa5d12245d4b399079e4629592a P 25849d9ac1d749a699f4e4fd0ff61337 [term 0 FOLLOWER]: Starting pre-election (no leader contacted us within the election timeout)
I20260608 09:53:01.662676 32154 raft_consensus.cc:515] T 82d42fa5d12245d4b399079e4629592a P 25849d9ac1d749a699f4e4fd0ff61337 [term 0 FOLLOWER]: Starting pre-election with config: opid_index: -1 OBSOLETE_local: false peers { permanent_uuid: "775c21c41dd54e1faf1af107e359cf39" member_type: VOTER last_known_addr { host: "127.27.123.3" port: 44327 } } peers { permanent_uuid: "f93ae590e0e44020a9d5fcbf4b105a9a" member_type: VOTER last_known_addr { host: "127.27.123.4" port: 42589 } } peers { permanent_uuid: "25849d9ac1d749a699f4e4fd0ff61337" member_type: VOTER last_known_addr { host: "127.27.123.2" port: 34237 } }
I20260608 09:53:01.664968 32154 leader_election.cc:290] T 82d42fa5d12245d4b399079e4629592a P 25849d9ac1d749a699f4e4fd0ff61337 [CANDIDATE]: Term 1 pre-election: Requested pre-vote from peers 775c21c41dd54e1faf1af107e359cf39 (127.27.123.3:44327), f93ae590e0e44020a9d5fcbf4b105a9a (127.27.123.4:42589)
I20260608 09:53:01.675287 32024 tablet_service.cc:1917] Received RequestConsensusVote() RPC: tablet_id: "82d42fa5d12245d4b399079e4629592a" candidate_uuid: "25849d9ac1d749a699f4e4fd0ff61337" candidate_term: 1 candidate_status { last_received { term: 0 index: 0 } } ignore_live_leader: false dest_uuid: "775c21c41dd54e1faf1af107e359cf39" is_pre_election: true
I20260608 09:53:01.675945 32024 raft_consensus.cc:2468] T 82d42fa5d12245d4b399079e4629592a P 775c21c41dd54e1faf1af107e359cf39 [term 0 FOLLOWER]: Leader pre-election vote request: Granting yes vote for candidate 25849d9ac1d749a699f4e4fd0ff61337 in term 0.
I20260608 09:53:01.676863 32100 tablet_service.cc:1917] Received RequestConsensusVote() RPC: tablet_id: "82d42fa5d12245d4b399079e4629592a" candidate_uuid: "25849d9ac1d749a699f4e4fd0ff61337" candidate_term: 1 candidate_status { last_received { term: 0 index: 0 } } ignore_live_leader: false dest_uuid: "f93ae590e0e44020a9d5fcbf4b105a9a" is_pre_election: true
I20260608 09:53:01.677165 31912 leader_election.cc:304] T 82d42fa5d12245d4b399079e4629592a P 25849d9ac1d749a699f4e4fd0ff61337 [CANDIDATE]: Term 1 pre-election: Election decided. Result: candidate won. Election summary: received 2 responses out of 3 voters: 2 yes votes; 0 no votes. yes voters: 25849d9ac1d749a699f4e4fd0ff61337, 775c21c41dd54e1faf1af107e359cf39; no voters: 
I20260608 09:53:01.677479 32100 raft_consensus.cc:2468] T 82d42fa5d12245d4b399079e4629592a P f93ae590e0e44020a9d5fcbf4b105a9a [term 0 FOLLOWER]: Leader pre-election vote request: Granting yes vote for candidate 25849d9ac1d749a699f4e4fd0ff61337 in term 0.
I20260608 09:53:01.678004 32154 raft_consensus.cc:2804] T 82d42fa5d12245d4b399079e4629592a P 25849d9ac1d749a699f4e4fd0ff61337 [term 0 FOLLOWER]: Leader pre-election won for term 1
I20260608 09:53:01.678334 32154 raft_consensus.cc:493] T 82d42fa5d12245d4b399079e4629592a P 25849d9ac1d749a699f4e4fd0ff61337 [term 0 FOLLOWER]: Starting leader election (no leader contacted us within the election timeout)
I20260608 09:53:01.678673 32154 raft_consensus.cc:3060] T 82d42fa5d12245d4b399079e4629592a P 25849d9ac1d749a699f4e4fd0ff61337 [term 0 FOLLOWER]: Advancing to term 1
I20260608 09:53:01.683549 32154 raft_consensus.cc:515] T 82d42fa5d12245d4b399079e4629592a P 25849d9ac1d749a699f4e4fd0ff61337 [term 1 FOLLOWER]: Starting leader election with config: opid_index: -1 OBSOLETE_local: false peers { permanent_uuid: "775c21c41dd54e1faf1af107e359cf39" member_type: VOTER last_known_addr { host: "127.27.123.3" port: 44327 } } peers { permanent_uuid: "f93ae590e0e44020a9d5fcbf4b105a9a" member_type: VOTER last_known_addr { host: "127.27.123.4" port: 42589 } } peers { permanent_uuid: "25849d9ac1d749a699f4e4fd0ff61337" member_type: VOTER last_known_addr { host: "127.27.123.2" port: 34237 } }
I20260608 09:53:01.685202 32154 leader_election.cc:290] T 82d42fa5d12245d4b399079e4629592a P 25849d9ac1d749a699f4e4fd0ff61337 [CANDIDATE]: Term 1 election: Requested vote from peers 775c21c41dd54e1faf1af107e359cf39 (127.27.123.3:44327), f93ae590e0e44020a9d5fcbf4b105a9a (127.27.123.4:42589)
I20260608 09:53:01.686137 32024 tablet_service.cc:1917] Received RequestConsensusVote() RPC: tablet_id: "82d42fa5d12245d4b399079e4629592a" candidate_uuid: "25849d9ac1d749a699f4e4fd0ff61337" candidate_term: 1 candidate_status { last_received { term: 0 index: 0 } } ignore_live_leader: false dest_uuid: "775c21c41dd54e1faf1af107e359cf39"
I20260608 09:53:01.686378 32100 tablet_service.cc:1917] Received RequestConsensusVote() RPC: tablet_id: "82d42fa5d12245d4b399079e4629592a" candidate_uuid: "25849d9ac1d749a699f4e4fd0ff61337" candidate_term: 1 candidate_status { last_received { term: 0 index: 0 } } ignore_live_leader: false dest_uuid: "f93ae590e0e44020a9d5fcbf4b105a9a"
I20260608 09:53:01.686637 32024 raft_consensus.cc:3060] T 82d42fa5d12245d4b399079e4629592a P 775c21c41dd54e1faf1af107e359cf39 [term 0 FOLLOWER]: Advancing to term 1
I20260608 09:53:01.687008 32100 raft_consensus.cc:3060] T 82d42fa5d12245d4b399079e4629592a P f93ae590e0e44020a9d5fcbf4b105a9a [term 0 FOLLOWER]: Advancing to term 1
I20260608 09:53:01.692099 32024 raft_consensus.cc:2468] T 82d42fa5d12245d4b399079e4629592a P 775c21c41dd54e1faf1af107e359cf39 [term 1 FOLLOWER]: Leader election vote request: Granting yes vote for candidate 25849d9ac1d749a699f4e4fd0ff61337 in term 1.
I20260608 09:53:01.692571 32100 raft_consensus.cc:2468] T 82d42fa5d12245d4b399079e4629592a P f93ae590e0e44020a9d5fcbf4b105a9a [term 1 FOLLOWER]: Leader election vote request: Granting yes vote for candidate 25849d9ac1d749a699f4e4fd0ff61337 in term 1.
I20260608 09:53:01.693133 31912 leader_election.cc:304] T 82d42fa5d12245d4b399079e4629592a P 25849d9ac1d749a699f4e4fd0ff61337 [CANDIDATE]: Term 1 election: Election decided. Result: candidate won. Election summary: received 2 responses out of 3 voters: 2 yes votes; 0 no votes. yes voters: 25849d9ac1d749a699f4e4fd0ff61337, 775c21c41dd54e1faf1af107e359cf39; no voters: 
I20260608 09:53:01.693909 32154 raft_consensus.cc:2804] T 82d42fa5d12245d4b399079e4629592a P 25849d9ac1d749a699f4e4fd0ff61337 [term 1 FOLLOWER]: Leader election won for term 1
I20260608 09:53:01.695015 32154 raft_consensus.cc:697] T 82d42fa5d12245d4b399079e4629592a P 25849d9ac1d749a699f4e4fd0ff61337 [term 1 LEADER]: Becoming Leader. State: Replica: 25849d9ac1d749a699f4e4fd0ff61337, State: Running, Role: LEADER
I20260608 09:53:01.695828 32154 consensus_queue.cc:237] T 82d42fa5d12245d4b399079e4629592a P 25849d9ac1d749a699f4e4fd0ff61337 [LEADER]: Queue going to LEADER mode. State: All replicated index: 0, Majority replicated index: 0, Committed index: 0, Last appended: 0.0, Last appended by leader: 0, Current term: 1, Majority size: 2, State: 0, Mode: LEADER, active raft config: opid_index: -1 OBSOLETE_local: false peers { permanent_uuid: "775c21c41dd54e1faf1af107e359cf39" member_type: VOTER last_known_addr { host: "127.27.123.3" port: 44327 } } peers { permanent_uuid: "f93ae590e0e44020a9d5fcbf4b105a9a" member_type: VOTER last_known_addr { host: "127.27.123.4" port: 42589 } } peers { permanent_uuid: "25849d9ac1d749a699f4e4fd0ff61337" member_type: VOTER last_known_addr { host: "127.27.123.2" port: 34237 } }
I20260608 09:53:01.703481 31770 catalog_manager.cc:5696] T 82d42fa5d12245d4b399079e4629592a P 25849d9ac1d749a699f4e4fd0ff61337 reported cstate change: term changed from 0 to 1, leader changed from <none> to 25849d9ac1d749a699f4e4fd0ff61337 (127.27.123.2). New cstate: current_term: 1 leader_uuid: "25849d9ac1d749a699f4e4fd0ff61337" committed_config { opid_index: -1 OBSOLETE_local: false peers { permanent_uuid: "775c21c41dd54e1faf1af107e359cf39" member_type: VOTER last_known_addr { host: "127.27.123.3" port: 44327 } health_report { overall_health: UNKNOWN } } peers { permanent_uuid: "f93ae590e0e44020a9d5fcbf4b105a9a" member_type: VOTER last_known_addr { host: "127.27.123.4" port: 42589 } health_report { overall_health: UNKNOWN } } peers { permanent_uuid: "25849d9ac1d749a699f4e4fd0ff61337" member_type: VOTER last_known_addr { host: "127.27.123.2" port: 34237 } health_report { overall_health: HEALTHY } } }
I20260608 09:53:02.184458 32154 consensus_queue.cc:1048] T 82d42fa5d12245d4b399079e4629592a P 25849d9ac1d749a699f4e4fd0ff61337 [LEADER]: Connected to new peer: Peer: permanent_uuid: "f93ae590e0e44020a9d5fcbf4b105a9a" member_type: VOTER last_known_addr { host: "127.27.123.4" port: 42589 }, Status: LMP_MISMATCH, Last received: 0.0, Next index: 1, Last known committed idx: 0, Time since last communication: 0.000s
I20260608 09:53:02.197671 32157 consensus_queue.cc:1048] T 82d42fa5d12245d4b399079e4629592a P 25849d9ac1d749a699f4e4fd0ff61337 [LEADER]: Connected to new peer: Peer: permanent_uuid: "775c21c41dd54e1faf1af107e359cf39" member_type: VOTER last_known_addr { host: "127.27.123.3" port: 44327 }, Status: LMP_MISMATCH, Last received: 0.0, Next index: 1, Last known committed idx: 0, Time since last communication: 0.000s
I20260608 09:53:02.425477 31825 auto_leader_rebalancer.cc:140] leader rebalance for table test-workload
I20260608 09:53:02.427490 31825 auto_leader_rebalancer.cc:388] table: test-workload, leader rebalance finish, leader transfer count: 0
I20260608 09:53:02.427925 31825 auto_leader_rebalancer.cc:451] All tables' leader rebalancing finished this round
I20260608 09:53:04.429263 31825 auto_leader_rebalancer.cc:140] leader rebalance for table test-workload
I20260608 09:53:04.430676 31825 auto_leader_rebalancer.cc:388] table: test-workload, leader rebalance finish, leader transfer count: 0
I20260608 09:53:04.431129 31825 auto_leader_rebalancer.cc:451] All tables' leader rebalancing finished this round
I20260608 09:53:06.432191 31825 auto_leader_rebalancer.cc:140] leader rebalance for table test-workload
I20260608 09:53:06.433594 31825 auto_leader_rebalancer.cc:388] table: test-workload, leader rebalance finish, leader transfer count: 0
I20260608 09:53:06.433887 31825 auto_leader_rebalancer.cc:451] All tables' leader rebalancing finished this round
W20260608 09:53:06.633400 32121 debug-util.cc:398] Leaking SignalData structure 0x7b08001efe40 after lost signal to thread 28143
W20260608 09:53:06.634348 32121 debug-util.cc:398] Leaking SignalData structure 0x7b080025bfa0 after lost signal to thread 31806
W20260608 09:53:06.635396 32121 debug-util.cc:398] Leaking SignalData structure 0x7b080013a540 after lost signal to thread 31898
W20260608 09:53:06.636261 32121 debug-util.cc:398] Leaking SignalData structure 0x7b08001f5840 after lost signal to thread 31974
W20260608 09:53:06.637215 32121 debug-util.cc:398] Leaking SignalData structure 0x7b080006f3a0 after lost signal to thread 32048
W20260608 09:53:06.638047 32121 debug-util.cc:398] Leaking SignalData structure 0x7b08001ceac0 after lost signal to thread 32124
I20260608 09:53:08.448323 31825 auto_leader_rebalancer.cc:140] leader rebalance for table test-workload
I20260608 09:53:08.450896 31825 auto_leader_rebalancer.cc:388] table: test-workload, leader rebalance finish, leader transfer count: 0
I20260608 09:53:08.453341 31825 auto_leader_rebalancer.cc:451] All tables' leader rebalancing finished this round
I20260608 09:53:10.454488 31825 auto_leader_rebalancer.cc:140] leader rebalance for table test-workload
I20260608 09:53:10.456284 31825 auto_leader_rebalancer.cc:388] table: test-workload, leader rebalance finish, leader transfer count: 0
I20260608 09:53:10.456612 31825 auto_leader_rebalancer.cc:451] All tables' leader rebalancing finished this round
I20260608 09:53:12.457643 31825 auto_leader_rebalancer.cc:140] leader rebalance for table test-workload
I20260608 09:53:12.459064 31825 auto_leader_rebalancer.cc:388] table: test-workload, leader rebalance finish, leader transfer count: 0
I20260608 09:53:12.459411 31825 auto_leader_rebalancer.cc:451] All tables' leader rebalancing finished this round
I20260608 09:53:12.922652 28140 tablet_server.cc:179] TabletServer@127.27.123.1:0 shutting down...
I20260608 09:53:12.952548 28140 ts_tablet_manager.cc:1507] Shutting down tablet manager...
I20260608 09:53:12.970005 28140 tablet_server.cc:196] TabletServer@127.27.123.1:0 shutdown complete.
I20260608 09:53:12.982702 28140 tablet_server.cc:179] TabletServer@127.27.123.2:0 shutting down...
I20260608 09:53:13.006002 28140 ts_tablet_manager.cc:1507] Shutting down tablet manager...
I20260608 09:53:13.006819 28140 tablet_replica.cc:333] T 82d42fa5d12245d4b399079e4629592a P 25849d9ac1d749a699f4e4fd0ff61337: stopping tablet replica
I20260608 09:53:13.007500 28140 raft_consensus.cc:2243] T 82d42fa5d12245d4b399079e4629592a P 25849d9ac1d749a699f4e4fd0ff61337 [term 1 LEADER]: Raft consensus shutting down.
I20260608 09:53:13.008534 28140 raft_consensus.cc:2272] T 82d42fa5d12245d4b399079e4629592a P 25849d9ac1d749a699f4e4fd0ff61337 [term 1 FOLLOWER]: Raft consensus is shut down!
I20260608 09:53:13.029912 28140 tablet_server.cc:196] TabletServer@127.27.123.2:0 shutdown complete.
I20260608 09:53:13.042435 28140 tablet_server.cc:179] TabletServer@127.27.123.3:0 shutting down...
I20260608 09:53:13.065937 28140 ts_tablet_manager.cc:1507] Shutting down tablet manager...
I20260608 09:53:13.066797 28140 tablet_replica.cc:333] T 82d42fa5d12245d4b399079e4629592a P 775c21c41dd54e1faf1af107e359cf39: stopping tablet replica
I20260608 09:53:13.067559 28140 raft_consensus.cc:2243] T 82d42fa5d12245d4b399079e4629592a P 775c21c41dd54e1faf1af107e359cf39 [term 1 FOLLOWER]: Raft consensus shutting down.
I20260608 09:53:13.068120 28140 raft_consensus.cc:2272] T 82d42fa5d12245d4b399079e4629592a P 775c21c41dd54e1faf1af107e359cf39 [term 1 FOLLOWER]: Raft consensus is shut down!
I20260608 09:53:13.088382 28140 tablet_server.cc:196] TabletServer@127.27.123.3:0 shutdown complete.
I20260608 09:53:13.100229 28140 tablet_server.cc:179] TabletServer@127.27.123.4:0 shutting down...
I20260608 09:53:13.119789 28140 ts_tablet_manager.cc:1507] Shutting down tablet manager...
I20260608 09:53:13.120610 28140 tablet_replica.cc:333] T 82d42fa5d12245d4b399079e4629592a P f93ae590e0e44020a9d5fcbf4b105a9a: stopping tablet replica
I20260608 09:53:13.121212 28140 raft_consensus.cc:2243] T 82d42fa5d12245d4b399079e4629592a P f93ae590e0e44020a9d5fcbf4b105a9a [term 1 FOLLOWER]: Raft consensus shutting down.
I20260608 09:53:13.121717 28140 raft_consensus.cc:2272] T 82d42fa5d12245d4b399079e4629592a P f93ae590e0e44020a9d5fcbf4b105a9a [term 1 FOLLOWER]: Raft consensus is shut down!
I20260608 09:53:13.159382 28140 tablet_server.cc:196] TabletServer@127.27.123.4:0 shutdown complete.
I20260608 09:53:13.170492 28140 master.cc:562] Master@127.27.123.62:44643 shutting down...
I20260608 09:53:13.188709 28140 raft_consensus.cc:2243] T 00000000000000000000000000000000 P d39d3e0ffd344591a53bed03fd03231c [term 1 LEADER]: Raft consensus shutting down.
I20260608 09:53:13.189392 28140 raft_consensus.cc:2272] T 00000000000000000000000000000000 P d39d3e0ffd344591a53bed03fd03231c [term 1 FOLLOWER]: Raft consensus is shut down!
I20260608 09:53:13.189756 28140 tablet_replica.cc:333] T 00000000000000000000000000000000 P d39d3e0ffd344591a53bed03fd03231c: stopping tablet replica
I20260608 09:53:13.209179 28140 master.cc:584] Master@127.27.123.62:44643 shutdown complete.
[       OK ] AutoRebalancerTest.NoReplicaMovesIfLocationLoadSkewedByOne (12978 ms)
[ RUN      ] AutoRebalancerTest.NoReplicaMovesIfCannotFixPlacementPolicy
I20260608 09:53:13.248070 28140 internal_mini_cluster.cc:156] Creating distributed mini masters. Addrs: 127.27.123.62:37223
I20260608 09:53:13.249295 28140 file_cache.cc:492] Constructed file cache file cache with capacity 419430
W20260608 09:53:13.255558 32174 instance_detector.cc:116] could not retrieve AWS instance metadata: Network error: curl error: HTTP response code said error: The requested URL returned error: 404
W20260608 09:53:13.255595 32175 instance_detector.cc:116] could not retrieve Azure instance metadata: Network error: curl error: HTTP response code said error: The requested URL returned error: 404
W20260608 09:53:13.255899 32177 instance_detector.cc:116] could not retrieve OpenStack instance metadata: Network error: curl error: HTTP response code said error: The requested URL returned error: 404
I20260608 09:53:13.257817 28140 server_base.cc:1061] running on GCE node
I20260608 09:53:13.258716 28140 hybrid_clock.cc:584] initializing the hybrid clock with 'system_unsync' time source
W20260608 09:53:13.258989 28140 system_unsync_time.cc:38] NTP support is disabled. Clock error bounds will not be accurate. This configuration is not suitable for distributed clusters.
I20260608 09:53:13.259184 28140 hybrid_clock.cc:648] HybridClock initialized: now 1780912393259149 us; error 0 us; skew 500 ppm
I20260608 09:53:13.259806 28140 server_base.cc:861] Flag tcmalloc_max_total_thread_cache_bytes is not working since tcmalloc is not enabled.
I20260608 09:53:13.262234 28140 webserver.cc:533] Webserver started at http://127.27.123.62:36251/ using document root <none> and password file <none>
I20260608 09:53:13.262786 28140 fs_manager.cc:362] Metadata directory not provided
I20260608 09:53:13.263149 28140 fs_manager.cc:368] Using write-ahead log directory (fs_wal_dir) as metadata directory
I20260608 09:53:13.263453 28140 server_base.cc:909] This appears to be a new deployment of Kudu; creating new FS layout
I20260608 09:53:13.264678 28140 fs_manager.cc:1068] Generated new instance metadata in path /tmp/dist-test-tasknAXgxk/test-tmp/auto_rebalancer-test.0.AutoRebalancerTest.NoReplicaMovesIfCannotFixPlacementPolicy.1780912287564245-28140-0/minicluster-data/master-0-root/instance:
uuid: "5e48329127fb40718631e89140cbff6d"
format_stamp: "Formatted at 2026-06-08 09:53:13 on dist-test-slave-qpgn"
I20260608 09:53:13.269398 28140 fs_manager.cc:696] Time spent creating directory manager: real 0.004s	user 0.006s	sys 0.000s
I20260608 09:53:13.273109 32182 log_block_manager.cc:4031] Time spent loading block containers with low live blocks: real 0.000s	user 0.000s	sys 0.000s
I20260608 09:53:13.273976 28140 fs_manager.cc:730] Time spent opening block manager: real 0.002s	user 0.002s	sys 0.000s
I20260608 09:53:13.274272 28140 fs_manager.cc:647] Opened local filesystem: /tmp/dist-test-tasknAXgxk/test-tmp/auto_rebalancer-test.0.AutoRebalancerTest.NoReplicaMovesIfCannotFixPlacementPolicy.1780912287564245-28140-0/minicluster-data/master-0-root
uuid: "5e48329127fb40718631e89140cbff6d"
format_stamp: "Formatted at 2026-06-08 09:53:13 on dist-test-slave-qpgn"
I20260608 09:53:13.274575 28140 fs_report.cc:389] FS layout report
--------------------
wal directory: /tmp/dist-test-tasknAXgxk/test-tmp/auto_rebalancer-test.0.AutoRebalancerTest.NoReplicaMovesIfCannotFixPlacementPolicy.1780912287564245-28140-0/minicluster-data/master-0-root
metadata directory: /tmp/dist-test-tasknAXgxk/test-tmp/auto_rebalancer-test.0.AutoRebalancerTest.NoReplicaMovesIfCannotFixPlacementPolicy.1780912287564245-28140-0/minicluster-data/master-0-root
1 data directories: /tmp/dist-test-tasknAXgxk/test-tmp/auto_rebalancer-test.0.AutoRebalancerTest.NoReplicaMovesIfCannotFixPlacementPolicy.1780912287564245-28140-0/minicluster-data/master-0-root/data
Total live blocks: 0
Total live bytes: 0
Total live bytes (after alignment): 0
Total number of LBM containers: 0 (0 full)
Did not check for missing blocks
Did not check for orphaned blocks
Total full LBM containers with extra space: 0 (0 repaired)
Total full LBM container extra space in bytes: 0 (0 repaired)
Total incomplete LBM containers: 0 (0 repaired)
Total LBM partial records: 0 (0 repaired)
Total corrupted LBM metadata records in RocksDB: 0 (0 repaired)
I20260608 09:53:13.288529 28140 rpc_server.cc:225] running with OpenSSL 1.1.1  11 Sep 2018
I20260608 09:53:13.289813 28140 kserver.cc:163] Server-wide thread pool size limit: 3276
I20260608 09:53:13.328974 28140 rpc_server.cc:307] RPC server started. Bound to: 127.27.123.62:37223
I20260608 09:53:13.329101 32233 acceptor_pool.cc:272] collecting diagnostics on the listening RPC socket 127.27.123.62:37223 every 8 connection(s)
I20260608 09:53:13.333405 32234 data_dirs.cc:400] Could only allocate 1 dirs of requested 3 for tablet 00000000000000000000000000000000. 1 dirs total, 0 dirs full, 0 dirs failed
I20260608 09:53:13.344929 32234 tablet_bootstrap.cc:492] T 00000000000000000000000000000000 P 5e48329127fb40718631e89140cbff6d: Bootstrap starting.
I20260608 09:53:13.349859 32234 tablet_bootstrap.cc:654] T 00000000000000000000000000000000 P 5e48329127fb40718631e89140cbff6d: Neither blocks nor log segments found. Creating new log.
I20260608 09:53:13.354461 32234 tablet_bootstrap.cc:492] T 00000000000000000000000000000000 P 5e48329127fb40718631e89140cbff6d: No bootstrap required, opened a new log
I20260608 09:53:13.356854 32234 raft_consensus.cc:359] T 00000000000000000000000000000000 P 5e48329127fb40718631e89140cbff6d [term 0 FOLLOWER]: Replica starting. Triggering 0 pending ops. Active config: opid_index: -1 OBSOLETE_local: true peers { permanent_uuid: "5e48329127fb40718631e89140cbff6d" member_type: VOTER }
I20260608 09:53:13.357326 32234 raft_consensus.cc:385] T 00000000000000000000000000000000 P 5e48329127fb40718631e89140cbff6d [term 0 FOLLOWER]: Consensus starting up: Expiring failure detector timer to make a prompt election more likely
I20260608 09:53:13.357542 32234 raft_consensus.cc:740] T 00000000000000000000000000000000 P 5e48329127fb40718631e89140cbff6d [term 0 FOLLOWER]: Becoming Follower/Learner. State: Replica: 5e48329127fb40718631e89140cbff6d, State: Initialized, Role: FOLLOWER
I20260608 09:53:13.358215 32234 consensus_queue.cc:260] T 00000000000000000000000000000000 P 5e48329127fb40718631e89140cbff6d [NON_LEADER]: Queue going to NON_LEADER mode. State: All replicated index: 0, Majority replicated index: 0, Committed index: 0, Last appended: 0.0, Last appended by leader: 0, Current term: 0, Majority size: -1, State: 0, Mode: NON_LEADER, active raft config: opid_index: -1 OBSOLETE_local: true peers { permanent_uuid: "5e48329127fb40718631e89140cbff6d" member_type: VOTER }
I20260608 09:53:13.358698 32234 raft_consensus.cc:399] T 00000000000000000000000000000000 P 5e48329127fb40718631e89140cbff6d [term 0 FOLLOWER]: Only one voter in the Raft config. Triggering election immediately
I20260608 09:53:13.358927 32234 raft_consensus.cc:493] T 00000000000000000000000000000000 P 5e48329127fb40718631e89140cbff6d [term 0 FOLLOWER]: Starting leader election (initial election of a single-replica configuration)
I20260608 09:53:13.359220 32234 raft_consensus.cc:3060] T 00000000000000000000000000000000 P 5e48329127fb40718631e89140cbff6d [term 0 FOLLOWER]: Advancing to term 1
I20260608 09:53:13.363936 32234 raft_consensus.cc:515] T 00000000000000000000000000000000 P 5e48329127fb40718631e89140cbff6d [term 1 FOLLOWER]: Starting leader election with config: opid_index: -1 OBSOLETE_local: true peers { permanent_uuid: "5e48329127fb40718631e89140cbff6d" member_type: VOTER }
I20260608 09:53:13.364509 32234 leader_election.cc:304] T 00000000000000000000000000000000 P 5e48329127fb40718631e89140cbff6d [CANDIDATE]: Term 1 election: Election decided. Result: candidate won. Election summary: received 1 responses out of 1 voters: 1 yes votes; 0 no votes. yes voters: 5e48329127fb40718631e89140cbff6d; no voters: 
I20260608 09:53:13.365701 32234 leader_election.cc:290] T 00000000000000000000000000000000 P 5e48329127fb40718631e89140cbff6d [CANDIDATE]: Term 1 election: Requested vote from peers 
I20260608 09:53:13.366158 32237 raft_consensus.cc:2804] T 00000000000000000000000000000000 P 5e48329127fb40718631e89140cbff6d [term 1 FOLLOWER]: Leader election won for term 1
I20260608 09:53:13.367667 32237 raft_consensus.cc:697] T 00000000000000000000000000000000 P 5e48329127fb40718631e89140cbff6d [term 1 LEADER]: Becoming Leader. State: Replica: 5e48329127fb40718631e89140cbff6d, State: Running, Role: LEADER
I20260608 09:53:13.368433 32237 consensus_queue.cc:237] T 00000000000000000000000000000000 P 5e48329127fb40718631e89140cbff6d [LEADER]: Queue going to LEADER mode. State: All replicated index: 0, Majority replicated index: 0, Committed index: 0, Last appended: 0.0, Last appended by leader: 0, Current term: 1, Majority size: 1, State: 0, Mode: LEADER, active raft config: opid_index: -1 OBSOLETE_local: true peers { permanent_uuid: "5e48329127fb40718631e89140cbff6d" member_type: VOTER }
I20260608 09:53:13.368757 32234 sys_catalog.cc:565] T 00000000000000000000000000000000 P 5e48329127fb40718631e89140cbff6d [sys.catalog]: configured and running, proceeding with master startup.
I20260608 09:53:13.373742 32238 sys_catalog.cc:455] T 00000000000000000000000000000000 P 5e48329127fb40718631e89140cbff6d [sys.catalog]: SysCatalogTable state changed. Reason: RaftConsensus started. Latest consensus state: current_term: 1 leader_uuid: "5e48329127fb40718631e89140cbff6d" committed_config { opid_index: -1 OBSOLETE_local: true peers { permanent_uuid: "5e48329127fb40718631e89140cbff6d" member_type: VOTER } }
I20260608 09:53:13.374083 32239 sys_catalog.cc:455] T 00000000000000000000000000000000 P 5e48329127fb40718631e89140cbff6d [sys.catalog]: SysCatalogTable state changed. Reason: New leader 5e48329127fb40718631e89140cbff6d. Latest consensus state: current_term: 1 leader_uuid: "5e48329127fb40718631e89140cbff6d" committed_config { opid_index: -1 OBSOLETE_local: true peers { permanent_uuid: "5e48329127fb40718631e89140cbff6d" member_type: VOTER } }
I20260608 09:53:13.374413 32238 sys_catalog.cc:458] T 00000000000000000000000000000000 P 5e48329127fb40718631e89140cbff6d [sys.catalog]: This master's current role is: LEADER
I20260608 09:53:13.374565 32239 sys_catalog.cc:458] T 00000000000000000000000000000000 P 5e48329127fb40718631e89140cbff6d [sys.catalog]: This master's current role is: LEADER
I20260608 09:53:13.378163 32246 catalog_manager.cc:1510] Loading table and tablet metadata into memory...
I20260608 09:53:13.383345 32246 catalog_manager.cc:1519] Initializing Kudu cluster ID...
I20260608 09:53:13.385636 28140 internal_mini_cluster.cc:184] Waiting to initialize catalog manager on master 0
I20260608 09:53:13.393414 32246 catalog_manager.cc:1382] Generated new cluster ID: a7211800cfa849d6be93e259130f2c5f
I20260608 09:53:13.393693 32246 catalog_manager.cc:1530] Initializing Kudu internal certificate authority...
I20260608 09:53:13.417796 32246 catalog_manager.cc:1405] Generated new certificate authority record
I20260608 09:53:13.419272 32246 catalog_manager.cc:1539] Loading token signing keys...
I20260608 09:53:13.433995 32246 catalog_manager.cc:6069] T 00000000000000000000000000000000 P 5e48329127fb40718631e89140cbff6d: Generated new TSK 0
I20260608 09:53:13.434609 32246 catalog_manager.cc:1549] Initializing in-progress tserver states...
I20260608 09:53:13.452371 28140 file_cache.cc:492] Constructed file cache file cache with capacity 419430
W20260608 09:53:13.458487 32256 instance_detector.cc:116] could not retrieve AWS instance metadata: Network error: curl error: HTTP response code said error: The requested URL returned error: 404
W20260608 09:53:13.459939 32257 instance_detector.cc:116] could not retrieve Azure instance metadata: Network error: curl error: HTTP response code said error: The requested URL returned error: 404
W20260608 09:53:13.461539 32259 instance_detector.cc:116] could not retrieve OpenStack instance metadata: Network error: curl error: HTTP response code said error: The requested URL returned error: 404
I20260608 09:53:13.462145 28140 server_base.cc:1061] running on GCE node
I20260608 09:53:13.463058 28140 hybrid_clock.cc:584] initializing the hybrid clock with 'system_unsync' time source
W20260608 09:53:13.463234 28140 system_unsync_time.cc:38] NTP support is disabled. Clock error bounds will not be accurate. This configuration is not suitable for distributed clusters.
I20260608 09:53:13.463356 28140 hybrid_clock.cc:648] HybridClock initialized: now 1780912393463345 us; error 0 us; skew 500 ppm
I20260608 09:53:13.463891 28140 server_base.cc:861] Flag tcmalloc_max_total_thread_cache_bytes is not working since tcmalloc is not enabled.
I20260608 09:53:13.466342 28140 webserver.cc:533] Webserver started at http://127.27.123.1:41317/ using document root <none> and password file <none>
I20260608 09:53:13.466813 28140 fs_manager.cc:362] Metadata directory not provided
I20260608 09:53:13.467046 28140 fs_manager.cc:368] Using write-ahead log directory (fs_wal_dir) as metadata directory
I20260608 09:53:13.467279 28140 server_base.cc:909] This appears to be a new deployment of Kudu; creating new FS layout
I20260608 09:53:13.468417 28140 fs_manager.cc:1068] Generated new instance metadata in path /tmp/dist-test-tasknAXgxk/test-tmp/auto_rebalancer-test.0.AutoRebalancerTest.NoReplicaMovesIfCannotFixPlacementPolicy.1780912287564245-28140-0/minicluster-data/ts-0-root/instance:
uuid: "08bd707490fd4db0ab728c325c34b4fd"
format_stamp: "Formatted at 2026-06-08 09:53:13 on dist-test-slave-qpgn"
I20260608 09:53:13.473165 28140 fs_manager.cc:696] Time spent creating directory manager: real 0.004s	user 0.004s	sys 0.002s
I20260608 09:53:13.476776 32264 log_block_manager.cc:4031] Time spent loading block containers with low live blocks: real 0.000s	user 0.000s	sys 0.000s
I20260608 09:53:13.477517 28140 fs_manager.cc:730] Time spent opening block manager: real 0.002s	user 0.001s	sys 0.000s
I20260608 09:53:13.477772 28140 fs_manager.cc:647] Opened local filesystem: /tmp/dist-test-tasknAXgxk/test-tmp/auto_rebalancer-test.0.AutoRebalancerTest.NoReplicaMovesIfCannotFixPlacementPolicy.1780912287564245-28140-0/minicluster-data/ts-0-root
uuid: "08bd707490fd4db0ab728c325c34b4fd"
format_stamp: "Formatted at 2026-06-08 09:53:13 on dist-test-slave-qpgn"
I20260608 09:53:13.478016 28140 fs_report.cc:389] FS layout report
--------------------
wal directory: /tmp/dist-test-tasknAXgxk/test-tmp/auto_rebalancer-test.0.AutoRebalancerTest.NoReplicaMovesIfCannotFixPlacementPolicy.1780912287564245-28140-0/minicluster-data/ts-0-root
metadata directory: /tmp/dist-test-tasknAXgxk/test-tmp/auto_rebalancer-test.0.AutoRebalancerTest.NoReplicaMovesIfCannotFixPlacementPolicy.1780912287564245-28140-0/minicluster-data/ts-0-root
1 data directories: /tmp/dist-test-tasknAXgxk/test-tmp/auto_rebalancer-test.0.AutoRebalancerTest.NoReplicaMovesIfCannotFixPlacementPolicy.1780912287564245-28140-0/minicluster-data/ts-0-root/data
Total live blocks: 0
Total live bytes: 0
Total live bytes (after alignment): 0
Total number of LBM containers: 0 (0 full)
Did not check for missing blocks
Did not check for orphaned blocks
Total full LBM containers with extra space: 0 (0 repaired)
Total full LBM container extra space in bytes: 0 (0 repaired)
Total incomplete LBM containers: 0 (0 repaired)
Total LBM partial records: 0 (0 repaired)
Total corrupted LBM metadata records in RocksDB: 0 (0 repaired)
I20260608 09:53:13.488888 28140 rpc_server.cc:225] running with OpenSSL 1.1.1  11 Sep 2018
I20260608 09:53:13.490036 28140 kserver.cc:163] Server-wide thread pool size limit: 3276
I20260608 09:53:13.491500 28140 txn_system_client.cc:432] TxnSystemClient initialization is disabled...
I20260608 09:53:13.493870 28140 ts_tablet_manager.cc:585] Loaded tablet metadata (0 total tablets, 0 live tablets)
I20260608 09:53:13.494052 28140 ts_tablet_manager.cc:531] Time spent load tablet metadata: real 0.000s	user 0.000s	sys 0.000s
I20260608 09:53:13.494350 28140 ts_tablet_manager.cc:616] Registered 0 tablets
I20260608 09:53:13.494513 28140 ts_tablet_manager.cc:595] Time spent register tablets: real 0.000s	user 0.000s	sys 0.000s
I20260608 09:53:13.534675 28140 rpc_server.cc:307] RPC server started. Bound to: 127.27.123.1:45021
I20260608 09:53:13.534795 32326 acceptor_pool.cc:272] collecting diagnostics on the listening RPC socket 127.27.123.1:45021 every 8 connection(s)
I20260608 09:53:13.540227 28140 file_cache.cc:492] Constructed file cache file cache with capacity 419430
W20260608 09:53:13.548669 32331 instance_detector.cc:116] could not retrieve AWS instance metadata: Network error: curl error: HTTP response code said error: The requested URL returned error: 404
W20260608 09:53:13.549007 32332 instance_detector.cc:116] could not retrieve Azure instance metadata: Network error: curl error: HTTP response code said error: The requested URL returned error: 404
W20260608 09:53:13.553074 32334 instance_detector.cc:116] could not retrieve OpenStack instance metadata: Network error: curl error: HTTP response code said error: The requested URL returned error: 404
I20260608 09:53:13.553651 28140 server_base.cc:1061] running on GCE node
I20260608 09:53:13.554909 28140 hybrid_clock.cc:584] initializing the hybrid clock with 'system_unsync' time source
I20260608 09:53:13.554935 32327 heartbeater.cc:344] Connected to a master server at 127.27.123.62:37223
W20260608 09:53:13.555332 28140 system_unsync_time.cc:38] NTP support is disabled. Clock error bounds will not be accurate. This configuration is not suitable for distributed clusters.
I20260608 09:53:13.555497 32327 heartbeater.cc:461] Registering TS with master...
I20260608 09:53:13.555549 28140 hybrid_clock.cc:648] HybridClock initialized: now 1780912393555532 us; error 0 us; skew 500 ppm
I20260608 09:53:13.556408 28140 server_base.cc:861] Flag tcmalloc_max_total_thread_cache_bytes is not working since tcmalloc is not enabled.
I20260608 09:53:13.556486 32327 heartbeater.cc:507] Master 127.27.123.62:37223 requested a full tablet report, sending...
I20260608 09:53:13.559237 32199 ts_manager.cc:194] Registered new tserver with Master: 08bd707490fd4db0ab728c325c34b4fd (127.27.123.1:45021)
I20260608 09:53:13.559298 28140 webserver.cc:533] Webserver started at http://127.27.123.2:46279/ using document root <none> and password file <none>
I20260608 09:53:13.559942 28140 fs_manager.cc:362] Metadata directory not provided
I20260608 09:53:13.560189 28140 fs_manager.cc:368] Using write-ahead log directory (fs_wal_dir) as metadata directory
I20260608 09:53:13.560482 28140 server_base.cc:909] This appears to be a new deployment of Kudu; creating new FS layout
I20260608 09:53:13.561360 32199 master_service.cc:502] Signed X509 certificate for tserver {username='slave'} at 127.0.0.1:37414
I20260608 09:53:13.561911 28140 fs_manager.cc:1068] Generated new instance metadata in path /tmp/dist-test-tasknAXgxk/test-tmp/auto_rebalancer-test.0.AutoRebalancerTest.NoReplicaMovesIfCannotFixPlacementPolicy.1780912287564245-28140-0/minicluster-data/ts-1-root/instance:
uuid: "33901f0ee3304bc483471fee291162f3"
format_stamp: "Formatted at 2026-06-08 09:53:13 on dist-test-slave-qpgn"
I20260608 09:53:13.566790 28140 fs_manager.cc:696] Time spent creating directory manager: real 0.004s	user 0.004s	sys 0.002s
I20260608 09:53:13.570621 32339 log_block_manager.cc:4031] Time spent loading block containers with low live blocks: real 0.000s	user 0.000s	sys 0.000s
I20260608 09:53:13.571557 28140 fs_manager.cc:730] Time spent opening block manager: real 0.003s	user 0.003s	sys 0.000s
I20260608 09:53:13.571811 28140 fs_manager.cc:647] Opened local filesystem: /tmp/dist-test-tasknAXgxk/test-tmp/auto_rebalancer-test.0.AutoRebalancerTest.NoReplicaMovesIfCannotFixPlacementPolicy.1780912287564245-28140-0/minicluster-data/ts-1-root
uuid: "33901f0ee3304bc483471fee291162f3"
format_stamp: "Formatted at 2026-06-08 09:53:13 on dist-test-slave-qpgn"
I20260608 09:53:13.572055 28140 fs_report.cc:389] FS layout report
--------------------
wal directory: /tmp/dist-test-tasknAXgxk/test-tmp/auto_rebalancer-test.0.AutoRebalancerTest.NoReplicaMovesIfCannotFixPlacementPolicy.1780912287564245-28140-0/minicluster-data/ts-1-root
metadata directory: /tmp/dist-test-tasknAXgxk/test-tmp/auto_rebalancer-test.0.AutoRebalancerTest.NoReplicaMovesIfCannotFixPlacementPolicy.1780912287564245-28140-0/minicluster-data/ts-1-root
1 data directories: /tmp/dist-test-tasknAXgxk/test-tmp/auto_rebalancer-test.0.AutoRebalancerTest.NoReplicaMovesIfCannotFixPlacementPolicy.1780912287564245-28140-0/minicluster-data/ts-1-root/data
Total live blocks: 0
Total live bytes: 0
Total live bytes (after alignment): 0
Total number of LBM containers: 0 (0 full)
Did not check for missing blocks
Did not check for orphaned blocks
Total full LBM containers with extra space: 0 (0 repaired)
Total full LBM container extra space in bytes: 0 (0 repaired)
Total incomplete LBM containers: 0 (0 repaired)
Total LBM partial records: 0 (0 repaired)
Total corrupted LBM metadata records in RocksDB: 0 (0 repaired)
I20260608 09:53:13.608692 28140 rpc_server.cc:225] running with OpenSSL 1.1.1  11 Sep 2018
I20260608 09:53:13.609970 28140 kserver.cc:163] Server-wide thread pool size limit: 3276
I20260608 09:53:13.612356 28140 txn_system_client.cc:432] TxnSystemClient initialization is disabled...
I20260608 09:53:13.616489 28140 ts_tablet_manager.cc:585] Loaded tablet metadata (0 total tablets, 0 live tablets)
I20260608 09:53:13.616791 28140 ts_tablet_manager.cc:531] Time spent load tablet metadata: real 0.000s	user 0.000s	sys 0.000s
I20260608 09:53:13.617101 28140 ts_tablet_manager.cc:616] Registered 0 tablets
I20260608 09:53:13.617266 28140 ts_tablet_manager.cc:595] Time spent register tablets: real 0.000s	user 0.000s	sys 0.000s
I20260608 09:53:13.659390 28140 rpc_server.cc:307] RPC server started. Bound to: 127.27.123.2:41433
I20260608 09:53:13.659560 32402 acceptor_pool.cc:272] collecting diagnostics on the listening RPC socket 127.27.123.2:41433 every 8 connection(s)
I20260608 09:53:13.664427 28140 file_cache.cc:492] Constructed file cache file cache with capacity 419430
W20260608 09:53:13.672513 32406 instance_detector.cc:116] could not retrieve AWS instance metadata: Network error: curl error: HTTP response code said error: The requested URL returned error: 404
W20260608 09:53:13.674139 32407 instance_detector.cc:116] could not retrieve Azure instance metadata: Network error: curl error: HTTP response code said error: The requested URL returned error: 404
W20260608 09:53:13.677150 32409 instance_detector.cc:116] could not retrieve OpenStack instance metadata: Network error: curl error: HTTP response code said error: The requested URL returned error: 404
I20260608 09:53:13.677820 28140 server_base.cc:1061] running on GCE node
I20260608 09:53:13.678120 32403 heartbeater.cc:344] Connected to a master server at 127.27.123.62:37223
I20260608 09:53:13.678490 32403 heartbeater.cc:461] Registering TS with master...
I20260608 09:53:13.678736 28140 hybrid_clock.cc:584] initializing the hybrid clock with 'system_unsync' time source
W20260608 09:53:13.679023 28140 system_unsync_time.cc:38] NTP support is disabled. Clock error bounds will not be accurate. This configuration is not suitable for distributed clusters.
I20260608 09:53:13.679219 28140 hybrid_clock.cc:648] HybridClock initialized: now 1780912393679200 us; error 0 us; skew 500 ppm
I20260608 09:53:13.679247 32403 heartbeater.cc:507] Master 127.27.123.62:37223 requested a full tablet report, sending...
I20260608 09:53:13.680274 28140 server_base.cc:861] Flag tcmalloc_max_total_thread_cache_bytes is not working since tcmalloc is not enabled.
I20260608 09:53:13.682032 32199 ts_manager.cc:194] Registered new tserver with Master: 33901f0ee3304bc483471fee291162f3 (127.27.123.2:41433)
I20260608 09:53:13.683099 28140 webserver.cc:533] Webserver started at http://127.27.123.3:36385/ using document root <none> and password file <none>
I20260608 09:53:13.683672 28140 fs_manager.cc:362] Metadata directory not provided
I20260608 09:53:13.683674 32199 master_service.cc:502] Signed X509 certificate for tserver {username='slave'} at 127.0.0.1:37430
I20260608 09:53:13.684098 28140 fs_manager.cc:368] Using write-ahead log directory (fs_wal_dir) as metadata directory
I20260608 09:53:13.684427 28140 server_base.cc:909] This appears to be a new deployment of Kudu; creating new FS layout
