I20260608 09:52:49.628273 14711 tablet_bootstrap.cc:492] T fdb9830c01c1466ea7afc9e2e92e9c23 P 7da4930f6adc460c8b854af0c26fe9ed: No bootstrap required, opened a new log
I20260608 09:52:49.628793 14711 ts_tablet_manager.cc:1403] T fdb9830c01c1466ea7afc9e2e92e9c23 P 7da4930f6adc460c8b854af0c26fe9ed: Time spent bootstrapping tablet: real 0.075s	user 0.011s	sys 0.011s
I20260608 09:52:49.639287 14491 tablet_service.cc:1511] Processing CreateTablet for tablet 323835b81ff34826850dd0a4fb9b3541 (DEFAULT_TABLE table=range_aware_rebalance_new_range [id=0e202bbfd92a4589861fe75a1ebdf062]), partition=HASH (key) PARTITION 7, RANGE (key) PARTITION 10 <= VALUES < 20
I20260608 09:52:49.640763 14491 data_dirs.cc:400] Could only allocate 1 dirs of requested 3 for tablet 323835b81ff34826850dd0a4fb9b3541. 1 dirs total, 0 dirs full, 0 dirs failed
I20260608 09:52:49.648365 14710 tablet_bootstrap.cc:492] T fdb9830c01c1466ea7afc9e2e92e9c23 P 19ab13c657d44a0ebcb136c84810cc95: No bootstrap required, opened a new log
I20260608 09:52:49.651933 14711 raft_consensus.cc:359] T fdb9830c01c1466ea7afc9e2e92e9c23 P 7da4930f6adc460c8b854af0c26fe9ed [term 0 FOLLOWER]: Replica starting. Triggering 0 pending ops. Active config: opid_index: -1 OBSOLETE_local: false peers { permanent_uuid: "72890c28b1ab47dd9214b314c741c994" member_type: VOTER last_known_addr { host: "127.11.23.3" port: 35929 } } peers { permanent_uuid: "19ab13c657d44a0ebcb136c84810cc95" member_type: VOTER last_known_addr { host: "127.11.23.2" port: 43657 } } peers { permanent_uuid: "7da4930f6adc460c8b854af0c26fe9ed" member_type: VOTER last_known_addr { host: "127.11.23.4" port: 38833 } }
I20260608 09:52:49.652762 14711 raft_consensus.cc:385] T fdb9830c01c1466ea7afc9e2e92e9c23 P 7da4930f6adc460c8b854af0c26fe9ed [term 0 FOLLOWER]: Consensus starting up: Expiring failure detector timer to make a prompt election more likely
I20260608 09:52:49.653213 14711 raft_consensus.cc:740] T fdb9830c01c1466ea7afc9e2e92e9c23 P 7da4930f6adc460c8b854af0c26fe9ed [term 0 FOLLOWER]: Becoming Follower/Learner. State: Replica: 7da4930f6adc460c8b854af0c26fe9ed, State: Initialized, Role: FOLLOWER
I20260608 09:52:49.654194 14711 consensus_queue.cc:260] T fdb9830c01c1466ea7afc9e2e92e9c23 P 7da4930f6adc460c8b854af0c26fe9ed [NON_LEADER]: Queue going to NON_LEADER mode. State: All replicated index: 0, Majority replicated index: 0, Committed index: 0, Last appended: 0.0, Last appended by leader: 0, Current term: 0, Majority size: -1, State: 0, Mode: NON_LEADER, active raft config: opid_index: -1 OBSOLETE_local: false peers { permanent_uuid: "72890c28b1ab47dd9214b314c741c994" member_type: VOTER last_known_addr { host: "127.11.23.3" port: 35929 } } peers { permanent_uuid: "19ab13c657d44a0ebcb136c84810cc95" member_type: VOTER last_known_addr { host: "127.11.23.2" port: 43657 } } peers { permanent_uuid: "7da4930f6adc460c8b854af0c26fe9ed" member_type: VOTER last_known_addr { host: "127.11.23.4" port: 38833 } }
I20260608 09:52:49.648620 14707 tablet_bootstrap.cc:654] T fdb9830c01c1466ea7afc9e2e92e9c23 P 72890c28b1ab47dd9214b314c741c994: Neither blocks nor log segments found. Creating new log.
I20260608 09:52:49.649003 14710 ts_tablet_manager.cc:1403] T fdb9830c01c1466ea7afc9e2e92e9c23 P 19ab13c657d44a0ebcb136c84810cc95: Time spent bootstrapping tablet: real 0.136s	user 0.022s	sys 0.010s
I20260608 09:52:49.665110 14708 tablet_bootstrap.cc:654] T e0d30b9de95a44ba910fbfee41723133 P f0044f0474ba4e8ca38352083ffabfe5: Neither blocks nor log segments found. Creating new log.
I20260608 09:52:49.665607 14689 heartbeater.cc:499] Master 127.11.23.62:35943 was elected leader, sending a full tablet report...
I20260608 09:52:49.671584 14711 ts_tablet_manager.cc:1434] T fdb9830c01c1466ea7afc9e2e92e9c23 P 7da4930f6adc460c8b854af0c26fe9ed: Time spent starting tablet: real 0.042s	user 0.004s	sys 0.013s
I20260608 09:52:49.672632 14711 tablet_bootstrap.cc:492] T d7298e94970748e6886f36b135ed353a P 7da4930f6adc460c8b854af0c26fe9ed: Bootstrap starting.
I20260608 09:52:49.681667 14710 raft_consensus.cc:359] T fdb9830c01c1466ea7afc9e2e92e9c23 P 19ab13c657d44a0ebcb136c84810cc95 [term 0 FOLLOWER]: Replica starting. Triggering 0 pending ops. Active config: opid_index: -1 OBSOLETE_local: false peers { permanent_uuid: "72890c28b1ab47dd9214b314c741c994" member_type: VOTER last_known_addr { host: "127.11.23.3" port: 35929 } } peers { permanent_uuid: "19ab13c657d44a0ebcb136c84810cc95" member_type: VOTER last_known_addr { host: "127.11.23.2" port: 43657 } } peers { permanent_uuid: "7da4930f6adc460c8b854af0c26fe9ed" member_type: VOTER last_known_addr { host: "127.11.23.4" port: 38833 } }
I20260608 09:52:49.682512 14710 raft_consensus.cc:385] T fdb9830c01c1466ea7afc9e2e92e9c23 P 19ab13c657d44a0ebcb136c84810cc95 [term 0 FOLLOWER]: Consensus starting up: Expiring failure detector timer to make a prompt election more likely
I20260608 09:52:49.682842 14710 raft_consensus.cc:740] T fdb9830c01c1466ea7afc9e2e92e9c23 P 19ab13c657d44a0ebcb136c84810cc95 [term 0 FOLLOWER]: Becoming Follower/Learner. State: Replica: 19ab13c657d44a0ebcb136c84810cc95, State: Initialized, Role: FOLLOWER
I20260608 09:52:49.683892 14711 tablet_bootstrap.cc:654] T d7298e94970748e6886f36b135ed353a P 7da4930f6adc460c8b854af0c26fe9ed: Neither blocks nor log segments found. Creating new log.
I20260608 09:52:49.683583 14710 consensus_queue.cc:260] T fdb9830c01c1466ea7afc9e2e92e9c23 P 19ab13c657d44a0ebcb136c84810cc95 [NON_LEADER]: Queue going to NON_LEADER mode. State: All replicated index: 0, Majority replicated index: 0, Committed index: 0, Last appended: 0.0, Last appended by leader: 0, Current term: 0, Majority size: -1, State: 0, Mode: NON_LEADER, active raft config: opid_index: -1 OBSOLETE_local: false peers { permanent_uuid: "72890c28b1ab47dd9214b314c741c994" member_type: VOTER last_known_addr { host: "127.11.23.3" port: 35929 } } peers { permanent_uuid: "19ab13c657d44a0ebcb136c84810cc95" member_type: VOTER last_known_addr { host: "127.11.23.2" port: 43657 } } peers { permanent_uuid: "7da4930f6adc460c8b854af0c26fe9ed" member_type: VOTER last_known_addr { host: "127.11.23.4" port: 38833 } }
I20260608 09:52:49.688159 14707 tablet_bootstrap.cc:492] T fdb9830c01c1466ea7afc9e2e92e9c23 P 72890c28b1ab47dd9214b314c741c994: No bootstrap required, opened a new log
I20260608 09:52:49.688149 14710 ts_tablet_manager.cc:1434] T fdb9830c01c1466ea7afc9e2e92e9c23 P 19ab13c657d44a0ebcb136c84810cc95: Time spent starting tablet: real 0.024s	user 0.003s	sys 0.003s
I20260608 09:52:49.688894 14707 ts_tablet_manager.cc:1403] T fdb9830c01c1466ea7afc9e2e92e9c23 P 72890c28b1ab47dd9214b314c741c994: Time spent bootstrapping tablet: real 0.125s	user 0.012s	sys 0.001s
I20260608 09:52:49.689718 14710 tablet_bootstrap.cc:492] T d7298e94970748e6886f36b135ed353a P 19ab13c657d44a0ebcb136c84810cc95: Bootstrap starting.
I20260608 09:52:49.694229 14707 raft_consensus.cc:359] T fdb9830c01c1466ea7afc9e2e92e9c23 P 72890c28b1ab47dd9214b314c741c994 [term 0 FOLLOWER]: Replica starting. Triggering 0 pending ops. Active config: opid_index: -1 OBSOLETE_local: false peers { permanent_uuid: "72890c28b1ab47dd9214b314c741c994" member_type: VOTER last_known_addr { host: "127.11.23.3" port: 35929 } } peers { permanent_uuid: "19ab13c657d44a0ebcb136c84810cc95" member_type: VOTER last_known_addr { host: "127.11.23.2" port: 43657 } } peers { permanent_uuid: "7da4930f6adc460c8b854af0c26fe9ed" member_type: VOTER last_known_addr { host: "127.11.23.4" port: 38833 } }
I20260608 09:52:49.694868 14707 raft_consensus.cc:385] T fdb9830c01c1466ea7afc9e2e92e9c23 P 72890c28b1ab47dd9214b314c741c994 [term 0 FOLLOWER]: Consensus starting up: Expiring failure detector timer to make a prompt election more likely
I20260608 09:52:49.695142 14707 raft_consensus.cc:740] T fdb9830c01c1466ea7afc9e2e92e9c23 P 72890c28b1ab47dd9214b314c741c994 [term 0 FOLLOWER]: Becoming Follower/Learner. State: Replica: 72890c28b1ab47dd9214b314c741c994, State: Initialized, Role: FOLLOWER
I20260608 09:52:49.695837 14707 consensus_queue.cc:260] T fdb9830c01c1466ea7afc9e2e92e9c23 P 72890c28b1ab47dd9214b314c741c994 [NON_LEADER]: Queue going to NON_LEADER mode. State: All replicated index: 0, Majority replicated index: 0, Committed index: 0, Last appended: 0.0, Last appended by leader: 0, Current term: 0, Majority size: -1, State: 0, Mode: NON_LEADER, active raft config: opid_index: -1 OBSOLETE_local: false peers { permanent_uuid: "72890c28b1ab47dd9214b314c741c994" member_type: VOTER last_known_addr { host: "127.11.23.3" port: 35929 } } peers { permanent_uuid: "19ab13c657d44a0ebcb136c84810cc95" member_type: VOTER last_known_addr { host: "127.11.23.2" port: 43657 } } peers { permanent_uuid: "7da4930f6adc460c8b854af0c26fe9ed" member_type: VOTER last_known_addr { host: "127.11.23.4" port: 38833 } }
I20260608 09:52:49.699415 14707 ts_tablet_manager.cc:1434] T fdb9830c01c1466ea7afc9e2e92e9c23 P 72890c28b1ab47dd9214b314c741c994: Time spent starting tablet: real 0.010s	user 0.006s	sys 0.000s
I20260608 09:52:49.699676 14710 tablet_bootstrap.cc:654] T d7298e94970748e6886f36b135ed353a P 19ab13c657d44a0ebcb136c84810cc95: Neither blocks nor log segments found. Creating new log.
I20260608 09:52:49.700448 14707 tablet_bootstrap.cc:492] T 74d70a59d66b4ebcbae182c1988582d3 P 72890c28b1ab47dd9214b314c741c994: Bootstrap starting.
I20260608 09:52:49.707818 14707 tablet_bootstrap.cc:654] T 74d70a59d66b4ebcbae182c1988582d3 P 72890c28b1ab47dd9214b314c741c994: Neither blocks nor log segments found. Creating new log.
I20260608 09:52:49.714164 14710 tablet_bootstrap.cc:492] T d7298e94970748e6886f36b135ed353a P 19ab13c657d44a0ebcb136c84810cc95: No bootstrap required, opened a new log
I20260608 09:52:49.714932 14710 ts_tablet_manager.cc:1403] T d7298e94970748e6886f36b135ed353a P 19ab13c657d44a0ebcb136c84810cc95: Time spent bootstrapping tablet: real 0.026s	user 0.020s	sys 0.004s
I20260608 09:52:49.717151 14707 tablet_bootstrap.cc:492] T 74d70a59d66b4ebcbae182c1988582d3 P 72890c28b1ab47dd9214b314c741c994: No bootstrap required, opened a new log
I20260608 09:52:49.717690 14707 ts_tablet_manager.cc:1403] T 74d70a59d66b4ebcbae182c1988582d3 P 72890c28b1ab47dd9214b314c741c994: Time spent bootstrapping tablet: real 0.017s	user 0.010s	sys 0.003s
I20260608 09:52:49.718858 14710 raft_consensus.cc:359] T d7298e94970748e6886f36b135ed353a P 19ab13c657d44a0ebcb136c84810cc95 [term 0 FOLLOWER]: Replica starting. Triggering 0 pending ops. Active config: opid_index: -1 OBSOLETE_local: false peers { permanent_uuid: "f0044f0474ba4e8ca38352083ffabfe5" member_type: VOTER last_known_addr { host: "127.11.23.1" port: 34295 } } peers { permanent_uuid: "7da4930f6adc460c8b854af0c26fe9ed" member_type: VOTER last_known_addr { host: "127.11.23.4" port: 38833 } } peers { permanent_uuid: "19ab13c657d44a0ebcb136c84810cc95" member_type: VOTER last_known_addr { host: "127.11.23.2" port: 43657 } }
I20260608 09:52:49.719868 14710 raft_consensus.cc:385] T d7298e94970748e6886f36b135ed353a P 19ab13c657d44a0ebcb136c84810cc95 [term 0 FOLLOWER]: Consensus starting up: Expiring failure detector timer to make a prompt election more likely
I20260608 09:52:49.720248 14710 raft_consensus.cc:740] T d7298e94970748e6886f36b135ed353a P 19ab13c657d44a0ebcb136c84810cc95 [term 0 FOLLOWER]: Becoming Follower/Learner. State: Replica: 19ab13c657d44a0ebcb136c84810cc95, State: Initialized, Role: FOLLOWER
I20260608 09:52:49.720716 14707 raft_consensus.cc:359] T 74d70a59d66b4ebcbae182c1988582d3 P 72890c28b1ab47dd9214b314c741c994 [term 0 FOLLOWER]: Replica starting. Triggering 0 pending ops. Active config: opid_index: -1 OBSOLETE_local: false peers { permanent_uuid: "7da4930f6adc460c8b854af0c26fe9ed" member_type: VOTER last_known_addr { host: "127.11.23.4" port: 38833 } } peers { permanent_uuid: "72890c28b1ab47dd9214b314c741c994" member_type: VOTER last_known_addr { host: "127.11.23.3" port: 35929 } } peers { permanent_uuid: "f0044f0474ba4e8ca38352083ffabfe5" member_type: VOTER last_known_addr { host: "127.11.23.1" port: 34295 } }
I20260608 09:52:49.721421 14710 consensus_queue.cc:260] T d7298e94970748e6886f36b135ed353a P 19ab13c657d44a0ebcb136c84810cc95 [NON_LEADER]: Queue going to NON_LEADER mode. State: All replicated index: 0, Majority replicated index: 0, Committed index: 0, Last appended: 0.0, Last appended by leader: 0, Current term: 0, Majority size: -1, State: 0, Mode: NON_LEADER, active raft config: opid_index: -1 OBSOLETE_local: false peers { permanent_uuid: "f0044f0474ba4e8ca38352083ffabfe5" member_type: VOTER last_known_addr { host: "127.11.23.1" port: 34295 } } peers { permanent_uuid: "7da4930f6adc460c8b854af0c26fe9ed" member_type: VOTER last_known_addr { host: "127.11.23.4" port: 38833 } } peers { permanent_uuid: "19ab13c657d44a0ebcb136c84810cc95" member_type: VOTER last_known_addr { host: "127.11.23.2" port: 43657 } }
I20260608 09:52:49.723223 14708 tablet_bootstrap.cc:492] T e0d30b9de95a44ba910fbfee41723133 P f0044f0474ba4e8ca38352083ffabfe5: No bootstrap required, opened a new log
I20260608 09:52:49.723764 14708 ts_tablet_manager.cc:1403] T e0d30b9de95a44ba910fbfee41723133 P f0044f0474ba4e8ca38352083ffabfe5: Time spent bootstrapping tablet: real 0.110s	user 0.005s	sys 0.008s
I20260608 09:52:49.724670 14710 ts_tablet_manager.cc:1434] T d7298e94970748e6886f36b135ed353a P 19ab13c657d44a0ebcb136c84810cc95: Time spent starting tablet: real 0.009s	user 0.008s	sys 0.000s
I20260608 09:52:49.725952 14710 tablet_bootstrap.cc:492] T 66c48d5d1c9e46f581721be11dbb60e4 P 19ab13c657d44a0ebcb136c84810cc95: Bootstrap starting.
I20260608 09:52:49.721463 14707 raft_consensus.cc:385] T 74d70a59d66b4ebcbae182c1988582d3 P 72890c28b1ab47dd9214b314c741c994 [term 0 FOLLOWER]: Consensus starting up: Expiring failure detector timer to make a prompt election more likely
I20260608 09:52:49.726850 14707 raft_consensus.cc:740] T 74d70a59d66b4ebcbae182c1988582d3 P 72890c28b1ab47dd9214b314c741c994 [term 0 FOLLOWER]: Becoming Follower/Learner. State: Replica: 72890c28b1ab47dd9214b314c741c994, State: Initialized, Role: FOLLOWER
I20260608 09:52:49.727065 14708 raft_consensus.cc:359] T e0d30b9de95a44ba910fbfee41723133 P f0044f0474ba4e8ca38352083ffabfe5 [term 0 FOLLOWER]: Replica starting. Triggering 0 pending ops. Active config: opid_index: -1 OBSOLETE_local: false peers { permanent_uuid: "f0044f0474ba4e8ca38352083ffabfe5" member_type: VOTER last_known_addr { host: "127.11.23.1" port: 34295 } } peers { permanent_uuid: "7da4930f6adc460c8b854af0c26fe9ed" member_type: VOTER last_known_addr { host: "127.11.23.4" port: 38833 } } peers { permanent_uuid: "72890c28b1ab47dd9214b314c741c994" member_type: VOTER last_known_addr { host: "127.11.23.3" port: 35929 } }
I20260608 09:52:49.728008 14708 raft_consensus.cc:385] T e0d30b9de95a44ba910fbfee41723133 P f0044f0474ba4e8ca38352083ffabfe5 [term 0 FOLLOWER]: Consensus starting up: Expiring failure detector timer to make a prompt election more likely
I20260608 09:52:49.728397 14708 raft_consensus.cc:740] T e0d30b9de95a44ba910fbfee41723133 P f0044f0474ba4e8ca38352083ffabfe5 [term 0 FOLLOWER]: Becoming Follower/Learner. State: Replica: f0044f0474ba4e8ca38352083ffabfe5, State: Initialized, Role: FOLLOWER
I20260608 09:52:49.729562 14708 consensus_queue.cc:260] T e0d30b9de95a44ba910fbfee41723133 P f0044f0474ba4e8ca38352083ffabfe5 [NON_LEADER]: Queue going to NON_LEADER mode. State: All replicated index: 0, Majority replicated index: 0, Committed index: 0, Last appended: 0.0, Last appended by leader: 0, Current term: 0, Majority size: -1, State: 0, Mode: NON_LEADER, active raft config: opid_index: -1 OBSOLETE_local: false peers { permanent_uuid: "f0044f0474ba4e8ca38352083ffabfe5" member_type: VOTER last_known_addr { host: "127.11.23.1" port: 34295 } } peers { permanent_uuid: "7da4930f6adc460c8b854af0c26fe9ed" member_type: VOTER last_known_addr { host: "127.11.23.4" port: 38833 } } peers { permanent_uuid: "72890c28b1ab47dd9214b314c741c994" member_type: VOTER last_known_addr { host: "127.11.23.3" port: 35929 } }
I20260608 09:52:49.727653 14707 consensus_queue.cc:260] T 74d70a59d66b4ebcbae182c1988582d3 P 72890c28b1ab47dd9214b314c741c994 [NON_LEADER]: Queue going to NON_LEADER mode. State: All replicated index: 0, Majority replicated index: 0, Committed index: 0, Last appended: 0.0, Last appended by leader: 0, Current term: 0, Majority size: -1, State: 0, Mode: NON_LEADER, active raft config: opid_index: -1 OBSOLETE_local: false peers { permanent_uuid: "7da4930f6adc460c8b854af0c26fe9ed" member_type: VOTER last_known_addr { host: "127.11.23.4" port: 38833 } } peers { permanent_uuid: "72890c28b1ab47dd9214b314c741c994" member_type: VOTER last_known_addr { host: "127.11.23.3" port: 35929 } } peers { permanent_uuid: "f0044f0474ba4e8ca38352083ffabfe5" member_type: VOTER last_known_addr { host: "127.11.23.1" port: 34295 } }
I20260608 09:52:49.733520 14710 tablet_bootstrap.cc:654] T 66c48d5d1c9e46f581721be11dbb60e4 P 19ab13c657d44a0ebcb136c84810cc95: Neither blocks nor log segments found. Creating new log.
I20260608 09:52:49.735984 14711 tablet_bootstrap.cc:492] T d7298e94970748e6886f36b135ed353a P 7da4930f6adc460c8b854af0c26fe9ed: No bootstrap required, opened a new log
I20260608 09:52:49.736632 14711 ts_tablet_manager.cc:1403] T d7298e94970748e6886f36b135ed353a P 7da4930f6adc460c8b854af0c26fe9ed: Time spent bootstrapping tablet: real 0.064s	user 0.038s	sys 0.013s
I20260608 09:52:49.737676 14708 ts_tablet_manager.cc:1434] T e0d30b9de95a44ba910fbfee41723133 P f0044f0474ba4e8ca38352083ffabfe5: Time spent starting tablet: real 0.014s	user 0.003s	sys 0.004s
I20260608 09:52:49.738689 14708 tablet_bootstrap.cc:492] T 66c48d5d1c9e46f581721be11dbb60e4 P f0044f0474ba4e8ca38352083ffabfe5: Bootstrap starting.
I20260608 09:52:49.736644 14707 ts_tablet_manager.cc:1434] T 74d70a59d66b4ebcbae182c1988582d3 P 72890c28b1ab47dd9214b314c741c994: Time spent starting tablet: real 0.019s	user 0.003s	sys 0.005s
I20260608 09:52:49.741158 14711 raft_consensus.cc:359] T d7298e94970748e6886f36b135ed353a P 7da4930f6adc460c8b854af0c26fe9ed [term 0 FOLLOWER]: Replica starting. Triggering 0 pending ops. Active config: opid_index: -1 OBSOLETE_local: false peers { permanent_uuid: "f0044f0474ba4e8ca38352083ffabfe5" member_type: VOTER last_known_addr { host: "127.11.23.1" port: 34295 } } peers { permanent_uuid: "7da4930f6adc460c8b854af0c26fe9ed" member_type: VOTER last_known_addr { host: "127.11.23.4" port: 38833 } } peers { permanent_uuid: "19ab13c657d44a0ebcb136c84810cc95" member_type: VOTER last_known_addr { host: "127.11.23.2" port: 43657 } }
I20260608 09:52:49.742321 14711 raft_consensus.cc:385] T d7298e94970748e6886f36b135ed353a P 7da4930f6adc460c8b854af0c26fe9ed [term 0 FOLLOWER]: Consensus starting up: Expiring failure detector timer to make a prompt election more likely
I20260608 09:52:49.742798 14711 raft_consensus.cc:740] T d7298e94970748e6886f36b135ed353a P 7da4930f6adc460c8b854af0c26fe9ed [term 0 FOLLOWER]: Becoming Follower/Learner. State: Replica: 7da4930f6adc460c8b854af0c26fe9ed, State: Initialized, Role: FOLLOWER
I20260608 09:52:49.744057 14711 consensus_queue.cc:260] T d7298e94970748e6886f36b135ed353a P 7da4930f6adc460c8b854af0c26fe9ed [NON_LEADER]: Queue going to NON_LEADER mode. State: All replicated index: 0, Majority replicated index: 0, Committed index: 0, Last appended: 0.0, Last appended by leader: 0, Current term: 0, Majority size: -1, State: 0, Mode: NON_LEADER, active raft config: opid_index: -1 OBSOLETE_local: false peers { permanent_uuid: "f0044f0474ba4e8ca38352083ffabfe5" member_type: VOTER last_known_addr { host: "127.11.23.1" port: 34295 } } peers { permanent_uuid: "7da4930f6adc460c8b854af0c26fe9ed" member_type: VOTER last_known_addr { host: "127.11.23.4" port: 38833 } } peers { permanent_uuid: "19ab13c657d44a0ebcb136c84810cc95" member_type: VOTER last_known_addr { host: "127.11.23.2" port: 43657 } }
I20260608 09:52:49.745107 14707 tablet_bootstrap.cc:492] T dd4cba607dd046a7b3304a07d24f3ec5 P 72890c28b1ab47dd9214b314c741c994: Bootstrap starting.
I20260608 09:52:49.747525 14711 ts_tablet_manager.cc:1434] T d7298e94970748e6886f36b135ed353a P 7da4930f6adc460c8b854af0c26fe9ed: Time spent starting tablet: real 0.010s	user 0.005s	sys 0.003s
I20260608 09:52:49.748852 14711 tablet_bootstrap.cc:492] T 66c48d5d1c9e46f581721be11dbb60e4 P 7da4930f6adc460c8b854af0c26fe9ed: Bootstrap starting.
I20260608 09:52:49.755075 14708 tablet_bootstrap.cc:654] T 66c48d5d1c9e46f581721be11dbb60e4 P f0044f0474ba4e8ca38352083ffabfe5: Neither blocks nor log segments found. Creating new log.
I20260608 09:52:49.757998 14711 tablet_bootstrap.cc:654] T 66c48d5d1c9e46f581721be11dbb60e4 P 7da4930f6adc460c8b854af0c26fe9ed: Neither blocks nor log segments found. Creating new log.
I20260608 09:52:49.759397 14707 tablet_bootstrap.cc:654] T dd4cba607dd046a7b3304a07d24f3ec5 P 72890c28b1ab47dd9214b314c741c994: Neither blocks nor log segments found. Creating new log.
I20260608 09:52:49.763613 14710 tablet_bootstrap.cc:492] T 66c48d5d1c9e46f581721be11dbb60e4 P 19ab13c657d44a0ebcb136c84810cc95: No bootstrap required, opened a new log
I20260608 09:52:49.764122 14710 ts_tablet_manager.cc:1403] T 66c48d5d1c9e46f581721be11dbb60e4 P 19ab13c657d44a0ebcb136c84810cc95: Time spent bootstrapping tablet: real 0.038s	user 0.017s	sys 0.019s
I20260608 09:52:49.765982 14708 tablet_bootstrap.cc:492] T 66c48d5d1c9e46f581721be11dbb60e4 P f0044f0474ba4e8ca38352083ffabfe5: No bootstrap required, opened a new log
I20260608 09:52:49.766499 14708 ts_tablet_manager.cc:1403] T 66c48d5d1c9e46f581721be11dbb60e4 P f0044f0474ba4e8ca38352083ffabfe5: Time spent bootstrapping tablet: real 0.028s	user 0.011s	sys 0.000s
I20260608 09:52:49.768553 14250 catalog_manager.cc:6241] T 00000000000000000000000000000000 P e6f8774f0d7e4d8dabc54dd1a6a489f3: range_aware_rebalance_new_range [id=0e202bbfd92a4589861fe75a1ebdf062] alter complete (version 0)
I20260608 09:52:49.768131 14710 raft_consensus.cc:359] T 66c48d5d1c9e46f581721be11dbb60e4 P 19ab13c657d44a0ebcb136c84810cc95 [term 0 FOLLOWER]: Replica starting. Triggering 0 pending ops. Active config: opid_index: -1 OBSOLETE_local: false peers { permanent_uuid: "7da4930f6adc460c8b854af0c26fe9ed" member_type: VOTER last_known_addr { host: "127.11.23.4" port: 38833 } } peers { permanent_uuid: "f0044f0474ba4e8ca38352083ffabfe5" member_type: VOTER last_known_addr { host: "127.11.23.1" port: 34295 } } peers { permanent_uuid: "19ab13c657d44a0ebcb136c84810cc95" member_type: VOTER last_known_addr { host: "127.11.23.2" port: 43657 } }
I20260608 09:52:49.769220 14710 raft_consensus.cc:385] T 66c48d5d1c9e46f581721be11dbb60e4 P 19ab13c657d44a0ebcb136c84810cc95 [term 0 FOLLOWER]: Consensus starting up: Expiring failure detector timer to make a prompt election more likely
I20260608 09:52:49.769647 14710 raft_consensus.cc:740] T 66c48d5d1c9e46f581721be11dbb60e4 P 19ab13c657d44a0ebcb136c84810cc95 [term 0 FOLLOWER]: Becoming Follower/Learner. State: Replica: 19ab13c657d44a0ebcb136c84810cc95, State: Initialized, Role: FOLLOWER
I20260608 09:52:49.770944 14710 consensus_queue.cc:260] T 66c48d5d1c9e46f581721be11dbb60e4 P 19ab13c657d44a0ebcb136c84810cc95 [NON_LEADER]: Queue going to NON_LEADER mode. State: All replicated index: 0, Majority replicated index: 0, Committed index: 0, Last appended: 0.0, Last appended by leader: 0, Current term: 0, Majority size: -1, State: 0, Mode: NON_LEADER, active raft config: opid_index: -1 OBSOLETE_local: false peers { permanent_uuid: "7da4930f6adc460c8b854af0c26fe9ed" member_type: VOTER last_known_addr { host: "127.11.23.4" port: 38833 } } peers { permanent_uuid: "f0044f0474ba4e8ca38352083ffabfe5" member_type: VOTER last_known_addr { host: "127.11.23.1" port: 34295 } } peers { permanent_uuid: "19ab13c657d44a0ebcb136c84810cc95" member_type: VOTER last_known_addr { host: "127.11.23.2" port: 43657 } }
I20260608 09:52:49.774703 14710 ts_tablet_manager.cc:1434] T 66c48d5d1c9e46f581721be11dbb60e4 P 19ab13c657d44a0ebcb136c84810cc95: Time spent starting tablet: real 0.010s	user 0.010s	sys 0.001s
I20260608 09:52:49.776088 14710 tablet_bootstrap.cc:492] T 935a8af6918f4165889c075224400829 P 19ab13c657d44a0ebcb136c84810cc95: Bootstrap starting.
I20260608 09:52:49.776924 14708 raft_consensus.cc:359] T 66c48d5d1c9e46f581721be11dbb60e4 P f0044f0474ba4e8ca38352083ffabfe5 [term 0 FOLLOWER]: Replica starting. Triggering 0 pending ops. Active config: opid_index: -1 OBSOLETE_local: false peers { permanent_uuid: "7da4930f6adc460c8b854af0c26fe9ed" member_type: VOTER last_known_addr { host: "127.11.23.4" port: 38833 } } peers { permanent_uuid: "f0044f0474ba4e8ca38352083ffabfe5" member_type: VOTER last_known_addr { host: "127.11.23.1" port: 34295 } } peers { permanent_uuid: "19ab13c657d44a0ebcb136c84810cc95" member_type: VOTER last_known_addr { host: "127.11.23.2" port: 43657 } }
I20260608 09:52:49.777700 14708 raft_consensus.cc:385] T 66c48d5d1c9e46f581721be11dbb60e4 P f0044f0474ba4e8ca38352083ffabfe5 [term 0 FOLLOWER]: Consensus starting up: Expiring failure detector timer to make a prompt election more likely
I20260608 09:52:49.778015 14708 raft_consensus.cc:740] T 66c48d5d1c9e46f581721be11dbb60e4 P f0044f0474ba4e8ca38352083ffabfe5 [term 0 FOLLOWER]: Becoming Follower/Learner. State: Replica: f0044f0474ba4e8ca38352083ffabfe5, State: Initialized, Role: FOLLOWER
I20260608 09:52:49.784675 14711 tablet_bootstrap.cc:492] T 66c48d5d1c9e46f581721be11dbb60e4 P 7da4930f6adc460c8b854af0c26fe9ed: No bootstrap required, opened a new log
I20260608 09:52:49.785028 14707 tablet_bootstrap.cc:492] T dd4cba607dd046a7b3304a07d24f3ec5 P 72890c28b1ab47dd9214b314c741c994: No bootstrap required, opened a new log
I20260608 09:52:49.785269 14711 ts_tablet_manager.cc:1403] T 66c48d5d1c9e46f581721be11dbb60e4 P 7da4930f6adc460c8b854af0c26fe9ed: Time spent bootstrapping tablet: real 0.037s	user 0.014s	sys 0.017s
I20260608 09:52:49.785981 14710 tablet_bootstrap.cc:654] T 935a8af6918f4165889c075224400829 P 19ab13c657d44a0ebcb136c84810cc95: Neither blocks nor log segments found. Creating new log.
I20260608 09:52:49.783068 14708 consensus_queue.cc:260] T 66c48d5d1c9e46f581721be11dbb60e4 P f0044f0474ba4e8ca38352083ffabfe5 [NON_LEADER]: Queue going to NON_LEADER mode. State: All replicated index: 0, Majority replicated index: 0, Committed index: 0, Last appended: 0.0, Last appended by leader: 0, Current term: 0, Majority size: -1, State: 0, Mode: NON_LEADER, active raft config: opid_index: -1 OBSOLETE_local: false peers { permanent_uuid: "7da4930f6adc460c8b854af0c26fe9ed" member_type: VOTER last_known_addr { host: "127.11.23.4" port: 38833 } } peers { permanent_uuid: "f0044f0474ba4e8ca38352083ffabfe5" member_type: VOTER last_known_addr { host: "127.11.23.1" port: 34295 } } peers { permanent_uuid: "19ab13c657d44a0ebcb136c84810cc95" member_type: VOTER last_known_addr { host: "127.11.23.2" port: 43657 } }
I20260608 09:52:49.785842 14707 ts_tablet_manager.cc:1403] T dd4cba607dd046a7b3304a07d24f3ec5 P 72890c28b1ab47dd9214b314c741c994: Time spent bootstrapping tablet: real 0.041s	user 0.010s	sys 0.005s
I20260608 09:52:49.790397 14707 raft_consensus.cc:359] T dd4cba607dd046a7b3304a07d24f3ec5 P 72890c28b1ab47dd9214b314c741c994 [term 0 FOLLOWER]: Replica starting. Triggering 0 pending ops. Active config: opid_index: -1 OBSOLETE_local: false peers { permanent_uuid: "7da4930f6adc460c8b854af0c26fe9ed" member_type: VOTER last_known_addr { host: "127.11.23.4" port: 38833 } } peers { permanent_uuid: "19ab13c657d44a0ebcb136c84810cc95" member_type: VOTER last_known_addr { host: "127.11.23.2" port: 43657 } } peers { permanent_uuid: "72890c28b1ab47dd9214b314c741c994" member_type: VOTER last_known_addr { host: "127.11.23.3" port: 35929 } }
I20260608 09:52:49.790342 14711 raft_consensus.cc:359] T 66c48d5d1c9e46f581721be11dbb60e4 P 7da4930f6adc460c8b854af0c26fe9ed [term 0 FOLLOWER]: Replica starting. Triggering 0 pending ops. Active config: opid_index: -1 OBSOLETE_local: false peers { permanent_uuid: "7da4930f6adc460c8b854af0c26fe9ed" member_type: VOTER last_known_addr { host: "127.11.23.4" port: 38833 } } peers { permanent_uuid: "f0044f0474ba4e8ca38352083ffabfe5" member_type: VOTER last_known_addr { host: "127.11.23.1" port: 34295 } } peers { permanent_uuid: "19ab13c657d44a0ebcb136c84810cc95" member_type: VOTER last_known_addr { host: "127.11.23.2" port: 43657 } }
I20260608 09:52:49.791703 14711 raft_consensus.cc:385] T 66c48d5d1c9e46f581721be11dbb60e4 P 7da4930f6adc460c8b854af0c26fe9ed [term 0 FOLLOWER]: Consensus starting up: Expiring failure detector timer to make a prompt election more likely
I20260608 09:52:49.792163 14587 raft_consensus.cc:493] T fdb9830c01c1466ea7afc9e2e92e9c23 P 72890c28b1ab47dd9214b314c741c994 [term 0 FOLLOWER]: Starting pre-election (no leader contacted us within the election timeout)
I20260608 09:52:49.792178 14711 raft_consensus.cc:740] T 66c48d5d1c9e46f581721be11dbb60e4 P 7da4930f6adc460c8b854af0c26fe9ed [term 0 FOLLOWER]: Becoming Follower/Learner. State: Replica: 7da4930f6adc460c8b854af0c26fe9ed, State: Initialized, Role: FOLLOWER
I20260608 09:52:49.792810 14587 raft_consensus.cc:515] T fdb9830c01c1466ea7afc9e2e92e9c23 P 72890c28b1ab47dd9214b314c741c994 [term 0 FOLLOWER]: Starting pre-election with config: opid_index: -1 OBSOLETE_local: false peers { permanent_uuid: "72890c28b1ab47dd9214b314c741c994" member_type: VOTER last_known_addr { host: "127.11.23.3" port: 35929 } } peers { permanent_uuid: "19ab13c657d44a0ebcb136c84810cc95" member_type: VOTER last_known_addr { host: "127.11.23.2" port: 43657 } } peers { permanent_uuid: "7da4930f6adc460c8b854af0c26fe9ed" member_type: VOTER last_known_addr { host: "127.11.23.4" port: 38833 } }
I20260608 09:52:49.794135 14716 raft_consensus.cc:493] T d7298e94970748e6886f36b135ed353a P 7da4930f6adc460c8b854af0c26fe9ed [term 0 FOLLOWER]: Starting pre-election (no leader contacted us within the election timeout)
I20260608 09:52:49.791368 14707 raft_consensus.cc:385] T dd4cba607dd046a7b3304a07d24f3ec5 P 72890c28b1ab47dd9214b314c741c994 [term 0 FOLLOWER]: Consensus starting up: Expiring failure detector timer to make a prompt election more likely
I20260608 09:52:49.794829 14716 raft_consensus.cc:515] T d7298e94970748e6886f36b135ed353a P 7da4930f6adc460c8b854af0c26fe9ed [term 0 FOLLOWER]: Starting pre-election with config: opid_index: -1 OBSOLETE_local: false peers { permanent_uuid: "f0044f0474ba4e8ca38352083ffabfe5" member_type: VOTER last_known_addr { host: "127.11.23.1" port: 34295 } } peers { permanent_uuid: "7da4930f6adc460c8b854af0c26fe9ed" member_type: VOTER last_known_addr { host: "127.11.23.4" port: 38833 } } peers { permanent_uuid: "19ab13c657d44a0ebcb136c84810cc95" member_type: VOTER last_known_addr { host: "127.11.23.2" port: 43657 } }
I20260608 09:52:49.795305 14707 raft_consensus.cc:740] T dd4cba607dd046a7b3304a07d24f3ec5 P 72890c28b1ab47dd9214b314c741c994 [term 0 FOLLOWER]: Becoming Follower/Learner. State: Replica: 72890c28b1ab47dd9214b314c741c994, State: Initialized, Role: FOLLOWER
I20260608 09:52:49.796195 14707 consensus_queue.cc:260] T dd4cba607dd046a7b3304a07d24f3ec5 P 72890c28b1ab47dd9214b314c741c994 [NON_LEADER]: Queue going to NON_LEADER mode. State: All replicated index: 0, Majority replicated index: 0, Committed index: 0, Last appended: 0.0, Last appended by leader: 0, Current term: 0, Majority size: -1, State: 0, Mode: NON_LEADER, active raft config: opid_index: -1 OBSOLETE_local: false peers { permanent_uuid: "7da4930f6adc460c8b854af0c26fe9ed" member_type: VOTER last_known_addr { host: "127.11.23.4" port: 38833 } } peers { permanent_uuid: "19ab13c657d44a0ebcb136c84810cc95" member_type: VOTER last_known_addr { host: "127.11.23.2" port: 43657 } } peers { permanent_uuid: "72890c28b1ab47dd9214b314c741c994" member_type: VOTER last_known_addr { host: "127.11.23.3" port: 35929 } }
I20260608 09:52:49.797773 14710 tablet_bootstrap.cc:492] T 935a8af6918f4165889c075224400829 P 19ab13c657d44a0ebcb136c84810cc95: No bootstrap required, opened a new log
I20260608 09:52:49.798682 14430 tablet_service.cc:1917] Received RequestConsensusVote() RPC: tablet_id: "fdb9830c01c1466ea7afc9e2e92e9c23" candidate_uuid: "72890c28b1ab47dd9214b314c741c994" candidate_term: 1 candidate_status { last_received { term: 0 index: 0 } } ignore_live_leader: false dest_uuid: "19ab13c657d44a0ebcb136c84810cc95" is_pre_election: true
I20260608 09:52:49.799187 14710 ts_tablet_manager.cc:1403] T 935a8af6918f4165889c075224400829 P 19ab13c657d44a0ebcb136c84810cc95: Time spent bootstrapping tablet: real 0.023s	user 0.012s	sys 0.008s
I20260608 09:52:49.799382 14430 raft_consensus.cc:2468] T fdb9830c01c1466ea7afc9e2e92e9c23 P 19ab13c657d44a0ebcb136c84810cc95 [term 0 FOLLOWER]: Leader pre-election vote request: Granting yes vote for candidate 72890c28b1ab47dd9214b314c741c994 in term 0.
I20260608 09:52:49.802989 14710 raft_consensus.cc:359] T 935a8af6918f4165889c075224400829 P 19ab13c657d44a0ebcb136c84810cc95 [term 0 FOLLOWER]: Replica starting. Triggering 0 pending ops. Active config: opid_index: -1 OBSOLETE_local: false peers { permanent_uuid: "19ab13c657d44a0ebcb136c84810cc95" member_type: VOTER last_known_addr { host: "127.11.23.2" port: 43657 } } peers { permanent_uuid: "7da4930f6adc460c8b854af0c26fe9ed" member_type: VOTER last_known_addr { host: "127.11.23.4" port: 38833 } } peers { permanent_uuid: "f0044f0474ba4e8ca38352083ffabfe5" member_type: VOTER last_known_addr { host: "127.11.23.1" port: 34295 } }
I20260608 09:52:49.803882 14710 raft_consensus.cc:385] T 935a8af6918f4165889c075224400829 P 19ab13c657d44a0ebcb136c84810cc95 [term 0 FOLLOWER]: Consensus starting up: Expiring failure detector timer to make a prompt election more likely
I20260608 09:52:49.804080 14587 leader_election.cc:290] T fdb9830c01c1466ea7afc9e2e92e9c23 P 72890c28b1ab47dd9214b314c741c994 [CANDIDATE]: Term 1 pre-election: Requested pre-vote from peers 19ab13c657d44a0ebcb136c84810cc95 (127.11.23.2:43657), 7da4930f6adc460c8b854af0c26fe9ed (127.11.23.4:38833)
I20260608 09:52:49.804284 14710 raft_consensus.cc:740] T 935a8af6918f4165889c075224400829 P 19ab13c657d44a0ebcb136c84810cc95 [term 0 FOLLOWER]: Becoming Follower/Learner. State: Replica: 19ab13c657d44a0ebcb136c84810cc95, State: Initialized, Role: FOLLOWER
I20260608 09:52:49.805433 14716 leader_election.cc:290] T d7298e94970748e6886f36b135ed353a P 7da4930f6adc460c8b854af0c26fe9ed [CANDIDATE]: Term 1 pre-election: Requested pre-vote from peers f0044f0474ba4e8ca38352083ffabfe5 (127.11.23.1:34295), 19ab13c657d44a0ebcb136c84810cc95 (127.11.23.2:43657)
I20260608 09:52:49.806489 14716 raft_consensus.cc:493] T fdb9830c01c1466ea7afc9e2e92e9c23 P 7da4930f6adc460c8b854af0c26fe9ed [term 0 FOLLOWER]: Starting pre-election (no leader contacted us within the election timeout)
I20260608 09:52:49.806993 14716 raft_consensus.cc:515] T fdb9830c01c1466ea7afc9e2e92e9c23 P 7da4930f6adc460c8b854af0c26fe9ed [term 0 FOLLOWER]: Starting pre-election with config: opid_index: -1 OBSOLETE_local: false peers { permanent_uuid: "72890c28b1ab47dd9214b314c741c994" member_type: VOTER last_known_addr { host: "127.11.23.3" port: 35929 } } peers { permanent_uuid: "19ab13c657d44a0ebcb136c84810cc95" member_type: VOTER last_known_addr { host: "127.11.23.2" port: 43657 } } peers { permanent_uuid: "7da4930f6adc460c8b854af0c26fe9ed" member_type: VOTER last_known_addr { host: "127.11.23.4" port: 38833 } }
I20260608 09:52:49.811035 14716 leader_election.cc:290] T fdb9830c01c1466ea7afc9e2e92e9c23 P 7da4930f6adc460c8b854af0c26fe9ed [CANDIDATE]: Term 1 pre-election: Requested pre-vote from peers 72890c28b1ab47dd9214b314c741c994 (127.11.23.3:35929), 19ab13c657d44a0ebcb136c84810cc95 (127.11.23.2:43657)
I20260608 09:52:49.806738 14710 consensus_queue.cc:260] T 935a8af6918f4165889c075224400829 P 19ab13c657d44a0ebcb136c84810cc95 [NON_LEADER]: Queue going to NON_LEADER mode. State: All replicated index: 0, Majority replicated index: 0, Committed index: 0, Last appended: 0.0, Last appended by leader: 0, Current term: 0, Majority size: -1, State: 0, Mode: NON_LEADER, active raft config: opid_index: -1 OBSOLETE_local: false peers { permanent_uuid: "19ab13c657d44a0ebcb136c84810cc95" member_type: VOTER last_known_addr { host: "127.11.23.2" port: 43657 } } peers { permanent_uuid: "7da4930f6adc460c8b854af0c26fe9ed" member_type: VOTER last_known_addr { host: "127.11.23.4" port: 38833 } } peers { permanent_uuid: "f0044f0474ba4e8ca38352083ffabfe5" member_type: VOTER last_known_addr { host: "127.11.23.1" port: 34295 } }
I20260608 09:52:49.813113 14711 consensus_queue.cc:260] T 66c48d5d1c9e46f581721be11dbb60e4 P 7da4930f6adc460c8b854af0c26fe9ed [NON_LEADER]: Queue going to NON_LEADER mode. State: All replicated index: 0, Majority replicated index: 0, Committed index: 0, Last appended: 0.0, Last appended by leader: 0, Current term: 0, Majority size: -1, State: 0, Mode: NON_LEADER, active raft config: opid_index: -1 OBSOLETE_local: false peers { permanent_uuid: "7da4930f6adc460c8b854af0c26fe9ed" member_type: VOTER last_known_addr { host: "127.11.23.4" port: 38833 } } peers { permanent_uuid: "f0044f0474ba4e8ca38352083ffabfe5" member_type: VOTER last_known_addr { host: "127.11.23.1" port: 34295 } } peers { permanent_uuid: "19ab13c657d44a0ebcb136c84810cc95" member_type: VOTER last_known_addr { host: "127.11.23.2" port: 43657 } }
I20260608 09:52:49.815709 14710 ts_tablet_manager.cc:1434] T 935a8af6918f4165889c075224400829 P 19ab13c657d44a0ebcb136c84810cc95: Time spent starting tablet: real 0.016s	user 0.007s	sys 0.001s
I20260608 09:52:49.816779 14710 tablet_bootstrap.cc:492] T dd4cba607dd046a7b3304a07d24f3ec5 P 19ab13c657d44a0ebcb136c84810cc95: Bootstrap starting.
I20260608 09:52:49.819492 14711 ts_tablet_manager.cc:1434] T 66c48d5d1c9e46f581721be11dbb60e4 P 7da4930f6adc460c8b854af0c26fe9ed: Time spent starting tablet: real 0.033s	user 0.009s	sys 0.000s
I20260608 09:52:49.821264 14711 tablet_bootstrap.cc:492] T e0d30b9de95a44ba910fbfee41723133 P 7da4930f6adc460c8b854af0c26fe9ed: Bootstrap starting.
I20260608 09:52:49.824137 14710 tablet_bootstrap.cc:654] T dd4cba607dd046a7b3304a07d24f3ec5 P 19ab13c657d44a0ebcb136c84810cc95: Neither blocks nor log segments found. Creating new log.
I20260608 09:52:49.822626 14708 ts_tablet_manager.cc:1434] T 66c48d5d1c9e46f581721be11dbb60e4 P f0044f0474ba4e8ca38352083ffabfe5: Time spent starting tablet: real 0.056s	user 0.007s	sys 0.000s
I20260608 09:52:49.826402 14708 tablet_bootstrap.cc:492] T 74d70a59d66b4ebcbae182c1988582d3 P f0044f0474ba4e8ca38352083ffabfe5: Bootstrap starting.
I20260608 09:52:49.832715 14711 tablet_bootstrap.cc:654] T e0d30b9de95a44ba910fbfee41723133 P 7da4930f6adc460c8b854af0c26fe9ed: Neither blocks nor log segments found. Creating new log.
W20260608 09:52:49.837389 14285 debug-util.cc:398] Leaking SignalData structure 0x7b08000ec7a0 after lost signal to thread 11359
W20260608 09:52:49.841049 14285 debug-util.cc:398] Leaking SignalData structure 0x7b080014f040 after lost signal to thread 14529
I20260608 09:52:49.853824 14711 tablet_bootstrap.cc:492] T e0d30b9de95a44ba910fbfee41723133 P 7da4930f6adc460c8b854af0c26fe9ed: No bootstrap required, opened a new log
I20260608 09:52:49.857577 14470 leader_election.cc:304] T fdb9830c01c1466ea7afc9e2e92e9c23 P 72890c28b1ab47dd9214b314c741c994 [CANDIDATE]: Term 1 pre-election: Election decided. Result: candidate won. Election summary: received 2 responses out of 3 voters: 2 yes votes; 0 no votes. yes voters: 19ab13c657d44a0ebcb136c84810cc95, 72890c28b1ab47dd9214b314c741c994; no voters: 
I20260608 09:52:49.858163 14711 ts_tablet_manager.cc:1403] T e0d30b9de95a44ba910fbfee41723133 P 7da4930f6adc460c8b854af0c26fe9ed: Time spent bootstrapping tablet: real 0.037s	user 0.009s	sys 0.013s
I20260608 09:52:49.860594 14558 raft_consensus.cc:2804] T fdb9830c01c1466ea7afc9e2e92e9c23 P 72890c28b1ab47dd9214b314c741c994 [term 0 FOLLOWER]: Leader pre-election won for term 1
I20260608 09:52:49.861249 14558 raft_consensus.cc:493] T fdb9830c01c1466ea7afc9e2e92e9c23 P 72890c28b1ab47dd9214b314c741c994 [term 0 FOLLOWER]: Starting leader election (no leader contacted us within the election timeout)
I20260608 09:52:49.861658 14558 raft_consensus.cc:3060] T fdb9830c01c1466ea7afc9e2e92e9c23 P 72890c28b1ab47dd9214b314c741c994 [term 0 FOLLOWER]: Advancing to term 1
I20260608 09:52:49.862577 14711 raft_consensus.cc:359] T e0d30b9de95a44ba910fbfee41723133 P 7da4930f6adc460c8b854af0c26fe9ed [term 0 FOLLOWER]: Replica starting. Triggering 0 pending ops. Active config: opid_index: -1 OBSOLETE_local: false peers { permanent_uuid: "f0044f0474ba4e8ca38352083ffabfe5" member_type: VOTER last_known_addr { host: "127.11.23.1" port: 34295 } } peers { permanent_uuid: "7da4930f6adc460c8b854af0c26fe9ed" member_type: VOTER last_known_addr { host: "127.11.23.4" port: 38833 } } peers { permanent_uuid: "72890c28b1ab47dd9214b314c741c994" member_type: VOTER last_known_addr { host: "127.11.23.3" port: 35929 } }
I20260608 09:52:49.863395 14711 raft_consensus.cc:385] T e0d30b9de95a44ba910fbfee41723133 P 7da4930f6adc460c8b854af0c26fe9ed [term 0 FOLLOWER]: Consensus starting up: Expiring failure detector timer to make a prompt election more likely
I20260608 09:52:49.863749 14711 raft_consensus.cc:740] T e0d30b9de95a44ba910fbfee41723133 P 7da4930f6adc460c8b854af0c26fe9ed [term 0 FOLLOWER]: Becoming Follower/Learner. State: Replica: 7da4930f6adc460c8b854af0c26fe9ed, State: Initialized, Role: FOLLOWER
I20260608 09:52:49.864694 14711 consensus_queue.cc:260] T e0d30b9de95a44ba910fbfee41723133 P 7da4930f6adc460c8b854af0c26fe9ed [NON_LEADER]: Queue going to NON_LEADER mode. State: All replicated index: 0, Majority replicated index: 0, Committed index: 0, Last appended: 0.0, Last appended by leader: 0, Current term: 0, Majority size: -1, State: 0, Mode: NON_LEADER, active raft config: opid_index: -1 OBSOLETE_local: false peers { permanent_uuid: "f0044f0474ba4e8ca38352083ffabfe5" member_type: VOTER last_known_addr { host: "127.11.23.1" port: 34295 } } peers { permanent_uuid: "7da4930f6adc460c8b854af0c26fe9ed" member_type: VOTER last_known_addr { host: "127.11.23.4" port: 38833 } } peers { permanent_uuid: "72890c28b1ab47dd9214b314c741c994" member_type: VOTER last_known_addr { host: "127.11.23.3" port: 35929 } }
I20260608 09:52:49.872675 14711 ts_tablet_manager.cc:1434] T e0d30b9de95a44ba910fbfee41723133 P 7da4930f6adc460c8b854af0c26fe9ed: Time spent starting tablet: real 0.014s	user 0.007s	sys 0.000s
I20260608 09:52:49.873437 14707 ts_tablet_manager.cc:1434] T dd4cba607dd046a7b3304a07d24f3ec5 P 72890c28b1ab47dd9214b314c741c994: Time spent starting tablet: real 0.086s	user 0.006s	sys 0.001s
I20260608 09:52:49.874099 14711 tablet_bootstrap.cc:492] T 74d70a59d66b4ebcbae182c1988582d3 P 7da4930f6adc460c8b854af0c26fe9ed: Bootstrap starting.
I20260608 09:52:49.909577 14707 tablet_bootstrap.cc:492] T 323835b81ff34826850dd0a4fb9b3541 P 72890c28b1ab47dd9214b314c741c994: Bootstrap starting.
I20260608 09:52:49.910606 14558 raft_consensus.cc:515] T fdb9830c01c1466ea7afc9e2e92e9c23 P 72890c28b1ab47dd9214b314c741c994 [term 1 FOLLOWER]: Starting leader election with config: opid_index: -1 OBSOLETE_local: false peers { permanent_uuid: "72890c28b1ab47dd9214b314c741c994" member_type: VOTER last_known_addr { host: "127.11.23.3" port: 35929 } } peers { permanent_uuid: "19ab13c657d44a0ebcb136c84810cc95" member_type: VOTER last_known_addr { host: "127.11.23.2" port: 43657 } } peers { permanent_uuid: "7da4930f6adc460c8b854af0c26fe9ed" member_type: VOTER last_known_addr { host: "127.11.23.4" port: 38833 } }
I20260608 09:52:49.920719 14558 leader_election.cc:290] T fdb9830c01c1466ea7afc9e2e92e9c23 P 72890c28b1ab47dd9214b314c741c994 [CANDIDATE]: Term 1 election: Requested vote from peers 19ab13c657d44a0ebcb136c84810cc95 (127.11.23.2:43657), 7da4930f6adc460c8b854af0c26fe9ed (127.11.23.4:38833)
I20260608 09:52:49.924265 14711 tablet_bootstrap.cc:654] T 74d70a59d66b4ebcbae182c1988582d3 P 7da4930f6adc460c8b854af0c26fe9ed: Neither blocks nor log segments found. Creating new log.
I20260608 09:52:49.924687 14353 tablet_service.cc:1917] Received RequestConsensusVote() RPC: tablet_id: "d7298e94970748e6886f36b135ed353a" candidate_uuid: "7da4930f6adc460c8b854af0c26fe9ed" candidate_term: 1 candidate_status { last_received { term: 0 index: 0 } } ignore_live_leader: false dest_uuid: "f0044f0474ba4e8ca38352083ffabfe5" is_pre_election: true
I20260608 09:52:49.925637 14353 raft_consensus.cc:2468] T d7298e94970748e6886f36b135ed353a P f0044f0474ba4e8ca38352083ffabfe5 [term 0 FOLLOWER]: Leader pre-election vote request: Granting yes vote for candidate 7da4930f6adc460c8b854af0c26fe9ed in term 0.
I20260608 09:52:49.926240 14430 tablet_service.cc:1917] Received RequestConsensusVote() RPC: tablet_id: "fdb9830c01c1466ea7afc9e2e92e9c23" candidate_uuid: "72890c28b1ab47dd9214b314c741c994" candidate_term: 1 candidate_status { last_received { term: 0 index: 0 } } ignore_live_leader: false dest_uuid: "19ab13c657d44a0ebcb136c84810cc95"
I20260608 09:52:49.926859 14430 raft_consensus.cc:3060] T fdb9830c01c1466ea7afc9e2e92e9c23 P 19ab13c657d44a0ebcb136c84810cc95 [term 0 FOLLOWER]: Advancing to term 1
I20260608 09:52:49.927691 14623 leader_election.cc:304] T d7298e94970748e6886f36b135ed353a P 7da4930f6adc460c8b854af0c26fe9ed [CANDIDATE]: Term 1 pre-election: Election decided. Result: candidate won. Election summary: received 2 responses out of 3 voters: 2 yes votes; 0 no votes. yes voters: 7da4930f6adc460c8b854af0c26fe9ed, f0044f0474ba4e8ca38352083ffabfe5; no voters: 
I20260608 09:52:49.929790 14732 raft_consensus.cc:2804] T d7298e94970748e6886f36b135ed353a P 7da4930f6adc460c8b854af0c26fe9ed [term 0 FOLLOWER]: Leader pre-election won for term 1
I20260608 09:52:49.930197 14732 raft_consensus.cc:493] T d7298e94970748e6886f36b135ed353a P 7da4930f6adc460c8b854af0c26fe9ed [term 0 FOLLOWER]: Starting leader election (no leader contacted us within the election timeout)
I20260608 09:52:49.932518 14732 raft_consensus.cc:3060] T d7298e94970748e6886f36b135ed353a P 7da4930f6adc460c8b854af0c26fe9ed [term 0 FOLLOWER]: Advancing to term 1
I20260608 09:52:49.934715 14708 tablet_bootstrap.cc:654] T 74d70a59d66b4ebcbae182c1988582d3 P f0044f0474ba4e8ca38352083ffabfe5: Neither blocks nor log segments found. Creating new log.
I20260608 09:52:49.940778 14430 raft_consensus.cc:2468] T fdb9830c01c1466ea7afc9e2e92e9c23 P 19ab13c657d44a0ebcb136c84810cc95 [term 1 FOLLOWER]: Leader election vote request: Granting yes vote for candidate 72890c28b1ab47dd9214b314c741c994 in term 1.
I20260608 09:52:49.941963 14470 leader_election.cc:304] T fdb9830c01c1466ea7afc9e2e92e9c23 P 72890c28b1ab47dd9214b314c741c994 [CANDIDATE]: Term 1 election: Election decided. Result: candidate won. Election summary: received 2 responses out of 3 voters: 2 yes votes; 0 no votes. yes voters: 19ab13c657d44a0ebcb136c84810cc95, 72890c28b1ab47dd9214b314c741c994; no voters: 
I20260608 09:52:49.943210 14735 raft_consensus.cc:2804] T fdb9830c01c1466ea7afc9e2e92e9c23 P 72890c28b1ab47dd9214b314c741c994 [term 1 FOLLOWER]: Leader election won for term 1
I20260608 09:52:49.943778 14735 raft_consensus.cc:697] T fdb9830c01c1466ea7afc9e2e92e9c23 P 72890c28b1ab47dd9214b314c741c994 [term 1 LEADER]: Becoming Leader. State: Replica: 72890c28b1ab47dd9214b314c741c994, State: Running, Role: LEADER
I20260608 09:52:49.945185 14735 consensus_queue.cc:237] T fdb9830c01c1466ea7afc9e2e92e9c23 P 72890c28b1ab47dd9214b314c741c994 [LEADER]: Queue going to LEADER mode. State: All replicated index: 0, Majority replicated index: 0, Committed index: 0, Last appended: 0.0, Last appended by leader: 0, Current term: 1, Majority size: 2, State: 0, Mode: LEADER, active raft config: opid_index: -1 OBSOLETE_local: false peers { permanent_uuid: "72890c28b1ab47dd9214b314c741c994" member_type: VOTER last_known_addr { host: "127.11.23.3" port: 35929 } } peers { permanent_uuid: "19ab13c657d44a0ebcb136c84810cc95" member_type: VOTER last_known_addr { host: "127.11.23.2" port: 43657 } } peers { permanent_uuid: "7da4930f6adc460c8b854af0c26fe9ed" member_type: VOTER last_known_addr { host: "127.11.23.4" port: 38833 } }
I20260608 09:52:49.946230 14595 raft_consensus.cc:493] T 66c48d5d1c9e46f581721be11dbb60e4 P 19ab13c657d44a0ebcb136c84810cc95 [term 0 FOLLOWER]: Starting pre-election (no leader contacted us within the election timeout)
I20260608 09:52:49.947407 14710 tablet_bootstrap.cc:492] T dd4cba607dd046a7b3304a07d24f3ec5 P 19ab13c657d44a0ebcb136c84810cc95: No bootstrap required, opened a new log
I20260608 09:52:49.947084 14595 raft_consensus.cc:515] T 66c48d5d1c9e46f581721be11dbb60e4 P 19ab13c657d44a0ebcb136c84810cc95 [term 0 FOLLOWER]: Starting pre-election with config: opid_index: -1 OBSOLETE_local: false peers { permanent_uuid: "7da4930f6adc460c8b854af0c26fe9ed" member_type: VOTER last_known_addr { host: "127.11.23.4" port: 38833 } } peers { permanent_uuid: "f0044f0474ba4e8ca38352083ffabfe5" member_type: VOTER last_known_addr { host: "127.11.23.1" port: 34295 } } peers { permanent_uuid: "19ab13c657d44a0ebcb136c84810cc95" member_type: VOTER last_known_addr { host: "127.11.23.2" port: 43657 } }
I20260608 09:52:49.947932 14710 ts_tablet_manager.cc:1403] T dd4cba607dd046a7b3304a07d24f3ec5 P 19ab13c657d44a0ebcb136c84810cc95: Time spent bootstrapping tablet: real 0.131s	user 0.031s	sys 0.067s
I20260608 09:52:49.948002 14431 tablet_service.cc:1917] Received RequestConsensusVote() RPC: tablet_id: "fdb9830c01c1466ea7afc9e2e92e9c23" candidate_uuid: "7da4930f6adc460c8b854af0c26fe9ed" candidate_term: 1 candidate_status { last_received { term: 0 index: 0 } } ignore_live_leader: false dest_uuid: "19ab13c657d44a0ebcb136c84810cc95" is_pre_election: true
I20260608 09:52:49.949309 14431 raft_consensus.cc:2393] T fdb9830c01c1466ea7afc9e2e92e9c23 P 19ab13c657d44a0ebcb136c84810cc95 [term 1 FOLLOWER]: Leader pre-election vote request: Denying vote to candidate 7da4930f6adc460c8b854af0c26fe9ed in current term 1: Already voted for candidate 72890c28b1ab47dd9214b314c741c994 in this term.
