I20260608 09:51:30.395390 31337 consensus_queue.cc:260] T e0a78eb4298b454ca014d60d8d72746e P 7897f9229f074752b65c655c65a88f74 [NON_LEADER]: Queue going to NON_LEADER mode. State: All replicated index: 0, Majority replicated index: 0, Committed index: 0, Last appended: 0.0, Last appended by leader: 0, Current term: 0, Majority size: -1, State: 0, Mode: NON_LEADER, active raft config: opid_index: -1 OBSOLETE_local: false peers { permanent_uuid: "7897f9229f074752b65c655c65a88f74" member_type: VOTER last_known_addr { host: "127.29.193.129" port: 35093 } } peers { permanent_uuid: "68b2fcfe7cd14781b14e00b27c37d52b" member_type: VOTER last_known_addr { host: "127.29.193.130" port: 39375 } } peers { permanent_uuid: "9a6bc572712d44ffb257ea4ac00cb193" member_type: VOTER last_known_addr { host: "127.29.193.131" port: 45179 } }
I20260608 09:51:30.396688 31037 catalog_manager.cc:5696] T e0a78eb4298b454ca014d60d8d72746e P 9a6bc572712d44ffb257ea4ac00cb193 reported cstate change: term changed from 0 to 1, leader changed from <none> to 9a6bc572712d44ffb257ea4ac00cb193 (127.29.193.131). New cstate: current_term: 1 leader_uuid: "9a6bc572712d44ffb257ea4ac00cb193" committed_config { opid_index: -1 OBSOLETE_local: false peers { permanent_uuid: "7897f9229f074752b65c655c65a88f74" member_type: VOTER last_known_addr { host: "127.29.193.129" port: 35093 } health_report { overall_health: UNKNOWN } } peers { permanent_uuid: "68b2fcfe7cd14781b14e00b27c37d52b" member_type: VOTER last_known_addr { host: "127.29.193.130" port: 39375 } health_report { overall_health: UNKNOWN } } peers { permanent_uuid: "9a6bc572712d44ffb257ea4ac00cb193" member_type: VOTER last_known_addr { host: "127.29.193.131" port: 45179 } health_report { overall_health: HEALTHY } } }
I20260608 09:51:30.399307 31337 ts_tablet_manager.cc:1434] T e0a78eb4298b454ca014d60d8d72746e P 7897f9229f074752b65c655c65a88f74: Time spent starting tablet: real 0.009s	user 0.006s	sys 0.000s
I20260608 09:51:30.400452 31337 tablet_bootstrap.cc:492] T 4e4c5c2636df40118efb604236647e1e P 7897f9229f074752b65c655c65a88f74: Bootstrap starting.
I20260608 09:51:30.403229 31335 tablet_bootstrap.cc:492] T 4e4c5c2636df40118efb604236647e1e P 9a6bc572712d44ffb257ea4ac00cb193: No bootstrap required, opened a new log
I20260608 09:51:30.403715 31335 ts_tablet_manager.cc:1403] T 4e4c5c2636df40118efb604236647e1e P 9a6bc572712d44ffb257ea4ac00cb193: Time spent bootstrapping tablet: real 0.046s	user 0.012s	sys 0.010s
I20260608 09:51:30.406895 31337 tablet_bootstrap.cc:654] T 4e4c5c2636df40118efb604236647e1e P 7897f9229f074752b65c655c65a88f74: Neither blocks nor log segments found. Creating new log.
I20260608 09:51:30.406905 31357 raft_consensus.cc:493] T 612140a3f5854d2e9ec07bc7257915ec P 9a6bc572712d44ffb257ea4ac00cb193 [term 0 FOLLOWER]: Starting pre-election (no leader contacted us within the election timeout)
I20260608 09:51:30.407258 31335 raft_consensus.cc:359] T 4e4c5c2636df40118efb604236647e1e P 9a6bc572712d44ffb257ea4ac00cb193 [term 0 FOLLOWER]: Replica starting. Triggering 0 pending ops. Active config: opid_index: -1 OBSOLETE_local: false peers { permanent_uuid: "7897f9229f074752b65c655c65a88f74" member_type: VOTER last_known_addr { host: "127.29.193.129" port: 35093 } } peers { permanent_uuid: "68b2fcfe7cd14781b14e00b27c37d52b" member_type: VOTER last_known_addr { host: "127.29.193.130" port: 39375 } } peers { permanent_uuid: "9a6bc572712d44ffb257ea4ac00cb193" member_type: VOTER last_known_addr { host: "127.29.193.131" port: 45179 } }
I20260608 09:51:30.408172 31335 raft_consensus.cc:385] T 4e4c5c2636df40118efb604236647e1e P 9a6bc572712d44ffb257ea4ac00cb193 [term 0 FOLLOWER]: Consensus starting up: Expiring failure detector timer to make a prompt election more likely
I20260608 09:51:30.408578 31335 raft_consensus.cc:740] T 4e4c5c2636df40118efb604236647e1e P 9a6bc572712d44ffb257ea4ac00cb193 [term 0 FOLLOWER]: Becoming Follower/Learner. State: Replica: 9a6bc572712d44ffb257ea4ac00cb193, State: Initialized, Role: FOLLOWER
I20260608 09:51:30.408890 31357 raft_consensus.cc:515] T 612140a3f5854d2e9ec07bc7257915ec P 9a6bc572712d44ffb257ea4ac00cb193 [term 0 FOLLOWER]: Starting pre-election with config: opid_index: -1 OBSOLETE_local: false peers { permanent_uuid: "7897f9229f074752b65c655c65a88f74" member_type: VOTER last_known_addr { host: "127.29.193.129" port: 35093 } } peers { permanent_uuid: "68b2fcfe7cd14781b14e00b27c37d52b" member_type: VOTER last_known_addr { host: "127.29.193.130" port: 39375 } } peers { permanent_uuid: "9a6bc572712d44ffb257ea4ac00cb193" member_type: VOTER last_known_addr { host: "127.29.193.131" port: 45179 } }
I20260608 09:51:30.409500 31335 consensus_queue.cc:260] T 4e4c5c2636df40118efb604236647e1e P 9a6bc572712d44ffb257ea4ac00cb193 [NON_LEADER]: Queue going to NON_LEADER mode. State: All replicated index: 0, Majority replicated index: 0, Committed index: 0, Last appended: 0.0, Last appended by leader: 0, Current term: 0, Majority size: -1, State: 0, Mode: NON_LEADER, active raft config: opid_index: -1 OBSOLETE_local: false peers { permanent_uuid: "7897f9229f074752b65c655c65a88f74" member_type: VOTER last_known_addr { host: "127.29.193.129" port: 35093 } } peers { permanent_uuid: "68b2fcfe7cd14781b14e00b27c37d52b" member_type: VOTER last_known_addr { host: "127.29.193.130" port: 39375 } } peers { permanent_uuid: "9a6bc572712d44ffb257ea4ac00cb193" member_type: VOTER last_known_addr { host: "127.29.193.131" port: 45179 } }
I20260608 09:51:30.411588 31342 raft_consensus.cc:493] T 94fb866df658425db2aedab3e118f396 P 68b2fcfe7cd14781b14e00b27c37d52b [term 0 FOLLOWER]: Starting pre-election (no leader contacted us within the election timeout)
I20260608 09:51:30.412161 31342 raft_consensus.cc:515] T 94fb866df658425db2aedab3e118f396 P 68b2fcfe7cd14781b14e00b27c37d52b [term 0 FOLLOWER]: Starting pre-election with config: opid_index: -1 OBSOLETE_local: false peers { permanent_uuid: "7897f9229f074752b65c655c65a88f74" member_type: VOTER last_known_addr { host: "127.29.193.129" port: 35093 } } peers { permanent_uuid: "68b2fcfe7cd14781b14e00b27c37d52b" member_type: VOTER last_known_addr { host: "127.29.193.130" port: 39375 } } peers { permanent_uuid: "9a6bc572712d44ffb257ea4ac00cb193" member_type: VOTER last_known_addr { host: "127.29.193.131" port: 45179 } }
I20260608 09:51:30.413120 31216 tablet_service.cc:1917] Received RequestConsensusVote() RPC: tablet_id: "612140a3f5854d2e9ec07bc7257915ec" candidate_uuid: "9a6bc572712d44ffb257ea4ac00cb193" candidate_term: 1 candidate_status { last_received { term: 0 index: 0 } } ignore_live_leader: false dest_uuid: "68b2fcfe7cd14781b14e00b27c37d52b" is_pre_election: true
I20260608 09:51:30.415776 31141 tablet_service.cc:1917] Received RequestConsensusVote() RPC: tablet_id: "612140a3f5854d2e9ec07bc7257915ec" candidate_uuid: "9a6bc572712d44ffb257ea4ac00cb193" candidate_term: 1 candidate_status { last_received { term: 0 index: 0 } } ignore_live_leader: false dest_uuid: "7897f9229f074752b65c655c65a88f74" is_pre_election: true
I20260608 09:51:30.416538 31141 raft_consensus.cc:2468] T 612140a3f5854d2e9ec07bc7257915ec P 7897f9229f074752b65c655c65a88f74 [term 0 FOLLOWER]: Leader pre-election vote request: Granting yes vote for candidate 9a6bc572712d44ffb257ea4ac00cb193 in term 0.
I20260608 09:51:30.417217 31342 leader_election.cc:290] T 94fb866df658425db2aedab3e118f396 P 68b2fcfe7cd14781b14e00b27c37d52b [CANDIDATE]: Term 1 pre-election: Requested pre-vote from peers 7897f9229f074752b65c655c65a88f74 (127.29.193.129:35093), 9a6bc572712d44ffb257ea4ac00cb193 (127.29.193.131:45179)
W20260608 09:51:30.418821 31256 leader_election.cc:343] T 612140a3f5854d2e9ec07bc7257915ec P 9a6bc572712d44ffb257ea4ac00cb193 [CANDIDATE]: Term 1 pre-election: Tablet error from VoteRequest() call to peer 68b2fcfe7cd14781b14e00b27c37d52b (127.29.193.130:39375): Illegal state: must be running to vote when last-logged opid is not known
I20260608 09:51:30.423367 31336 ts_tablet_manager.cc:1434] T 94fb866df658425db2aedab3e118f396 P 68b2fcfe7cd14781b14e00b27c37d52b: Time spent starting tablet: real 0.037s	user 0.007s	sys 0.001s
I20260608 09:51:30.424649 31336 tablet_bootstrap.cc:492] T 612140a3f5854d2e9ec07bc7257915ec P 68b2fcfe7cd14781b14e00b27c37d52b: Bootstrap starting.
I20260608 09:51:30.428465 31357 leader_election.cc:290] T 612140a3f5854d2e9ec07bc7257915ec P 9a6bc572712d44ffb257ea4ac00cb193 [CANDIDATE]: Term 1 pre-election: Requested pre-vote from peers 7897f9229f074752b65c655c65a88f74 (127.29.193.129:35093), 68b2fcfe7cd14781b14e00b27c37d52b (127.29.193.130:39375)
I20260608 09:51:30.429046 31343 raft_consensus.cc:493] T fff5dd4758a5463fad44f641eabbcf3f P 7897f9229f074752b65c655c65a88f74 [term 0 FOLLOWER]: Starting pre-election (no leader contacted us within the election timeout)
I20260608 09:51:30.429796 31343 raft_consensus.cc:515] T fff5dd4758a5463fad44f641eabbcf3f P 7897f9229f074752b65c655c65a88f74 [term 0 FOLLOWER]: Starting pre-election with config: opid_index: -1 OBSOLETE_local: false peers { permanent_uuid: "7897f9229f074752b65c655c65a88f74" member_type: VOTER last_known_addr { host: "127.29.193.129" port: 35093 } } peers { permanent_uuid: "68b2fcfe7cd14781b14e00b27c37d52b" member_type: VOTER last_known_addr { host: "127.29.193.130" port: 39375 } } peers { permanent_uuid: "9a6bc572712d44ffb257ea4ac00cb193" member_type: VOTER last_known_addr { host: "127.29.193.131" port: 45179 } }
I20260608 09:51:30.438493 31343 leader_election.cc:290] T fff5dd4758a5463fad44f641eabbcf3f P 7897f9229f074752b65c655c65a88f74 [CANDIDATE]: Term 1 pre-election: Requested pre-vote from peers 68b2fcfe7cd14781b14e00b27c37d52b (127.29.193.130:39375), 9a6bc572712d44ffb257ea4ac00cb193 (127.29.193.131:45179)
I20260608 09:51:30.440976 31336 tablet_bootstrap.cc:654] T 612140a3f5854d2e9ec07bc7257915ec P 68b2fcfe7cd14781b14e00b27c37d52b: Neither blocks nor log segments found. Creating new log.
I20260608 09:51:30.446599 31335 ts_tablet_manager.cc:1434] T 4e4c5c2636df40118efb604236647e1e P 9a6bc572712d44ffb257ea4ac00cb193: Time spent starting tablet: real 0.043s	user 0.010s	sys 0.000s
I20260608 09:51:30.449684 31335 tablet_bootstrap.cc:492] T 326cb4de31e9405b93268b5e7bd33d7f P 9a6bc572712d44ffb257ea4ac00cb193: Bootstrap starting.
I20260608 09:51:30.454169 31343 raft_consensus.cc:493] T e0a78eb4298b454ca014d60d8d72746e P 7897f9229f074752b65c655c65a88f74 [term 0 FOLLOWER]: Starting pre-election (no leader contacted us within the election timeout)
I20260608 09:51:30.454855 31343 raft_consensus.cc:515] T e0a78eb4298b454ca014d60d8d72746e P 7897f9229f074752b65c655c65a88f74 [term 0 FOLLOWER]: Starting pre-election with config: opid_index: -1 OBSOLETE_local: false peers { permanent_uuid: "7897f9229f074752b65c655c65a88f74" member_type: VOTER last_known_addr { host: "127.29.193.129" port: 35093 } } peers { permanent_uuid: "68b2fcfe7cd14781b14e00b27c37d52b" member_type: VOTER last_known_addr { host: "127.29.193.130" port: 39375 } } peers { permanent_uuid: "9a6bc572712d44ffb257ea4ac00cb193" member_type: VOTER last_known_addr { host: "127.29.193.131" port: 45179 } }
I20260608 09:51:30.457968 31343 leader_election.cc:290] T e0a78eb4298b454ca014d60d8d72746e P 7897f9229f074752b65c655c65a88f74 [CANDIDATE]: Term 1 pre-election: Requested pre-vote from peers 68b2fcfe7cd14781b14e00b27c37d52b (127.29.193.130:39375), 9a6bc572712d44ffb257ea4ac00cb193 (127.29.193.131:45179)
I20260608 09:51:30.471841 31335 tablet_bootstrap.cc:654] T 326cb4de31e9405b93268b5e7bd33d7f P 9a6bc572712d44ffb257ea4ac00cb193: Neither blocks nor log segments found. Creating new log.
I20260608 09:51:30.484405 31357 raft_consensus.cc:493] T 898189c572a24d7a9e37d8f4a7d9c331 P 9a6bc572712d44ffb257ea4ac00cb193 [term 0 FOLLOWER]: Starting pre-election (no leader contacted us within the election timeout)
I20260608 09:51:30.485167 31357 raft_consensus.cc:515] T 898189c572a24d7a9e37d8f4a7d9c331 P 9a6bc572712d44ffb257ea4ac00cb193 [term 0 FOLLOWER]: Starting pre-election with config: opid_index: -1 OBSOLETE_local: false peers { permanent_uuid: "9a6bc572712d44ffb257ea4ac00cb193" member_type: VOTER last_known_addr { host: "127.29.193.131" port: 45179 } } peers { permanent_uuid: "68b2fcfe7cd14781b14e00b27c37d52b" member_type: VOTER last_known_addr { host: "127.29.193.130" port: 39375 } } peers { permanent_uuid: "7897f9229f074752b65c655c65a88f74" member_type: VOTER last_known_addr { host: "127.29.193.129" port: 35093 } }
I20260608 09:51:30.488584 31216 tablet_service.cc:1917] Received RequestConsensusVote() RPC: tablet_id: "898189c572a24d7a9e37d8f4a7d9c331" candidate_uuid: "9a6bc572712d44ffb257ea4ac00cb193" candidate_term: 1 candidate_status { last_received { term: 0 index: 0 } } ignore_live_leader: false dest_uuid: "68b2fcfe7cd14781b14e00b27c37d52b" is_pre_election: true
I20260608 09:51:30.489326 31216 raft_consensus.cc:2468] T 898189c572a24d7a9e37d8f4a7d9c331 P 68b2fcfe7cd14781b14e00b27c37d52b [term 0 FOLLOWER]: Leader pre-election vote request: Granting yes vote for candidate 9a6bc572712d44ffb257ea4ac00cb193 in term 0.
I20260608 09:51:30.490998 31256 leader_election.cc:304] T 898189c572a24d7a9e37d8f4a7d9c331 P 9a6bc572712d44ffb257ea4ac00cb193 [CANDIDATE]: Term 1 pre-election: Election decided. Result: candidate won. Election summary: received 2 responses out of 3 voters: 2 yes votes; 0 no votes. yes voters: 68b2fcfe7cd14781b14e00b27c37d52b, 9a6bc572712d44ffb257ea4ac00cb193; no voters: 
I20260608 09:51:30.492316 31341 raft_consensus.cc:2804] T 898189c572a24d7a9e37d8f4a7d9c331 P 9a6bc572712d44ffb257ea4ac00cb193 [term 0 FOLLOWER]: Leader pre-election won for term 1
I20260608 09:51:30.492858 31341 raft_consensus.cc:493] T 898189c572a24d7a9e37d8f4a7d9c331 P 9a6bc572712d44ffb257ea4ac00cb193 [term 0 FOLLOWER]: Starting leader election (no leader contacted us within the election timeout)
I20260608 09:51:30.493312 31341 raft_consensus.cc:3060] T 898189c572a24d7a9e37d8f4a7d9c331 P 9a6bc572712d44ffb257ea4ac00cb193 [term 0 FOLLOWER]: Advancing to term 1
I20260608 09:51:30.498543 31357 leader_election.cc:290] T 898189c572a24d7a9e37d8f4a7d9c331 P 9a6bc572712d44ffb257ea4ac00cb193 [CANDIDATE]: Term 1 pre-election: Requested pre-vote from peers 68b2fcfe7cd14781b14e00b27c37d52b (127.29.193.130:39375), 7897f9229f074752b65c655c65a88f74 (127.29.193.129:35093)
I20260608 09:51:30.506882 31253 leader_election.cc:304] T 612140a3f5854d2e9ec07bc7257915ec P 9a6bc572712d44ffb257ea4ac00cb193 [CANDIDATE]: Term 1 pre-election: Election decided. Result: candidate won. Election summary: received 3 responses out of 3 voters: 2 yes votes; 1 no votes. yes voters: 7897f9229f074752b65c655c65a88f74, 9a6bc572712d44ffb257ea4ac00cb193; no voters: 68b2fcfe7cd14781b14e00b27c37d52b
I20260608 09:51:30.508133 31357 raft_consensus.cc:2804] T 612140a3f5854d2e9ec07bc7257915ec P 9a6bc572712d44ffb257ea4ac00cb193 [term 0 FOLLOWER]: Leader pre-election won for term 1
I20260608 09:51:30.508672 31357 raft_consensus.cc:493] T 612140a3f5854d2e9ec07bc7257915ec P 9a6bc572712d44ffb257ea4ac00cb193 [term 0 FOLLOWER]: Starting leader election (no leader contacted us within the election timeout)
I20260608 09:51:30.509194 31357 raft_consensus.cc:3060] T 612140a3f5854d2e9ec07bc7257915ec P 9a6bc572712d44ffb257ea4ac00cb193 [term 0 FOLLOWER]: Advancing to term 1
I20260608 09:51:30.523077 31341 raft_consensus.cc:515] T 898189c572a24d7a9e37d8f4a7d9c331 P 9a6bc572712d44ffb257ea4ac00cb193 [term 1 FOLLOWER]: Starting leader election with config: opid_index: -1 OBSOLETE_local: false peers { permanent_uuid: "9a6bc572712d44ffb257ea4ac00cb193" member_type: VOTER last_known_addr { host: "127.29.193.131" port: 45179 } } peers { permanent_uuid: "68b2fcfe7cd14781b14e00b27c37d52b" member_type: VOTER last_known_addr { host: "127.29.193.130" port: 39375 } } peers { permanent_uuid: "7897f9229f074752b65c655c65a88f74" member_type: VOTER last_known_addr { host: "127.29.193.129" port: 35093 } }
I20260608 09:51:30.527010 31141 tablet_service.cc:1917] Received RequestConsensusVote() RPC: tablet_id: "898189c572a24d7a9e37d8f4a7d9c331" candidate_uuid: "9a6bc572712d44ffb257ea4ac00cb193" candidate_term: 1 candidate_status { last_received { term: 0 index: 0 } } ignore_live_leader: false dest_uuid: "7897f9229f074752b65c655c65a88f74" is_pre_election: true
I20260608 09:51:30.538618 31216 tablet_service.cc:1917] Received RequestConsensusVote() RPC: tablet_id: "fff5dd4758a5463fad44f641eabbcf3f" candidate_uuid: "7897f9229f074752b65c655c65a88f74" candidate_term: 1 candidate_status { last_received { term: 0 index: 0 } } ignore_live_leader: false dest_uuid: "68b2fcfe7cd14781b14e00b27c37d52b" is_pre_election: true
I20260608 09:51:30.540102 31215 tablet_service.cc:1917] Received RequestConsensusVote() RPC: tablet_id: "e0a78eb4298b454ca014d60d8d72746e" candidate_uuid: "7897f9229f074752b65c655c65a88f74" candidate_term: 1 candidate_status { last_received { term: 0 index: 0 } } ignore_live_leader: false dest_uuid: "68b2fcfe7cd14781b14e00b27c37d52b" is_pre_election: true
W20260608 09:51:30.540436 31107 leader_election.cc:343] T fff5dd4758a5463fad44f641eabbcf3f P 7897f9229f074752b65c655c65a88f74 [CANDIDATE]: Term 1 pre-election: Tablet error from VoteRequest() call to peer 68b2fcfe7cd14781b14e00b27c37d52b (127.29.193.130:39375): Illegal state: must be running to vote when last-logged opid is not known
I20260608 09:51:30.541385 31215 raft_consensus.cc:2393] T e0a78eb4298b454ca014d60d8d72746e P 68b2fcfe7cd14781b14e00b27c37d52b [term 1 FOLLOWER]: Leader pre-election vote request: Denying vote to candidate 7897f9229f074752b65c655c65a88f74 in current term 1: Already voted for candidate 9a6bc572712d44ffb257ea4ac00cb193 in this term.
I20260608 09:51:30.548159 31336 tablet_bootstrap.cc:492] T 612140a3f5854d2e9ec07bc7257915ec P 68b2fcfe7cd14781b14e00b27c37d52b: No bootstrap required, opened a new log
I20260608 09:51:30.548753 31336 ts_tablet_manager.cc:1403] T 612140a3f5854d2e9ec07bc7257915ec P 68b2fcfe7cd14781b14e00b27c37d52b: Time spent bootstrapping tablet: real 0.124s	user 0.038s	sys 0.019s
I20260608 09:51:30.552220 31336 raft_consensus.cc:359] T 612140a3f5854d2e9ec07bc7257915ec P 68b2fcfe7cd14781b14e00b27c37d52b [term 0 FOLLOWER]: Replica starting. Triggering 0 pending ops. Active config: opid_index: -1 OBSOLETE_local: false peers { permanent_uuid: "7897f9229f074752b65c655c65a88f74" member_type: VOTER last_known_addr { host: "127.29.193.129" port: 35093 } } peers { permanent_uuid: "68b2fcfe7cd14781b14e00b27c37d52b" member_type: VOTER last_known_addr { host: "127.29.193.130" port: 39375 } } peers { permanent_uuid: "9a6bc572712d44ffb257ea4ac00cb193" member_type: VOTER last_known_addr { host: "127.29.193.131" port: 45179 } }
I20260608 09:51:30.553032 31336 raft_consensus.cc:385] T 612140a3f5854d2e9ec07bc7257915ec P 68b2fcfe7cd14781b14e00b27c37d52b [term 0 FOLLOWER]: Consensus starting up: Expiring failure detector timer to make a prompt election more likely
I20260608 09:51:30.553444 31336 raft_consensus.cc:740] T 612140a3f5854d2e9ec07bc7257915ec P 68b2fcfe7cd14781b14e00b27c37d52b [term 0 FOLLOWER]: Becoming Follower/Learner. State: Replica: 68b2fcfe7cd14781b14e00b27c37d52b, State: Initialized, Role: FOLLOWER
I20260608 09:51:30.554471 31336 consensus_queue.cc:260] T 612140a3f5854d2e9ec07bc7257915ec P 68b2fcfe7cd14781b14e00b27c37d52b [NON_LEADER]: Queue going to NON_LEADER mode. State: All replicated index: 0, Majority replicated index: 0, Committed index: 0, Last appended: 0.0, Last appended by leader: 0, Current term: 0, Majority size: -1, State: 0, Mode: NON_LEADER, active raft config: opid_index: -1 OBSOLETE_local: false peers { permanent_uuid: "7897f9229f074752b65c655c65a88f74" member_type: VOTER last_known_addr { host: "127.29.193.129" port: 35093 } } peers { permanent_uuid: "68b2fcfe7cd14781b14e00b27c37d52b" member_type: VOTER last_known_addr { host: "127.29.193.130" port: 39375 } } peers { permanent_uuid: "9a6bc572712d44ffb257ea4ac00cb193" member_type: VOTER last_known_addr { host: "127.29.193.131" port: 45179 } }
W20260608 09:51:30.560027 31253 leader_election.cc:343] T 898189c572a24d7a9e37d8f4a7d9c331 P 9a6bc572712d44ffb257ea4ac00cb193 [CANDIDATE]: Term 1 pre-election: Tablet error from VoteRequest() call to peer 7897f9229f074752b65c655c65a88f74 (127.29.193.129:35093): Illegal state: must be running to vote when last-logged opid is not known
I20260608 09:51:30.565096 31336 ts_tablet_manager.cc:1434] T 612140a3f5854d2e9ec07bc7257915ec P 68b2fcfe7cd14781b14e00b27c37d52b: Time spent starting tablet: real 0.016s	user 0.004s	sys 0.004s
I20260608 09:51:30.570925 31215 tablet_service.cc:1917] Received RequestConsensusVote() RPC: tablet_id: "898189c572a24d7a9e37d8f4a7d9c331" candidate_uuid: "9a6bc572712d44ffb257ea4ac00cb193" candidate_term: 1 candidate_status { last_received { term: 0 index: 0 } } ignore_live_leader: false dest_uuid: "68b2fcfe7cd14781b14e00b27c37d52b"
I20260608 09:51:30.571683 31215 raft_consensus.cc:3060] T 898189c572a24d7a9e37d8f4a7d9c331 P 68b2fcfe7cd14781b14e00b27c37d52b [term 0 FOLLOWER]: Advancing to term 1
I20260608 09:51:30.574100 31336 tablet_bootstrap.cc:492] T fff5dd4758a5463fad44f641eabbcf3f P 68b2fcfe7cd14781b14e00b27c37d52b: Bootstrap starting.
I20260608 09:51:30.578029 31342 raft_consensus.cc:493] T 313c65c9d9424f90900823f51ea9470f P 68b2fcfe7cd14781b14e00b27c37d52b [term 0 FOLLOWER]: Starting pre-election (no leader contacted us within the election timeout)
I20260608 09:51:30.578655 31342 raft_consensus.cc:515] T 313c65c9d9424f90900823f51ea9470f P 68b2fcfe7cd14781b14e00b27c37d52b [term 0 FOLLOWER]: Starting pre-election with config: opid_index: -1 OBSOLETE_local: false peers { permanent_uuid: "7897f9229f074752b65c655c65a88f74" member_type: VOTER last_known_addr { host: "127.29.193.129" port: 35093 } } peers { permanent_uuid: "68b2fcfe7cd14781b14e00b27c37d52b" member_type: VOTER last_known_addr { host: "127.29.193.130" port: 39375 } } peers { permanent_uuid: "9a6bc572712d44ffb257ea4ac00cb193" member_type: VOTER last_known_addr { host: "127.29.193.131" port: 45179 } }
I20260608 09:51:30.581715 31342 leader_election.cc:290] T 313c65c9d9424f90900823f51ea9470f P 68b2fcfe7cd14781b14e00b27c37d52b [CANDIDATE]: Term 1 pre-election: Requested pre-vote from peers 7897f9229f074752b65c655c65a88f74 (127.29.193.129:35093), 9a6bc572712d44ffb257ea4ac00cb193 (127.29.193.131:45179)
I20260608 09:51:30.582470 31336 tablet_bootstrap.cc:654] T fff5dd4758a5463fad44f641eabbcf3f P 68b2fcfe7cd14781b14e00b27c37d52b: Neither blocks nor log segments found. Creating new log.
I20260608 09:51:30.584349 31215 raft_consensus.cc:2468] T 898189c572a24d7a9e37d8f4a7d9c331 P 68b2fcfe7cd14781b14e00b27c37d52b [term 1 FOLLOWER]: Leader election vote request: Granting yes vote for candidate 9a6bc572712d44ffb257ea4ac00cb193 in term 1.
I20260608 09:51:30.585958 31256 leader_election.cc:304] T 898189c572a24d7a9e37d8f4a7d9c331 P 9a6bc572712d44ffb257ea4ac00cb193 [CANDIDATE]: Term 1 election: Election decided. Result: candidate won. Election summary: received 2 responses out of 3 voters: 2 yes votes; 0 no votes. yes voters: 68b2fcfe7cd14781b14e00b27c37d52b, 9a6bc572712d44ffb257ea4ac00cb193; no voters: 
I20260608 09:51:30.588905 31375 raft_consensus.cc:2804] T 898189c572a24d7a9e37d8f4a7d9c331 P 9a6bc572712d44ffb257ea4ac00cb193 [term 1 FOLLOWER]: Leader election won for term 1
I20260608 09:51:30.589217 31341 leader_election.cc:290] T 898189c572a24d7a9e37d8f4a7d9c331 P 9a6bc572712d44ffb257ea4ac00cb193 [CANDIDATE]: Term 1 election: Requested vote from peers 68b2fcfe7cd14781b14e00b27c37d52b (127.29.193.130:39375), 7897f9229f074752b65c655c65a88f74 (127.29.193.129:35093)
I20260608 09:51:30.591806 31141 tablet_service.cc:1917] Received RequestConsensusVote() RPC: tablet_id: "898189c572a24d7a9e37d8f4a7d9c331" candidate_uuid: "9a6bc572712d44ffb257ea4ac00cb193" candidate_term: 1 candidate_status { last_received { term: 0 index: 0 } } ignore_live_leader: false dest_uuid: "7897f9229f074752b65c655c65a88f74"
I20260608 09:51:30.595091 31336 tablet_bootstrap.cc:492] T fff5dd4758a5463fad44f641eabbcf3f P 68b2fcfe7cd14781b14e00b27c37d52b: No bootstrap required, opened a new log
I20260608 09:51:30.595682 31336 ts_tablet_manager.cc:1403] T fff5dd4758a5463fad44f641eabbcf3f P 68b2fcfe7cd14781b14e00b27c37d52b: Time spent bootstrapping tablet: real 0.022s	user 0.006s	sys 0.013s
I20260608 09:51:30.597499 31343 raft_consensus.cc:493] T 94fb866df658425db2aedab3e118f396 P 7897f9229f074752b65c655c65a88f74 [term 0 FOLLOWER]: Starting pre-election (no leader contacted us within the election timeout)
I20260608 09:51:30.597703 31290 tablet_service.cc:1917] Received RequestConsensusVote() RPC: tablet_id: "fff5dd4758a5463fad44f641eabbcf3f" candidate_uuid: "7897f9229f074752b65c655c65a88f74" candidate_term: 1 candidate_status { last_received { term: 0 index: 0 } } ignore_live_leader: false dest_uuid: "9a6bc572712d44ffb257ea4ac00cb193" is_pre_election: true
I20260608 09:51:30.598120 31343 raft_consensus.cc:515] T 94fb866df658425db2aedab3e118f396 P 7897f9229f074752b65c655c65a88f74 [term 0 FOLLOWER]: Starting pre-election with config: opid_index: -1 OBSOLETE_local: false peers { permanent_uuid: "7897f9229f074752b65c655c65a88f74" member_type: VOTER last_known_addr { host: "127.29.193.129" port: 35093 } } peers { permanent_uuid: "68b2fcfe7cd14781b14e00b27c37d52b" member_type: VOTER last_known_addr { host: "127.29.193.130" port: 39375 } } peers { permanent_uuid: "9a6bc572712d44ffb257ea4ac00cb193" member_type: VOTER last_known_addr { host: "127.29.193.131" port: 45179 } }
I20260608 09:51:30.598845 31290 raft_consensus.cc:2468] T fff5dd4758a5463fad44f641eabbcf3f P 9a6bc572712d44ffb257ea4ac00cb193 [term 0 FOLLOWER]: Leader pre-election vote request: Granting yes vote for candidate 7897f9229f074752b65c655c65a88f74 in term 0.
I20260608 09:51:30.599143 31336 raft_consensus.cc:359] T fff5dd4758a5463fad44f641eabbcf3f P 68b2fcfe7cd14781b14e00b27c37d52b [term 0 FOLLOWER]: Replica starting. Triggering 0 pending ops. Active config: opid_index: -1 OBSOLETE_local: false peers { permanent_uuid: "7897f9229f074752b65c655c65a88f74" member_type: VOTER last_known_addr { host: "127.29.193.129" port: 35093 } } peers { permanent_uuid: "68b2fcfe7cd14781b14e00b27c37d52b" member_type: VOTER last_known_addr { host: "127.29.193.130" port: 39375 } } peers { permanent_uuid: "9a6bc572712d44ffb257ea4ac00cb193" member_type: VOTER last_known_addr { host: "127.29.193.131" port: 45179 } }
I20260608 09:51:30.599980 31336 raft_consensus.cc:385] T fff5dd4758a5463fad44f641eabbcf3f P 68b2fcfe7cd14781b14e00b27c37d52b [term 0 FOLLOWER]: Consensus starting up: Expiring failure detector timer to make a prompt election more likely
I20260608 09:51:30.600346 31336 raft_consensus.cc:740] T fff5dd4758a5463fad44f641eabbcf3f P 68b2fcfe7cd14781b14e00b27c37d52b [term 0 FOLLOWER]: Becoming Follower/Learner. State: Replica: 68b2fcfe7cd14781b14e00b27c37d52b, State: Initialized, Role: FOLLOWER
I20260608 09:51:30.600664 31343 leader_election.cc:290] T 94fb866df658425db2aedab3e118f396 P 7897f9229f074752b65c655c65a88f74 [CANDIDATE]: Term 1 pre-election: Requested pre-vote from peers 68b2fcfe7cd14781b14e00b27c37d52b (127.29.193.130:39375), 9a6bc572712d44ffb257ea4ac00cb193 (127.29.193.131:45179)
I20260608 09:51:30.601612 31289 tablet_service.cc:1917] Received RequestConsensusVote() RPC: tablet_id: "e0a78eb4298b454ca014d60d8d72746e" candidate_uuid: "7897f9229f074752b65c655c65a88f74" candidate_term: 1 candidate_status { last_received { term: 0 index: 0 } } ignore_live_leader: false dest_uuid: "9a6bc572712d44ffb257ea4ac00cb193" is_pre_election: true
I20260608 09:51:30.601569 31336 consensus_queue.cc:260] T fff5dd4758a5463fad44f641eabbcf3f P 68b2fcfe7cd14781b14e00b27c37d52b [NON_LEADER]: Queue going to NON_LEADER mode. State: All replicated index: 0, Majority replicated index: 0, Committed index: 0, Last appended: 0.0, Last appended by leader: 0, Current term: 0, Majority size: -1, State: 0, Mode: NON_LEADER, active raft config: opid_index: -1 OBSOLETE_local: false peers { permanent_uuid: "7897f9229f074752b65c655c65a88f74" member_type: VOTER last_known_addr { host: "127.29.193.129" port: 35093 } } peers { permanent_uuid: "68b2fcfe7cd14781b14e00b27c37d52b" member_type: VOTER last_known_addr { host: "127.29.193.130" port: 39375 } } peers { permanent_uuid: "9a6bc572712d44ffb257ea4ac00cb193" member_type: VOTER last_known_addr { host: "127.29.193.131" port: 45179 } }
I20260608 09:51:30.604519 31336 ts_tablet_manager.cc:1434] T fff5dd4758a5463fad44f641eabbcf3f P 68b2fcfe7cd14781b14e00b27c37d52b: Time spent starting tablet: real 0.008s	user 0.002s	sys 0.006s
I20260608 09:51:30.605605 31336 tablet_bootstrap.cc:492] T 4e4c5c2636df40118efb604236647e1e P 68b2fcfe7cd14781b14e00b27c37d52b: Bootstrap starting.
I20260608 09:51:30.605962 31290 tablet_service.cc:1917] Received RequestConsensusVote() RPC: tablet_id: "94fb866df658425db2aedab3e118f396" candidate_uuid: "7897f9229f074752b65c655c65a88f74" candidate_term: 1 candidate_status { last_received { term: 0 index: 0 } } ignore_live_leader: false dest_uuid: "9a6bc572712d44ffb257ea4ac00cb193" is_pre_election: true
I20260608 09:51:30.606910 31290 raft_consensus.cc:2468] T 94fb866df658425db2aedab3e118f396 P 9a6bc572712d44ffb257ea4ac00cb193 [term 0 FOLLOWER]: Leader pre-election vote request: Granting yes vote for candidate 7897f9229f074752b65c655c65a88f74 in term 0.
I20260608 09:51:30.607160 31106 leader_election.cc:304] T fff5dd4758a5463fad44f641eabbcf3f P 7897f9229f074752b65c655c65a88f74 [CANDIDATE]: Term 1 pre-election: Election decided. Result: candidate won. Election summary: received 3 responses out of 3 voters: 2 yes votes; 1 no votes. yes voters: 7897f9229f074752b65c655c65a88f74, 9a6bc572712d44ffb257ea4ac00cb193; no voters: 68b2fcfe7cd14781b14e00b27c37d52b
I20260608 09:51:30.608162 31343 raft_consensus.cc:2804] T fff5dd4758a5463fad44f641eabbcf3f P 7897f9229f074752b65c655c65a88f74 [term 0 FOLLOWER]: Leader pre-election won for term 1
I20260608 09:51:30.608580 31343 raft_consensus.cc:493] T fff5dd4758a5463fad44f641eabbcf3f P 7897f9229f074752b65c655c65a88f74 [term 0 FOLLOWER]: Starting leader election (no leader contacted us within the election timeout)
I20260608 09:51:30.608960 31343 raft_consensus.cc:3060] T fff5dd4758a5463fad44f641eabbcf3f P 7897f9229f074752b65c655c65a88f74 [term 0 FOLLOWER]: Advancing to term 1
I20260608 09:51:30.609800 31375 raft_consensus.cc:697] T 898189c572a24d7a9e37d8f4a7d9c331 P 9a6bc572712d44ffb257ea4ac00cb193 [term 1 LEADER]: Becoming Leader. State: Replica: 9a6bc572712d44ffb257ea4ac00cb193, State: Running, Role: LEADER
I20260608 09:51:30.611161 31375 consensus_queue.cc:237] T 898189c572a24d7a9e37d8f4a7d9c331 P 9a6bc572712d44ffb257ea4ac00cb193 [LEADER]: Queue going to LEADER mode. State: All replicated index: 0, Majority replicated index: 0, Committed index: 0, Last appended: 0.0, Last appended by leader: 0, Current term: 1, Majority size: 2, State: 0, Mode: LEADER, active raft config: opid_index: -1 OBSOLETE_local: false peers { permanent_uuid: "9a6bc572712d44ffb257ea4ac00cb193" member_type: VOTER last_known_addr { host: "127.29.193.131" port: 45179 } } peers { permanent_uuid: "68b2fcfe7cd14781b14e00b27c37d52b" member_type: VOTER last_known_addr { host: "127.29.193.130" port: 39375 } } peers { permanent_uuid: "7897f9229f074752b65c655c65a88f74" member_type: VOTER last_known_addr { host: "127.29.193.129" port: 35093 } }
I20260608 09:51:30.616910 31343 raft_consensus.cc:515] T fff5dd4758a5463fad44f641eabbcf3f P 7897f9229f074752b65c655c65a88f74 [term 1 FOLLOWER]: Starting leader election with config: opid_index: -1 OBSOLETE_local: false peers { permanent_uuid: "7897f9229f074752b65c655c65a88f74" member_type: VOTER last_known_addr { host: "127.29.193.129" port: 35093 } } peers { permanent_uuid: "68b2fcfe7cd14781b14e00b27c37d52b" member_type: VOTER last_known_addr { host: "127.29.193.130" port: 39375 } } peers { permanent_uuid: "9a6bc572712d44ffb257ea4ac00cb193" member_type: VOTER last_known_addr { host: "127.29.193.131" port: 45179 } }
I20260608 09:51:30.618453 31106 leader_election.cc:304] T e0a78eb4298b454ca014d60d8d72746e P 7897f9229f074752b65c655c65a88f74 [CANDIDATE]: Term 1 pre-election: Election decided. Result: candidate lost. Election summary: received 3 responses out of 3 voters: 1 yes votes; 2 no votes. yes voters: 7897f9229f074752b65c655c65a88f74; no voters: 68b2fcfe7cd14781b14e00b27c37d52b, 9a6bc572712d44ffb257ea4ac00cb193
W20260608 09:51:30.620399 31253 leader_election.cc:343] T 898189c572a24d7a9e37d8f4a7d9c331 P 9a6bc572712d44ffb257ea4ac00cb193 [CANDIDATE]: Term 1 election: Tablet error from VoteRequest() call to peer 7897f9229f074752b65c655c65a88f74 (127.29.193.129:35093): Illegal state: must be running to vote when last-logged opid is not known
I20260608 09:51:30.623104 31357 raft_consensus.cc:515] T 612140a3f5854d2e9ec07bc7257915ec P 9a6bc572712d44ffb257ea4ac00cb193 [term 1 FOLLOWER]: Starting leader election with config: opid_index: -1 OBSOLETE_local: false peers { permanent_uuid: "7897f9229f074752b65c655c65a88f74" member_type: VOTER last_known_addr { host: "127.29.193.129" port: 35093 } } peers { permanent_uuid: "68b2fcfe7cd14781b14e00b27c37d52b" member_type: VOTER last_known_addr { host: "127.29.193.130" port: 39375 } } peers { permanent_uuid: "9a6bc572712d44ffb257ea4ac00cb193" member_type: VOTER last_known_addr { host: "127.29.193.131" port: 45179 } }
I20260608 09:51:30.627063 31216 tablet_service.cc:1917] Received RequestConsensusVote() RPC: tablet_id: "612140a3f5854d2e9ec07bc7257915ec" candidate_uuid: "9a6bc572712d44ffb257ea4ac00cb193" candidate_term: 1 candidate_status { last_received { term: 0 index: 0 } } ignore_live_leader: false dest_uuid: "68b2fcfe7cd14781b14e00b27c37d52b"
I20260608 09:51:30.627787 31216 raft_consensus.cc:3060] T 612140a3f5854d2e9ec07bc7257915ec P 68b2fcfe7cd14781b14e00b27c37d52b [term 0 FOLLOWER]: Advancing to term 1
I20260608 09:51:30.629266 31336 tablet_bootstrap.cc:654] T 4e4c5c2636df40118efb604236647e1e P 68b2fcfe7cd14781b14e00b27c37d52b: Neither blocks nor log segments found. Creating new log.
I20260608 09:51:30.636726 31216 raft_consensus.cc:2468] T 612140a3f5854d2e9ec07bc7257915ec P 68b2fcfe7cd14781b14e00b27c37d52b [term 1 FOLLOWER]: Leader election vote request: Granting yes vote for candidate 9a6bc572712d44ffb257ea4ac00cb193 in term 1.
I20260608 09:51:30.642643 31377 raft_consensus.cc:3060] T e0a78eb4298b454ca014d60d8d72746e P 7897f9229f074752b65c655c65a88f74 [term 0 FOLLOWER]: Advancing to term 1
I20260608 09:51:30.644271 31215 tablet_service.cc:1917] Received RequestConsensusVote() RPC: tablet_id: "94fb866df658425db2aedab3e118f396" candidate_uuid: "7897f9229f074752b65c655c65a88f74" candidate_term: 1 candidate_status { last_received { term: 0 index: 0 } } ignore_live_leader: false dest_uuid: "68b2fcfe7cd14781b14e00b27c37d52b" is_pre_election: true
I20260608 09:51:30.645105 31256 leader_election.cc:304] T 612140a3f5854d2e9ec07bc7257915ec P 9a6bc572712d44ffb257ea4ac00cb193 [CANDIDATE]: Term 1 election: Election decided. Result: candidate won. Election summary: received 2 responses out of 3 voters: 2 yes votes; 0 no votes. yes voters: 68b2fcfe7cd14781b14e00b27c37d52b, 9a6bc572712d44ffb257ea4ac00cb193; no voters: 
I20260608 09:51:30.640375 31357 leader_election.cc:290] T 612140a3f5854d2e9ec07bc7257915ec P 9a6bc572712d44ffb257ea4ac00cb193 [CANDIDATE]: Term 1 election: Requested vote from peers 7897f9229f074752b65c655c65a88f74 (127.29.193.129:35093), 68b2fcfe7cd14781b14e00b27c37d52b (127.29.193.130:39375)
I20260608 09:51:30.645885 31215 raft_consensus.cc:2468] T 94fb866df658425db2aedab3e118f396 P 68b2fcfe7cd14781b14e00b27c37d52b [term 0 FOLLOWER]: Leader pre-election vote request: Granting yes vote for candidate 7897f9229f074752b65c655c65a88f74 in term 0.
I20260608 09:51:30.646917 31290 tablet_service.cc:1917] Received RequestConsensusVote() RPC: tablet_id: "94fb866df658425db2aedab3e118f396" candidate_uuid: "68b2fcfe7cd14781b14e00b27c37d52b" candidate_term: 1 candidate_status { last_received { term: 0 index: 0 } } ignore_live_leader: false dest_uuid: "9a6bc572712d44ffb257ea4ac00cb193" is_pre_election: true
I20260608 09:51:30.647593 31290 raft_consensus.cc:2468] T 94fb866df658425db2aedab3e118f396 P 9a6bc572712d44ffb257ea4ac00cb193 [term 0 FOLLOWER]: Leader pre-election vote request: Granting yes vote for candidate 68b2fcfe7cd14781b14e00b27c37d52b in term 0.
I20260608 09:51:30.647775 31107 leader_election.cc:304] T 94fb866df658425db2aedab3e118f396 P 7897f9229f074752b65c655c65a88f74 [CANDIDATE]: Term 1 pre-election: Election decided. Result: candidate won. Election summary: received 2 responses out of 3 voters: 2 yes votes; 0 no votes. yes voters: 68b2fcfe7cd14781b14e00b27c37d52b, 7897f9229f074752b65c655c65a88f74; no voters: 
I20260608 09:51:30.646340 31357 raft_consensus.cc:2804] T 612140a3f5854d2e9ec07bc7257915ec P 9a6bc572712d44ffb257ea4ac00cb193 [term 1 FOLLOWER]: Leader election won for term 1
I20260608 09:51:30.648633 31289 tablet_service.cc:1917] Received RequestConsensusVote() RPC: tablet_id: "313c65c9d9424f90900823f51ea9470f" candidate_uuid: "68b2fcfe7cd14781b14e00b27c37d52b" candidate_term: 1 candidate_status { last_received { term: 0 index: 0 } } ignore_live_leader: false dest_uuid: "9a6bc572712d44ffb257ea4ac00cb193" is_pre_election: true
I20260608 09:51:30.649916 31181 leader_election.cc:304] T 94fb866df658425db2aedab3e118f396 P 68b2fcfe7cd14781b14e00b27c37d52b [CANDIDATE]: Term 1 pre-election: Election decided. Result: candidate won. Election summary: received 2 responses out of 3 voters: 2 yes votes; 0 no votes. yes voters: 68b2fcfe7cd14781b14e00b27c37d52b, 9a6bc572712d44ffb257ea4ac00cb193; no voters: 
I20260608 09:51:30.650206 31357 raft_consensus.cc:697] T 612140a3f5854d2e9ec07bc7257915ec P 9a6bc572712d44ffb257ea4ac00cb193 [term 1 LEADER]: Becoming Leader. State: Replica: 9a6bc572712d44ffb257ea4ac00cb193, State: Running, Role: LEADER
I20260608 09:51:30.650877 31342 raft_consensus.cc:2804] T 94fb866df658425db2aedab3e118f396 P 68b2fcfe7cd14781b14e00b27c37d52b [term 0 FOLLOWER]: Leader pre-election won for term 1
I20260608 09:51:30.651417 31342 raft_consensus.cc:493] T 94fb866df658425db2aedab3e118f396 P 68b2fcfe7cd14781b14e00b27c37d52b [term 0 FOLLOWER]: Starting leader election (no leader contacted us within the election timeout)
I20260608 09:51:30.651170 31357 consensus_queue.cc:237] T 612140a3f5854d2e9ec07bc7257915ec P 9a6bc572712d44ffb257ea4ac00cb193 [LEADER]: Queue going to LEADER mode. State: All replicated index: 0, Majority replicated index: 0, Committed index: 0, Last appended: 0.0, Last appended by leader: 0, Current term: 1, Majority size: 2, State: 0, Mode: LEADER, active raft config: opid_index: -1 OBSOLETE_local: false peers { permanent_uuid: "7897f9229f074752b65c655c65a88f74" member_type: VOTER last_known_addr { host: "127.29.193.129" port: 35093 } } peers { permanent_uuid: "68b2fcfe7cd14781b14e00b27c37d52b" member_type: VOTER last_known_addr { host: "127.29.193.130" port: 39375 } } peers { permanent_uuid: "9a6bc572712d44ffb257ea4ac00cb193" member_type: VOTER last_known_addr { host: "127.29.193.131" port: 45179 } }
I20260608 09:51:30.651885 31342 raft_consensus.cc:3060] T 94fb866df658425db2aedab3e118f396 P 68b2fcfe7cd14781b14e00b27c37d52b [term 0 FOLLOWER]: Advancing to term 1
W20260608 09:51:30.653308 31181 leader_election.cc:343] T 313c65c9d9424f90900823f51ea9470f P 68b2fcfe7cd14781b14e00b27c37d52b [CANDIDATE]: Term 1 pre-election: Tablet error from VoteRequest() call to peer 9a6bc572712d44ffb257ea4ac00cb193 (127.29.193.131:45179): Illegal state: must be running to vote when last-logged opid is not known
I20260608 09:51:30.657699 31141 tablet_service.cc:1917] Received RequestConsensusVote() RPC: tablet_id: "612140a3f5854d2e9ec07bc7257915ec" candidate_uuid: "9a6bc572712d44ffb257ea4ac00cb193" candidate_term: 1 candidate_status { last_received { term: 0 index: 0 } } ignore_live_leader: false dest_uuid: "7897f9229f074752b65c655c65a88f74"
I20260608 09:51:30.658372 31141 raft_consensus.cc:3060] T 612140a3f5854d2e9ec07bc7257915ec P 7897f9229f074752b65c655c65a88f74 [term 0 FOLLOWER]: Advancing to term 1
I20260608 09:51:30.668151 31140 tablet_service.cc:1917] Received RequestConsensusVote() RPC: tablet_id: "94fb866df658425db2aedab3e118f396" candidate_uuid: "68b2fcfe7cd14781b14e00b27c37d52b" candidate_term: 1 candidate_status { last_received { term: 0 index: 0 } } ignore_live_leader: false dest_uuid: "7897f9229f074752b65c655c65a88f74" is_pre_election: true
I20260608 09:51:30.665890 31037 catalog_manager.cc:5696] T 898189c572a24d7a9e37d8f4a7d9c331 P 9a6bc572712d44ffb257ea4ac00cb193 reported cstate change: term changed from 0 to 1, leader changed from <none> to 9a6bc572712d44ffb257ea4ac00cb193 (127.29.193.131). New cstate: current_term: 1 leader_uuid: "9a6bc572712d44ffb257ea4ac00cb193" committed_config { opid_index: -1 OBSOLETE_local: false peers { permanent_uuid: "9a6bc572712d44ffb257ea4ac00cb193" member_type: VOTER last_known_addr { host: "127.29.193.131" port: 45179 } health_report { overall_health: HEALTHY } } peers { permanent_uuid: "68b2fcfe7cd14781b14e00b27c37d52b" member_type: VOTER last_known_addr { host: "127.29.193.130" port: 39375 } health_report { overall_health: UNKNOWN } } peers { permanent_uuid: "7897f9229f074752b65c655c65a88f74" member_type: VOTER last_known_addr { host: "127.29.193.129" port: 35093 } health_report { overall_health: UNKNOWN } } }
I20260608 09:51:30.668936 31140 raft_consensus.cc:2468] T 94fb866df658425db2aedab3e118f396 P 7897f9229f074752b65c655c65a88f74 [term 0 FOLLOWER]: Leader pre-election vote request: Granting yes vote for candidate 68b2fcfe7cd14781b14e00b27c37d52b in term 0.
I20260608 09:51:30.668141 31139 tablet_service.cc:1917] Received RequestConsensusVote() RPC: tablet_id: "313c65c9d9424f90900823f51ea9470f" candidate_uuid: "68b2fcfe7cd14781b14e00b27c37d52b" candidate_term: 1 candidate_status { last_received { term: 0 index: 0 } } ignore_live_leader: false dest_uuid: "7897f9229f074752b65c655c65a88f74" is_pre_election: true
I20260608 09:51:30.671279 31336 tablet_bootstrap.cc:492] T 4e4c5c2636df40118efb604236647e1e P 68b2fcfe7cd14781b14e00b27c37d52b: No bootstrap required, opened a new log
I20260608 09:51:30.671010 31139 raft_consensus.cc:2468] T 313c65c9d9424f90900823f51ea9470f P 7897f9229f074752b65c655c65a88f74 [term 0 FOLLOWER]: Leader pre-election vote request: Granting yes vote for candidate 68b2fcfe7cd14781b14e00b27c37d52b in term 0.
I20260608 09:51:30.673246 31336 ts_tablet_manager.cc:1403] T 4e4c5c2636df40118efb604236647e1e P 68b2fcfe7cd14781b14e00b27c37d52b: Time spent bootstrapping tablet: real 0.068s	user 0.012s	sys 0.008s
I20260608 09:51:30.676774 31215 tablet_service.cc:1917] Received RequestConsensusVote() RPC: tablet_id: "fff5dd4758a5463fad44f641eabbcf3f" candidate_uuid: "7897f9229f074752b65c655c65a88f74" candidate_term: 1 candidate_status { last_received { term: 0 index: 0 } } ignore_live_leader: false dest_uuid: "68b2fcfe7cd14781b14e00b27c37d52b"
I20260608 09:51:30.677274 31289 tablet_service.cc:1917] Received RequestConsensusVote() RPC: tablet_id: "fff5dd4758a5463fad44f641eabbcf3f" candidate_uuid: "7897f9229f074752b65c655c65a88f74" candidate_term: 1 candidate_status { last_received { term: 0 index: 0 } } ignore_live_leader: false dest_uuid: "9a6bc572712d44ffb257ea4ac00cb193"
I20260608 09:51:30.677485 31215 raft_consensus.cc:3060] T fff5dd4758a5463fad44f641eabbcf3f P 68b2fcfe7cd14781b14e00b27c37d52b [term 0 FOLLOWER]: Advancing to term 1
I20260608 09:51:30.677925 31289 raft_consensus.cc:3060] T fff5dd4758a5463fad44f641eabbcf3f P 9a6bc572712d44ffb257ea4ac00cb193 [term 0 FOLLOWER]: Advancing to term 1
I20260608 09:51:30.681604 31335 tablet_bootstrap.cc:492] T 326cb4de31e9405b93268b5e7bd33d7f P 9a6bc572712d44ffb257ea4ac00cb193: No bootstrap required, opened a new log
I20260608 09:51:30.682425 31335 ts_tablet_manager.cc:1403] T 326cb4de31e9405b93268b5e7bd33d7f P 9a6bc572712d44ffb257ea4ac00cb193: Time spent bootstrapping tablet: real 0.233s	user 0.069s	sys 0.067s
I20260608 09:51:30.679137 31343 leader_election.cc:290] T fff5dd4758a5463fad44f641eabbcf3f P 7897f9229f074752b65c655c65a88f74 [CANDIDATE]: Term 1 election: Requested vote from peers 68b2fcfe7cd14781b14e00b27c37d52b (127.29.193.130:39375), 9a6bc572712d44ffb257ea4ac00cb193 (127.29.193.131:45179)
I20260608 09:51:30.685809 31343 raft_consensus.cc:493] T 326cb4de31e9405b93268b5e7bd33d7f P 7897f9229f074752b65c655c65a88f74 [term 0 FOLLOWER]: Starting pre-election (no leader contacted us within the election timeout)
I20260608 09:51:30.674450 31179 leader_election.cc:304] T 313c65c9d9424f90900823f51ea9470f P 68b2fcfe7cd14781b14e00b27c37d52b [CANDIDATE]: Term 1 pre-election: Election decided. Result: candidate won. Election summary: received 3 responses out of 3 voters: 2 yes votes; 1 no votes. yes voters: 68b2fcfe7cd14781b14e00b27c37d52b, 7897f9229f074752b65c655c65a88f74; no voters: 9a6bc572712d44ffb257ea4ac00cb193
I20260608 09:51:30.686977 31337 tablet_bootstrap.cc:492] T 4e4c5c2636df40118efb604236647e1e P 7897f9229f074752b65c655c65a88f74: No bootstrap required, opened a new log
I20260608 09:51:30.687450 31337 ts_tablet_manager.cc:1403] T 4e4c5c2636df40118efb604236647e1e P 7897f9229f074752b65c655c65a88f74: Time spent bootstrapping tablet: real 0.287s	user 0.095s	sys 0.123s
I20260608 09:51:30.688937 31348 raft_consensus.cc:2804] T 313c65c9d9424f90900823f51ea9470f P 68b2fcfe7cd14781b14e00b27c37d52b [term 0 FOLLOWER]: Leader pre-election won for term 1
I20260608 09:51:30.689424 31348 raft_consensus.cc:493] T 313c65c9d9424f90900823f51ea9470f P 68b2fcfe7cd14781b14e00b27c37d52b [term 0 FOLLOWER]: Starting leader election (no leader contacted us within the election timeout)
I20260608 09:51:30.689849 31348 raft_consensus.cc:3060] T 313c65c9d9424f90900823f51ea9470f P 68b2fcfe7cd14781b14e00b27c37d52b [term 0 FOLLOWER]: Advancing to term 1
I20260608 09:51:30.692947 31337 raft_consensus.cc:359] T 4e4c5c2636df40118efb604236647e1e P 7897f9229f074752b65c655c65a88f74 [term 0 FOLLOWER]: Replica starting. Triggering 0 pending ops. Active config: opid_index: -1 OBSOLETE_local: false peers { permanent_uuid: "7897f9229f074752b65c655c65a88f74" member_type: VOTER last_known_addr { host: "127.29.193.129" port: 35093 } } peers { permanent_uuid: "68b2fcfe7cd14781b14e00b27c37d52b" member_type: VOTER last_known_addr { host: "127.29.193.130" port: 39375 } } peers { permanent_uuid: "9a6bc572712d44ffb257ea4ac00cb193" member_type: VOTER last_known_addr { host: "127.29.193.131" port: 45179 } }
I20260608 09:51:30.693804 31337 raft_consensus.cc:385] T 4e4c5c2636df40118efb604236647e1e P 7897f9229f074752b65c655c65a88f74 [term 0 FOLLOWER]: Consensus starting up: Expiring failure detector timer to make a prompt election more likely
I20260608 09:51:30.694177 31337 raft_consensus.cc:740] T 4e4c5c2636df40118efb604236647e1e P 7897f9229f074752b65c655c65a88f74 [term 0 FOLLOWER]: Becoming Follower/Learner. State: Replica: 7897f9229f074752b65c655c65a88f74, State: Initialized, Role: FOLLOWER
I20260608 09:51:30.687863 31343 raft_consensus.cc:515] T 326cb4de31e9405b93268b5e7bd33d7f P 7897f9229f074752b65c655c65a88f74 [term 0 FOLLOWER]: Starting pre-election with config: opid_index: -1 OBSOLETE_local: false peers { permanent_uuid: "7897f9229f074752b65c655c65a88f74" member_type: VOTER last_known_addr { host: "127.29.193.129" port: 35093 } } peers { permanent_uuid: "68b2fcfe7cd14781b14e00b27c37d52b" member_type: VOTER last_known_addr { host: "127.29.193.130" port: 39375 } } peers { permanent_uuid: "9a6bc572712d44ffb257ea4ac00cb193" member_type: VOTER last_known_addr { host: "127.29.193.131" port: 45179 } }
I20260608 09:51:30.694098 31342 raft_consensus.cc:515] T 94fb866df658425db2aedab3e118f396 P 68b2fcfe7cd14781b14e00b27c37d52b [term 1 FOLLOWER]: Starting leader election with config: opid_index: -1 OBSOLETE_local: false peers { permanent_uuid: "7897f9229f074752b65c655c65a88f74" member_type: VOTER last_known_addr { host: "127.29.193.129" port: 35093 } } peers { permanent_uuid: "68b2fcfe7cd14781b14e00b27c37d52b" member_type: VOTER last_known_addr { host: "127.29.193.130" port: 39375 } } peers { permanent_uuid: "9a6bc572712d44ffb257ea4ac00cb193" member_type: VOTER last_known_addr { host: "127.29.193.131" port: 45179 } }
I20260608 09:51:30.695474 31337 consensus_queue.cc:260] T 4e4c5c2636df40118efb604236647e1e P 7897f9229f074752b65c655c65a88f74 [NON_LEADER]: Queue going to NON_LEADER mode. State: All replicated index: 0, Majority replicated index: 0, Committed index: 0, Last appended: 0.0, Last appended by leader: 0, Current term: 0, Majority size: -1, State: 0, Mode: NON_LEADER, active raft config: opid_index: -1 OBSOLETE_local: false peers { permanent_uuid: "7897f9229f074752b65c655c65a88f74" member_type: VOTER last_known_addr { host: "127.29.193.129" port: 35093 } } peers { permanent_uuid: "68b2fcfe7cd14781b14e00b27c37d52b" member_type: VOTER last_known_addr { host: "127.29.193.130" port: 39375 } } peers { permanent_uuid: "9a6bc572712d44ffb257ea4ac00cb193" member_type: VOTER last_known_addr { host: "127.29.193.131" port: 45179 } }
I20260608 09:51:30.696979 31343 leader_election.cc:290] T 326cb4de31e9405b93268b5e7bd33d7f P 7897f9229f074752b65c655c65a88f74 [CANDIDATE]: Term 1 pre-election: Requested pre-vote from peers 68b2fcfe7cd14781b14e00b27c37d52b (127.29.193.130:39375), 9a6bc572712d44ffb257ea4ac00cb193 (127.29.193.131:45179)
I20260608 09:51:30.690608 31357 raft_consensus.cc:493] T 4e4c5c2636df40118efb604236647e1e P 9a6bc572712d44ffb257ea4ac00cb193 [term 0 FOLLOWER]: Starting pre-election (no leader contacted us within the election timeout)
