I20260608 09:53:26.106462  6141 consensus_queue.cc:260] T 6a5074be1b414f76a8e5c7346dccd503 P f5df0de16ed54d688735b56354d95e08 [NON_LEADER]: Queue going to NON_LEADER mode. State: All replicated index: 0, Majority replicated index: 0, Committed index: 0, Last appended: 0.0, Last appended by leader: 0, Current term: 0, Majority size: -1, State: 0, Mode: NON_LEADER, active raft config: opid_index: -1 OBSOLETE_local: false peers { permanent_uuid: "f5df0de16ed54d688735b56354d95e08" member_type: VOTER last_known_addr { host: "127.1.112.129" port: 36797 } } peers { permanent_uuid: "70f95a26e27a4e8da6c9a85316cd9ddc" member_type: VOTER last_known_addr { host: "127.1.112.130" port: 35307 } } peers { permanent_uuid: "ba4afbb8a6cf4942b7bf993414c59e04" member_type: VOTER last_known_addr { host: "127.1.112.131" port: 41247 } }
I20260608 09:53:26.108124  6142 tablet_bootstrap.cc:492] T 1b370d852d28422abc6c69004eed8783 P ba4afbb8a6cf4942b7bf993414c59e04: No bootstrap required, opened a new log
I20260608 09:53:26.108419  6141 ts_tablet_manager.cc:1434] T 6a5074be1b414f76a8e5c7346dccd503 P f5df0de16ed54d688735b56354d95e08: Time spent starting tablet: real 0.006s	user 0.002s	sys 0.002s
I20260608 09:53:26.108580  6142 ts_tablet_manager.cc:1403] T 1b370d852d28422abc6c69004eed8783 P ba4afbb8a6cf4942b7bf993414c59e04: Time spent bootstrapping tablet: real 0.015s	user 0.010s	sys 0.000s
I20260608 09:53:26.111192  6140 tablet_bootstrap.cc:492] T 1b370d852d28422abc6c69004eed8783 P 70f95a26e27a4e8da6c9a85316cd9ddc: No bootstrap required, opened a new log
I20260608 09:53:26.111284  6142 raft_consensus.cc:359] T 1b370d852d28422abc6c69004eed8783 P ba4afbb8a6cf4942b7bf993414c59e04 [term 0 FOLLOWER]: Replica starting. Triggering 0 pending ops. Active config: opid_index: -1 OBSOLETE_local: false peers { permanent_uuid: "f5df0de16ed54d688735b56354d95e08" member_type: VOTER last_known_addr { host: "127.1.112.129" port: 36797 } } peers { permanent_uuid: "70f95a26e27a4e8da6c9a85316cd9ddc" member_type: VOTER last_known_addr { host: "127.1.112.130" port: 35307 } } peers { permanent_uuid: "ba4afbb8a6cf4942b7bf993414c59e04" member_type: VOTER last_known_addr { host: "127.1.112.131" port: 41247 } }
I20260608 09:53:26.111733  6140 ts_tablet_manager.cc:1403] T 1b370d852d28422abc6c69004eed8783 P 70f95a26e27a4e8da6c9a85316cd9ddc: Time spent bootstrapping tablet: real 0.054s	user 0.015s	sys 0.008s
I20260608 09:53:26.112030  6142 raft_consensus.cc:385] T 1b370d852d28422abc6c69004eed8783 P ba4afbb8a6cf4942b7bf993414c59e04 [term 0 FOLLOWER]: Consensus starting up: Expiring failure detector timer to make a prompt election more likely
I20260608 09:53:26.112304  6142 raft_consensus.cc:740] T 1b370d852d28422abc6c69004eed8783 P ba4afbb8a6cf4942b7bf993414c59e04 [term 0 FOLLOWER]: Becoming Follower/Learner. State: Replica: ba4afbb8a6cf4942b7bf993414c59e04, State: Initialized, Role: FOLLOWER
I20260608 09:53:26.113014  6142 consensus_queue.cc:260] T 1b370d852d28422abc6c69004eed8783 P ba4afbb8a6cf4942b7bf993414c59e04 [NON_LEADER]: Queue going to NON_LEADER mode. State: All replicated index: 0, Majority replicated index: 0, Committed index: 0, Last appended: 0.0, Last appended by leader: 0, Current term: 0, Majority size: -1, State: 0, Mode: NON_LEADER, active raft config: opid_index: -1 OBSOLETE_local: false peers { permanent_uuid: "f5df0de16ed54d688735b56354d95e08" member_type: VOTER last_known_addr { host: "127.1.112.129" port: 36797 } } peers { permanent_uuid: "70f95a26e27a4e8da6c9a85316cd9ddc" member_type: VOTER last_known_addr { host: "127.1.112.130" port: 35307 } } peers { permanent_uuid: "ba4afbb8a6cf4942b7bf993414c59e04" member_type: VOTER last_known_addr { host: "127.1.112.131" port: 41247 } }
I20260608 09:53:26.109618  6144 raft_consensus.cc:697] T 5808992c23aa4b51a9728d4beab826a7 P f5df0de16ed54d688735b56354d95e08 [term 1 LEADER]: Becoming Leader. State: Replica: f5df0de16ed54d688735b56354d95e08, State: Running, Role: LEADER
I20260608 09:53:26.114569  6140 raft_consensus.cc:359] T 1b370d852d28422abc6c69004eed8783 P 70f95a26e27a4e8da6c9a85316cd9ddc [term 0 FOLLOWER]: Replica starting. Triggering 0 pending ops. Active config: opid_index: -1 OBSOLETE_local: false peers { permanent_uuid: "f5df0de16ed54d688735b56354d95e08" member_type: VOTER last_known_addr { host: "127.1.112.129" port: 36797 } } peers { permanent_uuid: "70f95a26e27a4e8da6c9a85316cd9ddc" member_type: VOTER last_known_addr { host: "127.1.112.130" port: 35307 } } peers { permanent_uuid: "ba4afbb8a6cf4942b7bf993414c59e04" member_type: VOTER last_known_addr { host: "127.1.112.131" port: 41247 } }
I20260608 09:53:26.115259  6140 raft_consensus.cc:385] T 1b370d852d28422abc6c69004eed8783 P 70f95a26e27a4e8da6c9a85316cd9ddc [term 0 FOLLOWER]: Consensus starting up: Expiring failure detector timer to make a prompt election more likely
I20260608 09:53:26.115464  6142 ts_tablet_manager.cc:1434] T 1b370d852d28422abc6c69004eed8783 P ba4afbb8a6cf4942b7bf993414c59e04: Time spent starting tablet: real 0.007s	user 0.006s	sys 0.000s
I20260608 09:53:26.115655  6140 raft_consensus.cc:740] T 1b370d852d28422abc6c69004eed8783 P 70f95a26e27a4e8da6c9a85316cd9ddc [term 0 FOLLOWER]: Becoming Follower/Learner. State: Replica: 70f95a26e27a4e8da6c9a85316cd9ddc, State: Initialized, Role: FOLLOWER
I20260608 09:53:26.115293  6144 consensus_queue.cc:237] T 5808992c23aa4b51a9728d4beab826a7 P f5df0de16ed54d688735b56354d95e08 [LEADER]: Queue going to LEADER mode. State: All replicated index: 0, Majority replicated index: 0, Committed index: 0, Last appended: 0.0, Last appended by leader: 0, Current term: 1, Majority size: 2, State: 0, Mode: LEADER, active raft config: opid_index: -1 OBSOLETE_local: false peers { permanent_uuid: "f5df0de16ed54d688735b56354d95e08" member_type: VOTER last_known_addr { host: "127.1.112.129" port: 36797 } } peers { permanent_uuid: "70f95a26e27a4e8da6c9a85316cd9ddc" member_type: VOTER last_known_addr { host: "127.1.112.130" port: 35307 } } peers { permanent_uuid: "ba4afbb8a6cf4942b7bf993414c59e04" member_type: VOTER last_known_addr { host: "127.1.112.131" port: 41247 } }
I20260608 09:53:26.116475  6140 consensus_queue.cc:260] T 1b370d852d28422abc6c69004eed8783 P 70f95a26e27a4e8da6c9a85316cd9ddc [NON_LEADER]: Queue going to NON_LEADER mode. State: All replicated index: 0, Majority replicated index: 0, Committed index: 0, Last appended: 0.0, Last appended by leader: 0, Current term: 0, Majority size: -1, State: 0, Mode: NON_LEADER, active raft config: opid_index: -1 OBSOLETE_local: false peers { permanent_uuid: "f5df0de16ed54d688735b56354d95e08" member_type: VOTER last_known_addr { host: "127.1.112.129" port: 36797 } } peers { permanent_uuid: "70f95a26e27a4e8da6c9a85316cd9ddc" member_type: VOTER last_known_addr { host: "127.1.112.130" port: 35307 } } peers { permanent_uuid: "ba4afbb8a6cf4942b7bf993414c59e04" member_type: VOTER last_known_addr { host: "127.1.112.131" port: 41247 } }
I20260608 09:53:26.117873  6095 raft_consensus.cc:2468] T 41b3f277b18344ebabfbf2d095f06c09 P ba4afbb8a6cf4942b7bf993414c59e04 [term 1 FOLLOWER]: Leader election vote request: Granting yes vote for candidate 70f95a26e27a4e8da6c9a85316cd9ddc in term 1.
I20260608 09:53:26.118803  6140 ts_tablet_manager.cc:1434] T 1b370d852d28422abc6c69004eed8783 P 70f95a26e27a4e8da6c9a85316cd9ddc: Time spent starting tablet: real 0.007s	user 0.005s	sys 0.000s
I20260608 09:53:26.119081  5987 leader_election.cc:304] T 41b3f277b18344ebabfbf2d095f06c09 P 70f95a26e27a4e8da6c9a85316cd9ddc [CANDIDATE]: Term 1 election: Election decided. Result: candidate won. Election summary: received 2 responses out of 3 voters: 2 yes votes; 0 no votes. yes voters: 70f95a26e27a4e8da6c9a85316cd9ddc, ba4afbb8a6cf4942b7bf993414c59e04; no voters: 
I20260608 09:53:26.119719  6140 tablet_bootstrap.cc:492] T 8ec432b200ef4be78b90c25e1eb139c4 P 70f95a26e27a4e8da6c9a85316cd9ddc: Bootstrap starting.
I20260608 09:53:26.119971  6168 raft_consensus.cc:2804] T 41b3f277b18344ebabfbf2d095f06c09 P 70f95a26e27a4e8da6c9a85316cd9ddc [term 1 FOLLOWER]: Leader election won for term 1
I20260608 09:53:26.120450  6168 raft_consensus.cc:697] T 41b3f277b18344ebabfbf2d095f06c09 P 70f95a26e27a4e8da6c9a85316cd9ddc [term 1 LEADER]: Becoming Leader. State: Replica: 70f95a26e27a4e8da6c9a85316cd9ddc, State: Running, Role: LEADER
I20260608 09:53:26.121232  6168 consensus_queue.cc:237] T 41b3f277b18344ebabfbf2d095f06c09 P 70f95a26e27a4e8da6c9a85316cd9ddc [LEADER]: Queue going to LEADER mode. State: All replicated index: 0, Majority replicated index: 0, Committed index: 0, Last appended: 0.0, Last appended by leader: 0, Current term: 1, Majority size: 2, State: 0, Mode: LEADER, active raft config: opid_index: -1 OBSOLETE_local: false peers { permanent_uuid: "f5df0de16ed54d688735b56354d95e08" member_type: VOTER last_known_addr { host: "127.1.112.129" port: 36797 } } peers { permanent_uuid: "70f95a26e27a4e8da6c9a85316cd9ddc" member_type: VOTER last_known_addr { host: "127.1.112.130" port: 35307 } } peers { permanent_uuid: "ba4afbb8a6cf4942b7bf993414c59e04" member_type: VOTER last_known_addr { host: "127.1.112.131" port: 41247 } }
I20260608 09:53:26.123451  5946 raft_consensus.cc:2468] T 41b3f277b18344ebabfbf2d095f06c09 P f5df0de16ed54d688735b56354d95e08 [term 1 FOLLOWER]: Leader election vote request: Granting yes vote for candidate 70f95a26e27a4e8da6c9a85316cd9ddc in term 1.
I20260608 09:53:26.116619  6142 tablet_bootstrap.cc:492] T 7e9f9ed065384c8182abd7bf43ec1fe2 P ba4afbb8a6cf4942b7bf993414c59e04: Bootstrap starting.
I20260608 09:53:26.125849  6172 leader_election.cc:290] T 5808992c23aa4b51a9728d4beab826a7 P f5df0de16ed54d688735b56354d95e08 [CANDIDATE]: Term 1 election: Requested vote from peers 70f95a26e27a4e8da6c9a85316cd9ddc (127.1.112.130:35307), ba4afbb8a6cf4942b7bf993414c59e04 (127.1.112.131:41247)
I20260608 09:53:26.129310  6094 tablet_service.cc:1917] Received RequestConsensusVote() RPC: tablet_id: "5808992c23aa4b51a9728d4beab826a7" candidate_uuid: "f5df0de16ed54d688735b56354d95e08" candidate_term: 1 candidate_status { last_received { term: 0 index: 0 } } ignore_live_leader: false dest_uuid: "ba4afbb8a6cf4942b7bf993414c59e04"
I20260608 09:53:26.129575  6140 tablet_bootstrap.cc:654] T 8ec432b200ef4be78b90c25e1eb139c4 P 70f95a26e27a4e8da6c9a85316cd9ddc: Neither blocks nor log segments found. Creating new log.
W20260608 09:53:26.130950  5912 leader_election.cc:343] T 5808992c23aa4b51a9728d4beab826a7 P f5df0de16ed54d688735b56354d95e08 [CANDIDATE]: Term 1 election: Tablet error from VoteRequest() call to peer ba4afbb8a6cf4942b7bf993414c59e04 (127.1.112.131:41247): Illegal state: must be running to vote when last-logged opid is not known
I20260608 09:53:26.131407  6142 tablet_bootstrap.cc:654] T 7e9f9ed065384c8182abd7bf43ec1fe2 P ba4afbb8a6cf4942b7bf993414c59e04: Neither blocks nor log segments found. Creating new log.
I20260608 09:53:26.141124  6142 tablet_bootstrap.cc:492] T 7e9f9ed065384c8182abd7bf43ec1fe2 P ba4afbb8a6cf4942b7bf993414c59e04: No bootstrap required, opened a new log
I20260608 09:53:26.141496  6142 ts_tablet_manager.cc:1403] T 7e9f9ed065384c8182abd7bf43ec1fe2 P ba4afbb8a6cf4942b7bf993414c59e04: Time spent bootstrapping tablet: real 0.025s	user 0.015s	sys 0.000s
I20260608 09:53:26.143929  6142 raft_consensus.cc:359] T 7e9f9ed065384c8182abd7bf43ec1fe2 P ba4afbb8a6cf4942b7bf993414c59e04 [term 0 FOLLOWER]: Replica starting. Triggering 0 pending ops. Active config: opid_index: -1 OBSOLETE_local: false peers { permanent_uuid: "f5df0de16ed54d688735b56354d95e08" member_type: VOTER last_known_addr { host: "127.1.112.129" port: 36797 } } peers { permanent_uuid: "70f95a26e27a4e8da6c9a85316cd9ddc" member_type: VOTER last_known_addr { host: "127.1.112.130" port: 35307 } } peers { permanent_uuid: "ba4afbb8a6cf4942b7bf993414c59e04" member_type: VOTER last_known_addr { host: "127.1.112.131" port: 41247 } }
I20260608 09:53:26.146061  6140 tablet_bootstrap.cc:492] T 8ec432b200ef4be78b90c25e1eb139c4 P 70f95a26e27a4e8da6c9a85316cd9ddc: No bootstrap required, opened a new log
I20260608 09:53:26.146669  6140 ts_tablet_manager.cc:1403] T 8ec432b200ef4be78b90c25e1eb139c4 P 70f95a26e27a4e8da6c9a85316cd9ddc: Time spent bootstrapping tablet: real 0.027s	user 0.017s	sys 0.000s
I20260608 09:53:26.149472  6140 raft_consensus.cc:359] T 8ec432b200ef4be78b90c25e1eb139c4 P 70f95a26e27a4e8da6c9a85316cd9ddc [term 0 FOLLOWER]: Replica starting. Triggering 0 pending ops. Active config: opid_index: -1 OBSOLETE_local: false peers { permanent_uuid: "f5df0de16ed54d688735b56354d95e08" member_type: VOTER last_known_addr { host: "127.1.112.129" port: 36797 } } peers { permanent_uuid: "70f95a26e27a4e8da6c9a85316cd9ddc" member_type: VOTER last_known_addr { host: "127.1.112.130" port: 35307 } } peers { permanent_uuid: "ba4afbb8a6cf4942b7bf993414c59e04" member_type: VOTER last_known_addr { host: "127.1.112.131" port: 41247 } }
I20260608 09:53:26.149205  5844 catalog_manager.cc:5696] T 41b3f277b18344ebabfbf2d095f06c09 P 70f95a26e27a4e8da6c9a85316cd9ddc reported cstate change: term changed from 0 to 1, leader changed from <none> to 70f95a26e27a4e8da6c9a85316cd9ddc (127.1.112.130). New cstate: current_term: 1 leader_uuid: "70f95a26e27a4e8da6c9a85316cd9ddc" committed_config { opid_index: -1 OBSOLETE_local: false peers { permanent_uuid: "f5df0de16ed54d688735b56354d95e08" member_type: VOTER last_known_addr { host: "127.1.112.129" port: 36797 } health_report { overall_health: UNKNOWN } } peers { permanent_uuid: "70f95a26e27a4e8da6c9a85316cd9ddc" member_type: VOTER last_known_addr { host: "127.1.112.130" port: 35307 } health_report { overall_health: HEALTHY } } peers { permanent_uuid: "ba4afbb8a6cf4942b7bf993414c59e04" member_type: VOTER last_known_addr { host: "127.1.112.131" port: 41247 } health_report { overall_health: UNKNOWN } } }
I20260608 09:53:26.150153  6140 raft_consensus.cc:385] T 8ec432b200ef4be78b90c25e1eb139c4 P 70f95a26e27a4e8da6c9a85316cd9ddc [term 0 FOLLOWER]: Consensus starting up: Expiring failure detector timer to make a prompt election more likely
I20260608 09:53:26.150475  6140 raft_consensus.cc:740] T 8ec432b200ef4be78b90c25e1eb139c4 P 70f95a26e27a4e8da6c9a85316cd9ddc [term 0 FOLLOWER]: Becoming Follower/Learner. State: Replica: 70f95a26e27a4e8da6c9a85316cd9ddc, State: Initialized, Role: FOLLOWER
I20260608 09:53:26.151194  6140 consensus_queue.cc:260] T 8ec432b200ef4be78b90c25e1eb139c4 P 70f95a26e27a4e8da6c9a85316cd9ddc [NON_LEADER]: Queue going to NON_LEADER mode. State: All replicated index: 0, Majority replicated index: 0, Committed index: 0, Last appended: 0.0, Last appended by leader: 0, Current term: 0, Majority size: -1, State: 0, Mode: NON_LEADER, active raft config: opid_index: -1 OBSOLETE_local: false peers { permanent_uuid: "f5df0de16ed54d688735b56354d95e08" member_type: VOTER last_known_addr { host: "127.1.112.129" port: 36797 } } peers { permanent_uuid: "70f95a26e27a4e8da6c9a85316cd9ddc" member_type: VOTER last_known_addr { host: "127.1.112.130" port: 35307 } } peers { permanent_uuid: "ba4afbb8a6cf4942b7bf993414c59e04" member_type: VOTER last_known_addr { host: "127.1.112.131" port: 41247 } }
I20260608 09:53:26.151659  5841 catalog_manager.cc:5696] T 5808992c23aa4b51a9728d4beab826a7 P f5df0de16ed54d688735b56354d95e08 reported cstate change: term changed from 0 to 1, leader changed from <none> to f5df0de16ed54d688735b56354d95e08 (127.1.112.129). New cstate: current_term: 1 leader_uuid: "f5df0de16ed54d688735b56354d95e08" committed_config { opid_index: -1 OBSOLETE_local: false peers { permanent_uuid: "f5df0de16ed54d688735b56354d95e08" member_type: VOTER last_known_addr { host: "127.1.112.129" port: 36797 } health_report { overall_health: HEALTHY } } peers { permanent_uuid: "70f95a26e27a4e8da6c9a85316cd9ddc" member_type: VOTER last_known_addr { host: "127.1.112.130" port: 35307 } health_report { overall_health: UNKNOWN } } peers { permanent_uuid: "ba4afbb8a6cf4942b7bf993414c59e04" member_type: VOTER last_known_addr { host: "127.1.112.131" port: 41247 } health_report { overall_health: UNKNOWN } } }
I20260608 09:53:26.153206  6140 ts_tablet_manager.cc:1434] T 8ec432b200ef4be78b90c25e1eb139c4 P 70f95a26e27a4e8da6c9a85316cd9ddc: Time spent starting tablet: real 0.006s	user 0.003s	sys 0.000s
I20260608 09:53:26.154134  6140 tablet_bootstrap.cc:492] T 7e9f9ed065384c8182abd7bf43ec1fe2 P 70f95a26e27a4e8da6c9a85316cd9ddc: Bootstrap starting.
I20260608 09:53:26.154176  6142 raft_consensus.cc:385] T 7e9f9ed065384c8182abd7bf43ec1fe2 P ba4afbb8a6cf4942b7bf993414c59e04 [term 0 FOLLOWER]: Consensus starting up: Expiring failure detector timer to make a prompt election more likely
I20260608 09:53:26.154618  6142 raft_consensus.cc:740] T 7e9f9ed065384c8182abd7bf43ec1fe2 P ba4afbb8a6cf4942b7bf993414c59e04 [term 0 FOLLOWER]: Becoming Follower/Learner. State: Replica: ba4afbb8a6cf4942b7bf993414c59e04, State: Initialized, Role: FOLLOWER
I20260608 09:53:26.155243  6142 consensus_queue.cc:260] T 7e9f9ed065384c8182abd7bf43ec1fe2 P ba4afbb8a6cf4942b7bf993414c59e04 [NON_LEADER]: Queue going to NON_LEADER mode. State: All replicated index: 0, Majority replicated index: 0, Committed index: 0, Last appended: 0.0, Last appended by leader: 0, Current term: 0, Majority size: -1, State: 0, Mode: NON_LEADER, active raft config: opid_index: -1 OBSOLETE_local: false peers { permanent_uuid: "f5df0de16ed54d688735b56354d95e08" member_type: VOTER last_known_addr { host: "127.1.112.129" port: 36797 } } peers { permanent_uuid: "70f95a26e27a4e8da6c9a85316cd9ddc" member_type: VOTER last_known_addr { host: "127.1.112.130" port: 35307 } } peers { permanent_uuid: "ba4afbb8a6cf4942b7bf993414c59e04" member_type: VOTER last_known_addr { host: "127.1.112.131" port: 41247 } }
I20260608 09:53:26.157105  6142 ts_tablet_manager.cc:1434] T 7e9f9ed065384c8182abd7bf43ec1fe2 P ba4afbb8a6cf4942b7bf993414c59e04: Time spent starting tablet: real 0.015s	user 0.003s	sys 0.000s
I20260608 09:53:26.157567  6168 raft_consensus.cc:493] T 0325aece0bb24b87981b0a64fc8e8662 P 70f95a26e27a4e8da6c9a85316cd9ddc [term 0 FOLLOWER]: Starting pre-election (no leader contacted us within the election timeout)
I20260608 09:53:26.158015  6168 raft_consensus.cc:515] T 0325aece0bb24b87981b0a64fc8e8662 P 70f95a26e27a4e8da6c9a85316cd9ddc [term 0 FOLLOWER]: Starting pre-election with config: opid_index: -1 OBSOLETE_local: false peers { permanent_uuid: "f5df0de16ed54d688735b56354d95e08" member_type: VOTER last_known_addr { host: "127.1.112.129" port: 36797 } } peers { permanent_uuid: "70f95a26e27a4e8da6c9a85316cd9ddc" member_type: VOTER last_known_addr { host: "127.1.112.130" port: 35307 } } peers { permanent_uuid: "ba4afbb8a6cf4942b7bf993414c59e04" member_type: VOTER last_known_addr { host: "127.1.112.131" port: 41247 } }
I20260608 09:53:26.160213  6168 leader_election.cc:290] T 0325aece0bb24b87981b0a64fc8e8662 P 70f95a26e27a4e8da6c9a85316cd9ddc [CANDIDATE]: Term 1 pre-election: Requested pre-vote from peers f5df0de16ed54d688735b56354d95e08 (127.1.112.129:36797), ba4afbb8a6cf4942b7bf993414c59e04 (127.1.112.131:41247)
I20260608 09:53:26.160492  6140 tablet_bootstrap.cc:654] T 7e9f9ed065384c8182abd7bf43ec1fe2 P 70f95a26e27a4e8da6c9a85316cd9ddc: Neither blocks nor log segments found. Creating new log.
I20260608 09:53:26.160897  6142 tablet_bootstrap.cc:492] T 8ec432b200ef4be78b90c25e1eb139c4 P ba4afbb8a6cf4942b7bf993414c59e04: Bootstrap starting.
I20260608 09:53:26.160856  5946 tablet_service.cc:1917] Received RequestConsensusVote() RPC: tablet_id: "0325aece0bb24b87981b0a64fc8e8662" candidate_uuid: "70f95a26e27a4e8da6c9a85316cd9ddc" candidate_term: 1 candidate_status { last_received { term: 0 index: 0 } } ignore_live_leader: false dest_uuid: "f5df0de16ed54d688735b56354d95e08" is_pre_election: true
I20260608 09:53:26.161303  6095 tablet_service.cc:1917] Received RequestConsensusVote() RPC: tablet_id: "0325aece0bb24b87981b0a64fc8e8662" candidate_uuid: "70f95a26e27a4e8da6c9a85316cd9ddc" candidate_term: 1 candidate_status { last_received { term: 0 index: 0 } } ignore_live_leader: false dest_uuid: "ba4afbb8a6cf4942b7bf993414c59e04" is_pre_election: true
I20260608 09:53:26.161916  6095 raft_consensus.cc:2468] T 0325aece0bb24b87981b0a64fc8e8662 P ba4afbb8a6cf4942b7bf993414c59e04 [term 0 FOLLOWER]: Leader pre-election vote request: Granting yes vote for candidate 70f95a26e27a4e8da6c9a85316cd9ddc in term 0.
I20260608 09:53:26.163148  5987 leader_election.cc:304] T 0325aece0bb24b87981b0a64fc8e8662 P 70f95a26e27a4e8da6c9a85316cd9ddc [CANDIDATE]: Term 1 pre-election: Election decided. Result: candidate won. Election summary: received 2 responses out of 3 voters: 2 yes votes; 0 no votes. yes voters: 70f95a26e27a4e8da6c9a85316cd9ddc, ba4afbb8a6cf4942b7bf993414c59e04; no voters: 
I20260608 09:53:26.163996  6168 raft_consensus.cc:2804] T 0325aece0bb24b87981b0a64fc8e8662 P 70f95a26e27a4e8da6c9a85316cd9ddc [term 0 FOLLOWER]: Leader pre-election won for term 1
I20260608 09:53:26.164353  6168 raft_consensus.cc:493] T 0325aece0bb24b87981b0a64fc8e8662 P 70f95a26e27a4e8da6c9a85316cd9ddc [term 0 FOLLOWER]: Starting leader election (no leader contacted us within the election timeout)
I20260608 09:53:26.165128  6168 raft_consensus.cc:3060] T 0325aece0bb24b87981b0a64fc8e8662 P 70f95a26e27a4e8da6c9a85316cd9ddc [term 0 FOLLOWER]: Advancing to term 1
I20260608 09:53:26.168056  6142 tablet_bootstrap.cc:654] T 8ec432b200ef4be78b90c25e1eb139c4 P ba4afbb8a6cf4942b7bf993414c59e04: Neither blocks nor log segments found. Creating new log.
I20260608 09:53:26.173180  6168 raft_consensus.cc:515] T 0325aece0bb24b87981b0a64fc8e8662 P 70f95a26e27a4e8da6c9a85316cd9ddc [term 1 FOLLOWER]: Starting leader election with config: opid_index: -1 OBSOLETE_local: false peers { permanent_uuid: "f5df0de16ed54d688735b56354d95e08" member_type: VOTER last_known_addr { host: "127.1.112.129" port: 36797 } } peers { permanent_uuid: "70f95a26e27a4e8da6c9a85316cd9ddc" member_type: VOTER last_known_addr { host: "127.1.112.130" port: 35307 } } peers { permanent_uuid: "ba4afbb8a6cf4942b7bf993414c59e04" member_type: VOTER last_known_addr { host: "127.1.112.131" port: 41247 } }
I20260608 09:53:26.181738  5946 raft_consensus.cc:2468] T 0325aece0bb24b87981b0a64fc8e8662 P f5df0de16ed54d688735b56354d95e08 [term 0 FOLLOWER]: Leader pre-election vote request: Granting yes vote for candidate 70f95a26e27a4e8da6c9a85316cd9ddc in term 0.
I20260608 09:53:26.185926  5946 tablet_service.cc:1917] Received RequestConsensusVote() RPC: tablet_id: "0325aece0bb24b87981b0a64fc8e8662" candidate_uuid: "70f95a26e27a4e8da6c9a85316cd9ddc" candidate_term: 1 candidate_status { last_received { term: 0 index: 0 } } ignore_live_leader: false dest_uuid: "f5df0de16ed54d688735b56354d95e08"
I20260608 09:53:26.186012  6095 tablet_service.cc:1917] Received RequestConsensusVote() RPC: tablet_id: "0325aece0bb24b87981b0a64fc8e8662" candidate_uuid: "70f95a26e27a4e8da6c9a85316cd9ddc" candidate_term: 1 candidate_status { last_received { term: 0 index: 0 } } ignore_live_leader: false dest_uuid: "ba4afbb8a6cf4942b7bf993414c59e04"
I20260608 09:53:26.186563  5946 raft_consensus.cc:3060] T 0325aece0bb24b87981b0a64fc8e8662 P f5df0de16ed54d688735b56354d95e08 [term 0 FOLLOWER]: Advancing to term 1
I20260608 09:53:26.187165  6165 raft_consensus.cc:493] T 6a5074be1b414f76a8e5c7346dccd503 P ba4afbb8a6cf4942b7bf993414c59e04 [term 0 FOLLOWER]: Starting pre-election (no leader contacted us within the election timeout)
I20260608 09:53:26.187680  6165 raft_consensus.cc:515] T 6a5074be1b414f76a8e5c7346dccd503 P ba4afbb8a6cf4942b7bf993414c59e04 [term 0 FOLLOWER]: Starting pre-election with config: opid_index: -1 OBSOLETE_local: false peers { permanent_uuid: "f5df0de16ed54d688735b56354d95e08" member_type: VOTER last_known_addr { host: "127.1.112.129" port: 36797 } } peers { permanent_uuid: "70f95a26e27a4e8da6c9a85316cd9ddc" member_type: VOTER last_known_addr { host: "127.1.112.130" port: 35307 } } peers { permanent_uuid: "ba4afbb8a6cf4942b7bf993414c59e04" member_type: VOTER last_known_addr { host: "127.1.112.131" port: 41247 } }
I20260608 09:53:26.190002  6165 leader_election.cc:290] T 6a5074be1b414f76a8e5c7346dccd503 P ba4afbb8a6cf4942b7bf993414c59e04 [CANDIDATE]: Term 1 pre-election: Requested pre-vote from peers f5df0de16ed54d688735b56354d95e08 (127.1.112.129:36797), 70f95a26e27a4e8da6c9a85316cd9ddc (127.1.112.130:35307)
I20260608 09:53:26.191128  6020 tablet_service.cc:1917] Received RequestConsensusVote() RPC: tablet_id: "6a5074be1b414f76a8e5c7346dccd503" candidate_uuid: "ba4afbb8a6cf4942b7bf993414c59e04" candidate_term: 1 candidate_status { last_received { term: 0 index: 0 } } ignore_live_leader: false dest_uuid: "70f95a26e27a4e8da6c9a85316cd9ddc" is_pre_election: true
I20260608 09:53:26.191710  5943 tablet_service.cc:1917] Received RequestConsensusVote() RPC: tablet_id: "6a5074be1b414f76a8e5c7346dccd503" candidate_uuid: "ba4afbb8a6cf4942b7bf993414c59e04" candidate_term: 1 candidate_status { last_received { term: 0 index: 0 } } ignore_live_leader: false dest_uuid: "f5df0de16ed54d688735b56354d95e08" is_pre_election: true
I20260608 09:53:26.192431  5943 raft_consensus.cc:2468] T 6a5074be1b414f76a8e5c7346dccd503 P f5df0de16ed54d688735b56354d95e08 [term 0 FOLLOWER]: Leader pre-election vote request: Granting yes vote for candidate ba4afbb8a6cf4942b7bf993414c59e04 in term 0.
I20260608 09:53:26.193885  6058 leader_election.cc:304] T 6a5074be1b414f76a8e5c7346dccd503 P ba4afbb8a6cf4942b7bf993414c59e04 [CANDIDATE]: Term 1 pre-election: Election decided. Result: candidate won. Election summary: received 2 responses out of 3 voters: 2 yes votes; 0 no votes. yes voters: ba4afbb8a6cf4942b7bf993414c59e04, f5df0de16ed54d688735b56354d95e08; no voters: 
I20260608 09:53:26.191747  6020 raft_consensus.cc:2468] T 6a5074be1b414f76a8e5c7346dccd503 P 70f95a26e27a4e8da6c9a85316cd9ddc [term 0 FOLLOWER]: Leader pre-election vote request: Granting yes vote for candidate ba4afbb8a6cf4942b7bf993414c59e04 in term 0.
I20260608 09:53:26.196720  6165 raft_consensus.cc:2804] T 6a5074be1b414f76a8e5c7346dccd503 P ba4afbb8a6cf4942b7bf993414c59e04 [term 0 FOLLOWER]: Leader pre-election won for term 1
I20260608 09:53:26.197191  6165 raft_consensus.cc:493] T 6a5074be1b414f76a8e5c7346dccd503 P ba4afbb8a6cf4942b7bf993414c59e04 [term 0 FOLLOWER]: Starting leader election (no leader contacted us within the election timeout)
I20260608 09:53:26.197863  6165 raft_consensus.cc:3060] T 6a5074be1b414f76a8e5c7346dccd503 P ba4afbb8a6cf4942b7bf993414c59e04 [term 0 FOLLOWER]: Advancing to term 1
I20260608 09:53:26.186736  6095 raft_consensus.cc:3060] T 0325aece0bb24b87981b0a64fc8e8662 P ba4afbb8a6cf4942b7bf993414c59e04 [term 0 FOLLOWER]: Advancing to term 1
I20260608 09:53:26.202891  5946 raft_consensus.cc:2468] T 0325aece0bb24b87981b0a64fc8e8662 P f5df0de16ed54d688735b56354d95e08 [term 1 FOLLOWER]: Leader election vote request: Granting yes vote for candidate 70f95a26e27a4e8da6c9a85316cd9ddc in term 1.
I20260608 09:53:26.204159  5984 leader_election.cc:304] T 0325aece0bb24b87981b0a64fc8e8662 P 70f95a26e27a4e8da6c9a85316cd9ddc [CANDIDATE]: Term 1 election: Election decided. Result: candidate won. Election summary: received 2 responses out of 3 voters: 2 yes votes; 0 no votes. yes voters: 70f95a26e27a4e8da6c9a85316cd9ddc, f5df0de16ed54d688735b56354d95e08; no voters: 
I20260608 09:53:26.205060  6149 raft_consensus.cc:493] T af24eda4852a49948b8b78f30a9eaced P ba4afbb8a6cf4942b7bf993414c59e04 [term 0 FOLLOWER]: Starting pre-election (no leader contacted us within the election timeout)
I20260608 09:53:26.205596  6149 raft_consensus.cc:515] T af24eda4852a49948b8b78f30a9eaced P ba4afbb8a6cf4942b7bf993414c59e04 [term 0 FOLLOWER]: Starting pre-election with config: opid_index: -1 OBSOLETE_local: false peers { permanent_uuid: "f5df0de16ed54d688735b56354d95e08" member_type: VOTER last_known_addr { host: "127.1.112.129" port: 36797 } } peers { permanent_uuid: "70f95a26e27a4e8da6c9a85316cd9ddc" member_type: VOTER last_known_addr { host: "127.1.112.130" port: 35307 } } peers { permanent_uuid: "ba4afbb8a6cf4942b7bf993414c59e04" member_type: VOTER last_known_addr { host: "127.1.112.131" port: 41247 } }
I20260608 09:53:26.207676  6140 tablet_bootstrap.cc:492] T 7e9f9ed065384c8182abd7bf43ec1fe2 P 70f95a26e27a4e8da6c9a85316cd9ddc: No bootstrap required, opened a new log
I20260608 09:53:26.208014  6140 ts_tablet_manager.cc:1403] T 7e9f9ed065384c8182abd7bf43ec1fe2 P 70f95a26e27a4e8da6c9a85316cd9ddc: Time spent bootstrapping tablet: real 0.054s	user 0.003s	sys 0.047s
I20260608 09:53:26.208052  6149 leader_election.cc:290] T af24eda4852a49948b8b78f30a9eaced P ba4afbb8a6cf4942b7bf993414c59e04 [CANDIDATE]: Term 1 pre-election: Requested pre-vote from peers f5df0de16ed54d688735b56354d95e08 (127.1.112.129:36797), 70f95a26e27a4e8da6c9a85316cd9ddc (127.1.112.130:35307)
I20260608 09:53:26.208702  6148 raft_consensus.cc:2804] T 0325aece0bb24b87981b0a64fc8e8662 P 70f95a26e27a4e8da6c9a85316cd9ddc [term 1 FOLLOWER]: Leader election won for term 1
I20260608 09:53:26.209213  6148 raft_consensus.cc:697] T 0325aece0bb24b87981b0a64fc8e8662 P 70f95a26e27a4e8da6c9a85316cd9ddc [term 1 LEADER]: Becoming Leader. State: Replica: 70f95a26e27a4e8da6c9a85316cd9ddc, State: Running, Role: LEADER
I20260608 09:53:26.210104  6148 consensus_queue.cc:237] T 0325aece0bb24b87981b0a64fc8e8662 P 70f95a26e27a4e8da6c9a85316cd9ddc [LEADER]: Queue going to LEADER mode. State: All replicated index: 0, Majority replicated index: 0, Committed index: 0, Last appended: 0.0, Last appended by leader: 0, Current term: 1, Majority size: 2, State: 0, Mode: LEADER, active raft config: opid_index: -1 OBSOLETE_local: false peers { permanent_uuid: "f5df0de16ed54d688735b56354d95e08" member_type: VOTER last_known_addr { host: "127.1.112.129" port: 36797 } } peers { permanent_uuid: "70f95a26e27a4e8da6c9a85316cd9ddc" member_type: VOTER last_known_addr { host: "127.1.112.130" port: 35307 } } peers { permanent_uuid: "ba4afbb8a6cf4942b7bf993414c59e04" member_type: VOTER last_known_addr { host: "127.1.112.131" port: 41247 } }
I20260608 09:53:26.211052  6140 raft_consensus.cc:359] T 7e9f9ed065384c8182abd7bf43ec1fe2 P 70f95a26e27a4e8da6c9a85316cd9ddc [term 0 FOLLOWER]: Replica starting. Triggering 0 pending ops. Active config: opid_index: -1 OBSOLETE_local: false peers { permanent_uuid: "f5df0de16ed54d688735b56354d95e08" member_type: VOTER last_known_addr { host: "127.1.112.129" port: 36797 } } peers { permanent_uuid: "70f95a26e27a4e8da6c9a85316cd9ddc" member_type: VOTER last_known_addr { host: "127.1.112.130" port: 35307 } } peers { permanent_uuid: "ba4afbb8a6cf4942b7bf993414c59e04" member_type: VOTER last_known_addr { host: "127.1.112.131" port: 41247 } }
I20260608 09:53:26.211671  6140 raft_consensus.cc:385] T 7e9f9ed065384c8182abd7bf43ec1fe2 P 70f95a26e27a4e8da6c9a85316cd9ddc [term 0 FOLLOWER]: Consensus starting up: Expiring failure detector timer to make a prompt election more likely
I20260608 09:53:26.211925  6140 raft_consensus.cc:740] T 7e9f9ed065384c8182abd7bf43ec1fe2 P 70f95a26e27a4e8da6c9a85316cd9ddc [term 0 FOLLOWER]: Becoming Follower/Learner. State: Replica: 70f95a26e27a4e8da6c9a85316cd9ddc, State: Initialized, Role: FOLLOWER
I20260608 09:53:26.212543  6140 consensus_queue.cc:260] T 7e9f9ed065384c8182abd7bf43ec1fe2 P 70f95a26e27a4e8da6c9a85316cd9ddc [NON_LEADER]: Queue going to NON_LEADER mode. State: All replicated index: 0, Majority replicated index: 0, Committed index: 0, Last appended: 0.0, Last appended by leader: 0, Current term: 0, Majority size: -1, State: 0, Mode: NON_LEADER, active raft config: opid_index: -1 OBSOLETE_local: false peers { permanent_uuid: "f5df0de16ed54d688735b56354d95e08" member_type: VOTER last_known_addr { host: "127.1.112.129" port: 36797 } } peers { permanent_uuid: "70f95a26e27a4e8da6c9a85316cd9ddc" member_type: VOTER last_known_addr { host: "127.1.112.130" port: 35307 } } peers { permanent_uuid: "ba4afbb8a6cf4942b7bf993414c59e04" member_type: VOTER last_known_addr { host: "127.1.112.131" port: 41247 } }
I20260608 09:53:26.214783  6140 ts_tablet_manager.cc:1434] T 7e9f9ed065384c8182abd7bf43ec1fe2 P 70f95a26e27a4e8da6c9a85316cd9ddc: Time spent starting tablet: real 0.007s	user 0.003s	sys 0.003s
I20260608 09:53:26.214818  5946 tablet_service.cc:1917] Received RequestConsensusVote() RPC: tablet_id: "af24eda4852a49948b8b78f30a9eaced" candidate_uuid: "ba4afbb8a6cf4942b7bf993414c59e04" candidate_term: 1 candidate_status { last_received { term: 0 index: 0 } } ignore_live_leader: false dest_uuid: "f5df0de16ed54d688735b56354d95e08" is_pre_election: true
I20260608 09:53:26.215440  6165 raft_consensus.cc:515] T 6a5074be1b414f76a8e5c7346dccd503 P ba4afbb8a6cf4942b7bf993414c59e04 [term 1 FOLLOWER]: Starting leader election with config: opid_index: -1 OBSOLETE_local: false peers { permanent_uuid: "f5df0de16ed54d688735b56354d95e08" member_type: VOTER last_known_addr { host: "127.1.112.129" port: 36797 } } peers { permanent_uuid: "70f95a26e27a4e8da6c9a85316cd9ddc" member_type: VOTER last_known_addr { host: "127.1.112.130" port: 35307 } } peers { permanent_uuid: "ba4afbb8a6cf4942b7bf993414c59e04" member_type: VOTER last_known_addr { host: "127.1.112.131" port: 41247 } }
I20260608 09:53:26.215735  5946 raft_consensus.cc:2393] T af24eda4852a49948b8b78f30a9eaced P f5df0de16ed54d688735b56354d95e08 [term 1 FOLLOWER]: Leader pre-election vote request: Denying vote to candidate ba4afbb8a6cf4942b7bf993414c59e04 in current term 1: Already voted for candidate 70f95a26e27a4e8da6c9a85316cd9ddc in this term.
I20260608 09:53:26.216864  6020 tablet_service.cc:1917] Received RequestConsensusVote() RPC: tablet_id: "af24eda4852a49948b8b78f30a9eaced" candidate_uuid: "ba4afbb8a6cf4942b7bf993414c59e04" candidate_term: 1 candidate_status { last_received { term: 0 index: 0 } } ignore_live_leader: false dest_uuid: "70f95a26e27a4e8da6c9a85316cd9ddc" is_pre_election: true
I20260608 09:53:26.218406  6060 leader_election.cc:304] T af24eda4852a49948b8b78f30a9eaced P ba4afbb8a6cf4942b7bf993414c59e04 [CANDIDATE]: Term 1 pre-election: Election decided. Result: candidate lost. Election summary: received 3 responses out of 3 voters: 1 yes votes; 2 no votes. yes voters: ba4afbb8a6cf4942b7bf993414c59e04; no voters: 70f95a26e27a4e8da6c9a85316cd9ddc, f5df0de16ed54d688735b56354d95e08
I20260608 09:53:26.219113  6020 tablet_service.cc:1917] Received RequestConsensusVote() RPC: tablet_id: "6a5074be1b414f76a8e5c7346dccd503" candidate_uuid: "ba4afbb8a6cf4942b7bf993414c59e04" candidate_term: 1 candidate_status { last_received { term: 0 index: 0 } } ignore_live_leader: false dest_uuid: "70f95a26e27a4e8da6c9a85316cd9ddc"
I20260608 09:53:26.219725  6020 raft_consensus.cc:3060] T 6a5074be1b414f76a8e5c7346dccd503 P 70f95a26e27a4e8da6c9a85316cd9ddc [term 0 FOLLOWER]: Advancing to term 1
I20260608 09:53:26.220000  6095 raft_consensus.cc:2468] T 0325aece0bb24b87981b0a64fc8e8662 P ba4afbb8a6cf4942b7bf993414c59e04 [term 1 FOLLOWER]: Leader election vote request: Granting yes vote for candidate 70f95a26e27a4e8da6c9a85316cd9ddc in term 1.
I20260608 09:53:26.220687  6168 leader_election.cc:290] T 0325aece0bb24b87981b0a64fc8e8662 P 70f95a26e27a4e8da6c9a85316cd9ddc [CANDIDATE]: Term 1 election: Requested vote from peers f5df0de16ed54d688735b56354d95e08 (127.1.112.129:36797), ba4afbb8a6cf4942b7bf993414c59e04 (127.1.112.131:41247)
I20260608 09:53:26.221208  6165 leader_election.cc:290] T 6a5074be1b414f76a8e5c7346dccd503 P ba4afbb8a6cf4942b7bf993414c59e04 [CANDIDATE]: Term 1 election: Requested vote from peers f5df0de16ed54d688735b56354d95e08 (127.1.112.129:36797), 70f95a26e27a4e8da6c9a85316cd9ddc (127.1.112.130:35307)
I20260608 09:53:26.221719  6165 raft_consensus.cc:3060] T af24eda4852a49948b8b78f30a9eaced P ba4afbb8a6cf4942b7bf993414c59e04 [term 0 FOLLOWER]: Advancing to term 1
I20260608 09:53:26.225696  5946 tablet_service.cc:1917] Received RequestConsensusVote() RPC: tablet_id: "6a5074be1b414f76a8e5c7346dccd503" candidate_uuid: "ba4afbb8a6cf4942b7bf993414c59e04" candidate_term: 1 candidate_status { last_received { term: 0 index: 0 } } ignore_live_leader: false dest_uuid: "f5df0de16ed54d688735b56354d95e08"
I20260608 09:53:26.226347  6165 raft_consensus.cc:2749] T af24eda4852a49948b8b78f30a9eaced P ba4afbb8a6cf4942b7bf993414c59e04 [term 1 FOLLOWER]: Leader pre-election lost for term 1. Reason: could not achieve majority
I20260608 09:53:26.226408  5946 raft_consensus.cc:3060] T 6a5074be1b414f76a8e5c7346dccd503 P f5df0de16ed54d688735b56354d95e08 [term 0 FOLLOWER]: Advancing to term 1
I20260608 09:53:26.228471  6142 tablet_bootstrap.cc:492] T 8ec432b200ef4be78b90c25e1eb139c4 P ba4afbb8a6cf4942b7bf993414c59e04: No bootstrap required, opened a new log
I20260608 09:53:26.228971  6142 ts_tablet_manager.cc:1403] T 8ec432b200ef4be78b90c25e1eb139c4 P ba4afbb8a6cf4942b7bf993414c59e04: Time spent bootstrapping tablet: real 0.068s	user 0.027s	sys 0.038s
I20260608 09:53:26.231633  6142 raft_consensus.cc:359] T 8ec432b200ef4be78b90c25e1eb139c4 P ba4afbb8a6cf4942b7bf993414c59e04 [term 0 FOLLOWER]: Replica starting. Triggering 0 pending ops. Active config: opid_index: -1 OBSOLETE_local: false peers { permanent_uuid: "f5df0de16ed54d688735b56354d95e08" member_type: VOTER last_known_addr { host: "127.1.112.129" port: 36797 } } peers { permanent_uuid: "70f95a26e27a4e8da6c9a85316cd9ddc" member_type: VOTER last_known_addr { host: "127.1.112.130" port: 35307 } } peers { permanent_uuid: "ba4afbb8a6cf4942b7bf993414c59e04" member_type: VOTER last_known_addr { host: "127.1.112.131" port: 41247 } }
I20260608 09:53:26.232316  6142 raft_consensus.cc:385] T 8ec432b200ef4be78b90c25e1eb139c4 P ba4afbb8a6cf4942b7bf993414c59e04 [term 0 FOLLOWER]: Consensus starting up: Expiring failure detector timer to make a prompt election more likely
I20260608 09:53:26.232626  6142 raft_consensus.cc:740] T 8ec432b200ef4be78b90c25e1eb139c4 P ba4afbb8a6cf4942b7bf993414c59e04 [term 0 FOLLOWER]: Becoming Follower/Learner. State: Replica: ba4afbb8a6cf4942b7bf993414c59e04, State: Initialized, Role: FOLLOWER
I20260608 09:53:26.232919  5946 raft_consensus.cc:2468] T 6a5074be1b414f76a8e5c7346dccd503 P f5df0de16ed54d688735b56354d95e08 [term 1 FOLLOWER]: Leader election vote request: Granting yes vote for candidate ba4afbb8a6cf4942b7bf993414c59e04 in term 1.
I20260608 09:53:26.233733  6020 raft_consensus.cc:2468] T 6a5074be1b414f76a8e5c7346dccd503 P 70f95a26e27a4e8da6c9a85316cd9ddc [term 1 FOLLOWER]: Leader election vote request: Granting yes vote for candidate ba4afbb8a6cf4942b7bf993414c59e04 in term 1.
I20260608 09:53:26.233645  6142 consensus_queue.cc:260] T 8ec432b200ef4be78b90c25e1eb139c4 P ba4afbb8a6cf4942b7bf993414c59e04 [NON_LEADER]: Queue going to NON_LEADER mode. State: All replicated index: 0, Majority replicated index: 0, Committed index: 0, Last appended: 0.0, Last appended by leader: 0, Current term: 0, Majority size: -1, State: 0, Mode: NON_LEADER, active raft config: opid_index: -1 OBSOLETE_local: false peers { permanent_uuid: "f5df0de16ed54d688735b56354d95e08" member_type: VOTER last_known_addr { host: "127.1.112.129" port: 36797 } } peers { permanent_uuid: "70f95a26e27a4e8da6c9a85316cd9ddc" member_type: VOTER last_known_addr { host: "127.1.112.130" port: 35307 } } peers { permanent_uuid: "ba4afbb8a6cf4942b7bf993414c59e04" member_type: VOTER last_known_addr { host: "127.1.112.131" port: 41247 } }
I20260608 09:53:26.234371  6058 leader_election.cc:304] T 6a5074be1b414f76a8e5c7346dccd503 P ba4afbb8a6cf4942b7bf993414c59e04 [CANDIDATE]: Term 1 election: Election decided. Result: candidate won. Election summary: received 2 responses out of 3 voters: 2 yes votes; 0 no votes. yes voters: ba4afbb8a6cf4942b7bf993414c59e04, f5df0de16ed54d688735b56354d95e08; no voters: 
I20260608 09:53:26.235538  6149 raft_consensus.cc:2804] T 6a5074be1b414f76a8e5c7346dccd503 P ba4afbb8a6cf4942b7bf993414c59e04 [term 1 FOLLOWER]: Leader election won for term 1
I20260608 09:53:26.235858  6142 ts_tablet_manager.cc:1434] T 8ec432b200ef4be78b90c25e1eb139c4 P ba4afbb8a6cf4942b7bf993414c59e04: Time spent starting tablet: real 0.007s	user 0.006s	sys 0.000s
I20260608 09:53:26.236055  6149 raft_consensus.cc:697] T 6a5074be1b414f76a8e5c7346dccd503 P ba4afbb8a6cf4942b7bf993414c59e04 [term 1 LEADER]: Becoming Leader. State: Replica: ba4afbb8a6cf4942b7bf993414c59e04, State: Running, Role: LEADER
I20260608 09:53:26.236852  6142 tablet_bootstrap.cc:492] T 5808992c23aa4b51a9728d4beab826a7 P ba4afbb8a6cf4942b7bf993414c59e04: Bootstrap starting.
I20260608 09:53:26.236888  6149 consensus_queue.cc:237] T 6a5074be1b414f76a8e5c7346dccd503 P ba4afbb8a6cf4942b7bf993414c59e04 [LEADER]: Queue going to LEADER mode. State: All replicated index: 0, Majority replicated index: 0, Committed index: 0, Last appended: 0.0, Last appended by leader: 0, Current term: 1, Majority size: 2, State: 0, Mode: LEADER, active raft config: opid_index: -1 OBSOLETE_local: false peers { permanent_uuid: "f5df0de16ed54d688735b56354d95e08" member_type: VOTER last_known_addr { host: "127.1.112.129" port: 36797 } } peers { permanent_uuid: "70f95a26e27a4e8da6c9a85316cd9ddc" member_type: VOTER last_known_addr { host: "127.1.112.130" port: 35307 } } peers { permanent_uuid: "ba4afbb8a6cf4942b7bf993414c59e04" member_type: VOTER last_known_addr { host: "127.1.112.131" port: 41247 } }
I20260608 09:53:26.242666  6142 tablet_bootstrap.cc:654] T 5808992c23aa4b51a9728d4beab826a7 P ba4afbb8a6cf4942b7bf993414c59e04: Neither blocks nor log segments found. Creating new log.
I20260608 09:53:26.243151  6148 raft_consensus.cc:493] T 1b370d852d28422abc6c69004eed8783 P 70f95a26e27a4e8da6c9a85316cd9ddc [term 0 FOLLOWER]: Starting pre-election (no leader contacted us within the election timeout)
I20260608 09:53:26.243619  6148 raft_consensus.cc:515] T 1b370d852d28422abc6c69004eed8783 P 70f95a26e27a4e8da6c9a85316cd9ddc [term 0 FOLLOWER]: Starting pre-election with config: opid_index: -1 OBSOLETE_local: false peers { permanent_uuid: "f5df0de16ed54d688735b56354d95e08" member_type: VOTER last_known_addr { host: "127.1.112.129" port: 36797 } } peers { permanent_uuid: "70f95a26e27a4e8da6c9a85316cd9ddc" member_type: VOTER last_known_addr { host: "127.1.112.130" port: 35307 } } peers { permanent_uuid: "ba4afbb8a6cf4942b7bf993414c59e04" member_type: VOTER last_known_addr { host: "127.1.112.131" port: 41247 } }
I20260608 09:53:26.242616  5844 catalog_manager.cc:5696] T 0325aece0bb24b87981b0a64fc8e8662 P 70f95a26e27a4e8da6c9a85316cd9ddc reported cstate change: term changed from 0 to 1, leader changed from <none> to 70f95a26e27a4e8da6c9a85316cd9ddc (127.1.112.130). New cstate: current_term: 1 leader_uuid: "70f95a26e27a4e8da6c9a85316cd9ddc" committed_config { opid_index: -1 OBSOLETE_local: false peers { permanent_uuid: "f5df0de16ed54d688735b56354d95e08" member_type: VOTER last_known_addr { host: "127.1.112.129" port: 36797 } health_report { overall_health: UNKNOWN } } peers { permanent_uuid: "70f95a26e27a4e8da6c9a85316cd9ddc" member_type: VOTER last_known_addr { host: "127.1.112.130" port: 35307 } health_report { overall_health: HEALTHY } } peers { permanent_uuid: "ba4afbb8a6cf4942b7bf993414c59e04" member_type: VOTER last_known_addr { host: "127.1.112.131" port: 41247 } health_report { overall_health: UNKNOWN } } }
I20260608 09:53:26.246920  5946 tablet_service.cc:1917] Received RequestConsensusVote() RPC: tablet_id: "1b370d852d28422abc6c69004eed8783" candidate_uuid: "70f95a26e27a4e8da6c9a85316cd9ddc" candidate_term: 1 candidate_status { last_received { term: 0 index: 0 } } ignore_live_leader: false dest_uuid: "f5df0de16ed54d688735b56354d95e08" is_pre_election: true
I20260608 09:53:26.247534  5946 raft_consensus.cc:2468] T 1b370d852d28422abc6c69004eed8783 P f5df0de16ed54d688735b56354d95e08 [term 0 FOLLOWER]: Leader pre-election vote request: Granting yes vote for candidate 70f95a26e27a4e8da6c9a85316cd9ddc in term 0.
I20260608 09:53:26.247924  6095 tablet_service.cc:1917] Received RequestConsensusVote() RPC: tablet_id: "1b370d852d28422abc6c69004eed8783" candidate_uuid: "70f95a26e27a4e8da6c9a85316cd9ddc" candidate_term: 1 candidate_status { last_received { term: 0 index: 0 } } ignore_live_leader: false dest_uuid: "ba4afbb8a6cf4942b7bf993414c59e04" is_pre_election: true
I20260608 09:53:26.248553  6095 raft_consensus.cc:2468] T 1b370d852d28422abc6c69004eed8783 P ba4afbb8a6cf4942b7bf993414c59e04 [term 0 FOLLOWER]: Leader pre-election vote request: Granting yes vote for candidate 70f95a26e27a4e8da6c9a85316cd9ddc in term 0.
I20260608 09:53:26.248904  5984 leader_election.cc:304] T 1b370d852d28422abc6c69004eed8783 P 70f95a26e27a4e8da6c9a85316cd9ddc [CANDIDATE]: Term 1 pre-election: Election decided. Result: candidate won. Election summary: received 2 responses out of 3 voters: 2 yes votes; 0 no votes. yes voters: 70f95a26e27a4e8da6c9a85316cd9ddc, f5df0de16ed54d688735b56354d95e08; no voters: 
I20260608 09:53:26.250155  6148 leader_election.cc:290] T 1b370d852d28422abc6c69004eed8783 P 70f95a26e27a4e8da6c9a85316cd9ddc [CANDIDATE]: Term 1 pre-election: Requested pre-vote from peers f5df0de16ed54d688735b56354d95e08 (127.1.112.129:36797), ba4afbb8a6cf4942b7bf993414c59e04 (127.1.112.131:41247)
I20260608 09:53:26.250859  6176 raft_consensus.cc:2804] T 1b370d852d28422abc6c69004eed8783 P 70f95a26e27a4e8da6c9a85316cd9ddc [term 0 FOLLOWER]: Leader pre-election won for term 1
I20260608 09:53:26.251237  6176 raft_consensus.cc:493] T 1b370d852d28422abc6c69004eed8783 P 70f95a26e27a4e8da6c9a85316cd9ddc [term 0 FOLLOWER]: Starting leader election (no leader contacted us within the election timeout)
I20260608 09:53:26.251576  6176 raft_consensus.cc:3060] T 1b370d852d28422abc6c69004eed8783 P 70f95a26e27a4e8da6c9a85316cd9ddc [term 0 FOLLOWER]: Advancing to term 1
I20260608 09:53:26.252377  6095 raft_consensus.cc:3060] T ac8f40e366054920872d475d5d812987 P ba4afbb8a6cf4942b7bf993414c59e04 [term 0 FOLLOWER]: Advancing to term 1
I20260608 09:53:26.248888  5843 catalog_manager.cc:5696] T 6a5074be1b414f76a8e5c7346dccd503 P ba4afbb8a6cf4942b7bf993414c59e04 reported cstate change: term changed from 0 to 1, leader changed from <none> to ba4afbb8a6cf4942b7bf993414c59e04 (127.1.112.131). New cstate: current_term: 1 leader_uuid: "ba4afbb8a6cf4942b7bf993414c59e04" committed_config { opid_index: -1 OBSOLETE_local: false peers { permanent_uuid: "f5df0de16ed54d688735b56354d95e08" member_type: VOTER last_known_addr { host: "127.1.112.129" port: 36797 } health_report { overall_health: UNKNOWN } } peers { permanent_uuid: "70f95a26e27a4e8da6c9a85316cd9ddc" member_type: VOTER last_known_addr { host: "127.1.112.130" port: 35307 } health_report { overall_health: UNKNOWN } } peers { permanent_uuid: "ba4afbb8a6cf4942b7bf993414c59e04" member_type: VOTER last_known_addr { host: "127.1.112.131" port: 41247 } health_report { overall_health: HEALTHY } } }
I20260608 09:53:26.254135  6148 consensus_queue.cc:1048] T f5a01a23cde74a9ab2447d1899104f86 P 70f95a26e27a4e8da6c9a85316cd9ddc [LEADER]: Connected to new peer: Peer: permanent_uuid: "f5df0de16ed54d688735b56354d95e08" member_type: VOTER last_known_addr { host: "127.1.112.129" port: 36797 }, Status: LMP_MISMATCH, Last received: 0.0, Next index: 1, Last known committed idx: 0, Time since last communication: 0.000s
I20260608 09:53:26.258322  6176 raft_consensus.cc:515] T 1b370d852d28422abc6c69004eed8783 P 70f95a26e27a4e8da6c9a85316cd9ddc [term 1 FOLLOWER]: Starting leader election with config: opid_index: -1 OBSOLETE_local: false peers { permanent_uuid: "f5df0de16ed54d688735b56354d95e08" member_type: VOTER last_known_addr { host: "127.1.112.129" port: 36797 } } peers { permanent_uuid: "70f95a26e27a4e8da6c9a85316cd9ddc" member_type: VOTER last_known_addr { host: "127.1.112.130" port: 35307 } } peers { permanent_uuid: "ba4afbb8a6cf4942b7bf993414c59e04" member_type: VOTER last_known_addr { host: "127.1.112.131" port: 41247 } }
I20260608 09:53:26.259650  6142 tablet_bootstrap.cc:492] T 5808992c23aa4b51a9728d4beab826a7 P ba4afbb8a6cf4942b7bf993414c59e04: No bootstrap required, opened a new log
I20260608 09:53:26.260144  6142 ts_tablet_manager.cc:1403] T 5808992c23aa4b51a9728d4beab826a7 P ba4afbb8a6cf4942b7bf993414c59e04: Time spent bootstrapping tablet: real 0.023s	user 0.002s	sys 0.009s
I20260608 09:53:26.260426  6176 leader_election.cc:290] T 1b370d852d28422abc6c69004eed8783 P 70f95a26e27a4e8da6c9a85316cd9ddc [CANDIDATE]: Term 1 election: Requested vote from peers f5df0de16ed54d688735b56354d95e08 (127.1.112.129:36797), ba4afbb8a6cf4942b7bf993414c59e04 (127.1.112.131:41247)
I20260608 09:53:26.261559  6094 tablet_service.cc:1917] Received RequestConsensusVote() RPC: tablet_id: "1b370d852d28422abc6c69004eed8783" candidate_uuid: "70f95a26e27a4e8da6c9a85316cd9ddc" candidate_term: 1 candidate_status { last_received { term: 0 index: 0 } } ignore_live_leader: false dest_uuid: "ba4afbb8a6cf4942b7bf993414c59e04"
I20260608 09:53:26.262344  5943 tablet_service.cc:1917] Received RequestConsensusVote() RPC: tablet_id: "1b370d852d28422abc6c69004eed8783" candidate_uuid: "70f95a26e27a4e8da6c9a85316cd9ddc" candidate_term: 1 candidate_status { last_received { term: 0 index: 0 } } ignore_live_leader: false dest_uuid: "f5df0de16ed54d688735b56354d95e08"
I20260608 09:53:26.262765  6176 consensus_queue.cc:1048] T ac8f40e366054920872d475d5d812987 P 70f95a26e27a4e8da6c9a85316cd9ddc [LEADER]: Connected to new peer: Peer: permanent_uuid: "ba4afbb8a6cf4942b7bf993414c59e04" member_type: VOTER last_known_addr { host: "127.1.112.131" port: 41247 }, Status: LMP_MISMATCH, Last received: 0.0, Next index: 1, Last known committed idx: 0, Time since last communication: 0.000s
