I20260608 09:53:25.952829  6142 raft_consensus.cc:359] T 6a5074be1b414f76a8e5c7346dccd503 P ba4afbb8a6cf4942b7bf993414c59e04 [term 0 FOLLOWER]: Replica starting. Triggering 0 pending ops. Active config: opid_index: -1 OBSOLETE_local: false peers { permanent_uuid: "f5df0de16ed54d688735b56354d95e08" member_type: VOTER last_known_addr { host: "127.1.112.129" port: 36797 } } peers { permanent_uuid: "70f95a26e27a4e8da6c9a85316cd9ddc" member_type: VOTER last_known_addr { host: "127.1.112.130" port: 35307 } } peers { permanent_uuid: "ba4afbb8a6cf4942b7bf993414c59e04" member_type: VOTER last_known_addr { host: "127.1.112.131" port: 41247 } }
I20260608 09:53:25.953553  6141 ts_tablet_manager.cc:1403] T ac1fda8a78ad4b75889bf273ff9cf74e P f5df0de16ed54d688735b56354d95e08: Time spent bootstrapping tablet: real 0.019s	user 0.013s	sys 0.003s
I20260608 09:53:25.953558  6142 raft_consensus.cc:385] T 6a5074be1b414f76a8e5c7346dccd503 P ba4afbb8a6cf4942b7bf993414c59e04 [term 0 FOLLOWER]: Consensus starting up: Expiring failure detector timer to make a prompt election more likely
I20260608 09:53:25.954113  6140 ts_tablet_manager.cc:1434] T 41b3f277b18344ebabfbf2d095f06c09 P 70f95a26e27a4e8da6c9a85316cd9ddc: Time spent starting tablet: real 0.007s	user 0.007s	sys 0.000s
I20260608 09:53:25.954070  6142 raft_consensus.cc:740] T 6a5074be1b414f76a8e5c7346dccd503 P ba4afbb8a6cf4942b7bf993414c59e04 [term 0 FOLLOWER]: Becoming Follower/Learner. State: Replica: ba4afbb8a6cf4942b7bf993414c59e04, State: Initialized, Role: FOLLOWER
I20260608 09:53:25.955188  6140 tablet_bootstrap.cc:492] T ac1fda8a78ad4b75889bf273ff9cf74e P 70f95a26e27a4e8da6c9a85316cd9ddc: Bootstrap starting.
I20260608 09:53:25.955022  6142 consensus_queue.cc:260] T 6a5074be1b414f76a8e5c7346dccd503 P ba4afbb8a6cf4942b7bf993414c59e04 [NON_LEADER]: Queue going to NON_LEADER mode. State: All replicated index: 0, Majority replicated index: 0, Committed index: 0, Last appended: 0.0, Last appended by leader: 0, Current term: 0, Majority size: -1, State: 0, Mode: NON_LEADER, active raft config: opid_index: -1 OBSOLETE_local: false peers { permanent_uuid: "f5df0de16ed54d688735b56354d95e08" member_type: VOTER last_known_addr { host: "127.1.112.129" port: 36797 } } peers { permanent_uuid: "70f95a26e27a4e8da6c9a85316cd9ddc" member_type: VOTER last_known_addr { host: "127.1.112.130" port: 35307 } } peers { permanent_uuid: "ba4afbb8a6cf4942b7bf993414c59e04" member_type: VOTER last_known_addr { host: "127.1.112.131" port: 41247 } }
I20260608 09:53:25.956467  6141 raft_consensus.cc:359] T ac1fda8a78ad4b75889bf273ff9cf74e P f5df0de16ed54d688735b56354d95e08 [term 0 FOLLOWER]: Replica starting. Triggering 0 pending ops. Active config: opid_index: -1 OBSOLETE_local: false peers { permanent_uuid: "f5df0de16ed54d688735b56354d95e08" member_type: VOTER last_known_addr { host: "127.1.112.129" port: 36797 } } peers { permanent_uuid: "70f95a26e27a4e8da6c9a85316cd9ddc" member_type: VOTER last_known_addr { host: "127.1.112.130" port: 35307 } } peers { permanent_uuid: "ba4afbb8a6cf4942b7bf993414c59e04" member_type: VOTER last_known_addr { host: "127.1.112.131" port: 41247 } }
I20260608 09:53:25.957122  6141 raft_consensus.cc:385] T ac1fda8a78ad4b75889bf273ff9cf74e P f5df0de16ed54d688735b56354d95e08 [term 0 FOLLOWER]: Consensus starting up: Expiring failure detector timer to make a prompt election more likely
I20260608 09:53:25.957491  6141 raft_consensus.cc:740] T ac1fda8a78ad4b75889bf273ff9cf74e P f5df0de16ed54d688735b56354d95e08 [term 0 FOLLOWER]: Becoming Follower/Learner. State: Replica: f5df0de16ed54d688735b56354d95e08, State: Initialized, Role: FOLLOWER
I20260608 09:53:25.957779  6142 ts_tablet_manager.cc:1434] T 6a5074be1b414f76a8e5c7346dccd503 P ba4afbb8a6cf4942b7bf993414c59e04: Time spent starting tablet: real 0.008s	user 0.007s	sys 0.000s
I20260608 09:53:25.958299  6141 consensus_queue.cc:260] T ac1fda8a78ad4b75889bf273ff9cf74e P f5df0de16ed54d688735b56354d95e08 [NON_LEADER]: Queue going to NON_LEADER mode. State: All replicated index: 0, Majority replicated index: 0, Committed index: 0, Last appended: 0.0, Last appended by leader: 0, Current term: 0, Majority size: -1, State: 0, Mode: NON_LEADER, active raft config: opid_index: -1 OBSOLETE_local: false peers { permanent_uuid: "f5df0de16ed54d688735b56354d95e08" member_type: VOTER last_known_addr { host: "127.1.112.129" port: 36797 } } peers { permanent_uuid: "70f95a26e27a4e8da6c9a85316cd9ddc" member_type: VOTER last_known_addr { host: "127.1.112.130" port: 35307 } } peers { permanent_uuid: "ba4afbb8a6cf4942b7bf993414c59e04" member_type: VOTER last_known_addr { host: "127.1.112.131" port: 41247 } }
I20260608 09:53:25.959059  6172 raft_consensus.cc:493] T 8ec432b200ef4be78b90c25e1eb139c4 P f5df0de16ed54d688735b56354d95e08 [term 0 FOLLOWER]: Starting pre-election (no leader contacted us within the election timeout)
I20260608 09:53:25.959517  6172 raft_consensus.cc:515] T 8ec432b200ef4be78b90c25e1eb139c4 P f5df0de16ed54d688735b56354d95e08 [term 0 FOLLOWER]: Starting pre-election with config: opid_index: -1 OBSOLETE_local: false peers { permanent_uuid: "f5df0de16ed54d688735b56354d95e08" member_type: VOTER last_known_addr { host: "127.1.112.129" port: 36797 } } peers { permanent_uuid: "70f95a26e27a4e8da6c9a85316cd9ddc" member_type: VOTER last_known_addr { host: "127.1.112.130" port: 35307 } } peers { permanent_uuid: "ba4afbb8a6cf4942b7bf993414c59e04" member_type: VOTER last_known_addr { host: "127.1.112.131" port: 41247 } }
I20260608 09:53:25.960213  6142 tablet_bootstrap.cc:492] T 0325aece0bb24b87981b0a64fc8e8662 P ba4afbb8a6cf4942b7bf993414c59e04: Bootstrap starting.
I20260608 09:53:25.960562  6141 ts_tablet_manager.cc:1434] T ac1fda8a78ad4b75889bf273ff9cf74e P f5df0de16ed54d688735b56354d95e08: Time spent starting tablet: real 0.007s	user 0.005s	sys 0.000s
I20260608 09:53:25.961483  6141 tablet_bootstrap.cc:492] T 5808992c23aa4b51a9728d4beab826a7 P f5df0de16ed54d688735b56354d95e08: Bootstrap starting.
I20260608 09:53:25.961736  6140 tablet_bootstrap.cc:654] T ac1fda8a78ad4b75889bf273ff9cf74e P 70f95a26e27a4e8da6c9a85316cd9ddc: Neither blocks nor log segments found. Creating new log.
I20260608 09:53:25.961900  6172 leader_election.cc:290] T 8ec432b200ef4be78b90c25e1eb139c4 P f5df0de16ed54d688735b56354d95e08 [CANDIDATE]: Term 1 pre-election: Requested pre-vote from peers 70f95a26e27a4e8da6c9a85316cd9ddc (127.1.112.130:35307), ba4afbb8a6cf4942b7bf993414c59e04 (127.1.112.131:41247)
I20260608 09:53:25.963939  6020 tablet_service.cc:1917] Received RequestConsensusVote() RPC: tablet_id: "8ec432b200ef4be78b90c25e1eb139c4" candidate_uuid: "f5df0de16ed54d688735b56354d95e08" candidate_term: 1 candidate_status { last_received { term: 0 index: 0 } } ignore_live_leader: false dest_uuid: "70f95a26e27a4e8da6c9a85316cd9ddc" is_pre_election: true
I20260608 09:53:25.965637  6095 tablet_service.cc:1917] Received RequestConsensusVote() RPC: tablet_id: "8ec432b200ef4be78b90c25e1eb139c4" candidate_uuid: "f5df0de16ed54d688735b56354d95e08" candidate_term: 1 candidate_status { last_received { term: 0 index: 0 } } ignore_live_leader: false dest_uuid: "ba4afbb8a6cf4942b7bf993414c59e04" is_pre_election: true
I20260608 09:53:25.966987  6141 tablet_bootstrap.cc:654] T 5808992c23aa4b51a9728d4beab826a7 P f5df0de16ed54d688735b56354d95e08: Neither blocks nor log segments found. Creating new log.
I20260608 09:53:25.967244  6142 tablet_bootstrap.cc:654] T 0325aece0bb24b87981b0a64fc8e8662 P ba4afbb8a6cf4942b7bf993414c59e04: Neither blocks nor log segments found. Creating new log.
W20260608 09:53:25.967325  5911 leader_election.cc:343] T 8ec432b200ef4be78b90c25e1eb139c4 P f5df0de16ed54d688735b56354d95e08 [CANDIDATE]: Term 1 pre-election: Tablet error from VoteRequest() call to peer 70f95a26e27a4e8da6c9a85316cd9ddc (127.1.112.130:35307): Illegal state: must be running to vote when last-logged opid is not known
W20260608 09:53:25.968475  5912 leader_election.cc:343] T 8ec432b200ef4be78b90c25e1eb139c4 P f5df0de16ed54d688735b56354d95e08 [CANDIDATE]: Term 1 pre-election: Tablet error from VoteRequest() call to peer ba4afbb8a6cf4942b7bf993414c59e04 (127.1.112.131:41247): Illegal state: must be running to vote when last-logged opid is not known
I20260608 09:53:25.968909  5912 leader_election.cc:304] T 8ec432b200ef4be78b90c25e1eb139c4 P f5df0de16ed54d688735b56354d95e08 [CANDIDATE]: Term 1 pre-election: Election decided. Result: candidate lost. Election summary: received 3 responses out of 3 voters: 1 yes votes; 2 no votes. yes voters: f5df0de16ed54d688735b56354d95e08; no voters: 70f95a26e27a4e8da6c9a85316cd9ddc, ba4afbb8a6cf4942b7bf993414c59e04
I20260608 09:53:25.972846  6140 tablet_bootstrap.cc:492] T ac1fda8a78ad4b75889bf273ff9cf74e P 70f95a26e27a4e8da6c9a85316cd9ddc: No bootstrap required, opened a new log
I20260608 09:53:25.973421  6140 ts_tablet_manager.cc:1403] T ac1fda8a78ad4b75889bf273ff9cf74e P 70f95a26e27a4e8da6c9a85316cd9ddc: Time spent bootstrapping tablet: real 0.018s	user 0.014s	sys 0.003s
I20260608 09:53:25.973615  6168 raft_consensus.cc:493] T 853639cd06604cf6831aace7384be479 P 70f95a26e27a4e8da6c9a85316cd9ddc [term 0 FOLLOWER]: Starting pre-election (no leader contacted us within the election timeout)
I20260608 09:53:25.974613  6172 raft_consensus.cc:2749] T 8ec432b200ef4be78b90c25e1eb139c4 P f5df0de16ed54d688735b56354d95e08 [term 0 FOLLOWER]: Leader pre-election lost for term 1. Reason: could not achieve majority
I20260608 09:53:25.974325  6168 raft_consensus.cc:515] T 853639cd06604cf6831aace7384be479 P 70f95a26e27a4e8da6c9a85316cd9ddc [term 0 FOLLOWER]: Starting pre-election with config: opid_index: -1 OBSOLETE_local: false peers { permanent_uuid: "f5df0de16ed54d688735b56354d95e08" member_type: VOTER last_known_addr { host: "127.1.112.129" port: 36797 } } peers { permanent_uuid: "70f95a26e27a4e8da6c9a85316cd9ddc" member_type: VOTER last_known_addr { host: "127.1.112.130" port: 35307 } } peers { permanent_uuid: "ba4afbb8a6cf4942b7bf993414c59e04" member_type: VOTER last_known_addr { host: "127.1.112.131" port: 41247 } }
I20260608 09:53:25.977288  6140 raft_consensus.cc:359] T ac1fda8a78ad4b75889bf273ff9cf74e P 70f95a26e27a4e8da6c9a85316cd9ddc [term 0 FOLLOWER]: Replica starting. Triggering 0 pending ops. Active config: opid_index: -1 OBSOLETE_local: false peers { permanent_uuid: "f5df0de16ed54d688735b56354d95e08" member_type: VOTER last_known_addr { host: "127.1.112.129" port: 36797 } } peers { permanent_uuid: "70f95a26e27a4e8da6c9a85316cd9ddc" member_type: VOTER last_known_addr { host: "127.1.112.130" port: 35307 } } peers { permanent_uuid: "ba4afbb8a6cf4942b7bf993414c59e04" member_type: VOTER last_known_addr { host: "127.1.112.131" port: 41247 } }
I20260608 09:53:25.977994  6140 raft_consensus.cc:385] T ac1fda8a78ad4b75889bf273ff9cf74e P 70f95a26e27a4e8da6c9a85316cd9ddc [term 0 FOLLOWER]: Consensus starting up: Expiring failure detector timer to make a prompt election more likely
I20260608 09:53:25.978247  6140 raft_consensus.cc:740] T ac1fda8a78ad4b75889bf273ff9cf74e P 70f95a26e27a4e8da6c9a85316cd9ddc [term 0 FOLLOWER]: Becoming Follower/Learner. State: Replica: 70f95a26e27a4e8da6c9a85316cd9ddc, State: Initialized, Role: FOLLOWER
I20260608 09:53:25.979115  6140 consensus_queue.cc:260] T ac1fda8a78ad4b75889bf273ff9cf74e P 70f95a26e27a4e8da6c9a85316cd9ddc [NON_LEADER]: Queue going to NON_LEADER mode. State: All replicated index: 0, Majority replicated index: 0, Committed index: 0, Last appended: 0.0, Last appended by leader: 0, Current term: 0, Majority size: -1, State: 0, Mode: NON_LEADER, active raft config: opid_index: -1 OBSOLETE_local: false peers { permanent_uuid: "f5df0de16ed54d688735b56354d95e08" member_type: VOTER last_known_addr { host: "127.1.112.129" port: 36797 } } peers { permanent_uuid: "70f95a26e27a4e8da6c9a85316cd9ddc" member_type: VOTER last_known_addr { host: "127.1.112.130" port: 35307 } } peers { permanent_uuid: "ba4afbb8a6cf4942b7bf993414c59e04" member_type: VOTER last_known_addr { host: "127.1.112.131" port: 41247 } }
I20260608 09:53:25.979902  6168 leader_election.cc:290] T 853639cd06604cf6831aace7384be479 P 70f95a26e27a4e8da6c9a85316cd9ddc [CANDIDATE]: Term 1 pre-election: Requested pre-vote from peers f5df0de16ed54d688735b56354d95e08 (127.1.112.129:36797), ba4afbb8a6cf4942b7bf993414c59e04 (127.1.112.131:41247)
I20260608 09:53:25.981540  6140 ts_tablet_manager.cc:1434] T ac1fda8a78ad4b75889bf273ff9cf74e P 70f95a26e27a4e8da6c9a85316cd9ddc: Time spent starting tablet: real 0.008s	user 0.006s	sys 0.000s
I20260608 09:53:25.981863  6095 tablet_service.cc:1917] Received RequestConsensusVote() RPC: tablet_id: "853639cd06604cf6831aace7384be479" candidate_uuid: "70f95a26e27a4e8da6c9a85316cd9ddc" candidate_term: 1 candidate_status { last_received { term: 0 index: 0 } } ignore_live_leader: false dest_uuid: "ba4afbb8a6cf4942b7bf993414c59e04" is_pre_election: true
I20260608 09:53:25.982437  6140 tablet_bootstrap.cc:492] T 0325aece0bb24b87981b0a64fc8e8662 P 70f95a26e27a4e8da6c9a85316cd9ddc: Bootstrap starting.
I20260608 09:53:25.982527  5946 tablet_service.cc:1917] Received RequestConsensusVote() RPC: tablet_id: "853639cd06604cf6831aace7384be479" candidate_uuid: "70f95a26e27a4e8da6c9a85316cd9ddc" candidate_term: 1 candidate_status { last_received { term: 0 index: 0 } } ignore_live_leader: false dest_uuid: "f5df0de16ed54d688735b56354d95e08" is_pre_election: true
I20260608 09:53:25.983395  5946 raft_consensus.cc:2393] T 853639cd06604cf6831aace7384be479 P f5df0de16ed54d688735b56354d95e08 [term 1 FOLLOWER]: Leader pre-election vote request: Denying vote to candidate 70f95a26e27a4e8da6c9a85316cd9ddc in current term 1: Already voted for candidate ba4afbb8a6cf4942b7bf993414c59e04 in this term.
I20260608 09:53:25.989023  6140 tablet_bootstrap.cc:654] T 0325aece0bb24b87981b0a64fc8e8662 P 70f95a26e27a4e8da6c9a85316cd9ddc: Neither blocks nor log segments found. Creating new log.
I20260608 09:53:25.992653  5984 leader_election.cc:304] T 853639cd06604cf6831aace7384be479 P 70f95a26e27a4e8da6c9a85316cd9ddc [CANDIDATE]: Term 1 pre-election: Election decided. Result: candidate lost. Election summary: received 3 responses out of 3 voters: 1 yes votes; 2 no votes. yes voters: 70f95a26e27a4e8da6c9a85316cd9ddc; no voters: ba4afbb8a6cf4942b7bf993414c59e04, f5df0de16ed54d688735b56354d95e08
I20260608 09:53:25.996042  6168 raft_consensus.cc:3060] T 853639cd06604cf6831aace7384be479 P 70f95a26e27a4e8da6c9a85316cd9ddc [term 0 FOLLOWER]: Advancing to term 1
I20260608 09:53:26.002918  6168 raft_consensus.cc:2749] T 853639cd06604cf6831aace7384be479 P 70f95a26e27a4e8da6c9a85316cd9ddc [term 1 FOLLOWER]: Leader pre-election lost for term 1. Reason: could not achieve majority
I20260608 09:53:26.007001  6148 raft_consensus.cc:493] T ac1fda8a78ad4b75889bf273ff9cf74e P 70f95a26e27a4e8da6c9a85316cd9ddc [term 0 FOLLOWER]: Starting pre-election (no leader contacted us within the election timeout)
I20260608 09:53:26.007527  6148 raft_consensus.cc:515] T ac1fda8a78ad4b75889bf273ff9cf74e P 70f95a26e27a4e8da6c9a85316cd9ddc [term 0 FOLLOWER]: Starting pre-election with config: opid_index: -1 OBSOLETE_local: false peers { permanent_uuid: "f5df0de16ed54d688735b56354d95e08" member_type: VOTER last_known_addr { host: "127.1.112.129" port: 36797 } } peers { permanent_uuid: "70f95a26e27a4e8da6c9a85316cd9ddc" member_type: VOTER last_known_addr { host: "127.1.112.130" port: 35307 } } peers { permanent_uuid: "ba4afbb8a6cf4942b7bf993414c59e04" member_type: VOTER last_known_addr { host: "127.1.112.131" port: 41247 } }
I20260608 09:53:26.009831  6148 leader_election.cc:290] T ac1fda8a78ad4b75889bf273ff9cf74e P 70f95a26e27a4e8da6c9a85316cd9ddc [CANDIDATE]: Term 1 pre-election: Requested pre-vote from peers f5df0de16ed54d688735b56354d95e08 (127.1.112.129:36797), ba4afbb8a6cf4942b7bf993414c59e04 (127.1.112.131:41247)
I20260608 09:53:26.014653  5946 tablet_service.cc:1917] Received RequestConsensusVote() RPC: tablet_id: "ac1fda8a78ad4b75889bf273ff9cf74e" candidate_uuid: "70f95a26e27a4e8da6c9a85316cd9ddc" candidate_term: 1 candidate_status { last_received { term: 0 index: 0 } } ignore_live_leader: false dest_uuid: "f5df0de16ed54d688735b56354d95e08" is_pre_election: true
I20260608 09:53:26.015370  5946 raft_consensus.cc:2468] T ac1fda8a78ad4b75889bf273ff9cf74e P f5df0de16ed54d688735b56354d95e08 [term 0 FOLLOWER]: Leader pre-election vote request: Granting yes vote for candidate 70f95a26e27a4e8da6c9a85316cd9ddc in term 0.
I20260608 09:53:26.016206  6168 raft_consensus.cc:493] T 41b3f277b18344ebabfbf2d095f06c09 P 70f95a26e27a4e8da6c9a85316cd9ddc [term 0 FOLLOWER]: Starting pre-election (no leader contacted us within the election timeout)
I20260608 09:53:26.016781  6095 tablet_service.cc:1917] Received RequestConsensusVote() RPC: tablet_id: "ac1fda8a78ad4b75889bf273ff9cf74e" candidate_uuid: "70f95a26e27a4e8da6c9a85316cd9ddc" candidate_term: 1 candidate_status { last_received { term: 0 index: 0 } } ignore_live_leader: false dest_uuid: "ba4afbb8a6cf4942b7bf993414c59e04" is_pre_election: true
I20260608 09:53:26.018138  5984 leader_election.cc:304] T ac1fda8a78ad4b75889bf273ff9cf74e P 70f95a26e27a4e8da6c9a85316cd9ddc [CANDIDATE]: Term 1 pre-election: Election decided. Result: candidate won. Election summary: received 2 responses out of 3 voters: 2 yes votes; 0 no votes. yes voters: 70f95a26e27a4e8da6c9a85316cd9ddc, f5df0de16ed54d688735b56354d95e08; no voters: 
W20260608 09:53:26.018754  5987 leader_election.cc:343] T ac1fda8a78ad4b75889bf273ff9cf74e P 70f95a26e27a4e8da6c9a85316cd9ddc [CANDIDATE]: Term 1 pre-election: Tablet error from VoteRequest() call to peer ba4afbb8a6cf4942b7bf993414c59e04 (127.1.112.131:41247): Illegal state: must be running to vote when last-logged opid is not known
I20260608 09:53:26.019469  6141 tablet_bootstrap.cc:492] T 5808992c23aa4b51a9728d4beab826a7 P f5df0de16ed54d688735b56354d95e08: No bootstrap required, opened a new log
I20260608 09:53:26.019958  6141 ts_tablet_manager.cc:1403] T 5808992c23aa4b51a9728d4beab826a7 P f5df0de16ed54d688735b56354d95e08: Time spent bootstrapping tablet: real 0.059s	user 0.020s	sys 0.020s
I20260608 09:53:26.019845  6148 raft_consensus.cc:2804] T ac1fda8a78ad4b75889bf273ff9cf74e P 70f95a26e27a4e8da6c9a85316cd9ddc [term 0 FOLLOWER]: Leader pre-election won for term 1
I20260608 09:53:26.020515  6148 raft_consensus.cc:493] T ac1fda8a78ad4b75889bf273ff9cf74e P 70f95a26e27a4e8da6c9a85316cd9ddc [term 0 FOLLOWER]: Starting leader election (no leader contacted us within the election timeout)
I20260608 09:53:26.020923  6148 raft_consensus.cc:3060] T ac1fda8a78ad4b75889bf273ff9cf74e P 70f95a26e27a4e8da6c9a85316cd9ddc [term 0 FOLLOWER]: Advancing to term 1
I20260608 09:53:26.022919  6141 raft_consensus.cc:359] T 5808992c23aa4b51a9728d4beab826a7 P f5df0de16ed54d688735b56354d95e08 [term 0 FOLLOWER]: Replica starting. Triggering 0 pending ops. Active config: opid_index: -1 OBSOLETE_local: false peers { permanent_uuid: "f5df0de16ed54d688735b56354d95e08" member_type: VOTER last_known_addr { host: "127.1.112.129" port: 36797 } } peers { permanent_uuid: "70f95a26e27a4e8da6c9a85316cd9ddc" member_type: VOTER last_known_addr { host: "127.1.112.130" port: 35307 } } peers { permanent_uuid: "ba4afbb8a6cf4942b7bf993414c59e04" member_type: VOTER last_known_addr { host: "127.1.112.131" port: 41247 } }
I20260608 09:53:26.023506  6142 tablet_bootstrap.cc:492] T 0325aece0bb24b87981b0a64fc8e8662 P ba4afbb8a6cf4942b7bf993414c59e04: No bootstrap required, opened a new log
I20260608 09:53:26.023636  6141 raft_consensus.cc:385] T 5808992c23aa4b51a9728d4beab826a7 P f5df0de16ed54d688735b56354d95e08 [term 0 FOLLOWER]: Consensus starting up: Expiring failure detector timer to make a prompt election more likely
I20260608 09:53:26.024006  6141 raft_consensus.cc:740] T 5808992c23aa4b51a9728d4beab826a7 P f5df0de16ed54d688735b56354d95e08 [term 0 FOLLOWER]: Becoming Follower/Learner. State: Replica: f5df0de16ed54d688735b56354d95e08, State: Initialized, Role: FOLLOWER
I20260608 09:53:26.024135  6142 ts_tablet_manager.cc:1403] T 0325aece0bb24b87981b0a64fc8e8662 P ba4afbb8a6cf4942b7bf993414c59e04: Time spent bootstrapping tablet: real 0.066s	user 0.037s	sys 0.006s
I20260608 09:53:26.024935  6141 consensus_queue.cc:260] T 5808992c23aa4b51a9728d4beab826a7 P f5df0de16ed54d688735b56354d95e08 [NON_LEADER]: Queue going to NON_LEADER mode. State: All replicated index: 0, Majority replicated index: 0, Committed index: 0, Last appended: 0.0, Last appended by leader: 0, Current term: 0, Majority size: -1, State: 0, Mode: NON_LEADER, active raft config: opid_index: -1 OBSOLETE_local: false peers { permanent_uuid: "f5df0de16ed54d688735b56354d95e08" member_type: VOTER last_known_addr { host: "127.1.112.129" port: 36797 } } peers { permanent_uuid: "70f95a26e27a4e8da6c9a85316cd9ddc" member_type: VOTER last_known_addr { host: "127.1.112.130" port: 35307 } } peers { permanent_uuid: "ba4afbb8a6cf4942b7bf993414c59e04" member_type: VOTER last_known_addr { host: "127.1.112.131" port: 41247 } }
I20260608 09:53:26.025795  6140 tablet_bootstrap.cc:492] T 0325aece0bb24b87981b0a64fc8e8662 P 70f95a26e27a4e8da6c9a85316cd9ddc: No bootstrap required, opened a new log
I20260608 09:53:26.026296  6140 ts_tablet_manager.cc:1403] T 0325aece0bb24b87981b0a64fc8e8662 P 70f95a26e27a4e8da6c9a85316cd9ddc: Time spent bootstrapping tablet: real 0.044s	user 0.018s	sys 0.002s
I20260608 09:53:26.027226  6148 raft_consensus.cc:515] T ac1fda8a78ad4b75889bf273ff9cf74e P 70f95a26e27a4e8da6c9a85316cd9ddc [term 1 FOLLOWER]: Starting leader election with config: opid_index: -1 OBSOLETE_local: false peers { permanent_uuid: "f5df0de16ed54d688735b56354d95e08" member_type: VOTER last_known_addr { host: "127.1.112.129" port: 36797 } } peers { permanent_uuid: "70f95a26e27a4e8da6c9a85316cd9ddc" member_type: VOTER last_known_addr { host: "127.1.112.130" port: 35307 } } peers { permanent_uuid: "ba4afbb8a6cf4942b7bf993414c59e04" member_type: VOTER last_known_addr { host: "127.1.112.131" port: 41247 } }
I20260608 09:53:26.027424  6142 raft_consensus.cc:359] T 0325aece0bb24b87981b0a64fc8e8662 P ba4afbb8a6cf4942b7bf993414c59e04 [term 0 FOLLOWER]: Replica starting. Triggering 0 pending ops. Active config: opid_index: -1 OBSOLETE_local: false peers { permanent_uuid: "f5df0de16ed54d688735b56354d95e08" member_type: VOTER last_known_addr { host: "127.1.112.129" port: 36797 } } peers { permanent_uuid: "70f95a26e27a4e8da6c9a85316cd9ddc" member_type: VOTER last_known_addr { host: "127.1.112.130" port: 35307 } } peers { permanent_uuid: "ba4afbb8a6cf4942b7bf993414c59e04" member_type: VOTER last_known_addr { host: "127.1.112.131" port: 41247 } }
I20260608 09:53:26.028993  6140 raft_consensus.cc:359] T 0325aece0bb24b87981b0a64fc8e8662 P 70f95a26e27a4e8da6c9a85316cd9ddc [term 0 FOLLOWER]: Replica starting. Triggering 0 pending ops. Active config: opid_index: -1 OBSOLETE_local: false peers { permanent_uuid: "f5df0de16ed54d688735b56354d95e08" member_type: VOTER last_known_addr { host: "127.1.112.129" port: 36797 } } peers { permanent_uuid: "70f95a26e27a4e8da6c9a85316cd9ddc" member_type: VOTER last_known_addr { host: "127.1.112.130" port: 35307 } } peers { permanent_uuid: "ba4afbb8a6cf4942b7bf993414c59e04" member_type: VOTER last_known_addr { host: "127.1.112.131" port: 41247 } }
I20260608 09:53:26.029425  6141 ts_tablet_manager.cc:1434] T 5808992c23aa4b51a9728d4beab826a7 P f5df0de16ed54d688735b56354d95e08: Time spent starting tablet: real 0.009s	user 0.006s	sys 0.000s
I20260608 09:53:26.029757  6140 raft_consensus.cc:385] T 0325aece0bb24b87981b0a64fc8e8662 P 70f95a26e27a4e8da6c9a85316cd9ddc [term 0 FOLLOWER]: Consensus starting up: Expiring failure detector timer to make a prompt election more likely
I20260608 09:53:26.030122  6140 raft_consensus.cc:740] T 0325aece0bb24b87981b0a64fc8e8662 P 70f95a26e27a4e8da6c9a85316cd9ddc [term 0 FOLLOWER]: Becoming Follower/Learner. State: Replica: 70f95a26e27a4e8da6c9a85316cd9ddc, State: Initialized, Role: FOLLOWER
I20260608 09:53:26.030121  5946 tablet_service.cc:1917] Received RequestConsensusVote() RPC: tablet_id: "ac1fda8a78ad4b75889bf273ff9cf74e" candidate_uuid: "70f95a26e27a4e8da6c9a85316cd9ddc" candidate_term: 1 candidate_status { last_received { term: 0 index: 0 } } ignore_live_leader: false dest_uuid: "f5df0de16ed54d688735b56354d95e08"
I20260608 09:53:26.030514  6141 tablet_bootstrap.cc:492] T 41b3f277b18344ebabfbf2d095f06c09 P f5df0de16ed54d688735b56354d95e08: Bootstrap starting.
I20260608 09:53:26.030853  5946 raft_consensus.cc:3060] T ac1fda8a78ad4b75889bf273ff9cf74e P f5df0de16ed54d688735b56354d95e08 [term 0 FOLLOWER]: Advancing to term 1
I20260608 09:53:26.032019  6172 raft_consensus.cc:493] T 5808992c23aa4b51a9728d4beab826a7 P f5df0de16ed54d688735b56354d95e08 [term 0 FOLLOWER]: Starting pre-election (no leader contacted us within the election timeout)
I20260608 09:53:26.032202  6095 tablet_service.cc:1917] Received RequestConsensusVote() RPC: tablet_id: "ac1fda8a78ad4b75889bf273ff9cf74e" candidate_uuid: "70f95a26e27a4e8da6c9a85316cd9ddc" candidate_term: 1 candidate_status { last_received { term: 0 index: 0 } } ignore_live_leader: false dest_uuid: "ba4afbb8a6cf4942b7bf993414c59e04"
I20260608 09:53:26.032496  6172 raft_consensus.cc:515] T 5808992c23aa4b51a9728d4beab826a7 P f5df0de16ed54d688735b56354d95e08 [term 0 FOLLOWER]: Starting pre-election with config: opid_index: -1 OBSOLETE_local: false peers { permanent_uuid: "f5df0de16ed54d688735b56354d95e08" member_type: VOTER last_known_addr { host: "127.1.112.129" port: 36797 } } peers { permanent_uuid: "70f95a26e27a4e8da6c9a85316cd9ddc" member_type: VOTER last_known_addr { host: "127.1.112.130" port: 35307 } } peers { permanent_uuid: "ba4afbb8a6cf4942b7bf993414c59e04" member_type: VOTER last_known_addr { host: "127.1.112.131" port: 41247 } }
I20260608 09:53:26.016681  6168 raft_consensus.cc:515] T 41b3f277b18344ebabfbf2d095f06c09 P 70f95a26e27a4e8da6c9a85316cd9ddc [term 0 FOLLOWER]: Starting pre-election with config: opid_index: -1 OBSOLETE_local: false peers { permanent_uuid: "f5df0de16ed54d688735b56354d95e08" member_type: VOTER last_known_addr { host: "127.1.112.129" port: 36797 } } peers { permanent_uuid: "70f95a26e27a4e8da6c9a85316cd9ddc" member_type: VOTER last_known_addr { host: "127.1.112.130" port: 35307 } } peers { permanent_uuid: "ba4afbb8a6cf4942b7bf993414c59e04" member_type: VOTER last_known_addr { host: "127.1.112.131" port: 41247 } }
I20260608 09:53:26.034711  6148 leader_election.cc:290] T ac1fda8a78ad4b75889bf273ff9cf74e P 70f95a26e27a4e8da6c9a85316cd9ddc [CANDIDATE]: Term 1 election: Requested vote from peers f5df0de16ed54d688735b56354d95e08 (127.1.112.129:36797), ba4afbb8a6cf4942b7bf993414c59e04 (127.1.112.131:41247)
I20260608 09:53:26.034128  6142 raft_consensus.cc:385] T 0325aece0bb24b87981b0a64fc8e8662 P ba4afbb8a6cf4942b7bf993414c59e04 [term 0 FOLLOWER]: Consensus starting up: Expiring failure detector timer to make a prompt election more likely
W20260608 09:53:26.034924  5987 leader_election.cc:343] T ac1fda8a78ad4b75889bf273ff9cf74e P 70f95a26e27a4e8da6c9a85316cd9ddc [CANDIDATE]: Term 1 election: Tablet error from VoteRequest() call to peer ba4afbb8a6cf4942b7bf993414c59e04 (127.1.112.131:41247): Illegal state: must be running to vote when last-logged opid is not known
I20260608 09:53:26.035621  6142 raft_consensus.cc:740] T 0325aece0bb24b87981b0a64fc8e8662 P ba4afbb8a6cf4942b7bf993414c59e04 [term 0 FOLLOWER]: Becoming Follower/Learner. State: Replica: ba4afbb8a6cf4942b7bf993414c59e04, State: Initialized, Role: FOLLOWER
I20260608 09:53:26.036485  6142 consensus_queue.cc:260] T 0325aece0bb24b87981b0a64fc8e8662 P ba4afbb8a6cf4942b7bf993414c59e04 [NON_LEADER]: Queue going to NON_LEADER mode. State: All replicated index: 0, Majority replicated index: 0, Committed index: 0, Last appended: 0.0, Last appended by leader: 0, Current term: 0, Majority size: -1, State: 0, Mode: NON_LEADER, active raft config: opid_index: -1 OBSOLETE_local: false peers { permanent_uuid: "f5df0de16ed54d688735b56354d95e08" member_type: VOTER last_known_addr { host: "127.1.112.129" port: 36797 } } peers { permanent_uuid: "70f95a26e27a4e8da6c9a85316cd9ddc" member_type: VOTER last_known_addr { host: "127.1.112.130" port: 35307 } } peers { permanent_uuid: "ba4afbb8a6cf4942b7bf993414c59e04" member_type: VOTER last_known_addr { host: "127.1.112.131" port: 41247 } }
I20260608 09:53:26.039083  6142 ts_tablet_manager.cc:1434] T 0325aece0bb24b87981b0a64fc8e8662 P ba4afbb8a6cf4942b7bf993414c59e04: Time spent starting tablet: real 0.015s	user 0.005s	sys 0.002s
I20260608 09:53:26.040118  6142 tablet_bootstrap.cc:492] T ac1fda8a78ad4b75889bf273ff9cf74e P ba4afbb8a6cf4942b7bf993414c59e04: Bootstrap starting.
I20260608 09:53:26.040774  6172 leader_election.cc:290] T 5808992c23aa4b51a9728d4beab826a7 P f5df0de16ed54d688735b56354d95e08 [CANDIDATE]: Term 1 pre-election: Requested pre-vote from peers 70f95a26e27a4e8da6c9a85316cd9ddc (127.1.112.130:35307), ba4afbb8a6cf4942b7bf993414c59e04 (127.1.112.131:41247)
I20260608 09:53:26.042569  6020 tablet_service.cc:1917] Received RequestConsensusVote() RPC: tablet_id: "5808992c23aa4b51a9728d4beab826a7" candidate_uuid: "f5df0de16ed54d688735b56354d95e08" candidate_term: 1 candidate_status { last_received { term: 0 index: 0 } } ignore_live_leader: false dest_uuid: "70f95a26e27a4e8da6c9a85316cd9ddc" is_pre_election: true
I20260608 09:53:26.043212  6020 raft_consensus.cc:2468] T 5808992c23aa4b51a9728d4beab826a7 P 70f95a26e27a4e8da6c9a85316cd9ddc [term 0 FOLLOWER]: Leader pre-election vote request: Granting yes vote for candidate f5df0de16ed54d688735b56354d95e08 in term 0.
I20260608 09:53:26.044406  5911 leader_election.cc:304] T 5808992c23aa4b51a9728d4beab826a7 P f5df0de16ed54d688735b56354d95e08 [CANDIDATE]: Term 1 pre-election: Election decided. Result: candidate won. Election summary: received 2 responses out of 3 voters: 2 yes votes; 0 no votes. yes voters: 70f95a26e27a4e8da6c9a85316cd9ddc, f5df0de16ed54d688735b56354d95e08; no voters: 
I20260608 09:53:26.044641  6095 tablet_service.cc:1917] Received RequestConsensusVote() RPC: tablet_id: "5808992c23aa4b51a9728d4beab826a7" candidate_uuid: "f5df0de16ed54d688735b56354d95e08" candidate_term: 1 candidate_status { last_received { term: 0 index: 0 } } ignore_live_leader: false dest_uuid: "ba4afbb8a6cf4942b7bf993414c59e04" is_pre_election: true
I20260608 09:53:26.045318  6172 raft_consensus.cc:2804] T 5808992c23aa4b51a9728d4beab826a7 P f5df0de16ed54d688735b56354d95e08 [term 0 FOLLOWER]: Leader pre-election won for term 1
I20260608 09:53:26.045433  6142 tablet_bootstrap.cc:654] T ac1fda8a78ad4b75889bf273ff9cf74e P ba4afbb8a6cf4942b7bf993414c59e04: Neither blocks nor log segments found. Creating new log.
I20260608 09:53:26.045807  6172 raft_consensus.cc:493] T 5808992c23aa4b51a9728d4beab826a7 P f5df0de16ed54d688735b56354d95e08 [term 0 FOLLOWER]: Starting leader election (no leader contacted us within the election timeout)
I20260608 09:53:26.046252  6172 raft_consensus.cc:3060] T 5808992c23aa4b51a9728d4beab826a7 P f5df0de16ed54d688735b56354d95e08 [term 0 FOLLOWER]: Advancing to term 1
I20260608 09:53:26.047516  6168 leader_election.cc:290] T 41b3f277b18344ebabfbf2d095f06c09 P 70f95a26e27a4e8da6c9a85316cd9ddc [CANDIDATE]: Term 1 pre-election: Requested pre-vote from peers f5df0de16ed54d688735b56354d95e08 (127.1.112.129:36797), ba4afbb8a6cf4942b7bf993414c59e04 (127.1.112.131:41247)
I20260608 09:53:26.048182  6140 consensus_queue.cc:260] T 0325aece0bb24b87981b0a64fc8e8662 P 70f95a26e27a4e8da6c9a85316cd9ddc [NON_LEADER]: Queue going to NON_LEADER mode. State: All replicated index: 0, Majority replicated index: 0, Committed index: 0, Last appended: 0.0, Last appended by leader: 0, Current term: 0, Majority size: -1, State: 0, Mode: NON_LEADER, active raft config: opid_index: -1 OBSOLETE_local: false peers { permanent_uuid: "f5df0de16ed54d688735b56354d95e08" member_type: VOTER last_known_addr { host: "127.1.112.129" port: 36797 } } peers { permanent_uuid: "70f95a26e27a4e8da6c9a85316cd9ddc" member_type: VOTER last_known_addr { host: "127.1.112.130" port: 35307 } } peers { permanent_uuid: "ba4afbb8a6cf4942b7bf993414c59e04" member_type: VOTER last_known_addr { host: "127.1.112.131" port: 41247 } }
I20260608 09:53:26.049381  6095 tablet_service.cc:1917] Received RequestConsensusVote() RPC: tablet_id: "41b3f277b18344ebabfbf2d095f06c09" candidate_uuid: "70f95a26e27a4e8da6c9a85316cd9ddc" candidate_term: 1 candidate_status { last_received { term: 0 index: 0 } } ignore_live_leader: false dest_uuid: "ba4afbb8a6cf4942b7bf993414c59e04" is_pre_election: true
I20260608 09:53:26.050060  6095 raft_consensus.cc:2468] T 41b3f277b18344ebabfbf2d095f06c09 P ba4afbb8a6cf4942b7bf993414c59e04 [term 0 FOLLOWER]: Leader pre-election vote request: Granting yes vote for candidate 70f95a26e27a4e8da6c9a85316cd9ddc in term 0.
I20260608 09:53:26.051401  5987 leader_election.cc:304] T 41b3f277b18344ebabfbf2d095f06c09 P 70f95a26e27a4e8da6c9a85316cd9ddc [CANDIDATE]: Term 1 pre-election: Election decided. Result: candidate won. Election summary: received 2 responses out of 3 voters: 2 yes votes; 0 no votes. yes voters: 70f95a26e27a4e8da6c9a85316cd9ddc, ba4afbb8a6cf4942b7bf993414c59e04; no voters: 
I20260608 09:53:26.047649  5943 tablet_service.cc:1917] Received RequestConsensusVote() RPC: tablet_id: "41b3f277b18344ebabfbf2d095f06c09" candidate_uuid: "70f95a26e27a4e8da6c9a85316cd9ddc" candidate_term: 1 candidate_status { last_received { term: 0 index: 0 } } ignore_live_leader: false dest_uuid: "f5df0de16ed54d688735b56354d95e08" is_pre_election: true
W20260608 09:53:26.053848  5984 leader_election.cc:343] T 41b3f277b18344ebabfbf2d095f06c09 P 70f95a26e27a4e8da6c9a85316cd9ddc [CANDIDATE]: Term 1 pre-election: Tablet error from VoteRequest() call to peer f5df0de16ed54d688735b56354d95e08 (127.1.112.129:36797): Illegal state: must be running to vote when last-logged opid is not known
I20260608 09:53:26.055119  6141 tablet_bootstrap.cc:654] T 41b3f277b18344ebabfbf2d095f06c09 P f5df0de16ed54d688735b56354d95e08: Neither blocks nor log segments found. Creating new log.
W20260608 09:53:26.046089  5912 leader_election.cc:343] T 5808992c23aa4b51a9728d4beab826a7 P f5df0de16ed54d688735b56354d95e08 [CANDIDATE]: Term 1 pre-election: Tablet error from VoteRequest() call to peer ba4afbb8a6cf4942b7bf993414c59e04 (127.1.112.131:41247): Illegal state: must be running to vote when last-logged opid is not known
I20260608 09:53:26.045405  5946 raft_consensus.cc:2468] T ac1fda8a78ad4b75889bf273ff9cf74e P f5df0de16ed54d688735b56354d95e08 [term 1 FOLLOWER]: Leader election vote request: Granting yes vote for candidate 70f95a26e27a4e8da6c9a85316cd9ddc in term 1.
I20260608 09:53:26.056559  6140 ts_tablet_manager.cc:1434] T 0325aece0bb24b87981b0a64fc8e8662 P 70f95a26e27a4e8da6c9a85316cd9ddc: Time spent starting tablet: real 0.030s	user 0.006s	sys 0.000s
I20260608 09:53:26.057061  5984 leader_election.cc:304] T ac1fda8a78ad4b75889bf273ff9cf74e P 70f95a26e27a4e8da6c9a85316cd9ddc [CANDIDATE]: Term 1 election: Election decided. Result: candidate won. Election summary: received 3 responses out of 3 voters: 2 yes votes; 1 no votes. yes voters: 70f95a26e27a4e8da6c9a85316cd9ddc, f5df0de16ed54d688735b56354d95e08; no voters: ba4afbb8a6cf4942b7bf993414c59e04
I20260608 09:53:26.057528  6140 tablet_bootstrap.cc:492] T 1b370d852d28422abc6c69004eed8783 P 70f95a26e27a4e8da6c9a85316cd9ddc: Bootstrap starting.
I20260608 09:53:26.063658  6172 raft_consensus.cc:515] T 5808992c23aa4b51a9728d4beab826a7 P f5df0de16ed54d688735b56354d95e08 [term 1 FOLLOWER]: Starting leader election with config: opid_index: -1 OBSOLETE_local: false peers { permanent_uuid: "f5df0de16ed54d688735b56354d95e08" member_type: VOTER last_known_addr { host: "127.1.112.129" port: 36797 } } peers { permanent_uuid: "70f95a26e27a4e8da6c9a85316cd9ddc" member_type: VOTER last_known_addr { host: "127.1.112.130" port: 35307 } } peers { permanent_uuid: "ba4afbb8a6cf4942b7bf993414c59e04" member_type: VOTER last_known_addr { host: "127.1.112.131" port: 41247 } }
I20260608 09:53:26.064535  6168 raft_consensus.cc:2804] T 41b3f277b18344ebabfbf2d095f06c09 P 70f95a26e27a4e8da6c9a85316cd9ddc [term 0 FOLLOWER]: Leader pre-election won for term 1
I20260608 09:53:26.065615  6168 raft_consensus.cc:493] T 41b3f277b18344ebabfbf2d095f06c09 P 70f95a26e27a4e8da6c9a85316cd9ddc [term 0 FOLLOWER]: Starting leader election (no leader contacted us within the election timeout)
I20260608 09:53:26.063653  6140 tablet_bootstrap.cc:654] T 1b370d852d28422abc6c69004eed8783 P 70f95a26e27a4e8da6c9a85316cd9ddc: Neither blocks nor log segments found. Creating new log.
I20260608 09:53:26.064978  6148 raft_consensus.cc:2804] T ac1fda8a78ad4b75889bf273ff9cf74e P 70f95a26e27a4e8da6c9a85316cd9ddc [term 1 FOLLOWER]: Leader election won for term 1
I20260608 09:53:26.066637  6148 raft_consensus.cc:697] T ac1fda8a78ad4b75889bf273ff9cf74e P 70f95a26e27a4e8da6c9a85316cd9ddc [term 1 LEADER]: Becoming Leader. State: Replica: 70f95a26e27a4e8da6c9a85316cd9ddc, State: Running, Role: LEADER
I20260608 09:53:26.067646  6148 consensus_queue.cc:237] T ac1fda8a78ad4b75889bf273ff9cf74e P 70f95a26e27a4e8da6c9a85316cd9ddc [LEADER]: Queue going to LEADER mode. State: All replicated index: 0, Majority replicated index: 0, Committed index: 0, Last appended: 0.0, Last appended by leader: 0, Current term: 1, Majority size: 2, State: 0, Mode: LEADER, active raft config: opid_index: -1 OBSOLETE_local: false peers { permanent_uuid: "f5df0de16ed54d688735b56354d95e08" member_type: VOTER last_known_addr { host: "127.1.112.129" port: 36797 } } peers { permanent_uuid: "70f95a26e27a4e8da6c9a85316cd9ddc" member_type: VOTER last_known_addr { host: "127.1.112.130" port: 35307 } } peers { permanent_uuid: "ba4afbb8a6cf4942b7bf993414c59e04" member_type: VOTER last_known_addr { host: "127.1.112.131" port: 41247 } }
I20260608 09:53:26.066087  6168 raft_consensus.cc:3060] T 41b3f277b18344ebabfbf2d095f06c09 P 70f95a26e27a4e8da6c9a85316cd9ddc [term 0 FOLLOWER]: Advancing to term 1
I20260608 09:53:26.070541  6141 tablet_bootstrap.cc:492] T 41b3f277b18344ebabfbf2d095f06c09 P f5df0de16ed54d688735b56354d95e08: No bootstrap required, opened a new log
I20260608 09:53:26.070919  6141 ts_tablet_manager.cc:1403] T 41b3f277b18344ebabfbf2d095f06c09 P f5df0de16ed54d688735b56354d95e08: Time spent bootstrapping tablet: real 0.041s	user 0.010s	sys 0.000s
I20260608 09:53:26.071522  6142 tablet_bootstrap.cc:492] T ac1fda8a78ad4b75889bf273ff9cf74e P ba4afbb8a6cf4942b7bf993414c59e04: No bootstrap required, opened a new log
I20260608 09:53:26.071961  6142 ts_tablet_manager.cc:1403] T ac1fda8a78ad4b75889bf273ff9cf74e P ba4afbb8a6cf4942b7bf993414c59e04: Time spent bootstrapping tablet: real 0.032s	user 0.014s	sys 0.011s
I20260608 09:53:26.072978  6141 raft_consensus.cc:359] T 41b3f277b18344ebabfbf2d095f06c09 P f5df0de16ed54d688735b56354d95e08 [term 0 FOLLOWER]: Replica starting. Triggering 0 pending ops. Active config: opid_index: -1 OBSOLETE_local: false peers { permanent_uuid: "f5df0de16ed54d688735b56354d95e08" member_type: VOTER last_known_addr { host: "127.1.112.129" port: 36797 } } peers { permanent_uuid: "70f95a26e27a4e8da6c9a85316cd9ddc" member_type: VOTER last_known_addr { host: "127.1.112.130" port: 35307 } } peers { permanent_uuid: "ba4afbb8a6cf4942b7bf993414c59e04" member_type: VOTER last_known_addr { host: "127.1.112.131" port: 41247 } }
I20260608 09:53:26.073486  6141 raft_consensus.cc:385] T 41b3f277b18344ebabfbf2d095f06c09 P f5df0de16ed54d688735b56354d95e08 [term 0 FOLLOWER]: Consensus starting up: Expiring failure detector timer to make a prompt election more likely
I20260608 09:53:26.073686  6141 raft_consensus.cc:740] T 41b3f277b18344ebabfbf2d095f06c09 P f5df0de16ed54d688735b56354d95e08 [term 0 FOLLOWER]: Becoming Follower/Learner. State: Replica: f5df0de16ed54d688735b56354d95e08, State: Initialized, Role: FOLLOWER
I20260608 09:53:26.074331  6141 consensus_queue.cc:260] T 41b3f277b18344ebabfbf2d095f06c09 P f5df0de16ed54d688735b56354d95e08 [NON_LEADER]: Queue going to NON_LEADER mode. State: All replicated index: 0, Majority replicated index: 0, Committed index: 0, Last appended: 0.0, Last appended by leader: 0, Current term: 0, Majority size: -1, State: 0, Mode: NON_LEADER, active raft config: opid_index: -1 OBSOLETE_local: false peers { permanent_uuid: "f5df0de16ed54d688735b56354d95e08" member_type: VOTER last_known_addr { host: "127.1.112.129" port: 36797 } } peers { permanent_uuid: "70f95a26e27a4e8da6c9a85316cd9ddc" member_type: VOTER last_known_addr { host: "127.1.112.130" port: 35307 } } peers { permanent_uuid: "ba4afbb8a6cf4942b7bf993414c59e04" member_type: VOTER last_known_addr { host: "127.1.112.131" port: 41247 } }
I20260608 09:53:26.075827  6141 ts_tablet_manager.cc:1434] T 41b3f277b18344ebabfbf2d095f06c09 P f5df0de16ed54d688735b56354d95e08: Time spent starting tablet: real 0.005s	user 0.004s	sys 0.000s
I20260608 09:53:26.075076  6142 raft_consensus.cc:359] T ac1fda8a78ad4b75889bf273ff9cf74e P ba4afbb8a6cf4942b7bf993414c59e04 [term 0 FOLLOWER]: Replica starting. Triggering 0 pending ops. Active config: opid_index: -1 OBSOLETE_local: false peers { permanent_uuid: "f5df0de16ed54d688735b56354d95e08" member_type: VOTER last_known_addr { host: "127.1.112.129" port: 36797 } } peers { permanent_uuid: "70f95a26e27a4e8da6c9a85316cd9ddc" member_type: VOTER last_known_addr { host: "127.1.112.130" port: 35307 } } peers { permanent_uuid: "ba4afbb8a6cf4942b7bf993414c59e04" member_type: VOTER last_known_addr { host: "127.1.112.131" port: 41247 } }
I20260608 09:53:26.076177  6142 raft_consensus.cc:385] T ac1fda8a78ad4b75889bf273ff9cf74e P ba4afbb8a6cf4942b7bf993414c59e04 [term 0 FOLLOWER]: Consensus starting up: Expiring failure detector timer to make a prompt election more likely
I20260608 09:53:26.076531  6142 raft_consensus.cc:740] T ac1fda8a78ad4b75889bf273ff9cf74e P ba4afbb8a6cf4942b7bf993414c59e04 [term 0 FOLLOWER]: Becoming Follower/Learner. State: Replica: ba4afbb8a6cf4942b7bf993414c59e04, State: Initialized, Role: FOLLOWER
I20260608 09:53:26.076777  6141 tablet_bootstrap.cc:492] T 6a5074be1b414f76a8e5c7346dccd503 P f5df0de16ed54d688735b56354d95e08: Bootstrap starting.
I20260608 09:53:26.077448  6142 consensus_queue.cc:260] T ac1fda8a78ad4b75889bf273ff9cf74e P ba4afbb8a6cf4942b7bf993414c59e04 [NON_LEADER]: Queue going to NON_LEADER mode. State: All replicated index: 0, Majority replicated index: 0, Committed index: 0, Last appended: 0.0, Last appended by leader: 0, Current term: 0, Majority size: -1, State: 0, Mode: NON_LEADER, active raft config: opid_index: -1 OBSOLETE_local: false peers { permanent_uuid: "f5df0de16ed54d688735b56354d95e08" member_type: VOTER last_known_addr { host: "127.1.112.129" port: 36797 } } peers { permanent_uuid: "70f95a26e27a4e8da6c9a85316cd9ddc" member_type: VOTER last_known_addr { host: "127.1.112.130" port: 35307 } } peers { permanent_uuid: "ba4afbb8a6cf4942b7bf993414c59e04" member_type: VOTER last_known_addr { host: "127.1.112.131" port: 41247 } }
I20260608 09:53:26.079579  6020 tablet_service.cc:1917] Received RequestConsensusVote() RPC: tablet_id: "5808992c23aa4b51a9728d4beab826a7" candidate_uuid: "f5df0de16ed54d688735b56354d95e08" candidate_term: 1 candidate_status { last_received { term: 0 index: 0 } } ignore_live_leader: false dest_uuid: "70f95a26e27a4e8da6c9a85316cd9ddc"
I20260608 09:53:26.080134  6020 raft_consensus.cc:3060] T 5808992c23aa4b51a9728d4beab826a7 P 70f95a26e27a4e8da6c9a85316cd9ddc [term 0 FOLLOWER]: Advancing to term 1
I20260608 09:53:26.082832  6141 tablet_bootstrap.cc:654] T 6a5074be1b414f76a8e5c7346dccd503 P f5df0de16ed54d688735b56354d95e08: Neither blocks nor log segments found. Creating new log.
I20260608 09:53:26.085712  6142 ts_tablet_manager.cc:1434] T ac1fda8a78ad4b75889bf273ff9cf74e P ba4afbb8a6cf4942b7bf993414c59e04: Time spent starting tablet: real 0.013s	user 0.008s	sys 0.000s
I20260608 09:53:26.086946  6020 raft_consensus.cc:2468] T 5808992c23aa4b51a9728d4beab826a7 P 70f95a26e27a4e8da6c9a85316cd9ddc [term 1 FOLLOWER]: Leader election vote request: Granting yes vote for candidate f5df0de16ed54d688735b56354d95e08 in term 1.
I20260608 09:53:26.088279  5911 leader_election.cc:304] T 5808992c23aa4b51a9728d4beab826a7 P f5df0de16ed54d688735b56354d95e08 [CANDIDATE]: Term 1 election: Election decided. Result: candidate won. Election summary: received 2 responses out of 3 voters: 2 yes votes; 0 no votes. yes voters: 70f95a26e27a4e8da6c9a85316cd9ddc, f5df0de16ed54d688735b56354d95e08; no voters: 
I20260608 09:53:26.089573  6144 raft_consensus.cc:2804] T 5808992c23aa4b51a9728d4beab826a7 P f5df0de16ed54d688735b56354d95e08 [term 1 FOLLOWER]: Leader election won for term 1
I20260608 09:53:26.089677  6168 raft_consensus.cc:515] T 41b3f277b18344ebabfbf2d095f06c09 P 70f95a26e27a4e8da6c9a85316cd9ddc [term 1 FOLLOWER]: Starting leader election with config: opid_index: -1 OBSOLETE_local: false peers { permanent_uuid: "f5df0de16ed54d688735b56354d95e08" member_type: VOTER last_known_addr { host: "127.1.112.129" port: 36797 } } peers { permanent_uuid: "70f95a26e27a4e8da6c9a85316cd9ddc" member_type: VOTER last_known_addr { host: "127.1.112.130" port: 35307 } } peers { permanent_uuid: "ba4afbb8a6cf4942b7bf993414c59e04" member_type: VOTER last_known_addr { host: "127.1.112.131" port: 41247 } }
I20260608 09:53:26.092638  5946 tablet_service.cc:1917] Received RequestConsensusVote() RPC: tablet_id: "41b3f277b18344ebabfbf2d095f06c09" candidate_uuid: "70f95a26e27a4e8da6c9a85316cd9ddc" candidate_term: 1 candidate_status { last_received { term: 0 index: 0 } } ignore_live_leader: false dest_uuid: "f5df0de16ed54d688735b56354d95e08"
I20260608 09:53:26.093302  5946 raft_consensus.cc:3060] T 41b3f277b18344ebabfbf2d095f06c09 P f5df0de16ed54d688735b56354d95e08 [term 0 FOLLOWER]: Advancing to term 1
I20260608 09:53:26.094230  6142 tablet_bootstrap.cc:492] T 1b370d852d28422abc6c69004eed8783 P ba4afbb8a6cf4942b7bf993414c59e04: Bootstrap starting.
I20260608 09:53:26.100247  6142 tablet_bootstrap.cc:654] T 1b370d852d28422abc6c69004eed8783 P ba4afbb8a6cf4942b7bf993414c59e04: Neither blocks nor log segments found. Creating new log.
I20260608 09:53:26.101583  6141 tablet_bootstrap.cc:492] T 6a5074be1b414f76a8e5c7346dccd503 P f5df0de16ed54d688735b56354d95e08: No bootstrap required, opened a new log
I20260608 09:53:26.102044  6141 ts_tablet_manager.cc:1403] T 6a5074be1b414f76a8e5c7346dccd503 P f5df0de16ed54d688735b56354d95e08: Time spent bootstrapping tablet: real 0.025s	user 0.009s	sys 0.004s
I20260608 09:53:26.102289  5844 catalog_manager.cc:5696] T ac1fda8a78ad4b75889bf273ff9cf74e P 70f95a26e27a4e8da6c9a85316cd9ddc reported cstate change: term changed from 0 to 1, leader changed from <none> to 70f95a26e27a4e8da6c9a85316cd9ddc (127.1.112.130). New cstate: current_term: 1 leader_uuid: "70f95a26e27a4e8da6c9a85316cd9ddc" committed_config { opid_index: -1 OBSOLETE_local: false peers { permanent_uuid: "f5df0de16ed54d688735b56354d95e08" member_type: VOTER last_known_addr { host: "127.1.112.129" port: 36797 } health_report { overall_health: UNKNOWN } } peers { permanent_uuid: "70f95a26e27a4e8da6c9a85316cd9ddc" member_type: VOTER last_known_addr { host: "127.1.112.130" port: 35307 } health_report { overall_health: HEALTHY } } peers { permanent_uuid: "ba4afbb8a6cf4942b7bf993414c59e04" member_type: VOTER last_known_addr { host: "127.1.112.131" port: 41247 } health_report { overall_health: UNKNOWN } } }
I20260608 09:53:26.103055  6095 tablet_service.cc:1917] Received RequestConsensusVote() RPC: tablet_id: "41b3f277b18344ebabfbf2d095f06c09" candidate_uuid: "70f95a26e27a4e8da6c9a85316cd9ddc" candidate_term: 1 candidate_status { last_received { term: 0 index: 0 } } ignore_live_leader: false dest_uuid: "ba4afbb8a6cf4942b7bf993414c59e04"
I20260608 09:53:26.101889  6168 leader_election.cc:290] T 41b3f277b18344ebabfbf2d095f06c09 P 70f95a26e27a4e8da6c9a85316cd9ddc [CANDIDATE]: Term 1 election: Requested vote from peers f5df0de16ed54d688735b56354d95e08 (127.1.112.129:36797), ba4afbb8a6cf4942b7bf993414c59e04 (127.1.112.131:41247)
I20260608 09:53:26.103641  6095 raft_consensus.cc:3060] T 41b3f277b18344ebabfbf2d095f06c09 P ba4afbb8a6cf4942b7bf993414c59e04 [term 0 FOLLOWER]: Advancing to term 1
I20260608 09:53:26.104877  6141 raft_consensus.cc:359] T 6a5074be1b414f76a8e5c7346dccd503 P f5df0de16ed54d688735b56354d95e08 [term 0 FOLLOWER]: Replica starting. Triggering 0 pending ops. Active config: opid_index: -1 OBSOLETE_local: false peers { permanent_uuid: "f5df0de16ed54d688735b56354d95e08" member_type: VOTER last_known_addr { host: "127.1.112.129" port: 36797 } } peers { permanent_uuid: "70f95a26e27a4e8da6c9a85316cd9ddc" member_type: VOTER last_known_addr { host: "127.1.112.130" port: 35307 } } peers { permanent_uuid: "ba4afbb8a6cf4942b7bf993414c59e04" member_type: VOTER last_known_addr { host: "127.1.112.131" port: 41247 } }
I20260608 09:53:26.105538  6141 raft_consensus.cc:385] T 6a5074be1b414f76a8e5c7346dccd503 P f5df0de16ed54d688735b56354d95e08 [term 0 FOLLOWER]: Consensus starting up: Expiring failure detector timer to make a prompt election more likely
I20260608 09:53:26.105780  6141 raft_consensus.cc:740] T 6a5074be1b414f76a8e5c7346dccd503 P f5df0de16ed54d688735b56354d95e08 [term 0 FOLLOWER]: Becoming Follower/Learner. State: Replica: f5df0de16ed54d688735b56354d95e08, State: Initialized, Role: FOLLOWER
