W20260608 09:53:28.590147 20788 outbound_call.cc:321] RPC callback for RPC call kudu.consensus.ConsensusService.UpdateConsensus -> {remote=127.15.225.195:46263, user_credentials={real_user=slave}} blocked reactor thread for 50028.2us
W20260608 09:53:29.145399 20788 outbound_call.cc:321] RPC callback for RPC call kudu.consensus.ConsensusService.UpdateConsensus -> {remote=127.15.225.193:40267, user_credentials={real_user=slave}} blocked reactor thread for 45098.3us
W20260608 09:53:29.179154 20713 outbound_call.cc:321] RPC callback for RPC call kudu.consensus.ConsensusService.UpdateConsensus -> {remote=127.15.225.195:46263, user_credentials={real_user=slave}} blocked reactor thread for 58507.8us
W20260608 09:53:29.783617 20918 debug-util.cc:398] Leaking SignalData structure 0x7b0800193060 after lost signal to thread 16266
W20260608 09:53:29.784711 20918 debug-util.cc:398] Leaking SignalData structure 0x7b0800185000 after lost signal to thread 20680
W20260608 09:53:29.785977 20918 debug-util.cc:398] Leaking SignalData structure 0x7b08000ad7c0 after lost signal to thread 20772
W20260608 09:53:29.787084 20918 debug-util.cc:398] Leaking SignalData structure 0x7b0800100300 after lost signal to thread 20847
W20260608 09:53:29.788175 20918 debug-util.cc:398] Leaking SignalData structure 0x7b08001fa2e0 after lost signal to thread 20921
W20260608 09:53:29.994747 20712 outbound_call.cc:321] RPC callback for RPC call kudu.consensus.ConsensusService.UpdateConsensus -> {remote=127.15.225.194:37835, user_credentials={real_user=slave}} blocked reactor thread for 46005.6us
W20260608 09:53:30.397024 20861 outbound_call.cc:321] RPC callback for RPC call kudu.consensus.ConsensusService.UpdateConsensus -> {remote=127.15.225.194:37835, user_credentials={real_user=slave}} blocked reactor thread for 57957.2us
W20260608 09:53:30.337664 20862 outbound_call.cc:321] RPC callback for RPC call kudu.consensus.ConsensusService.UpdateConsensus -> {remote=127.15.225.193:40267, user_credentials={real_user=slave}} blocked reactor thread for 159276us
W20260608 09:53:30.649300 20788 outbound_call.cc:321] RPC callback for RPC call kudu.consensus.ConsensusService.UpdateConsensus -> {remote=127.15.225.193:40267, user_credentials={real_user=slave}} blocked reactor thread for 102243us
W20260608 09:53:30.796435 21037 meta_cache.cc:1261] Time spent looking up entry by key: real 0.122s	user 0.000s	sys 0.000s
W20260608 09:53:31.148859 20928 outbound_call.cc:321] RPC callback for RPC call kudu.tserver.TabletServerService.Write -> {remote=127.15.225.195:46263, user_credentials={real_user=slave}} blocked reactor thread for 94347.1us
W20260608 09:53:31.187245 20927 outbound_call.cc:321] RPC callback for RPC call kudu.tserver.TabletServerService.Write -> {remote=127.15.225.194:37835, user_credentials={real_user=slave}} blocked reactor thread for 56273.2us
I20260608 09:53:31.233671 16263 file_cache.cc:492] Constructed file cache file cache with capacity 419430
W20260608 09:53:31.246294 21145 instance_detector.cc:116] could not retrieve AWS instance metadata: Network error: curl error: HTTP response code said error: The requested URL returned error: 404
W20260608 09:53:31.247634 21146 instance_detector.cc:116] could not retrieve Azure instance metadata: Network error: curl error: HTTP response code said error: The requested URL returned error: 404
W20260608 09:53:31.251025 21148 instance_detector.cc:116] could not retrieve OpenStack instance metadata: Network error: curl error: HTTP response code said error: The requested URL returned error: 404
I20260608 09:53:31.251748 16263 server_base.cc:1061] running on GCE node
I20260608 09:53:31.254005 16263 hybrid_clock.cc:584] initializing the hybrid clock with 'system_unsync' time source
W20260608 09:53:31.254264 16263 system_unsync_time.cc:38] NTP support is disabled. Clock error bounds will not be accurate. This configuration is not suitable for distributed clusters.
I20260608 09:53:31.254504 16263 hybrid_clock.cc:648] HybridClock initialized: now 1780912411254482 us; error 0 us; skew 500 ppm
I20260608 09:53:31.255218 16263 server_base.cc:861] Flag tcmalloc_max_total_thread_cache_bytes is not working since tcmalloc is not enabled.
I20260608 09:53:31.258738 16263 webserver.cc:533] Webserver started at http://127.15.225.196:38473/ using document root <none> and password file <none>
I20260608 09:53:31.259363 16263 fs_manager.cc:362] Metadata directory not provided
I20260608 09:53:31.259575 16263 fs_manager.cc:368] Using write-ahead log directory (fs_wal_dir) as metadata directory
I20260608 09:53:31.259903 16263 server_base.cc:909] This appears to be a new deployment of Kudu; creating new FS layout
I20260608 09:53:31.261094 16263 fs_manager.cc:1068] Generated new instance metadata in path /tmp/dist-test-taskWjZciA/test-tmp/auto_rebalancer-test.0.AutoRebalancerTest.TestMaxMovesPerServer.1780912280855541-16263-0/minicluster-data/ts-3-root/instance:
uuid: "91cf9b831edb481b9acd50e872ac81a1"
format_stamp: "Formatted at 2026-06-08 09:53:31 on dist-test-slave-8lvv"
I20260608 09:53:31.266678 16263 fs_manager.cc:696] Time spent creating directory manager: real 0.005s	user 0.003s	sys 0.004s
I20260608 09:53:31.270772 21153 log_block_manager.cc:4031] Time spent loading block containers with low live blocks: real 0.000s	user 0.000s	sys 0.000s
I20260608 09:53:31.271785 16263 fs_manager.cc:730] Time spent opening block manager: real 0.003s	user 0.004s	sys 0.000s
I20260608 09:53:31.272250 16263 fs_manager.cc:647] Opened local filesystem: /tmp/dist-test-taskWjZciA/test-tmp/auto_rebalancer-test.0.AutoRebalancerTest.TestMaxMovesPerServer.1780912280855541-16263-0/minicluster-data/ts-3-root
uuid: "91cf9b831edb481b9acd50e872ac81a1"
format_stamp: "Formatted at 2026-06-08 09:53:31 on dist-test-slave-8lvv"
I20260608 09:53:31.272578 16263 fs_report.cc:389] FS layout report
--------------------
wal directory: /tmp/dist-test-taskWjZciA/test-tmp/auto_rebalancer-test.0.AutoRebalancerTest.TestMaxMovesPerServer.1780912280855541-16263-0/minicluster-data/ts-3-root
metadata directory: /tmp/dist-test-taskWjZciA/test-tmp/auto_rebalancer-test.0.AutoRebalancerTest.TestMaxMovesPerServer.1780912280855541-16263-0/minicluster-data/ts-3-root
1 data directories: /tmp/dist-test-taskWjZciA/test-tmp/auto_rebalancer-test.0.AutoRebalancerTest.TestMaxMovesPerServer.1780912280855541-16263-0/minicluster-data/ts-3-root/data
Total live blocks: 0
Total live bytes: 0
Total live bytes (after alignment): 0
Total number of LBM containers: 0 (0 full)
Did not check for missing blocks
Did not check for orphaned blocks
Total full LBM containers with extra space: 0 (0 repaired)
Total full LBM container extra space in bytes: 0 (0 repaired)
Total incomplete LBM containers: 0 (0 repaired)
Total LBM partial records: 0 (0 repaired)
Total corrupted LBM metadata records in RocksDB: 0 (0 repaired)
I20260608 09:53:31.286216 16263 rpc_server.cc:225] running with OpenSSL 1.1.1  11 Sep 2018
I20260608 09:53:31.287628 16263 kserver.cc:163] Server-wide thread pool size limit: 3276
I20260608 09:53:31.289404 16263 txn_system_client.cc:432] TxnSystemClient initialization is disabled...
I20260608 09:53:31.292475 16263 ts_tablet_manager.cc:585] Loaded tablet metadata (0 total tablets, 0 live tablets)
I20260608 09:53:31.292698 16263 ts_tablet_manager.cc:531] Time spent load tablet metadata: real 0.000s	user 0.000s	sys 0.000s
I20260608 09:53:31.292991 16263 ts_tablet_manager.cc:616] Registered 0 tablets
I20260608 09:53:31.293231 16263 ts_tablet_manager.cc:595] Time spent register tablets: real 0.000s	user 0.000s	sys 0.000s
I20260608 09:53:31.356375 16263 rpc_server.cc:307] RPC server started. Bound to: 127.15.225.196:38309
I20260608 09:53:31.356531 21215 acceptor_pool.cc:272] collecting diagnostics on the listening RPC socket 127.15.225.196:38309 every 8 connection(s)
I20260608 09:53:31.362576 16263 file_cache.cc:492] Constructed file cache file cache with capacity 419430
W20260608 09:53:31.376716 21220 instance_detector.cc:116] could not retrieve AWS instance metadata: Network error: curl error: HTTP response code said error: The requested URL returned error: 404
W20260608 09:53:31.383131 21221 instance_detector.cc:116] could not retrieve Azure instance metadata: Network error: curl error: HTTP response code said error: The requested URL returned error: 404
I20260608 09:53:31.399493 16263 server_base.cc:1061] running on GCE node
W20260608 09:53:31.401172 21223 instance_detector.cc:116] could not retrieve OpenStack instance metadata: Network error: curl error: HTTP response code said error: The requested URL returned error: 404
I20260608 09:53:31.404230 21216 heartbeater.cc:344] Connected to a master server at 127.15.225.254:44681
I20260608 09:53:31.404764 21216 heartbeater.cc:461] Registering TS with master...
I20260608 09:53:31.404968 16263 hybrid_clock.cc:584] initializing the hybrid clock with 'system_unsync' time source
W20260608 09:53:31.405267 16263 system_unsync_time.cc:38] NTP support is disabled. Clock error bounds will not be accurate. This configuration is not suitable for distributed clusters.
I20260608 09:53:31.405500 16263 hybrid_clock.cc:648] HybridClock initialized: now 1780912411405479 us; error 0 us; skew 500 ppm
I20260608 09:53:31.405871 21216 heartbeater.cc:507] Master 127.15.225.254:44681 requested a full tablet report, sending...
I20260608 09:53:31.406463 16263 server_base.cc:861] Flag tcmalloc_max_total_thread_cache_bytes is not working since tcmalloc is not enabled.
I20260608 09:53:31.408705 20646 ts_manager.cc:194] Registered new tserver with Master: 91cf9b831edb481b9acd50e872ac81a1 (127.15.225.196:38309)
I20260608 09:53:31.409942 16263 webserver.cc:533] Webserver started at http://127.15.225.197:39709/ using document root <none> and password file <none>
I20260608 09:53:31.410714 16263 fs_manager.cc:362] Metadata directory not provided
I20260608 09:53:31.410748 20646 master_service.cc:502] Signed X509 certificate for tserver {username='slave'} at 127.0.0.1:41996
I20260608 09:53:31.411118 16263 fs_manager.cc:368] Using write-ahead log directory (fs_wal_dir) as metadata directory
I20260608 09:53:31.411495 16263 server_base.cc:909] This appears to be a new deployment of Kudu; creating new FS layout
I20260608 09:53:31.413102 16263 fs_manager.cc:1068] Generated new instance metadata in path /tmp/dist-test-taskWjZciA/test-tmp/auto_rebalancer-test.0.AutoRebalancerTest.TestMaxMovesPerServer.1780912280855541-16263-0/minicluster-data/ts-4-root/instance:
uuid: "13949d893c7c44ae82767bcfe7516bbb"
format_stamp: "Formatted at 2026-06-08 09:53:31 on dist-test-slave-8lvv"
I20260608 09:53:31.418673 16263 fs_manager.cc:696] Time spent creating directory manager: real 0.005s	user 0.003s	sys 0.005s
I20260608 09:53:31.422523 21228 log_block_manager.cc:4031] Time spent loading block containers with low live blocks: real 0.000s	user 0.000s	sys 0.000s
I20260608 09:53:31.423483 16263 fs_manager.cc:730] Time spent opening block manager: real 0.003s	user 0.003s	sys 0.000s
I20260608 09:53:31.423837 16263 fs_manager.cc:647] Opened local filesystem: /tmp/dist-test-taskWjZciA/test-tmp/auto_rebalancer-test.0.AutoRebalancerTest.TestMaxMovesPerServer.1780912280855541-16263-0/minicluster-data/ts-4-root
uuid: "13949d893c7c44ae82767bcfe7516bbb"
format_stamp: "Formatted at 2026-06-08 09:53:31 on dist-test-slave-8lvv"
I20260608 09:53:31.424149 16263 fs_report.cc:389] FS layout report
--------------------
wal directory: /tmp/dist-test-taskWjZciA/test-tmp/auto_rebalancer-test.0.AutoRebalancerTest.TestMaxMovesPerServer.1780912280855541-16263-0/minicluster-data/ts-4-root
metadata directory: /tmp/dist-test-taskWjZciA/test-tmp/auto_rebalancer-test.0.AutoRebalancerTest.TestMaxMovesPerServer.1780912280855541-16263-0/minicluster-data/ts-4-root
1 data directories: /tmp/dist-test-taskWjZciA/test-tmp/auto_rebalancer-test.0.AutoRebalancerTest.TestMaxMovesPerServer.1780912280855541-16263-0/minicluster-data/ts-4-root/data
Total live blocks: 0
Total live bytes: 0
Total live bytes (after alignment): 0
Total number of LBM containers: 0 (0 full)
Did not check for missing blocks
Did not check for orphaned blocks
Total full LBM containers with extra space: 0 (0 repaired)
Total full LBM container extra space in bytes: 0 (0 repaired)
Total incomplete LBM containers: 0 (0 repaired)
Total LBM partial records: 0 (0 repaired)
Total corrupted LBM metadata records in RocksDB: 0 (0 repaired)
I20260608 09:53:31.449879 16263 rpc_server.cc:225] running with OpenSSL 1.1.1  11 Sep 2018
I20260608 09:53:31.451556 16263 kserver.cc:163] Server-wide thread pool size limit: 3276
I20260608 09:53:31.453490 16263 txn_system_client.cc:432] TxnSystemClient initialization is disabled...
I20260608 09:53:31.456127 16263 ts_tablet_manager.cc:585] Loaded tablet metadata (0 total tablets, 0 live tablets)
I20260608 09:53:31.456310 16263 ts_tablet_manager.cc:531] Time spent load tablet metadata: real 0.000s	user 0.000s	sys 0.000s
I20260608 09:53:31.456604 16263 ts_tablet_manager.cc:616] Registered 0 tablets
I20260608 09:53:31.456764 16263 ts_tablet_manager.cc:595] Time spent register tablets: real 0.000s	user 0.000s	sys 0.000s
I20260608 09:53:31.537333 16263 rpc_server.cc:307] RPC server started. Bound to: 127.15.225.197:35115
I20260608 09:53:31.537493 21290 acceptor_pool.cc:272] collecting diagnostics on the listening RPC socket 127.15.225.197:35115 every 8 connection(s)
I20260608 09:53:31.564877 16263 file_cache.cc:492] Constructed file cache file cache with capacity 419430
I20260608 09:53:31.577553 21291 heartbeater.cc:344] Connected to a master server at 127.15.225.254:44681
I20260608 09:53:31.578223 21291 heartbeater.cc:461] Registering TS with master...
I20260608 09:53:31.579335 21291 heartbeater.cc:507] Master 127.15.225.254:44681 requested a full tablet report, sending...
I20260608 09:53:31.582377 20646 ts_manager.cc:194] Registered new tserver with Master: 13949d893c7c44ae82767bcfe7516bbb (127.15.225.197:35115)
I20260608 09:53:31.584704 20646 master_service.cc:502] Signed X509 certificate for tserver {username='slave'} at 127.0.0.1:42004
W20260608 09:53:31.607237 21295 instance_detector.cc:116] could not retrieve AWS instance metadata: Network error: curl error: HTTP response code said error: The requested URL returned error: 404
W20260608 09:53:31.624675 21297 instance_detector.cc:116] could not retrieve Azure instance metadata: Network error: curl error: HTTP response code said error: The requested URL returned error: 404
W20260608 09:53:31.630980 21299 instance_detector.cc:116] could not retrieve OpenStack instance metadata: Network error: curl error: HTTP response code said error: The requested URL returned error: 404
I20260608 09:53:31.631917 16263 server_base.cc:1061] running on GCE node
I20260608 09:53:31.634338 16263 hybrid_clock.cc:584] initializing the hybrid clock with 'system_unsync' time source
I20260608 09:53:31.633641 20890 consensus_queue.cc:237] T 51496bf6866f41d5b62ee56fe8664528 P ad57fd977d0947a8abfa80a63b882b7f [LEADER]: Queue going to LEADER mode. State: All replicated index: 0, Majority replicated index: 27, Committed index: 27, Last appended: 1.27, Last appended by leader: 0, Current term: 1, Majority size: 2, State: 0, Mode: LEADER, active raft config: opid_index: 28 OBSOLETE_local: false peers { permanent_uuid: "47e450de81e64eb7a03409542a25310b" member_type: VOTER last_known_addr { host: "127.15.225.193" port: 40267 } } peers { permanent_uuid: "5bf4ad0090b14cf79390b2750a741beb" member_type: VOTER last_known_addr { host: "127.15.225.194" port: 37835 } attrs { replace: true } } peers { permanent_uuid: "ad57fd977d0947a8abfa80a63b882b7f" member_type: VOTER last_known_addr { host: "127.15.225.195" port: 46263 } } peers { permanent_uuid: "91cf9b831edb481b9acd50e872ac81a1" member_type: NON_VOTER last_known_addr { host: "127.15.225.196" port: 38309 } attrs { promote: true } }
W20260608 09:53:31.634714 16263 system_unsync_time.cc:38] NTP support is disabled. Clock error bounds will not be accurate. This configuration is not suitable for distributed clusters.
I20260608 09:53:31.635012 16263 hybrid_clock.cc:648] HybridClock initialized: now 1780912411634988 us; error 0 us; skew 500 ppm
I20260608 09:53:31.635679 16263 server_base.cc:861] Flag tcmalloc_max_total_thread_cache_bytes is not working since tcmalloc is not enabled.
I20260608 09:53:31.646945 20823 raft_consensus.cc:1275] T 51496bf6866f41d5b62ee56fe8664528 P 5bf4ad0090b14cf79390b2750a741beb [term 1 FOLLOWER]: Refusing update from remote peer ad57fd977d0947a8abfa80a63b882b7f: Log matching property violated. Preceding OpId in replica: term: 1 index: 27. Preceding OpId from leader: term: 1 index: 28. (index mismatch)
I20260608 09:53:31.648675 21090 consensus_queue.cc:1048] T 51496bf6866f41d5b62ee56fe8664528 P ad57fd977d0947a8abfa80a63b882b7f [LEADER]: Connected to new peer: Peer: permanent_uuid: "5bf4ad0090b14cf79390b2750a741beb" member_type: VOTER last_known_addr { host: "127.15.225.194" port: 37835 } attrs { replace: true }, Status: LMP_MISMATCH, Last received: 0.0, Next index: 28, Last known committed idx: 27, Time since last communication: 0.000s
I20260608 09:53:31.656519 21138 raft_consensus.cc:2955] T 51496bf6866f41d5b62ee56fe8664528 P ad57fd977d0947a8abfa80a63b882b7f [term 1 LEADER]: Committing config change with OpId 1.28: config changed from index -1 to 28, NON_VOTER 91cf9b831edb481b9acd50e872ac81a1 (127.15.225.196) added. New config: { opid_index: 28 OBSOLETE_local: false peers { permanent_uuid: "47e450de81e64eb7a03409542a25310b" member_type: VOTER last_known_addr { host: "127.15.225.193" port: 40267 } } peers { permanent_uuid: "5bf4ad0090b14cf79390b2750a741beb" member_type: VOTER last_known_addr { host: "127.15.225.194" port: 37835 } attrs { replace: true } } peers { permanent_uuid: "ad57fd977d0947a8abfa80a63b882b7f" member_type: VOTER last_known_addr { host: "127.15.225.195" port: 46263 } } peers { permanent_uuid: "91cf9b831edb481b9acd50e872ac81a1" member_type: NON_VOTER last_known_addr { host: "127.15.225.196" port: 38309 } attrs { promote: true } } }
I20260608 09:53:31.665354 20823 raft_consensus.cc:2955] T 51496bf6866f41d5b62ee56fe8664528 P 5bf4ad0090b14cf79390b2750a741beb [term 1 FOLLOWER]: Committing config change with OpId 1.28: config changed from index -1 to 28, NON_VOTER 91cf9b831edb481b9acd50e872ac81a1 (127.15.225.196) added. New config: { opid_index: 28 OBSOLETE_local: false peers { permanent_uuid: "47e450de81e64eb7a03409542a25310b" member_type: VOTER last_known_addr { host: "127.15.225.193" port: 40267 } } peers { permanent_uuid: "5bf4ad0090b14cf79390b2750a741beb" member_type: VOTER last_known_addr { host: "127.15.225.194" port: 37835 } attrs { replace: true } } peers { permanent_uuid: "ad57fd977d0947a8abfa80a63b882b7f" member_type: VOTER last_known_addr { host: "127.15.225.195" port: 46263 } } peers { permanent_uuid: "91cf9b831edb481b9acd50e872ac81a1" member_type: NON_VOTER last_known_addr { host: "127.15.225.196" port: 38309 } attrs { promote: true } } }
I20260608 09:53:31.677230 20748 raft_consensus.cc:1275] T 51496bf6866f41d5b62ee56fe8664528 P 47e450de81e64eb7a03409542a25310b [term 1 FOLLOWER]: Refusing update from remote peer ad57fd977d0947a8abfa80a63b882b7f: Log matching property violated. Preceding OpId in replica: term: 1 index: 27. Preceding OpId from leader: term: 1 index: 28. (index mismatch)
I20260608 09:53:31.682979 21090 consensus_queue.cc:1048] T 51496bf6866f41d5b62ee56fe8664528 P ad57fd977d0947a8abfa80a63b882b7f [LEADER]: Connected to new peer: Peer: permanent_uuid: "47e450de81e64eb7a03409542a25310b" member_type: VOTER last_known_addr { host: "127.15.225.193" port: 40267 }, Status: LMP_MISMATCH, Last received: 0.0, Next index: 28, Last known committed idx: 27, Time since last communication: 0.000s
I20260608 09:53:31.703789 20646 catalog_manager.cc:5696] T 51496bf6866f41d5b62ee56fe8664528 P 5bf4ad0090b14cf79390b2750a741beb reported cstate change: config changed from index -1 to 28, NON_VOTER 91cf9b831edb481b9acd50e872ac81a1 (127.15.225.196) added. New cstate: current_term: 1 leader_uuid: "ad57fd977d0947a8abfa80a63b882b7f" committed_config { opid_index: 28 OBSOLETE_local: false peers { permanent_uuid: "47e450de81e64eb7a03409542a25310b" member_type: VOTER last_known_addr { host: "127.15.225.193" port: 40267 } } peers { permanent_uuid: "5bf4ad0090b14cf79390b2750a741beb" member_type: VOTER last_known_addr { host: "127.15.225.194" port: 37835 } attrs { replace: true } } peers { permanent_uuid: "ad57fd977d0947a8abfa80a63b882b7f" member_type: VOTER last_known_addr { host: "127.15.225.195" port: 46263 } } peers { permanent_uuid: "91cf9b831edb481b9acd50e872ac81a1" member_type: NON_VOTER last_known_addr { host: "127.15.225.196" port: 38309 } attrs { promote: true } } }
I20260608 09:53:31.708191 20748 raft_consensus.cc:2955] T 51496bf6866f41d5b62ee56fe8664528 P 47e450de81e64eb7a03409542a25310b [term 1 FOLLOWER]: Committing config change with OpId 1.28: config changed from index -1 to 28, NON_VOTER 91cf9b831edb481b9acd50e872ac81a1 (127.15.225.196) added. New config: { opid_index: 28 OBSOLETE_local: false peers { permanent_uuid: "47e450de81e64eb7a03409542a25310b" member_type: VOTER last_known_addr { host: "127.15.225.193" port: 40267 } } peers { permanent_uuid: "5bf4ad0090b14cf79390b2750a741beb" member_type: VOTER last_known_addr { host: "127.15.225.194" port: 37835 } attrs { replace: true } } peers { permanent_uuid: "ad57fd977d0947a8abfa80a63b882b7f" member_type: VOTER last_known_addr { host: "127.15.225.195" port: 46263 } } peers { permanent_uuid: "91cf9b831edb481b9acd50e872ac81a1" member_type: NON_VOTER last_known_addr { host: "127.15.225.196" port: 38309 } attrs { promote: true } } }
I20260608 09:53:31.790642 16263 webserver.cc:533] Webserver started at http://127.15.225.198:46565/ using document root <none> and password file <none>
I20260608 09:53:31.800712 16263 fs_manager.cc:362] Metadata directory not provided
I20260608 09:53:31.801203 16263 fs_manager.cc:368] Using write-ahead log directory (fs_wal_dir) as metadata directory
I20260608 09:53:31.802192 16263 server_base.cc:909] This appears to be a new deployment of Kudu; creating new FS layout
W20260608 09:53:31.805735 20863 consensus_peers.cc:597] T 51496bf6866f41d5b62ee56fe8664528 P ad57fd977d0947a8abfa80a63b882b7f -> Peer 91cf9b831edb481b9acd50e872ac81a1 (127.15.225.196:38309): Couldn't send request to peer 91cf9b831edb481b9acd50e872ac81a1. Error code: TABLET_NOT_FOUND (6). Status: Not found: Tablet not found: 51496bf6866f41d5b62ee56fe8664528. This is attempt 1: this message will repeat every 5th retry.
I20260608 09:53:31.807722 16263 fs_manager.cc:1068] Generated new instance metadata in path /tmp/dist-test-taskWjZciA/test-tmp/auto_rebalancer-test.0.AutoRebalancerTest.TestMaxMovesPerServer.1780912280855541-16263-0/minicluster-data/ts-5-root/instance:
uuid: "7cd837a7a99642b4871dbd2efefa96f7"
format_stamp: "Formatted at 2026-06-08 09:53:31 on dist-test-slave-8lvv"
I20260608 09:53:31.810326 20748 consensus_queue.cc:237] T b7d75f9cee6649589069c4ccbd54dca2 P 47e450de81e64eb7a03409542a25310b [LEADER]: Queue going to LEADER mode. State: All replicated index: 0, Majority replicated index: 27, Committed index: 27, Last appended: 1.27, Last appended by leader: 0, Current term: 1, Majority size: 2, State: 0, Mode: LEADER, active raft config: opid_index: 28 OBSOLETE_local: false peers { permanent_uuid: "47e450de81e64eb7a03409542a25310b" member_type: VOTER last_known_addr { host: "127.15.225.193" port: 40267 } } peers { permanent_uuid: "5bf4ad0090b14cf79390b2750a741beb" member_type: VOTER last_known_addr { host: "127.15.225.194" port: 37835 } } peers { permanent_uuid: "ad57fd977d0947a8abfa80a63b882b7f" member_type: VOTER last_known_addr { host: "127.15.225.195" port: 46263 } attrs { replace: true } } peers { permanent_uuid: "91cf9b831edb481b9acd50e872ac81a1" member_type: NON_VOTER last_known_addr { host: "127.15.225.196" port: 38309 } attrs { promote: true } }
I20260608 09:53:31.821662 20823 raft_consensus.cc:1275] T b7d75f9cee6649589069c4ccbd54dca2 P 5bf4ad0090b14cf79390b2750a741beb [term 1 FOLLOWER]: Refusing update from remote peer 47e450de81e64eb7a03409542a25310b: Log matching property violated. Preceding OpId in replica: term: 1 index: 27. Preceding OpId from leader: term: 1 index: 28. (index mismatch)
I20260608 09:53:31.824082 21307 consensus_queue.cc:1048] T b7d75f9cee6649589069c4ccbd54dca2 P 47e450de81e64eb7a03409542a25310b [LEADER]: Connected to new peer: Peer: permanent_uuid: "5bf4ad0090b14cf79390b2750a741beb" member_type: VOTER last_known_addr { host: "127.15.225.194" port: 37835 }, Status: LMP_MISMATCH, Last received: 0.0, Next index: 28, Last known committed idx: 27, Time since last communication: 0.001s
I20260608 09:53:31.825412 20890 raft_consensus.cc:1275] T b7d75f9cee6649589069c4ccbd54dca2 P ad57fd977d0947a8abfa80a63b882b7f [term 1 FOLLOWER]: Refusing update from remote peer 47e450de81e64eb7a03409542a25310b: Log matching property violated. Preceding OpId in replica: term: 1 index: 27. Preceding OpId from leader: term: 1 index: 28. (index mismatch)
I20260608 09:53:31.829614 21111 consensus_queue.cc:1048] T b7d75f9cee6649589069c4ccbd54dca2 P 47e450de81e64eb7a03409542a25310b [LEADER]: Connected to new peer: Peer: permanent_uuid: "ad57fd977d0947a8abfa80a63b882b7f" member_type: VOTER last_known_addr { host: "127.15.225.195" port: 46263 } attrs { replace: true }, Status: LMP_MISMATCH, Last received: 0.0, Next index: 28, Last known committed idx: 27, Time since last communication: 0.001s
W20260608 09:53:31.847533 20714 consensus_peers.cc:597] T b7d75f9cee6649589069c4ccbd54dca2 P 47e450de81e64eb7a03409542a25310b -> Peer 91cf9b831edb481b9acd50e872ac81a1 (127.15.225.196:38309): Couldn't send request to peer 91cf9b831edb481b9acd50e872ac81a1. Error code: TABLET_NOT_FOUND (6). Status: Not found: Tablet not found: b7d75f9cee6649589069c4ccbd54dca2. This is attempt 1: this message will repeat every 5th retry.
I20260608 09:53:31.853900 21144 raft_consensus.cc:2955] T b7d75f9cee6649589069c4ccbd54dca2 P 47e450de81e64eb7a03409542a25310b [term 1 LEADER]: Committing config change with OpId 1.28: config changed from index -1 to 28, NON_VOTER 91cf9b831edb481b9acd50e872ac81a1 (127.15.225.196) added. New config: { opid_index: 28 OBSOLETE_local: false peers { permanent_uuid: "47e450de81e64eb7a03409542a25310b" member_type: VOTER last_known_addr { host: "127.15.225.193" port: 40267 } } peers { permanent_uuid: "5bf4ad0090b14cf79390b2750a741beb" member_type: VOTER last_known_addr { host: "127.15.225.194" port: 37835 } } peers { permanent_uuid: "ad57fd977d0947a8abfa80a63b882b7f" member_type: VOTER last_known_addr { host: "127.15.225.195" port: 46263 } attrs { replace: true } } peers { permanent_uuid: "91cf9b831edb481b9acd50e872ac81a1" member_type: NON_VOTER last_known_addr { host: "127.15.225.196" port: 38309 } attrs { promote: true } } }
I20260608 09:53:31.855798 20823 raft_consensus.cc:2955] T b7d75f9cee6649589069c4ccbd54dca2 P 5bf4ad0090b14cf79390b2750a741beb [term 1 FOLLOWER]: Committing config change with OpId 1.28: config changed from index -1 to 28, NON_VOTER 91cf9b831edb481b9acd50e872ac81a1 (127.15.225.196) added. New config: { opid_index: 28 OBSOLETE_local: false peers { permanent_uuid: "47e450de81e64eb7a03409542a25310b" member_type: VOTER last_known_addr { host: "127.15.225.193" port: 40267 } } peers { permanent_uuid: "5bf4ad0090b14cf79390b2750a741beb" member_type: VOTER last_known_addr { host: "127.15.225.194" port: 37835 } } peers { permanent_uuid: "ad57fd977d0947a8abfa80a63b882b7f" member_type: VOTER last_known_addr { host: "127.15.225.195" port: 46263 } attrs { replace: true } } peers { permanent_uuid: "91cf9b831edb481b9acd50e872ac81a1" member_type: NON_VOTER last_known_addr { host: "127.15.225.196" port: 38309 } attrs { promote: true } } }
I20260608 09:53:31.861544 20890 raft_consensus.cc:2955] T b7d75f9cee6649589069c4ccbd54dca2 P ad57fd977d0947a8abfa80a63b882b7f [term 1 FOLLOWER]: Committing config change with OpId 1.28: config changed from index -1 to 28, NON_VOTER 91cf9b831edb481b9acd50e872ac81a1 (127.15.225.196) added. New config: { opid_index: 28 OBSOLETE_local: false peers { permanent_uuid: "47e450de81e64eb7a03409542a25310b" member_type: VOTER last_known_addr { host: "127.15.225.193" port: 40267 } } peers { permanent_uuid: "5bf4ad0090b14cf79390b2750a741beb" member_type: VOTER last_known_addr { host: "127.15.225.194" port: 37835 } } peers { permanent_uuid: "ad57fd977d0947a8abfa80a63b882b7f" member_type: VOTER last_known_addr { host: "127.15.225.195" port: 46263 } attrs { replace: true } } peers { permanent_uuid: "91cf9b831edb481b9acd50e872ac81a1" member_type: NON_VOTER last_known_addr { host: "127.15.225.196" port: 38309 } attrs { promote: true } } }
I20260608 09:53:31.880177 16263 fs_manager.cc:696] Time spent creating directory manager: real 0.069s	user 0.007s	sys 0.008s
I20260608 09:53:31.878854 20640 catalog_manager.cc:5696] T b7d75f9cee6649589069c4ccbd54dca2 P 5bf4ad0090b14cf79390b2750a741beb reported cstate change: config changed from index -1 to 28, NON_VOTER 91cf9b831edb481b9acd50e872ac81a1 (127.15.225.196) added. New cstate: current_term: 1 leader_uuid: "47e450de81e64eb7a03409542a25310b" committed_config { opid_index: 28 OBSOLETE_local: false peers { permanent_uuid: "47e450de81e64eb7a03409542a25310b" member_type: VOTER last_known_addr { host: "127.15.225.193" port: 40267 } } peers { permanent_uuid: "5bf4ad0090b14cf79390b2750a741beb" member_type: VOTER last_known_addr { host: "127.15.225.194" port: 37835 } } peers { permanent_uuid: "ad57fd977d0947a8abfa80a63b882b7f" member_type: VOTER last_known_addr { host: "127.15.225.195" port: 46263 } attrs { replace: true } } peers { permanent_uuid: "91cf9b831edb481b9acd50e872ac81a1" member_type: NON_VOTER last_known_addr { host: "127.15.225.196" port: 38309 } attrs { promote: true } } }
I20260608 09:53:31.896785 21314 log_block_manager.cc:4031] Time spent loading block containers with low live blocks: real 0.000s	user 0.000s	sys 0.000s
I20260608 09:53:31.900498 16263 fs_manager.cc:730] Time spent opening block manager: real 0.016s	user 0.002s	sys 0.001s
I20260608 09:53:31.900913 16263 fs_manager.cc:647] Opened local filesystem: /tmp/dist-test-taskWjZciA/test-tmp/auto_rebalancer-test.0.AutoRebalancerTest.TestMaxMovesPerServer.1780912280855541-16263-0/minicluster-data/ts-5-root
uuid: "7cd837a7a99642b4871dbd2efefa96f7"
format_stamp: "Formatted at 2026-06-08 09:53:31 on dist-test-slave-8lvv"
I20260608 09:53:31.901480 16263 fs_report.cc:389] FS layout report
--------------------
wal directory: /tmp/dist-test-taskWjZciA/test-tmp/auto_rebalancer-test.0.AutoRebalancerTest.TestMaxMovesPerServer.1780912280855541-16263-0/minicluster-data/ts-5-root
metadata directory: /tmp/dist-test-taskWjZciA/test-tmp/auto_rebalancer-test.0.AutoRebalancerTest.TestMaxMovesPerServer.1780912280855541-16263-0/minicluster-data/ts-5-root
1 data directories: /tmp/dist-test-taskWjZciA/test-tmp/auto_rebalancer-test.0.AutoRebalancerTest.TestMaxMovesPerServer.1780912280855541-16263-0/minicluster-data/ts-5-root/data
Total live blocks: 0
Total live bytes: 0
Total live bytes (after alignment): 0
Total number of LBM containers: 0 (0 full)
Did not check for missing blocks
Did not check for orphaned blocks
Total full LBM containers with extra space: 0 (0 repaired)
Total full LBM container extra space in bytes: 0 (0 repaired)
Total incomplete LBM containers: 0 (0 repaired)
Total LBM partial records: 0 (0 repaired)
Total corrupted LBM metadata records in RocksDB: 0 (0 repaired)
I20260608 09:53:31.933250 20823 consensus_queue.cc:237] T e6079a0daf044c3aac95fe08834e9f95 P 5bf4ad0090b14cf79390b2750a741beb [LEADER]: Queue going to LEADER mode. State: All replicated index: 0, Majority replicated index: 26, Committed index: 26, Last appended: 1.26, Last appended by leader: 0, Current term: 1, Majority size: 2, State: 0, Mode: LEADER, active raft config: opid_index: 27 OBSOLETE_local: false peers { permanent_uuid: "47e450de81e64eb7a03409542a25310b" member_type: VOTER last_known_addr { host: "127.15.225.193" port: 40267 } attrs { replace: true } } peers { permanent_uuid: "5bf4ad0090b14cf79390b2750a741beb" member_type: VOTER last_known_addr { host: "127.15.225.194" port: 37835 } } peers { permanent_uuid: "ad57fd977d0947a8abfa80a63b882b7f" member_type: VOTER last_known_addr { host: "127.15.225.195" port: 46263 } } peers { permanent_uuid: "91cf9b831edb481b9acd50e872ac81a1" member_type: NON_VOTER last_known_addr { host: "127.15.225.196" port: 38309 } attrs { promote: true } }
I20260608 09:53:31.942741 20748 raft_consensus.cc:1275] T e6079a0daf044c3aac95fe08834e9f95 P 47e450de81e64eb7a03409542a25310b [term 1 FOLLOWER]: Refusing update from remote peer 5bf4ad0090b14cf79390b2750a741beb: Log matching property violated. Preceding OpId in replica: term: 1 index: 26. Preceding OpId from leader: term: 1 index: 27. (index mismatch)
I20260608 09:53:31.944388 21143 consensus_queue.cc:1048] T e6079a0daf044c3aac95fe08834e9f95 P 5bf4ad0090b14cf79390b2750a741beb [LEADER]: Connected to new peer: Peer: permanent_uuid: "47e450de81e64eb7a03409542a25310b" member_type: VOTER last_known_addr { host: "127.15.225.193" port: 40267 } attrs { replace: true }, Status: LMP_MISMATCH, Last received: 0.0, Next index: 27, Last known committed idx: 26, Time since last communication: 0.000s
I20260608 09:53:31.945122 20890 raft_consensus.cc:1275] T e6079a0daf044c3aac95fe08834e9f95 P ad57fd977d0947a8abfa80a63b882b7f [term 1 FOLLOWER]: Refusing update from remote peer 5bf4ad0090b14cf79390b2750a741beb: Log matching property violated. Preceding OpId in replica: term: 1 index: 26. Preceding OpId from leader: term: 1 index: 27. (index mismatch)
I20260608 09:53:31.947480 21143 consensus_queue.cc:1048] T e6079a0daf044c3aac95fe08834e9f95 P 5bf4ad0090b14cf79390b2750a741beb [LEADER]: Connected to new peer: Peer: permanent_uuid: "ad57fd977d0947a8abfa80a63b882b7f" member_type: VOTER last_known_addr { host: "127.15.225.195" port: 46263 }, Status: LMP_MISMATCH, Last received: 0.0, Next index: 27, Last known committed idx: 26, Time since last communication: 0.000s
I20260608 09:53:31.953977 21108 raft_consensus.cc:2955] T e6079a0daf044c3aac95fe08834e9f95 P 5bf4ad0090b14cf79390b2750a741beb [term 1 LEADER]: Committing config change with OpId 1.27: config changed from index -1 to 27, NON_VOTER 91cf9b831edb481b9acd50e872ac81a1 (127.15.225.196) added. New config: { opid_index: 27 OBSOLETE_local: false peers { permanent_uuid: "47e450de81e64eb7a03409542a25310b" member_type: VOTER last_known_addr { host: "127.15.225.193" port: 40267 } attrs { replace: true } } peers { permanent_uuid: "5bf4ad0090b14cf79390b2750a741beb" member_type: VOTER last_known_addr { host: "127.15.225.194" port: 37835 } } peers { permanent_uuid: "ad57fd977d0947a8abfa80a63b882b7f" member_type: VOTER last_known_addr { host: "127.15.225.195" port: 46263 } } peers { permanent_uuid: "91cf9b831edb481b9acd50e872ac81a1" member_type: NON_VOTER last_known_addr { host: "127.15.225.196" port: 38309 } attrs { promote: true } } }
I20260608 09:53:31.961225 20748 raft_consensus.cc:2955] T e6079a0daf044c3aac95fe08834e9f95 P 47e450de81e64eb7a03409542a25310b [term 1 FOLLOWER]: Committing config change with OpId 1.27: config changed from index -1 to 27, NON_VOTER 91cf9b831edb481b9acd50e872ac81a1 (127.15.225.196) added. New config: { opid_index: 27 OBSOLETE_local: false peers { permanent_uuid: "47e450de81e64eb7a03409542a25310b" member_type: VOTER last_known_addr { host: "127.15.225.193" port: 40267 } attrs { replace: true } } peers { permanent_uuid: "5bf4ad0090b14cf79390b2750a741beb" member_type: VOTER last_known_addr { host: "127.15.225.194" port: 37835 } } peers { permanent_uuid: "ad57fd977d0947a8abfa80a63b882b7f" member_type: VOTER last_known_addr { host: "127.15.225.195" port: 46263 } } peers { permanent_uuid: "91cf9b831edb481b9acd50e872ac81a1" member_type: NON_VOTER last_known_addr { host: "127.15.225.196" port: 38309 } attrs { promote: true } } }
I20260608 09:53:31.962229 20890 raft_consensus.cc:2955] T e6079a0daf044c3aac95fe08834e9f95 P ad57fd977d0947a8abfa80a63b882b7f [term 1 FOLLOWER]: Committing config change with OpId 1.27: config changed from index -1 to 27, NON_VOTER 91cf9b831edb481b9acd50e872ac81a1 (127.15.225.196) added. New config: { opid_index: 27 OBSOLETE_local: false peers { permanent_uuid: "47e450de81e64eb7a03409542a25310b" member_type: VOTER last_known_addr { host: "127.15.225.193" port: 40267 } attrs { replace: true } } peers { permanent_uuid: "5bf4ad0090b14cf79390b2750a741beb" member_type: VOTER last_known_addr { host: "127.15.225.194" port: 37835 } } peers { permanent_uuid: "ad57fd977d0947a8abfa80a63b882b7f" member_type: VOTER last_known_addr { host: "127.15.225.195" port: 46263 } } peers { permanent_uuid: "91cf9b831edb481b9acd50e872ac81a1" member_type: NON_VOTER last_known_addr { host: "127.15.225.196" port: 38309 } attrs { promote: true } } }
I20260608 09:53:31.968720 16263 rpc_server.cc:225] running with OpenSSL 1.1.1  11 Sep 2018
I20260608 09:53:31.970923 16263 kserver.cc:163] Server-wide thread pool size limit: 3276
W20260608 09:53:31.981601 20789 consensus_peers.cc:597] T e6079a0daf044c3aac95fe08834e9f95 P 5bf4ad0090b14cf79390b2750a741beb -> Peer 91cf9b831edb481b9acd50e872ac81a1 (127.15.225.196:38309): Couldn't send request to peer 91cf9b831edb481b9acd50e872ac81a1. Error code: TABLET_NOT_FOUND (6). Status: Not found: Tablet not found: e6079a0daf044c3aac95fe08834e9f95. This is attempt 1: this message will repeat every 5th retry.
I20260608 09:53:31.987363 20646 catalog_manager.cc:5696] T e6079a0daf044c3aac95fe08834e9f95 P 47e450de81e64eb7a03409542a25310b reported cstate change: config changed from index -1 to 27, NON_VOTER 91cf9b831edb481b9acd50e872ac81a1 (127.15.225.196) added. New cstate: current_term: 1 leader_uuid: "5bf4ad0090b14cf79390b2750a741beb" committed_config { opid_index: 27 OBSOLETE_local: false peers { permanent_uuid: "47e450de81e64eb7a03409542a25310b" member_type: VOTER last_known_addr { host: "127.15.225.193" port: 40267 } attrs { replace: true } } peers { permanent_uuid: "5bf4ad0090b14cf79390b2750a741beb" member_type: VOTER last_known_addr { host: "127.15.225.194" port: 37835 } } peers { permanent_uuid: "ad57fd977d0947a8abfa80a63b882b7f" member_type: VOTER last_known_addr { host: "127.15.225.195" port: 46263 } } peers { permanent_uuid: "91cf9b831edb481b9acd50e872ac81a1" member_type: NON_VOTER last_known_addr { host: "127.15.225.196" port: 38309 } attrs { promote: true } } }
I20260608 09:53:32.003273 16263 txn_system_client.cc:432] TxnSystemClient initialization is disabled...
I20260608 09:53:32.008571 20890 consensus_queue.cc:237] T 714d47e197e54284a1e7ef225404fbdd P ad57fd977d0947a8abfa80a63b882b7f [LEADER]: Queue going to LEADER mode. State: All replicated index: 0, Majority replicated index: 26, Committed index: 26, Last appended: 1.26, Last appended by leader: 0, Current term: 1, Majority size: 2, State: 0, Mode: LEADER, active raft config: opid_index: 27 OBSOLETE_local: false peers { permanent_uuid: "47e450de81e64eb7a03409542a25310b" member_type: VOTER last_known_addr { host: "127.15.225.193" port: 40267 } } peers { permanent_uuid: "5bf4ad0090b14cf79390b2750a741beb" member_type: VOTER last_known_addr { host: "127.15.225.194" port: 37835 } attrs { replace: true } } peers { permanent_uuid: "ad57fd977d0947a8abfa80a63b882b7f" member_type: VOTER last_known_addr { host: "127.15.225.195" port: 46263 } } peers { permanent_uuid: "91cf9b831edb481b9acd50e872ac81a1" member_type: NON_VOTER last_known_addr { host: "127.15.225.196" port: 38309 } attrs { promote: true } }
I20260608 09:53:32.015841 16263 ts_tablet_manager.cc:585] Loaded tablet metadata (0 total tablets, 0 live tablets)
I20260608 09:53:32.016359 16263 ts_tablet_manager.cc:531] Time spent load tablet metadata: real 0.001s	user 0.000s	sys 0.000s
I20260608 09:53:32.016794 16263 ts_tablet_manager.cc:616] Registered 0 tablets
I20260608 09:53:32.017233 16263 ts_tablet_manager.cc:595] Time spent register tablets: real 0.000s	user 0.000s	sys 0.000s
W20260608 09:53:32.018061 20863 consensus_peers.cc:597] T 714d47e197e54284a1e7ef225404fbdd P ad57fd977d0947a8abfa80a63b882b7f -> Peer 91cf9b831edb481b9acd50e872ac81a1 (127.15.225.196:38309): Couldn't send request to peer 91cf9b831edb481b9acd50e872ac81a1. Error code: TABLET_NOT_FOUND (6). Status: Not found: Tablet not found: 714d47e197e54284a1e7ef225404fbdd. This is attempt 1: this message will repeat every 5th retry.
I20260608 09:53:32.019383 20823 raft_consensus.cc:1275] T 714d47e197e54284a1e7ef225404fbdd P 5bf4ad0090b14cf79390b2750a741beb [term 1 FOLLOWER]: Refusing update from remote peer ad57fd977d0947a8abfa80a63b882b7f: Log matching property violated. Preceding OpId in replica: term: 1 index: 26. Preceding OpId from leader: term: 1 index: 27. (index mismatch)
I20260608 09:53:32.019237 20748 raft_consensus.cc:1275] T 714d47e197e54284a1e7ef225404fbdd P 47e450de81e64eb7a03409542a25310b [term 1 FOLLOWER]: Refusing update from remote peer ad57fd977d0947a8abfa80a63b882b7f: Log matching property violated. Preceding OpId in replica: term: 1 index: 26. Preceding OpId from leader: term: 1 index: 27. (index mismatch)
I20260608 09:53:32.021852 21138 consensus_queue.cc:1048] T 714d47e197e54284a1e7ef225404fbdd P ad57fd977d0947a8abfa80a63b882b7f [LEADER]: Connected to new peer: Peer: permanent_uuid: "5bf4ad0090b14cf79390b2750a741beb" member_type: VOTER last_known_addr { host: "127.15.225.194" port: 37835 } attrs { replace: true }, Status: LMP_MISMATCH, Last received: 0.0, Next index: 27, Last known committed idx: 26, Time since last communication: 0.001s
I20260608 09:53:32.023172 21090 consensus_queue.cc:1048] T 714d47e197e54284a1e7ef225404fbdd P ad57fd977d0947a8abfa80a63b882b7f [LEADER]: Connected to new peer: Peer: permanent_uuid: "47e450de81e64eb7a03409542a25310b" member_type: VOTER last_known_addr { host: "127.15.225.193" port: 40267 }, Status: LMP_MISMATCH, Last received: 0.0, Next index: 27, Last known committed idx: 26, Time since last communication: 0.001s
I20260608 09:53:32.036640 21138 raft_consensus.cc:2955] T 714d47e197e54284a1e7ef225404fbdd P ad57fd977d0947a8abfa80a63b882b7f [term 1 LEADER]: Committing config change with OpId 1.27: config changed from index -1 to 27, NON_VOTER 91cf9b831edb481b9acd50e872ac81a1 (127.15.225.196) added. New config: { opid_index: 27 OBSOLETE_local: false peers { permanent_uuid: "47e450de81e64eb7a03409542a25310b" member_type: VOTER last_known_addr { host: "127.15.225.193" port: 40267 } } peers { permanent_uuid: "5bf4ad0090b14cf79390b2750a741beb" member_type: VOTER last_known_addr { host: "127.15.225.194" port: 37835 } attrs { replace: true } } peers { permanent_uuid: "ad57fd977d0947a8abfa80a63b882b7f" member_type: VOTER last_known_addr { host: "127.15.225.195" port: 46263 } } peers { permanent_uuid: "91cf9b831edb481b9acd50e872ac81a1" member_type: NON_VOTER last_known_addr { host: "127.15.225.196" port: 38309 } attrs { promote: true } } }
I20260608 09:53:32.055435 20748 raft_consensus.cc:2955] T 714d47e197e54284a1e7ef225404fbdd P 47e450de81e64eb7a03409542a25310b [term 1 FOLLOWER]: Committing config change with OpId 1.27: config changed from index -1 to 27, NON_VOTER 91cf9b831edb481b9acd50e872ac81a1 (127.15.225.196) added. New config: { opid_index: 27 OBSOLETE_local: false peers { permanent_uuid: "47e450de81e64eb7a03409542a25310b" member_type: VOTER last_known_addr { host: "127.15.225.193" port: 40267 } } peers { permanent_uuid: "5bf4ad0090b14cf79390b2750a741beb" member_type: VOTER last_known_addr { host: "127.15.225.194" port: 37835 } attrs { replace: true } } peers { permanent_uuid: "ad57fd977d0947a8abfa80a63b882b7f" member_type: VOTER last_known_addr { host: "127.15.225.195" port: 46263 } } peers { permanent_uuid: "91cf9b831edb481b9acd50e872ac81a1" member_type: NON_VOTER last_known_addr { host: "127.15.225.196" port: 38309 } attrs { promote: true } } }
I20260608 09:53:32.057756 20823 raft_consensus.cc:2955] T 714d47e197e54284a1e7ef225404fbdd P 5bf4ad0090b14cf79390b2750a741beb [term 1 FOLLOWER]: Committing config change with OpId 1.27: config changed from index -1 to 27, NON_VOTER 91cf9b831edb481b9acd50e872ac81a1 (127.15.225.196) added. New config: { opid_index: 27 OBSOLETE_local: false peers { permanent_uuid: "47e450de81e64eb7a03409542a25310b" member_type: VOTER last_known_addr { host: "127.15.225.193" port: 40267 } } peers { permanent_uuid: "5bf4ad0090b14cf79390b2750a741beb" member_type: VOTER last_known_addr { host: "127.15.225.194" port: 37835 } attrs { replace: true } } peers { permanent_uuid: "ad57fd977d0947a8abfa80a63b882b7f" member_type: VOTER last_known_addr { host: "127.15.225.195" port: 46263 } } peers { permanent_uuid: "91cf9b831edb481b9acd50e872ac81a1" member_type: NON_VOTER last_known_addr { host: "127.15.225.196" port: 38309 } attrs { promote: true } } }
I20260608 09:53:32.094552 20640 catalog_manager.cc:5696] T 714d47e197e54284a1e7ef225404fbdd P 5bf4ad0090b14cf79390b2750a741beb reported cstate change: config changed from index -1 to 27, NON_VOTER 91cf9b831edb481b9acd50e872ac81a1 (127.15.225.196) added. New cstate: current_term: 1 leader_uuid: "ad57fd977d0947a8abfa80a63b882b7f" committed_config { opid_index: 27 OBSOLETE_local: false peers { permanent_uuid: "47e450de81e64eb7a03409542a25310b" member_type: VOTER last_known_addr { host: "127.15.225.193" port: 40267 } } peers { permanent_uuid: "5bf4ad0090b14cf79390b2750a741beb" member_type: VOTER last_known_addr { host: "127.15.225.194" port: 37835 } attrs { replace: true } } peers { permanent_uuid: "ad57fd977d0947a8abfa80a63b882b7f" member_type: VOTER last_known_addr { host: "127.15.225.195" port: 46263 } } peers { permanent_uuid: "91cf9b831edb481b9acd50e872ac81a1" member_type: NON_VOTER last_known_addr { host: "127.15.225.196" port: 38309 } attrs { promote: true } } }
I20260608 09:53:32.243969 21354 ts_tablet_manager.cc:933] T 51496bf6866f41d5b62ee56fe8664528 P 91cf9b831edb481b9acd50e872ac81a1: Initiating tablet copy from peer ad57fd977d0947a8abfa80a63b882b7f (127.15.225.195:46263)
I20260608 09:53:32.249590 21354 tablet_copy_client.cc:323] T 51496bf6866f41d5b62ee56fe8664528 P 91cf9b831edb481b9acd50e872ac81a1: tablet copy: Beginning tablet copy session from remote peer at address 127.15.225.195:46263
I20260608 09:53:32.289505 20907 tablet_copy_service.cc:140] P ad57fd977d0947a8abfa80a63b882b7f: Received BeginTabletCopySession request for tablet 51496bf6866f41d5b62ee56fe8664528 from peer 91cf9b831edb481b9acd50e872ac81a1 ({username='slave'} at 127.0.0.1:36656)
I20260608 09:53:32.290287 20907 tablet_copy_service.cc:161] P ad57fd977d0947a8abfa80a63b882b7f: Beginning new tablet copy session on tablet 51496bf6866f41d5b62ee56fe8664528 from peer 91cf9b831edb481b9acd50e872ac81a1 at {username='slave'} at 127.0.0.1:36656: session id = 91cf9b831edb481b9acd50e872ac81a1-51496bf6866f41d5b62ee56fe8664528
I20260608 09:53:32.309073 20907 tablet_copy_source_session.cc:215] T 51496bf6866f41d5b62ee56fe8664528 P ad57fd977d0947a8abfa80a63b882b7f: Tablet Copy: opened 0 blocks and 1 log segments
I20260608 09:53:32.309183 21364 ts_tablet_manager.cc:933] T b7d75f9cee6649589069c4ccbd54dca2 P 91cf9b831edb481b9acd50e872ac81a1: Initiating tablet copy from peer 47e450de81e64eb7a03409542a25310b (127.15.225.193:40267)
I20260608 09:53:32.314213 21354 data_dirs.cc:400] Could only allocate 1 dirs of requested 3 for tablet 51496bf6866f41d5b62ee56fe8664528. 1 dirs total, 0 dirs full, 0 dirs failed
I20260608 09:53:32.318187 21364 tablet_copy_client.cc:323] T b7d75f9cee6649589069c4ccbd54dca2 P 91cf9b831edb481b9acd50e872ac81a1: tablet copy: Beginning tablet copy session from remote peer at address 127.15.225.193:40267
I20260608 09:53:32.344930 21354 tablet_copy_client.cc:806] T 51496bf6866f41d5b62ee56fe8664528 P 91cf9b831edb481b9acd50e872ac81a1: tablet copy: Starting download of 0 data blocks...
I20260608 09:53:32.345762 21354 tablet_copy_client.cc:670] T 51496bf6866f41d5b62ee56fe8664528 P 91cf9b831edb481b9acd50e872ac81a1: tablet copy: Starting download of 1 WAL segments...
I20260608 09:53:32.350978 21356 tablet_copy_client.cc:1025] T 51496bf6866f41d5b62ee56fe8664528 P 91cf9b831edb481b9acd50e872ac81a1: tablet copy: Injecting latency into file download: 2000
I20260608 09:53:32.354341 20758 tablet_copy_service.cc:140] P 47e450de81e64eb7a03409542a25310b: Received BeginTabletCopySession request for tablet b7d75f9cee6649589069c4ccbd54dca2 from peer 91cf9b831edb481b9acd50e872ac81a1 ({username='slave'} at 127.0.0.1:55126)
I20260608 09:53:32.355007 20758 tablet_copy_service.cc:161] P 47e450de81e64eb7a03409542a25310b: Beginning new tablet copy session on tablet b7d75f9cee6649589069c4ccbd54dca2 from peer 91cf9b831edb481b9acd50e872ac81a1 at {username='slave'} at 127.0.0.1:55126: session id = 91cf9b831edb481b9acd50e872ac81a1-b7d75f9cee6649589069c4ccbd54dca2
I20260608 09:53:32.367007 20758 tablet_copy_source_session.cc:215] T b7d75f9cee6649589069c4ccbd54dca2 P 47e450de81e64eb7a03409542a25310b: Tablet Copy: opened 0 blocks and 1 log segments
I20260608 09:53:32.371083 21364 data_dirs.cc:400] Could only allocate 1 dirs of requested 3 for tablet b7d75f9cee6649589069c4ccbd54dca2. 1 dirs total, 0 dirs full, 0 dirs failed
I20260608 09:53:32.390785 21364 tablet_copy_client.cc:806] T b7d75f9cee6649589069c4ccbd54dca2 P 91cf9b831edb481b9acd50e872ac81a1: tablet copy: Starting download of 0 data blocks...
I20260608 09:53:32.391462 21364 tablet_copy_client.cc:670] T b7d75f9cee6649589069c4ccbd54dca2 P 91cf9b831edb481b9acd50e872ac81a1: tablet copy: Starting download of 1 WAL segments...
I20260608 09:53:32.396061 21366 tablet_copy_client.cc:1025] T b7d75f9cee6649589069c4ccbd54dca2 P 91cf9b831edb481b9acd50e872ac81a1: tablet copy: Injecting latency into file download: 2000
I20260608 09:53:32.414736 21216 heartbeater.cc:499] Master 127.15.225.254:44681 was elected leader, sending a full tablet report...
I20260608 09:53:32.443012 16263 rpc_server.cc:307] RPC server started. Bound to: 127.15.225.198:34353
