I20260608 09:52:47.648391 11632 raft_consensus.cc:2955] T 563e7599b39d4f8583708da6adb6a8b8 P 90d652fcbf184d9eae06607cf710a39b [term 1 FOLLOWER]: Committing config change with OpId 1.3: config changed from index 2 to 3, 90d652fcbf184d9eae06607cf710a39b (127.8.100.130) changed from NON_VOTER to VOTER. New config: { opid_index: 3 OBSOLETE_local: false peers { permanent_uuid: "e54f5805786f4f7f88faf84992d0e3c5" member_type: VOTER last_known_addr { host: "127.8.100.129" port: 33035 } } peers { permanent_uuid: "251f352790c648e4ac99b0f8c6de989f" member_type: VOTER last_known_addr { host: "127.8.100.131" port: 42079 } } peers { permanent_uuid: "9ea5e4617a13444e94fb74fda94c586c" member_type: VOTER last_known_addr { host: "127.8.100.132" port: 46209 } attrs { replace: true } } peers { permanent_uuid: "90d652fcbf184d9eae06607cf710a39b" member_type: VOTER last_known_addr { host: "127.8.100.130" port: 41337 } attrs { promote: false } } }
I20260608 09:52:47.659543 11557 raft_consensus.cc:2955] T 563e7599b39d4f8583708da6adb6a8b8 P e54f5805786f4f7f88faf84992d0e3c5 [term 1 FOLLOWER]: Committing config change with OpId 1.3: config changed from index 2 to 3, 90d652fcbf184d9eae06607cf710a39b (127.8.100.130) changed from NON_VOTER to VOTER. New config: { opid_index: 3 OBSOLETE_local: false peers { permanent_uuid: "e54f5805786f4f7f88faf84992d0e3c5" member_type: VOTER last_known_addr { host: "127.8.100.129" port: 33035 } } peers { permanent_uuid: "251f352790c648e4ac99b0f8c6de989f" member_type: VOTER last_known_addr { host: "127.8.100.131" port: 42079 } } peers { permanent_uuid: "9ea5e4617a13444e94fb74fda94c586c" member_type: VOTER last_known_addr { host: "127.8.100.132" port: 46209 } attrs { replace: true } } peers { permanent_uuid: "90d652fcbf184d9eae06607cf710a39b" member_type: VOTER last_known_addr { host: "127.8.100.130" port: 41337 } attrs { promote: false } } }
I20260608 09:52:47.664106 11455 catalog_manager.cc:5696] T 563e7599b39d4f8583708da6adb6a8b8 P 251f352790c648e4ac99b0f8c6de989f reported cstate change: config changed from index 2 to 3, 90d652fcbf184d9eae06607cf710a39b (127.8.100.130) changed from NON_VOTER to VOTER. New cstate: current_term: 1 leader_uuid: "251f352790c648e4ac99b0f8c6de989f" committed_config { opid_index: 3 OBSOLETE_local: false peers { permanent_uuid: "e54f5805786f4f7f88faf84992d0e3c5" member_type: VOTER last_known_addr { host: "127.8.100.129" port: 33035 } health_report { overall_health: HEALTHY } } peers { permanent_uuid: "251f352790c648e4ac99b0f8c6de989f" member_type: VOTER last_known_addr { host: "127.8.100.131" port: 42079 } health_report { overall_health: HEALTHY } } peers { permanent_uuid: "9ea5e4617a13444e94fb74fda94c586c" member_type: VOTER last_known_addr { host: "127.8.100.132" port: 46209 } attrs { replace: true } health_report { overall_health: UNKNOWN } } peers { permanent_uuid: "90d652fcbf184d9eae06607cf710a39b" member_type: VOTER last_known_addr { host: "127.8.100.130" port: 41337 } attrs { promote: false } health_report { overall_health: HEALTHY } } }
I20260608 09:52:47.680347 12133 raft_consensus.cc:1064] T 381e2396db3f466ea6a3c85bbcbb742e P e54f5805786f4f7f88faf84992d0e3c5: attempting to promote NON_VOTER 9ea5e4617a13444e94fb74fda94c586c to VOTER
I20260608 09:52:47.683306 12133 consensus_queue.cc:237] T 381e2396db3f466ea6a3c85bbcbb742e P e54f5805786f4f7f88faf84992d0e3c5 [LEADER]: Queue going to LEADER mode. State: All replicated index: 0, Majority replicated index: 4, Committed index: 4, Last appended: 3.4, Last appended by leader: 2, Current term: 3, Majority size: 3, State: 0, Mode: LEADER, active raft config: opid_index: 5 OBSOLETE_local: false peers { permanent_uuid: "251f352790c648e4ac99b0f8c6de989f" member_type: VOTER last_known_addr { host: "127.8.100.131" port: 42079 } } peers { permanent_uuid: "e54f5805786f4f7f88faf84992d0e3c5" member_type: VOTER last_known_addr { host: "127.8.100.129" port: 33035 } } peers { permanent_uuid: "90d652fcbf184d9eae06607cf710a39b" member_type: VOTER last_known_addr { host: "127.8.100.130" port: 41337 } attrs { replace: true } } peers { permanent_uuid: "9ea5e4617a13444e94fb74fda94c586c" member_type: VOTER last_known_addr { host: "127.8.100.132" port: 46209 } attrs { promote: false } }
I20260608 09:52:47.685132 11850 raft_consensus.cc:2955] T 563e7599b39d4f8583708da6adb6a8b8 P 9ea5e4617a13444e94fb74fda94c586c [term 1 FOLLOWER]: Committing config change with OpId 1.3: config changed from index 2 to 3, 90d652fcbf184d9eae06607cf710a39b (127.8.100.130) changed from NON_VOTER to VOTER. New config: { opid_index: 3 OBSOLETE_local: false peers { permanent_uuid: "e54f5805786f4f7f88faf84992d0e3c5" member_type: VOTER last_known_addr { host: "127.8.100.129" port: 33035 } } peers { permanent_uuid: "251f352790c648e4ac99b0f8c6de989f" member_type: VOTER last_known_addr { host: "127.8.100.131" port: 42079 } } peers { permanent_uuid: "9ea5e4617a13444e94fb74fda94c586c" member_type: VOTER last_known_addr { host: "127.8.100.132" port: 46209 } attrs { replace: true } } peers { permanent_uuid: "90d652fcbf184d9eae06607cf710a39b" member_type: VOTER last_known_addr { host: "127.8.100.130" port: 41337 } attrs { promote: false } } }
I20260608 09:52:47.699904 11850 raft_consensus.cc:1275] T 381e2396db3f466ea6a3c85bbcbb742e P 9ea5e4617a13444e94fb74fda94c586c [term 3 LEARNER]: Refusing update from remote peer e54f5805786f4f7f88faf84992d0e3c5: Log matching property violated. Preceding OpId in replica: term: 3 index: 4. Preceding OpId from leader: term: 3 index: 5. (index mismatch)
I20260608 09:52:47.701282 11632 raft_consensus.cc:1275] T 381e2396db3f466ea6a3c85bbcbb742e P 90d652fcbf184d9eae06607cf710a39b [term 3 FOLLOWER]: Refusing update from remote peer e54f5805786f4f7f88faf84992d0e3c5: Log matching property violated. Preceding OpId in replica: term: 3 index: 4. Preceding OpId from leader: term: 3 index: 5. (index mismatch)
I20260608 09:52:47.701395 11707 raft_consensus.cc:1275] T 381e2396db3f466ea6a3c85bbcbb742e P 251f352790c648e4ac99b0f8c6de989f [term 3 FOLLOWER]: Refusing update from remote peer e54f5805786f4f7f88faf84992d0e3c5: Log matching property violated. Preceding OpId in replica: term: 3 index: 4. Preceding OpId from leader: term: 3 index: 5. (index mismatch)
I20260608 09:52:47.702687 12146 consensus_queue.cc:1048] T 381e2396db3f466ea6a3c85bbcbb742e P e54f5805786f4f7f88faf84992d0e3c5 [LEADER]: Connected to new peer: Peer: permanent_uuid: "9ea5e4617a13444e94fb74fda94c586c" member_type: VOTER last_known_addr { host: "127.8.100.132" port: 46209 } attrs { promote: false }, Status: LMP_MISMATCH, Last received: 0.0, Next index: 5, Last known committed idx: 4, Time since last communication: 0.000s
I20260608 09:52:47.703562 12147 consensus_queue.cc:1048] T 381e2396db3f466ea6a3c85bbcbb742e P e54f5805786f4f7f88faf84992d0e3c5 [LEADER]: Connected to new peer: Peer: permanent_uuid: "251f352790c648e4ac99b0f8c6de989f" member_type: VOTER last_known_addr { host: "127.8.100.131" port: 42079 }, Status: LMP_MISMATCH, Last received: 0.0, Next index: 5, Last known committed idx: 4, Time since last communication: 0.000s
I20260608 09:52:47.704561 12148 consensus_queue.cc:1048] T 381e2396db3f466ea6a3c85bbcbb742e P e54f5805786f4f7f88faf84992d0e3c5 [LEADER]: Connected to new peer: Peer: permanent_uuid: "90d652fcbf184d9eae06607cf710a39b" member_type: VOTER last_known_addr { host: "127.8.100.130" port: 41337 } attrs { replace: true }, Status: LMP_MISMATCH, Last received: 0.0, Next index: 5, Last known committed idx: 4, Time since last communication: 0.000s
I20260608 09:52:47.717708 11706 consensus_queue.cc:237] T 563e7599b39d4f8583708da6adb6a8b8 P 251f352790c648e4ac99b0f8c6de989f [LEADER]: Queue going to LEADER mode. State: All replicated index: 0, Majority replicated index: 3, Committed index: 3, Last appended: 1.3, Last appended by leader: 0, Current term: 1, Majority size: 2, State: 0, Mode: LEADER, active raft config: opid_index: 4 OBSOLETE_local: false peers { permanent_uuid: "e54f5805786f4f7f88faf84992d0e3c5" member_type: VOTER last_known_addr { host: "127.8.100.129" port: 33035 } } peers { permanent_uuid: "251f352790c648e4ac99b0f8c6de989f" member_type: VOTER last_known_addr { host: "127.8.100.131" port: 42079 } } peers { permanent_uuid: "90d652fcbf184d9eae06607cf710a39b" member_type: VOTER last_known_addr { host: "127.8.100.130" port: 41337 } attrs { promote: false } }
I20260608 09:52:47.727286 11631 raft_consensus.cc:1275] T 563e7599b39d4f8583708da6adb6a8b8 P 90d652fcbf184d9eae06607cf710a39b [term 1 FOLLOWER]: Refusing update from remote peer 251f352790c648e4ac99b0f8c6de989f: Log matching property violated. Preceding OpId in replica: term: 1 index: 3. Preceding OpId from leader: term: 1 index: 4. (index mismatch)
I20260608 09:52:47.728886 12144 consensus_queue.cc:1048] T 563e7599b39d4f8583708da6adb6a8b8 P 251f352790c648e4ac99b0f8c6de989f [LEADER]: Connected to new peer: Peer: permanent_uuid: "90d652fcbf184d9eae06607cf710a39b" member_type: VOTER last_known_addr { host: "127.8.100.130" port: 41337 } attrs { promote: false }, Status: LMP_MISMATCH, Last received: 0.0, Next index: 4, Last known committed idx: 3, Time since last communication: 0.000s
I20260608 09:52:47.732645 11557 raft_consensus.cc:1275] T 563e7599b39d4f8583708da6adb6a8b8 P e54f5805786f4f7f88faf84992d0e3c5 [term 1 FOLLOWER]: Refusing update from remote peer 251f352790c648e4ac99b0f8c6de989f: Log matching property violated. Preceding OpId in replica: term: 1 index: 3. Preceding OpId from leader: term: 1 index: 4. (index mismatch)
I20260608 09:52:47.737886 12153 consensus_queue.cc:1048] T 563e7599b39d4f8583708da6adb6a8b8 P 251f352790c648e4ac99b0f8c6de989f [LEADER]: Connected to new peer: Peer: permanent_uuid: "e54f5805786f4f7f88faf84992d0e3c5" member_type: VOTER last_known_addr { host: "127.8.100.129" port: 33035 }, Status: LMP_MISMATCH, Last received: 0.0, Next index: 4, Last known committed idx: 3, Time since last communication: 0.000s
I20260608 09:52:47.741461 12146 raft_consensus.cc:2955] T 381e2396db3f466ea6a3c85bbcbb742e P e54f5805786f4f7f88faf84992d0e3c5 [term 3 LEADER]: Committing config change with OpId 3.5: config changed from index 4 to 5, 9ea5e4617a13444e94fb74fda94c586c (127.8.100.132) changed from NON_VOTER to VOTER. New config: { opid_index: 5 OBSOLETE_local: false peers { permanent_uuid: "251f352790c648e4ac99b0f8c6de989f" member_type: VOTER last_known_addr { host: "127.8.100.131" port: 42079 } } peers { permanent_uuid: "e54f5805786f4f7f88faf84992d0e3c5" member_type: VOTER last_known_addr { host: "127.8.100.129" port: 33035 } } peers { permanent_uuid: "90d652fcbf184d9eae06607cf710a39b" member_type: VOTER last_known_addr { host: "127.8.100.130" port: 41337 } attrs { replace: true } } peers { permanent_uuid: "9ea5e4617a13444e94fb74fda94c586c" member_type: VOTER last_known_addr { host: "127.8.100.132" port: 46209 } attrs { promote: false } } }
I20260608 09:52:47.744076 12144 raft_consensus.cc:2955] T 563e7599b39d4f8583708da6adb6a8b8 P 251f352790c648e4ac99b0f8c6de989f [term 1 LEADER]: Committing config change with OpId 1.4: config changed from index 3 to 4, VOTER 9ea5e4617a13444e94fb74fda94c586c (127.8.100.132) evicted. New config: { opid_index: 4 OBSOLETE_local: false peers { permanent_uuid: "e54f5805786f4f7f88faf84992d0e3c5" member_type: VOTER last_known_addr { host: "127.8.100.129" port: 33035 } } peers { permanent_uuid: "251f352790c648e4ac99b0f8c6de989f" member_type: VOTER last_known_addr { host: "127.8.100.131" port: 42079 } } peers { permanent_uuid: "90d652fcbf184d9eae06607cf710a39b" member_type: VOTER last_known_addr { host: "127.8.100.130" port: 41337 } attrs { promote: false } } }
I20260608 09:52:47.746968 11631 raft_consensus.cc:2955] T 381e2396db3f466ea6a3c85bbcbb742e P 90d652fcbf184d9eae06607cf710a39b [term 3 FOLLOWER]: Committing config change with OpId 3.5: config changed from index 4 to 5, 9ea5e4617a13444e94fb74fda94c586c (127.8.100.132) changed from NON_VOTER to VOTER. New config: { opid_index: 5 OBSOLETE_local: false peers { permanent_uuid: "251f352790c648e4ac99b0f8c6de989f" member_type: VOTER last_known_addr { host: "127.8.100.131" port: 42079 } } peers { permanent_uuid: "e54f5805786f4f7f88faf84992d0e3c5" member_type: VOTER last_known_addr { host: "127.8.100.129" port: 33035 } } peers { permanent_uuid: "90d652fcbf184d9eae06607cf710a39b" member_type: VOTER last_known_addr { host: "127.8.100.130" port: 41337 } attrs { replace: true } } peers { permanent_uuid: "9ea5e4617a13444e94fb74fda94c586c" member_type: VOTER last_known_addr { host: "127.8.100.132" port: 46209 } attrs { promote: false } } }
I20260608 09:52:47.751024 11632 raft_consensus.cc:2955] T 563e7599b39d4f8583708da6adb6a8b8 P 90d652fcbf184d9eae06607cf710a39b [term 1 FOLLOWER]: Committing config change with OpId 1.4: config changed from index 3 to 4, VOTER 9ea5e4617a13444e94fb74fda94c586c (127.8.100.132) evicted. New config: { opid_index: 4 OBSOLETE_local: false peers { permanent_uuid: "e54f5805786f4f7f88faf84992d0e3c5" member_type: VOTER last_known_addr { host: "127.8.100.129" port: 33035 } } peers { permanent_uuid: "251f352790c648e4ac99b0f8c6de989f" member_type: VOTER last_known_addr { host: "127.8.100.131" port: 42079 } } peers { permanent_uuid: "90d652fcbf184d9eae06607cf710a39b" member_type: VOTER last_known_addr { host: "127.8.100.130" port: 41337 } attrs { promote: false } } }
I20260608 09:52:47.754729 11852 raft_consensus.cc:2955] T 381e2396db3f466ea6a3c85bbcbb742e P 9ea5e4617a13444e94fb74fda94c586c [term 3 FOLLOWER]: Committing config change with OpId 3.5: config changed from index 4 to 5, 9ea5e4617a13444e94fb74fda94c586c (127.8.100.132) changed from NON_VOTER to VOTER. New config: { opid_index: 5 OBSOLETE_local: false peers { permanent_uuid: "251f352790c648e4ac99b0f8c6de989f" member_type: VOTER last_known_addr { host: "127.8.100.131" port: 42079 } } peers { permanent_uuid: "e54f5805786f4f7f88faf84992d0e3c5" member_type: VOTER last_known_addr { host: "127.8.100.129" port: 33035 } } peers { permanent_uuid: "90d652fcbf184d9eae06607cf710a39b" member_type: VOTER last_known_addr { host: "127.8.100.130" port: 41337 } attrs { replace: true } } peers { permanent_uuid: "9ea5e4617a13444e94fb74fda94c586c" member_type: VOTER last_known_addr { host: "127.8.100.132" port: 46209 } attrs { promote: false } } }
I20260608 09:52:47.762176 11557 raft_consensus.cc:2955] T 563e7599b39d4f8583708da6adb6a8b8 P e54f5805786f4f7f88faf84992d0e3c5 [term 1 FOLLOWER]: Committing config change with OpId 1.4: config changed from index 3 to 4, VOTER 9ea5e4617a13444e94fb74fda94c586c (127.8.100.132) evicted. New config: { opid_index: 4 OBSOLETE_local: false peers { permanent_uuid: "e54f5805786f4f7f88faf84992d0e3c5" member_type: VOTER last_known_addr { host: "127.8.100.129" port: 33035 } } peers { permanent_uuid: "251f352790c648e4ac99b0f8c6de989f" member_type: VOTER last_known_addr { host: "127.8.100.131" port: 42079 } } peers { permanent_uuid: "90d652fcbf184d9eae06607cf710a39b" member_type: VOTER last_known_addr { host: "127.8.100.130" port: 41337 } attrs { promote: false } } }
I20260608 09:52:47.762010 11453 catalog_manager.cc:5696] T 381e2396db3f466ea6a3c85bbcbb742e P 90d652fcbf184d9eae06607cf710a39b reported cstate change: config changed from index 4 to 5, 9ea5e4617a13444e94fb74fda94c586c (127.8.100.132) changed from NON_VOTER to VOTER. New cstate: current_term: 3 leader_uuid: "e54f5805786f4f7f88faf84992d0e3c5" committed_config { opid_index: 5 OBSOLETE_local: false peers { permanent_uuid: "251f352790c648e4ac99b0f8c6de989f" member_type: VOTER last_known_addr { host: "127.8.100.131" port: 42079 } } peers { permanent_uuid: "e54f5805786f4f7f88faf84992d0e3c5" member_type: VOTER last_known_addr { host: "127.8.100.129" port: 33035 } } peers { permanent_uuid: "90d652fcbf184d9eae06607cf710a39b" member_type: VOTER last_known_addr { host: "127.8.100.130" port: 41337 } attrs { replace: true } } peers { permanent_uuid: "9ea5e4617a13444e94fb74fda94c586c" member_type: VOTER last_known_addr { host: "127.8.100.132" port: 46209 } attrs { promote: false } } }
I20260608 09:52:47.764849 11441 catalog_manager.cc:5209] ChangeConfig:REMOVE_PEER RPC for tablet 563e7599b39d4f8583708da6adb6a8b8 with cas_config_opid_index 3: ChangeConfig:REMOVE_PEER succeeded (attempt 1)
I20260608 09:52:47.771737 11456 catalog_manager.cc:5696] T 563e7599b39d4f8583708da6adb6a8b8 P 251f352790c648e4ac99b0f8c6de989f reported cstate change: config changed from index 3 to 4, VOTER 9ea5e4617a13444e94fb74fda94c586c (127.8.100.132) evicted. New cstate: current_term: 1 leader_uuid: "251f352790c648e4ac99b0f8c6de989f" committed_config { opid_index: 4 OBSOLETE_local: false peers { permanent_uuid: "e54f5805786f4f7f88faf84992d0e3c5" member_type: VOTER last_known_addr { host: "127.8.100.129" port: 33035 } health_report { overall_health: HEALTHY } } peers { permanent_uuid: "251f352790c648e4ac99b0f8c6de989f" member_type: VOTER last_known_addr { host: "127.8.100.131" port: 42079 } health_report { overall_health: HEALTHY } } peers { permanent_uuid: "90d652fcbf184d9eae06607cf710a39b" member_type: VOTER last_known_addr { host: "127.8.100.130" port: 41337 } attrs { promote: false } health_report { overall_health: HEALTHY } } }
I20260608 09:52:47.787717 11706 raft_consensus.cc:2955] T 381e2396db3f466ea6a3c85bbcbb742e P 251f352790c648e4ac99b0f8c6de989f [term 3 FOLLOWER]: Committing config change with OpId 3.5: config changed from index 4 to 5, 9ea5e4617a13444e94fb74fda94c586c (127.8.100.132) changed from NON_VOTER to VOTER. New config: { opid_index: 5 OBSOLETE_local: false peers { permanent_uuid: "251f352790c648e4ac99b0f8c6de989f" member_type: VOTER last_known_addr { host: "127.8.100.131" port: 42079 } } peers { permanent_uuid: "e54f5805786f4f7f88faf84992d0e3c5" member_type: VOTER last_known_addr { host: "127.8.100.129" port: 33035 } } peers { permanent_uuid: "90d652fcbf184d9eae06607cf710a39b" member_type: VOTER last_known_addr { host: "127.8.100.130" port: 41337 } attrs { replace: true } } peers { permanent_uuid: "9ea5e4617a13444e94fb74fda94c586c" member_type: VOTER last_known_addr { host: "127.8.100.132" port: 46209 } attrs { promote: false } } }
I20260608 09:52:47.789013 11840 tablet_service.cc:1558] Processing DeleteTablet for tablet 563e7599b39d4f8583708da6adb6a8b8 with delete_type TABLET_DATA_TOMBSTONED (TS 9ea5e4617a13444e94fb74fda94c586c not found in new config with opid_index 4) from {username='slave'} at 127.0.0.1:57800
I20260608 09:52:47.795560 11557 consensus_queue.cc:237] T 381e2396db3f466ea6a3c85bbcbb742e P e54f5805786f4f7f88faf84992d0e3c5 [LEADER]: Queue going to LEADER mode. State: All replicated index: 0, Majority replicated index: 5, Committed index: 5, Last appended: 3.5, Last appended by leader: 2, Current term: 3, Majority size: 2, State: 0, Mode: LEADER, active raft config: opid_index: 6 OBSOLETE_local: false peers { permanent_uuid: "251f352790c648e4ac99b0f8c6de989f" member_type: VOTER last_known_addr { host: "127.8.100.131" port: 42079 } } peers { permanent_uuid: "e54f5805786f4f7f88faf84992d0e3c5" member_type: VOTER last_known_addr { host: "127.8.100.129" port: 33035 } } peers { permanent_uuid: "9ea5e4617a13444e94fb74fda94c586c" member_type: VOTER last_known_addr { host: "127.8.100.132" port: 46209 } attrs { promote: false } }
I20260608 09:52:47.798491 12164 tablet_replica.cc:333] T 563e7599b39d4f8583708da6adb6a8b8 P 9ea5e4617a13444e94fb74fda94c586c: stopping tablet replica
I20260608 09:52:47.804447 11852 raft_consensus.cc:1275] T 381e2396db3f466ea6a3c85bbcbb742e P 9ea5e4617a13444e94fb74fda94c586c [term 3 FOLLOWER]: Refusing update from remote peer e54f5805786f4f7f88faf84992d0e3c5: Log matching property violated. Preceding OpId in replica: term: 3 index: 5. Preceding OpId from leader: term: 3 index: 6. (index mismatch)
I20260608 09:52:47.805934 12164 raft_consensus.cc:2243] T 563e7599b39d4f8583708da6adb6a8b8 P 9ea5e4617a13444e94fb74fda94c586c [term 1 FOLLOWER]: Raft consensus shutting down.
I20260608 09:52:47.806600 12164 raft_consensus.cc:2272] T 563e7599b39d4f8583708da6adb6a8b8 P 9ea5e4617a13444e94fb74fda94c586c [term 1 FOLLOWER]: Raft consensus is shut down!
I20260608 09:52:47.806878 12148 consensus_queue.cc:1048] T 381e2396db3f466ea6a3c85bbcbb742e P e54f5805786f4f7f88faf84992d0e3c5 [LEADER]: Connected to new peer: Peer: permanent_uuid: "9ea5e4617a13444e94fb74fda94c586c" member_type: VOTER last_known_addr { host: "127.8.100.132" port: 46209 } attrs { promote: false }, Status: LMP_MISMATCH, Last received: 0.0, Next index: 6, Last known committed idx: 5, Time since last communication: 0.000s
I20260608 09:52:47.809428 12164 ts_tablet_manager.cc:1916] T 563e7599b39d4f8583708da6adb6a8b8 P 9ea5e4617a13444e94fb74fda94c586c: Deleting tablet data with delete state TABLET_DATA_TOMBSTONED
I20260608 09:52:47.812063 11706 raft_consensus.cc:1275] T 381e2396db3f466ea6a3c85bbcbb742e P 251f352790c648e4ac99b0f8c6de989f [term 3 FOLLOWER]: Refusing update from remote peer e54f5805786f4f7f88faf84992d0e3c5: Log matching property violated. Preceding OpId in replica: term: 3 index: 5. Preceding OpId from leader: term: 3 index: 6. (index mismatch)
I20260608 09:52:47.813539 12146 consensus_queue.cc:1048] T 381e2396db3f466ea6a3c85bbcbb742e P e54f5805786f4f7f88faf84992d0e3c5 [LEADER]: Connected to new peer: Peer: permanent_uuid: "251f352790c648e4ac99b0f8c6de989f" member_type: VOTER last_known_addr { host: "127.8.100.131" port: 42079 }, Status: LMP_MISMATCH, Last received: 0.0, Next index: 6, Last known committed idx: 5, Time since last communication: 0.000s
I20260608 09:52:47.816071 12147 raft_consensus.cc:2955] T 381e2396db3f466ea6a3c85bbcbb742e P e54f5805786f4f7f88faf84992d0e3c5 [term 3 LEADER]: Committing config change with OpId 3.6: config changed from index 5 to 6, VOTER 90d652fcbf184d9eae06607cf710a39b (127.8.100.130) evicted. New config: { opid_index: 6 OBSOLETE_local: false peers { permanent_uuid: "251f352790c648e4ac99b0f8c6de989f" member_type: VOTER last_known_addr { host: "127.8.100.131" port: 42079 } } peers { permanent_uuid: "e54f5805786f4f7f88faf84992d0e3c5" member_type: VOTER last_known_addr { host: "127.8.100.129" port: 33035 } } peers { permanent_uuid: "9ea5e4617a13444e94fb74fda94c586c" member_type: VOTER last_known_addr { host: "127.8.100.132" port: 46209 } attrs { promote: false } } }
I20260608 09:52:47.817705 11850 raft_consensus.cc:2955] T 381e2396db3f466ea6a3c85bbcbb742e P 9ea5e4617a13444e94fb74fda94c586c [term 3 FOLLOWER]: Committing config change with OpId 3.6: config changed from index 5 to 6, VOTER 90d652fcbf184d9eae06607cf710a39b (127.8.100.130) evicted. New config: { opid_index: 6 OBSOLETE_local: false peers { permanent_uuid: "251f352790c648e4ac99b0f8c6de989f" member_type: VOTER last_known_addr { host: "127.8.100.131" port: 42079 } } peers { permanent_uuid: "e54f5805786f4f7f88faf84992d0e3c5" member_type: VOTER last_known_addr { host: "127.8.100.129" port: 33035 } } peers { permanent_uuid: "9ea5e4617a13444e94fb74fda94c586c" member_type: VOTER last_known_addr { host: "127.8.100.132" port: 46209 } attrs { promote: false } } }
I20260608 09:52:47.824383 12164 ts_tablet_manager.cc:1929] T 563e7599b39d4f8583708da6adb6a8b8 P 9ea5e4617a13444e94fb74fda94c586c: tablet deleted with delete type TABLET_DATA_TOMBSTONED: last-logged OpId 1.3
I20260608 09:52:47.824819 12164 log.cc:1199] T 563e7599b39d4f8583708da6adb6a8b8 P 9ea5e4617a13444e94fb74fda94c586c: Deleting WAL directory at /tmp/dist-test-taskuRLDEj/test-tmp/auto_rebalancer-test.0.AutoRebalancerTest.RangeAwareRebalancesNewRangeReplicas.1780912280438613-8594-0/minicluster-data/ts-3-root/wals/563e7599b39d4f8583708da6adb6a8b8
I20260608 09:52:47.827818 11441 catalog_manager.cc:5209] ChangeConfig:REMOVE_PEER RPC for tablet 381e2396db3f466ea6a3c85bbcbb742e with cas_config_opid_index 5: ChangeConfig:REMOVE_PEER succeeded (attempt 1)
I20260608 09:52:47.830766 11443 catalog_manager.cc:5027] TS 9ea5e4617a13444e94fb74fda94c586c (127.8.100.132:46209): tablet 563e7599b39d4f8583708da6adb6a8b8 (table range_aware_rebalance_new_range [id=19c448e501484845b256c9d0207bb43a]) successfully deleted
I20260608 09:52:47.830499 11456 catalog_manager.cc:5696] T 381e2396db3f466ea6a3c85bbcbb742e P 9ea5e4617a13444e94fb74fda94c586c reported cstate change: config changed from index 5 to 6, VOTER 90d652fcbf184d9eae06607cf710a39b (127.8.100.130) evicted. New cstate: current_term: 3 leader_uuid: "e54f5805786f4f7f88faf84992d0e3c5" committed_config { opid_index: 6 OBSOLETE_local: false peers { permanent_uuid: "251f352790c648e4ac99b0f8c6de989f" member_type: VOTER last_known_addr { host: "127.8.100.131" port: 42079 } } peers { permanent_uuid: "e54f5805786f4f7f88faf84992d0e3c5" member_type: VOTER last_known_addr { host: "127.8.100.129" port: 33035 } } peers { permanent_uuid: "9ea5e4617a13444e94fb74fda94c586c" member_type: VOTER last_known_addr { host: "127.8.100.132" port: 46209 } attrs { promote: false } } }
I20260608 09:52:47.836151 11706 raft_consensus.cc:2955] T 381e2396db3f466ea6a3c85bbcbb742e P 251f352790c648e4ac99b0f8c6de989f [term 3 FOLLOWER]: Committing config change with OpId 3.6: config changed from index 5 to 6, VOTER 90d652fcbf184d9eae06607cf710a39b (127.8.100.130) evicted. New config: { opid_index: 6 OBSOLETE_local: false peers { permanent_uuid: "251f352790c648e4ac99b0f8c6de989f" member_type: VOTER last_known_addr { host: "127.8.100.131" port: 42079 } } peers { permanent_uuid: "e54f5805786f4f7f88faf84992d0e3c5" member_type: VOTER last_known_addr { host: "127.8.100.129" port: 33035 } } peers { permanent_uuid: "9ea5e4617a13444e94fb74fda94c586c" member_type: VOTER last_known_addr { host: "127.8.100.132" port: 46209 } attrs { promote: false } } }
I20260608 09:52:47.840586 11622 tablet_service.cc:1558] Processing DeleteTablet for tablet 381e2396db3f466ea6a3c85bbcbb742e with delete_type TABLET_DATA_TOMBSTONED (TS 90d652fcbf184d9eae06607cf710a39b not found in new config with opid_index 6) from {username='slave'} at 127.0.0.1:46146
I20260608 09:52:47.843783 12165 tablet_replica.cc:333] T 381e2396db3f466ea6a3c85bbcbb742e P 90d652fcbf184d9eae06607cf710a39b: stopping tablet replica
I20260608 09:52:47.844689 12165 raft_consensus.cc:2243] T 381e2396db3f466ea6a3c85bbcbb742e P 90d652fcbf184d9eae06607cf710a39b [term 3 FOLLOWER]: Raft consensus shutting down.
I20260608 09:52:47.845530 12165 raft_consensus.cc:2272] T 381e2396db3f466ea6a3c85bbcbb742e P 90d652fcbf184d9eae06607cf710a39b [term 3 FOLLOWER]: Raft consensus is shut down!
I20260608 09:52:47.848515 12165 ts_tablet_manager.cc:1916] T 381e2396db3f466ea6a3c85bbcbb742e P 90d652fcbf184d9eae06607cf710a39b: Deleting tablet data with delete state TABLET_DATA_TOMBSTONED
I20260608 09:52:47.859005 12165 ts_tablet_manager.cc:1929] T 381e2396db3f466ea6a3c85bbcbb742e P 90d652fcbf184d9eae06607cf710a39b: tablet deleted with delete type TABLET_DATA_TOMBSTONED: last-logged OpId 3.5
I20260608 09:52:47.859308 12165 log.cc:1199] T 381e2396db3f466ea6a3c85bbcbb742e P 90d652fcbf184d9eae06607cf710a39b: Deleting WAL directory at /tmp/dist-test-taskuRLDEj/test-tmp/auto_rebalancer-test.0.AutoRebalancerTest.RangeAwareRebalancesNewRangeReplicas.1780912280438613-8594-0/minicluster-data/ts-1-root/wals/381e2396db3f466ea6a3c85bbcbb742e
I20260608 09:52:47.860560 11441 catalog_manager.cc:5027] TS 90d652fcbf184d9eae06607cf710a39b (127.8.100.130:41337): tablet 381e2396db3f466ea6a3c85bbcbb742e (table range_aware_rebalance_new_range [id=19c448e501484845b256c9d0207bb43a]) successfully deleted
I20260608 09:52:48.002470  8594 tablet_server.cc:179] TabletServer@127.8.100.129:0 shutting down...
I20260608 09:52:48.023700  8594 ts_tablet_manager.cc:1507] Shutting down tablet manager...
I20260608 09:52:48.024384  8594 tablet_replica.cc:333] T 484f9cb3bcc34f2d96a12eb2ff2fdd6c P e54f5805786f4f7f88faf84992d0e3c5: stopping tablet replica
I20260608 09:52:48.025095  8594 raft_consensus.cc:2243] T 484f9cb3bcc34f2d96a12eb2ff2fdd6c P e54f5805786f4f7f88faf84992d0e3c5 [term 2 FOLLOWER]: Raft consensus shutting down.
I20260608 09:52:48.025709  8594 raft_consensus.cc:2272] T 484f9cb3bcc34f2d96a12eb2ff2fdd6c P e54f5805786f4f7f88faf84992d0e3c5 [term 2 FOLLOWER]: Raft consensus is shut down!
I20260608 09:52:48.027772  8594 tablet_replica.cc:333] T 51cc5211759c480a9e22943254316a02 P e54f5805786f4f7f88faf84992d0e3c5: stopping tablet replica
I20260608 09:52:48.028295  8594 raft_consensus.cc:2243] T 51cc5211759c480a9e22943254316a02 P e54f5805786f4f7f88faf84992d0e3c5 [term 2 FOLLOWER]: Raft consensus shutting down.
I20260608 09:52:48.028812  8594 raft_consensus.cc:2272] T 51cc5211759c480a9e22943254316a02 P e54f5805786f4f7f88faf84992d0e3c5 [term 2 FOLLOWER]: Raft consensus is shut down!
I20260608 09:52:48.030504  8594 tablet_replica.cc:333] T b2973f97509f4ad8abbc7f0a519b8bb8 P e54f5805786f4f7f88faf84992d0e3c5: stopping tablet replica
I20260608 09:52:48.030970  8594 raft_consensus.cc:2243] T b2973f97509f4ad8abbc7f0a519b8bb8 P e54f5805786f4f7f88faf84992d0e3c5 [term 1 FOLLOWER]: Raft consensus shutting down.
I20260608 09:52:48.031344  8594 raft_consensus.cc:2272] T b2973f97509f4ad8abbc7f0a519b8bb8 P e54f5805786f4f7f88faf84992d0e3c5 [term 1 FOLLOWER]: Raft consensus is shut down!
I20260608 09:52:48.032968  8594 tablet_replica.cc:333] T 381e2396db3f466ea6a3c85bbcbb742e P e54f5805786f4f7f88faf84992d0e3c5: stopping tablet replica
I20260608 09:52:48.033493  8594 raft_consensus.cc:2243] T 381e2396db3f466ea6a3c85bbcbb742e P e54f5805786f4f7f88faf84992d0e3c5 [term 3 LEADER]: Raft consensus shutting down.
I20260608 09:52:48.034152  8594 raft_consensus.cc:2272] T 381e2396db3f466ea6a3c85bbcbb742e P e54f5805786f4f7f88faf84992d0e3c5 [term 3 FOLLOWER]: Raft consensus is shut down!
I20260608 09:52:48.036476  8594 tablet_replica.cc:333] T 1310aaeed71840b6a870bf45c85b4ce6 P e54f5805786f4f7f88faf84992d0e3c5: stopping tablet replica
I20260608 09:52:48.037164  8594 raft_consensus.cc:2243] T 1310aaeed71840b6a870bf45c85b4ce6 P e54f5805786f4f7f88faf84992d0e3c5 [term 1 LEADER]: Raft consensus shutting down.
W20260608 09:52:48.037632 11671 proxy.cc:239] Call had error, refreshing address and retrying: Remote error: Service unavailable: service kudu.consensus.ConsensusService not registered on TabletServer [suppressed 2 similar messages]
I20260608 09:52:48.038100  8594 raft_consensus.cc:2272] T 1310aaeed71840b6a870bf45c85b4ce6 P e54f5805786f4f7f88faf84992d0e3c5 [term 1 FOLLOWER]: Raft consensus is shut down!
I20260608 09:52:48.040403  8594 tablet_replica.cc:333] T fcd439a41086499497c00b3f2dc36f83 P e54f5805786f4f7f88faf84992d0e3c5: stopping tablet replica
W20260608 09:52:48.040405 11671 consensus_peers.cc:597] T b2973f97509f4ad8abbc7f0a519b8bb8 P 251f352790c648e4ac99b0f8c6de989f -> Peer e54f5805786f4f7f88faf84992d0e3c5 (127.8.100.129:33035): Couldn't send request to peer e54f5805786f4f7f88faf84992d0e3c5. Status: Remote error: Service unavailable: service kudu.consensus.ConsensusService not registered on TabletServer. This is attempt 1: this message will repeat every 5th retry.
I20260608 09:52:48.041128  8594 raft_consensus.cc:2243] T fcd439a41086499497c00b3f2dc36f83 P e54f5805786f4f7f88faf84992d0e3c5 [term 1 FOLLOWER]: Raft consensus shutting down.
I20260608 09:52:48.041566  8594 raft_consensus.cc:2272] T fcd439a41086499497c00b3f2dc36f83 P e54f5805786f4f7f88faf84992d0e3c5 [term 1 FOLLOWER]: Raft consensus is shut down!
I20260608 09:52:48.043182  8594 tablet_replica.cc:333] T 4c95cb5e225c4cb79ed1216218c18430 P e54f5805786f4f7f88faf84992d0e3c5: stopping tablet replica
I20260608 09:52:48.043639  8594 raft_consensus.cc:2243] T 4c95cb5e225c4cb79ed1216218c18430 P e54f5805786f4f7f88faf84992d0e3c5 [term 2 FOLLOWER]: Raft consensus shutting down.
I20260608 09:52:48.043967  8594 raft_consensus.cc:2272] T 4c95cb5e225c4cb79ed1216218c18430 P e54f5805786f4f7f88faf84992d0e3c5 [term 2 FOLLOWER]: Raft consensus is shut down!
I20260608 09:52:48.045527  8594 tablet_replica.cc:333] T 4e32dd4ffaca42228d38237c9c548d6e P e54f5805786f4f7f88faf84992d0e3c5: stopping tablet replica
I20260608 09:52:48.045981  8594 raft_consensus.cc:2243] T 4e32dd4ffaca42228d38237c9c548d6e P e54f5805786f4f7f88faf84992d0e3c5 [term 1 LEADER]: Raft consensus shutting down.
I20260608 09:52:48.046630  8594 raft_consensus.cc:2272] T 4e32dd4ffaca42228d38237c9c548d6e P e54f5805786f4f7f88faf84992d0e3c5 [term 1 FOLLOWER]: Raft consensus is shut down!
I20260608 09:52:48.048316  8594 tablet_replica.cc:333] T be60773ebfbb4213b07c70acefd1efa6 P e54f5805786f4f7f88faf84992d0e3c5: stopping tablet replica
I20260608 09:52:48.048729  8594 raft_consensus.cc:2243] T be60773ebfbb4213b07c70acefd1efa6 P e54f5805786f4f7f88faf84992d0e3c5 [term 1 LEADER]: Raft consensus shutting down.
I20260608 09:52:48.049396  8594 raft_consensus.cc:2272] T be60773ebfbb4213b07c70acefd1efa6 P e54f5805786f4f7f88faf84992d0e3c5 [term 1 FOLLOWER]: Raft consensus is shut down!
I20260608 09:52:48.050968  8594 tablet_replica.cc:333] T 200ffa18836d426098695d49218acefa P e54f5805786f4f7f88faf84992d0e3c5: stopping tablet replica
I20260608 09:52:48.051409  8594 raft_consensus.cc:2243] T 200ffa18836d426098695d49218acefa P e54f5805786f4f7f88faf84992d0e3c5 [term 2 FOLLOWER]: Raft consensus shutting down.
I20260608 09:52:48.051738  8594 raft_consensus.cc:2272] T 200ffa18836d426098695d49218acefa P e54f5805786f4f7f88faf84992d0e3c5 [term 2 FOLLOWER]: Raft consensus is shut down!
I20260608 09:52:48.053560  8594 tablet_replica.cc:333] T 563e7599b39d4f8583708da6adb6a8b8 P e54f5805786f4f7f88faf84992d0e3c5: stopping tablet replica
I20260608 09:52:48.053995  8594 raft_consensus.cc:2243] T 563e7599b39d4f8583708da6adb6a8b8 P e54f5805786f4f7f88faf84992d0e3c5 [term 1 FOLLOWER]: Raft consensus shutting down.
I20260608 09:52:48.054528  8594 raft_consensus.cc:2272] T 563e7599b39d4f8583708da6adb6a8b8 P e54f5805786f4f7f88faf84992d0e3c5 [term 1 FOLLOWER]: Raft consensus is shut down!
I20260608 09:52:48.057936  8594 tablet_replica.cc:333] T cddc1b0fc4f94cb081ee865f477edb17 P e54f5805786f4f7f88faf84992d0e3c5: stopping tablet replica
I20260608 09:52:48.058375  8594 raft_consensus.cc:2243] T cddc1b0fc4f94cb081ee865f477edb17 P e54f5805786f4f7f88faf84992d0e3c5 [term 1 FOLLOWER]: Raft consensus shutting down.
I20260608 09:52:48.058765  8594 raft_consensus.cc:2272] T cddc1b0fc4f94cb081ee865f477edb17 P e54f5805786f4f7f88faf84992d0e3c5 [term 1 FOLLOWER]: Raft consensus is shut down!
W20260608 09:52:48.073271 11597 consensus_peers.cc:597] T cddc1b0fc4f94cb081ee865f477edb17 P 90d652fcbf184d9eae06607cf710a39b -> Peer e54f5805786f4f7f88faf84992d0e3c5 (127.8.100.129:33035): Couldn't send request to peer e54f5805786f4f7f88faf84992d0e3c5. Status: Remote error: Service unavailable: service kudu.consensus.ConsensusService not registered on TabletServer. This is attempt 1: this message will repeat every 5th retry.
W20260608 09:52:48.086952 11597 consensus_peers.cc:597] T fcd439a41086499497c00b3f2dc36f83 P 90d652fcbf184d9eae06607cf710a39b -> Peer e54f5805786f4f7f88faf84992d0e3c5 (127.8.100.129:33035): Couldn't send request to peer e54f5805786f4f7f88faf84992d0e3c5. Status: Network error: Client connection negotiation failed: client connection to 127.8.100.129:33035: connect: Connection refused (error 111). This is attempt 1: this message will repeat every 5th retry.
I20260608 09:52:48.092962  8594 tablet_server.cc:196] TabletServer@127.8.100.129:0 shutdown complete.
W20260608 09:52:48.114261 11817 consensus_peers.cc:597] T 484f9cb3bcc34f2d96a12eb2ff2fdd6c P 9ea5e4617a13444e94fb74fda94c586c -> Peer e54f5805786f4f7f88faf84992d0e3c5 (127.8.100.129:33035): Couldn't send request to peer e54f5805786f4f7f88faf84992d0e3c5. Status: Network error: Client connection negotiation failed: client connection to 127.8.100.129:33035: connect: Connection refused (error 111). This is attempt 1: this message will repeat every 5th retry.
I20260608 09:52:48.121102  8594 tablet_server.cc:179] TabletServer@127.8.100.130:0 shutting down...
W20260608 09:52:48.138509 11817 consensus_peers.cc:597] T 4c95cb5e225c4cb79ed1216218c18430 P 9ea5e4617a13444e94fb74fda94c586c -> Peer e54f5805786f4f7f88faf84992d0e3c5 (127.8.100.129:33035): Couldn't send request to peer e54f5805786f4f7f88faf84992d0e3c5. Status: Network error: Client connection negotiation failed: client connection to 127.8.100.129:33035: connect: Connection refused (error 111). This is attempt 1: this message will repeat every 5th retry.
W20260608 09:52:48.139760 11671 consensus_peers.cc:597] T 563e7599b39d4f8583708da6adb6a8b8 P 251f352790c648e4ac99b0f8c6de989f -> Peer 90d652fcbf184d9eae06607cf710a39b (127.8.100.130:41337): Couldn't send request to peer 90d652fcbf184d9eae06607cf710a39b. Status: Remote error: Service unavailable: service kudu.consensus.ConsensusService not registered on TabletServer. This is attempt 1: this message will repeat every 5th retry.
I20260608 09:52:48.146025  8594 ts_tablet_manager.cc:1507] Shutting down tablet manager...
I20260608 09:52:48.146788  8594 tablet_replica.cc:333] T fcd439a41086499497c00b3f2dc36f83 P 90d652fcbf184d9eae06607cf710a39b: stopping tablet replica
I20260608 09:52:48.147385  8594 raft_consensus.cc:2243] T fcd439a41086499497c00b3f2dc36f83 P 90d652fcbf184d9eae06607cf710a39b [term 1 LEADER]: Raft consensus shutting down.
I20260608 09:52:48.148108  8594 raft_consensus.cc:2272] T fcd439a41086499497c00b3f2dc36f83 P 90d652fcbf184d9eae06607cf710a39b [term 1 FOLLOWER]: Raft consensus is shut down!
I20260608 09:52:48.149875  8594 tablet_replica.cc:333] T 4c95cb5e225c4cb79ed1216218c18430 P 90d652fcbf184d9eae06607cf710a39b: stopping tablet replica
I20260608 09:52:48.150372  8594 raft_consensus.cc:2243] T 4c95cb5e225c4cb79ed1216218c18430 P 90d652fcbf184d9eae06607cf710a39b [term 2 FOLLOWER]: Raft consensus shutting down.
I20260608 09:52:48.150739  8594 raft_consensus.cc:2272] T 4c95cb5e225c4cb79ed1216218c18430 P 90d652fcbf184d9eae06607cf710a39b [term 2 FOLLOWER]: Raft consensus is shut down!
I20260608 09:52:48.152347  8594 tablet_replica.cc:333] T 3f67586ee3e6445286bd29d70b78fb95 P 90d652fcbf184d9eae06607cf710a39b: stopping tablet replica
I20260608 09:52:48.152809  8594 raft_consensus.cc:2243] T 3f67586ee3e6445286bd29d70b78fb95 P 90d652fcbf184d9eae06607cf710a39b [term 2 FOLLOWER]: Raft consensus shutting down.
I20260608 09:52:48.153172  8594 raft_consensus.cc:2272] T 3f67586ee3e6445286bd29d70b78fb95 P 90d652fcbf184d9eae06607cf710a39b [term 2 FOLLOWER]: Raft consensus is shut down!
I20260608 09:52:48.154752  8594 tablet_replica.cc:333] T 484f9cb3bcc34f2d96a12eb2ff2fdd6c P 90d652fcbf184d9eae06607cf710a39b: stopping tablet replica
I20260608 09:52:48.155208  8594 raft_consensus.cc:2243] T 484f9cb3bcc34f2d96a12eb2ff2fdd6c P 90d652fcbf184d9eae06607cf710a39b [term 2 FOLLOWER]: Raft consensus shutting down.
I20260608 09:52:48.155578  8594 raft_consensus.cc:2272] T 484f9cb3bcc34f2d96a12eb2ff2fdd6c P 90d652fcbf184d9eae06607cf710a39b [term 2 FOLLOWER]: Raft consensus is shut down!
I20260608 09:52:48.157119  8594 tablet_replica.cc:333] T 51cc5211759c480a9e22943254316a02 P 90d652fcbf184d9eae06607cf710a39b: stopping tablet replica
I20260608 09:52:48.157644  8594 raft_consensus.cc:2243] T 51cc5211759c480a9e22943254316a02 P 90d652fcbf184d9eae06607cf710a39b [term 2 LEADER]: Raft consensus shutting down.
I20260608 09:52:48.158282  8594 raft_consensus.cc:2272] T 51cc5211759c480a9e22943254316a02 P 90d652fcbf184d9eae06607cf710a39b [term 2 FOLLOWER]: Raft consensus is shut down!
I20260608 09:52:48.159813  8594 tablet_replica.cc:333] T 4e32dd4ffaca42228d38237c9c548d6e P 90d652fcbf184d9eae06607cf710a39b: stopping tablet replica
I20260608 09:52:48.160266  8594 raft_consensus.cc:2243] T 4e32dd4ffaca42228d38237c9c548d6e P 90d652fcbf184d9eae06607cf710a39b [term 1 FOLLOWER]: Raft consensus shutting down.
I20260608 09:52:48.160656  8594 raft_consensus.cc:2272] T 4e32dd4ffaca42228d38237c9c548d6e P 90d652fcbf184d9eae06607cf710a39b [term 1 FOLLOWER]: Raft consensus is shut down!
I20260608 09:52:48.162284  8594 tablet_replica.cc:333] T 42b5639f4188467bb8a353837a252a06 P 90d652fcbf184d9eae06607cf710a39b: stopping tablet replica
I20260608 09:52:48.162770  8594 raft_consensus.cc:2243] T 42b5639f4188467bb8a353837a252a06 P 90d652fcbf184d9eae06607cf710a39b [term 1 LEADER]: Raft consensus shutting down.
I20260608 09:52:48.163396  8594 raft_consensus.cc:2272] T 42b5639f4188467bb8a353837a252a06 P 90d652fcbf184d9eae06607cf710a39b [term 1 FOLLOWER]: Raft consensus is shut down!
I20260608 09:52:48.165025  8594 tablet_replica.cc:333] T 8f9e45e1fdce4fdf9373cbf2f289d1d3 P 90d652fcbf184d9eae06607cf710a39b: stopping tablet replica
I20260608 09:52:48.165510  8594 raft_consensus.cc:2243] T 8f9e45e1fdce4fdf9373cbf2f289d1d3 P 90d652fcbf184d9eae06607cf710a39b [term 1 FOLLOWER]: Raft consensus shutting down.
I20260608 09:52:48.165869  8594 raft_consensus.cc:2272] T 8f9e45e1fdce4fdf9373cbf2f289d1d3 P 90d652fcbf184d9eae06607cf710a39b [term 1 FOLLOWER]: Raft consensus is shut down!
I20260608 09:52:48.167382  8594 tablet_replica.cc:333] T b0c22aa1c7c240a2b40d2876dfceeb91 P 90d652fcbf184d9eae06607cf710a39b: stopping tablet replica
I20260608 09:52:48.167842  8594 raft_consensus.cc:2243] T b0c22aa1c7c240a2b40d2876dfceeb91 P 90d652fcbf184d9eae06607cf710a39b [term 1 FOLLOWER]: Raft consensus shutting down.
I20260608 09:52:48.168341  8594 raft_consensus.cc:2272] T b0c22aa1c7c240a2b40d2876dfceeb91 P 90d652fcbf184d9eae06607cf710a39b [term 1 FOLLOWER]: Raft consensus is shut down!
I20260608 09:52:48.169932  8594 tablet_replica.cc:333] T 563e7599b39d4f8583708da6adb6a8b8 P 90d652fcbf184d9eae06607cf710a39b: stopping tablet replica
I20260608 09:52:48.170383  8594 raft_consensus.cc:2243] T 563e7599b39d4f8583708da6adb6a8b8 P 90d652fcbf184d9eae06607cf710a39b [term 1 FOLLOWER]: Raft consensus shutting down.
I20260608 09:52:48.170804  8594 raft_consensus.cc:2272] T 563e7599b39d4f8583708da6adb6a8b8 P 90d652fcbf184d9eae06607cf710a39b [term 1 FOLLOWER]: Raft consensus is shut down!
I20260608 09:52:48.173033  8594 tablet_replica.cc:333] T cddc1b0fc4f94cb081ee865f477edb17 P 90d652fcbf184d9eae06607cf710a39b: stopping tablet replica
I20260608 09:52:48.173629  8594 raft_consensus.cc:2243] T cddc1b0fc4f94cb081ee865f477edb17 P 90d652fcbf184d9eae06607cf710a39b [term 1 LEADER]: Raft consensus shutting down.
I20260608 09:52:48.174317  8594 raft_consensus.cc:2272] T cddc1b0fc4f94cb081ee865f477edb17 P 90d652fcbf184d9eae06607cf710a39b [term 1 FOLLOWER]: Raft consensus is shut down!
I20260608 09:52:48.175992  8594 tablet_replica.cc:333] T 200ffa18836d426098695d49218acefa P 90d652fcbf184d9eae06607cf710a39b: stopping tablet replica
I20260608 09:52:48.176419  8594 raft_consensus.cc:2243] T 200ffa18836d426098695d49218acefa P 90d652fcbf184d9eae06607cf710a39b [term 2 FOLLOWER]: Raft consensus shutting down.
I20260608 09:52:48.176818  8594 raft_consensus.cc:2272] T 200ffa18836d426098695d49218acefa P 90d652fcbf184d9eae06607cf710a39b [term 2 FOLLOWER]: Raft consensus is shut down!
W20260608 09:52:48.184815 11671 consensus_peers.cc:597] T b0c22aa1c7c240a2b40d2876dfceeb91 P 251f352790c648e4ac99b0f8c6de989f -> Peer 90d652fcbf184d9eae06607cf710a39b (127.8.100.130:41337): Couldn't send request to peer 90d652fcbf184d9eae06607cf710a39b. Status: Remote error: Service unavailable: service kudu.consensus.ConsensusService not registered on TabletServer. This is attempt 1: this message will repeat every 5th retry.
I20260608 09:52:48.209076  8594 tablet_server.cc:196] TabletServer@127.8.100.130:0 shutdown complete.
I20260608 09:52:48.232162  8594 tablet_server.cc:179] TabletServer@127.8.100.131:0 shutting down...
I20260608 09:52:48.253074  8594 ts_tablet_manager.cc:1507] Shutting down tablet manager...
I20260608 09:52:48.253799  8594 tablet_replica.cc:333] T b2973f97509f4ad8abbc7f0a519b8bb8 P 251f352790c648e4ac99b0f8c6de989f: stopping tablet replica
I20260608 09:52:48.254382  8594 raft_consensus.cc:2243] T b2973f97509f4ad8abbc7f0a519b8bb8 P 251f352790c648e4ac99b0f8c6de989f [term 1 LEADER]: Raft consensus shutting down.
I20260608 09:52:48.255136  8594 raft_consensus.cc:2272] T b2973f97509f4ad8abbc7f0a519b8bb8 P 251f352790c648e4ac99b0f8c6de989f [term 1 FOLLOWER]: Raft consensus is shut down!
I20260608 09:52:48.256937  8594 tablet_replica.cc:333] T fcd439a41086499497c00b3f2dc36f83 P 251f352790c648e4ac99b0f8c6de989f: stopping tablet replica
I20260608 09:52:48.257507  8594 raft_consensus.cc:2243] T fcd439a41086499497c00b3f2dc36f83 P 251f352790c648e4ac99b0f8c6de989f [term 1 FOLLOWER]: Raft consensus shutting down.
I20260608 09:52:48.258138  8594 raft_consensus.cc:2272] T fcd439a41086499497c00b3f2dc36f83 P 251f352790c648e4ac99b0f8c6de989f [term 1 FOLLOWER]: Raft consensus is shut down!
I20260608 09:52:48.260455  8594 tablet_replica.cc:333] T 3f67586ee3e6445286bd29d70b78fb95 P 251f352790c648e4ac99b0f8c6de989f: stopping tablet replica
I20260608 09:52:48.261122  8594 raft_consensus.cc:2243] T 3f67586ee3e6445286bd29d70b78fb95 P 251f352790c648e4ac99b0f8c6de989f [term 2 FOLLOWER]: Raft consensus shutting down.
I20260608 09:52:48.261612  8594 raft_consensus.cc:2272] T 3f67586ee3e6445286bd29d70b78fb95 P 251f352790c648e4ac99b0f8c6de989f [term 2 FOLLOWER]: Raft consensus is shut down!
I20260608 09:52:48.263761  8594 tablet_replica.cc:333] T 8f9e45e1fdce4fdf9373cbf2f289d1d3 P 251f352790c648e4ac99b0f8c6de989f: stopping tablet replica
I20260608 09:52:48.264402  8594 raft_consensus.cc:2243] T 8f9e45e1fdce4fdf9373cbf2f289d1d3 P 251f352790c648e4ac99b0f8c6de989f [term 1 LEADER]: Raft consensus shutting down.
I20260608 09:52:48.265272  8594 raft_consensus.cc:2272] T 8f9e45e1fdce4fdf9373cbf2f289d1d3 P 251f352790c648e4ac99b0f8c6de989f [term 1 FOLLOWER]: Raft consensus is shut down!
I20260608 09:52:48.266942  8594 tablet_replica.cc:333] T 1310aaeed71840b6a870bf45c85b4ce6 P 251f352790c648e4ac99b0f8c6de989f: stopping tablet replica
I20260608 09:52:48.267423  8594 raft_consensus.cc:2243] T 1310aaeed71840b6a870bf45c85b4ce6 P 251f352790c648e4ac99b0f8c6de989f [term 1 FOLLOWER]: Raft consensus shutting down.
I20260608 09:52:48.267942  8594 raft_consensus.cc:2272] T 1310aaeed71840b6a870bf45c85b4ce6 P 251f352790c648e4ac99b0f8c6de989f [term 1 FOLLOWER]: Raft consensus is shut down!
I20260608 09:52:48.269563  8594 tablet_replica.cc:333] T b0c22aa1c7c240a2b40d2876dfceeb91 P 251f352790c648e4ac99b0f8c6de989f: stopping tablet replica
I20260608 09:52:48.270013  8594 raft_consensus.cc:2243] T b0c22aa1c7c240a2b40d2876dfceeb91 P 251f352790c648e4ac99b0f8c6de989f [term 1 LEADER]: Raft consensus shutting down.
I20260608 09:52:48.270661  8594 raft_consensus.cc:2272] T b0c22aa1c7c240a2b40d2876dfceeb91 P 251f352790c648e4ac99b0f8c6de989f [term 1 FOLLOWER]: Raft consensus is shut down!
I20260608 09:52:48.272315  8594 tablet_replica.cc:333] T 381e2396db3f466ea6a3c85bbcbb742e P 251f352790c648e4ac99b0f8c6de989f: stopping tablet replica
I20260608 09:52:48.272774  8594 raft_consensus.cc:2243] T 381e2396db3f466ea6a3c85bbcbb742e P 251f352790c648e4ac99b0f8c6de989f [term 3 FOLLOWER]: Raft consensus shutting down.
I20260608 09:52:48.273268  8594 raft_consensus.cc:2272] T 381e2396db3f466ea6a3c85bbcbb742e P 251f352790c648e4ac99b0f8c6de989f [term 3 FOLLOWER]: Raft consensus is shut down!
I20260608 09:52:48.274192 11509 auto_leader_rebalancer.cc:140] leader rebalance for table range_aware_rebalance_new_range
I20260608 09:52:48.275269  8594 tablet_replica.cc:333] T 563e7599b39d4f8583708da6adb6a8b8 P 251f352790c648e4ac99b0f8c6de989f: stopping tablet replica
I20260608 09:52:48.275848  8594 raft_consensus.cc:2243] T 563e7599b39d4f8583708da6adb6a8b8 P 251f352790c648e4ac99b0f8c6de989f [term 1 LEADER]: Raft consensus shutting down.
I20260608 09:52:48.276507  8594 raft_consensus.cc:2272] T 563e7599b39d4f8583708da6adb6a8b8 P 251f352790c648e4ac99b0f8c6de989f [term 1 FOLLOWER]: Raft consensus is shut down!
I20260608 09:52:48.278430  8594 tablet_replica.cc:333] T cddc1b0fc4f94cb081ee865f477edb17 P 251f352790c648e4ac99b0f8c6de989f: stopping tablet replica
I20260608 09:52:48.278896  8594 raft_consensus.cc:2243] T cddc1b0fc4f94cb081ee865f477edb17 P 251f352790c648e4ac99b0f8c6de989f [term 1 FOLLOWER]: Raft consensus shutting down.
I20260608 09:52:48.279258  8594 raft_consensus.cc:2272] T cddc1b0fc4f94cb081ee865f477edb17 P 251f352790c648e4ac99b0f8c6de989f [term 1 FOLLOWER]: Raft consensus is shut down!
I20260608 09:52:48.280967  8594 tablet_replica.cc:333] T be60773ebfbb4213b07c70acefd1efa6 P 251f352790c648e4ac99b0f8c6de989f: stopping tablet replica
I20260608 09:52:48.281456  8594 raft_consensus.cc:2243] T be60773ebfbb4213b07c70acefd1efa6 P 251f352790c648e4ac99b0f8c6de989f [term 1 FOLLOWER]: Raft consensus shutting down.
I20260608 09:52:48.281883  8594 raft_consensus.cc:2272] T be60773ebfbb4213b07c70acefd1efa6 P 251f352790c648e4ac99b0f8c6de989f [term 1 FOLLOWER]: Raft consensus is shut down!
I20260608 09:52:48.283461  8594 tablet_replica.cc:333] T 4e32dd4ffaca42228d38237c9c548d6e P 251f352790c648e4ac99b0f8c6de989f: stopping tablet replica
I20260608 09:52:48.283922  8594 raft_consensus.cc:2243] T 4e32dd4ffaca42228d38237c9c548d6e P 251f352790c648e4ac99b0f8c6de989f [term 1 FOLLOWER]: Raft consensus shutting down.
I20260608 09:52:48.284301  8594 raft_consensus.cc:2272] T 4e32dd4ffaca42228d38237c9c548d6e P 251f352790c648e4ac99b0f8c6de989f [term 1 FOLLOWER]: Raft consensus is shut down!
I20260608 09:52:48.285948  8594 tablet_replica.cc:333] T 42b5639f4188467bb8a353837a252a06 P 251f352790c648e4ac99b0f8c6de989f: stopping tablet replica
I20260608 09:52:48.286365  8594 raft_consensus.cc:2243] T 42b5639f4188467bb8a353837a252a06 P 251f352790c648e4ac99b0f8c6de989f [term 1 FOLLOWER]: Raft consensus shutting down.
I20260608 09:52:48.286407 11509 auto_leader_rebalancer.cc:388] table: range_aware_rebalance_new_range, leader rebalance finish, leader transfer count: 0
I20260608 09:52:48.286803  8594 raft_consensus.cc:2272] T 42b5639f4188467bb8a353837a252a06 P 251f352790c648e4ac99b0f8c6de989f [term 1 FOLLOWER]: Raft consensus is shut down!
I20260608 09:52:48.286924 11509 auto_leader_rebalancer.cc:451] All tables' leader rebalancing finished this round
I20260608 09:52:48.318823  8594 tablet_server.cc:196] TabletServer@127.8.100.131:0 shutdown complete.
