I20260608 09:48:53.031419 10587 consensus_queue.cc:260] T d863fff59f784c0fba9da2d595a0f36b P 4f3b31e6e78c4743963078c7df82aa6e [NON_LEADER]: Queue going to NON_LEADER mode. State: All replicated index: 0, Majority replicated index: 1, Committed index: 1, Last appended: 1.1, Last appended by leader: 1, Current term: 1, Majority size: -1, State: 0, Mode: NON_LEADER, active raft config: opid_index: -1 OBSOLETE_local: false peers { permanent_uuid: "3dc9b277c91b43fd9f5950c463988314" member_type: VOTER last_known_addr { host: "127.7.103.130" port: 32865 } } peers { permanent_uuid: "88936eaada964a9cb0749ceaab4ca31d" member_type: VOTER last_known_addr { host: "127.7.103.132" port: 33543 } } peers { permanent_uuid: "4f3b31e6e78c4743963078c7df82aa6e" member_type: VOTER last_known_addr { host: "127.7.103.129" port: 36189 } }
I20260608 09:48:53.032725 10587 raft_consensus.cc:3060] T d863fff59f784c0fba9da2d595a0f36b P 4f3b31e6e78c4743963078c7df82aa6e [term 1 FOLLOWER]: Advancing to term 2
I20260608 09:48:53.035959 10663 raft_consensus.cc:2468] T d863fff59f784c0fba9da2d595a0f36b P 3dc9b277c91b43fd9f5950c463988314 [term 2 FOLLOWER]: Leader election vote request: Granting yes vote for candidate 88936eaada964a9cb0749ceaab4ca31d in term 2.
I20260608 09:48:53.037632 10864 leader_election.cc:304] T d863fff59f784c0fba9da2d595a0f36b P 88936eaada964a9cb0749ceaab4ca31d [CANDIDATE]: Term 2 election: Election decided. Result: candidate won. Election summary: received 2 responses out of 3 voters: 2 yes votes; 0 no votes. yes voters: 3dc9b277c91b43fd9f5950c463988314, 88936eaada964a9cb0749ceaab4ca31d; no voters: 
I20260608 09:48:53.038544 11045 raft_consensus.cc:2804] T d863fff59f784c0fba9da2d595a0f36b P 88936eaada964a9cb0749ceaab4ca31d [term 2 FOLLOWER]: Leader election won for term 2
I20260608 09:48:53.039028 11045 raft_consensus.cc:697] T d863fff59f784c0fba9da2d595a0f36b P 88936eaada964a9cb0749ceaab4ca31d [term 2 LEADER]: Becoming Leader. State: Replica: 88936eaada964a9cb0749ceaab4ca31d, State: Running, Role: LEADER
I20260608 09:48:53.039856 11045 consensus_queue.cc:237] T d863fff59f784c0fba9da2d595a0f36b P 88936eaada964a9cb0749ceaab4ca31d [LEADER]: Queue going to LEADER mode. State: All replicated index: 0, Majority replicated index: 1, Committed index: 1, Last appended: 1.1, Last appended by leader: 1, Current term: 2, Majority size: 2, State: 0, Mode: LEADER, active raft config: opid_index: -1 OBSOLETE_local: false peers { permanent_uuid: "3dc9b277c91b43fd9f5950c463988314" member_type: VOTER last_known_addr { host: "127.7.103.130" port: 32865 } } peers { permanent_uuid: "88936eaada964a9cb0749ceaab4ca31d" member_type: VOTER last_known_addr { host: "127.7.103.132" port: 33543 } } peers { permanent_uuid: "4f3b31e6e78c4743963078c7df82aa6e" member_type: VOTER last_known_addr { host: "127.7.103.129" port: 36189 } }
I20260608 09:48:53.044626 10587 raft_consensus.cc:2468] T d863fff59f784c0fba9da2d595a0f36b P 4f3b31e6e78c4743963078c7df82aa6e [term 2 FOLLOWER]: Leader election vote request: Granting yes vote for candidate 88936eaada964a9cb0749ceaab4ca31d in term 2.
I20260608 09:48:53.066388 10486 catalog_manager.cc:5696] T d863fff59f784c0fba9da2d595a0f36b P 88936eaada964a9cb0749ceaab4ca31d reported cstate change: term changed from 1 to 2, leader changed from 4f3b31e6e78c4743963078c7df82aa6e (127.7.103.129) to 88936eaada964a9cb0749ceaab4ca31d (127.7.103.132). New cstate: current_term: 2 leader_uuid: "88936eaada964a9cb0749ceaab4ca31d" committed_config { opid_index: -1 OBSOLETE_local: false peers { permanent_uuid: "3dc9b277c91b43fd9f5950c463988314" member_type: VOTER last_known_addr { host: "127.7.103.130" port: 32865 } health_report { overall_health: UNKNOWN } } peers { permanent_uuid: "88936eaada964a9cb0749ceaab4ca31d" member_type: VOTER last_known_addr { host: "127.7.103.132" port: 33543 } health_report { overall_health: HEALTHY } } peers { permanent_uuid: "4f3b31e6e78c4743963078c7df82aa6e" member_type: VOTER last_known_addr { host: "127.7.103.129" port: 36189 } health_report { overall_health: UNKNOWN } } }
I20260608 09:48:53.098305 11061 raft_consensus.cc:993] T db72ce0d2e0a429c94401653b4a385f4 P c9bf6cc7ce72436ba3563f72d3559b13: : Instructing follower 4f3b31e6e78c4743963078c7df82aa6e to start an election
I20260608 09:48:53.098822 10821 raft_consensus.cc:1081] T db72ce0d2e0a429c94401653b4a385f4 P c9bf6cc7ce72436ba3563f72d3559b13 [term 1 LEADER]: Signalling peer 4f3b31e6e78c4743963078c7df82aa6e to start an election
I20260608 09:48:53.100366 10587 tablet_service.cc:2044] Received Run Leader Election RPC: tablet_id: "db72ce0d2e0a429c94401653b4a385f4"
dest_uuid: "4f3b31e6e78c4743963078c7df82aa6e"
 from {username='slave'} at 127.0.0.1:41770
I20260608 09:48:53.100860 10587 raft_consensus.cc:493] T db72ce0d2e0a429c94401653b4a385f4 P 4f3b31e6e78c4743963078c7df82aa6e [term 1 FOLLOWER]: Starting forced leader election (received explicit request)
I20260608 09:48:53.101197 10587 raft_consensus.cc:3060] T db72ce0d2e0a429c94401653b4a385f4 P 4f3b31e6e78c4743963078c7df82aa6e [term 1 FOLLOWER]: Advancing to term 2
I20260608 09:48:53.106012 10587 raft_consensus.cc:515] T db72ce0d2e0a429c94401653b4a385f4 P 4f3b31e6e78c4743963078c7df82aa6e [term 2 FOLLOWER]: Starting forced leader election with config: opid_index: -1 OBSOLETE_local: false peers { permanent_uuid: "4f3b31e6e78c4743963078c7df82aa6e" member_type: VOTER last_known_addr { host: "127.7.103.129" port: 36189 } } peers { permanent_uuid: "3dc9b277c91b43fd9f5950c463988314" member_type: VOTER last_known_addr { host: "127.7.103.130" port: 32865 } } peers { permanent_uuid: "c9bf6cc7ce72436ba3563f72d3559b13" member_type: VOTER last_known_addr { host: "127.7.103.131" port: 34309 } }
I20260608 09:48:53.108052 10587 leader_election.cc:290] T db72ce0d2e0a429c94401653b4a385f4 P 4f3b31e6e78c4743963078c7df82aa6e [CANDIDATE]: Term 2 election: Requested vote from peers 3dc9b277c91b43fd9f5950c463988314 (127.7.103.130:32865), c9bf6cc7ce72436ba3563f72d3559b13 (127.7.103.131:34309)
I20260608 09:48:53.110073 10663 tablet_service.cc:1917] Received RequestConsensusVote() RPC: tablet_id: "db72ce0d2e0a429c94401653b4a385f4" candidate_uuid: "4f3b31e6e78c4743963078c7df82aa6e" candidate_term: 2 candidate_status { last_received { term: 1 index: 1 } } ignore_live_leader: true dest_uuid: "3dc9b277c91b43fd9f5950c463988314"
I20260608 09:48:53.110571 10663 raft_consensus.cc:3060] T db72ce0d2e0a429c94401653b4a385f4 P 3dc9b277c91b43fd9f5950c463988314 [term 1 FOLLOWER]: Advancing to term 2
I20260608 09:48:53.113147 10736 tablet_service.cc:1917] Received RequestConsensusVote() RPC: tablet_id: "db72ce0d2e0a429c94401653b4a385f4" candidate_uuid: "4f3b31e6e78c4743963078c7df82aa6e" candidate_term: 2 candidate_status { last_received { term: 1 index: 1 } } ignore_live_leader: true dest_uuid: "c9bf6cc7ce72436ba3563f72d3559b13"
I20260608 09:48:53.113715 10736 raft_consensus.cc:3055] T db72ce0d2e0a429c94401653b4a385f4 P c9bf6cc7ce72436ba3563f72d3559b13 [term 1 LEADER]: Stepping down as leader of term 1
I20260608 09:48:53.114018 10736 raft_consensus.cc:740] T db72ce0d2e0a429c94401653b4a385f4 P c9bf6cc7ce72436ba3563f72d3559b13 [term 1 LEADER]: Becoming Follower/Learner. State: Replica: c9bf6cc7ce72436ba3563f72d3559b13, State: Running, Role: LEADER
I20260608 09:48:53.114830 10736 consensus_queue.cc:260] T db72ce0d2e0a429c94401653b4a385f4 P c9bf6cc7ce72436ba3563f72d3559b13 [NON_LEADER]: Queue going to NON_LEADER mode. State: All replicated index: 0, Majority replicated index: 1, Committed index: 1, Last appended: 1.1, Last appended by leader: 1, Current term: 1, Majority size: -1, State: 0, Mode: NON_LEADER, active raft config: opid_index: -1 OBSOLETE_local: false peers { permanent_uuid: "4f3b31e6e78c4743963078c7df82aa6e" member_type: VOTER last_known_addr { host: "127.7.103.129" port: 36189 } } peers { permanent_uuid: "3dc9b277c91b43fd9f5950c463988314" member_type: VOTER last_known_addr { host: "127.7.103.130" port: 32865 } } peers { permanent_uuid: "c9bf6cc7ce72436ba3563f72d3559b13" member_type: VOTER last_known_addr { host: "127.7.103.131" port: 34309 } }
I20260608 09:48:53.116125 10736 raft_consensus.cc:3060] T db72ce0d2e0a429c94401653b4a385f4 P c9bf6cc7ce72436ba3563f72d3559b13 [term 1 FOLLOWER]: Advancing to term 2
I20260608 09:48:53.118041 10663 raft_consensus.cc:2468] T db72ce0d2e0a429c94401653b4a385f4 P 3dc9b277c91b43fd9f5950c463988314 [term 2 FOLLOWER]: Leader election vote request: Granting yes vote for candidate 4f3b31e6e78c4743963078c7df82aa6e in term 2.
I20260608 09:48:53.121711 10555 leader_election.cc:304] T db72ce0d2e0a429c94401653b4a385f4 P 4f3b31e6e78c4743963078c7df82aa6e [CANDIDATE]: Term 2 election: Election decided. Result: candidate won. Election summary: received 2 responses out of 3 voters: 2 yes votes; 0 no votes. yes voters: 3dc9b277c91b43fd9f5950c463988314, 4f3b31e6e78c4743963078c7df82aa6e; no voters: 
I20260608 09:48:53.122407 11056 raft_consensus.cc:1064] T 66ad548966724655b726a74b596df130 P 3dc9b277c91b43fd9f5950c463988314: attempting to promote NON_VOTER 88936eaada964a9cb0749ceaab4ca31d to VOTER
I20260608 09:48:53.122728 10934 raft_consensus.cc:2804] T db72ce0d2e0a429c94401653b4a385f4 P 4f3b31e6e78c4743963078c7df82aa6e [term 2 FOLLOWER]: Leader election won for term 2
I20260608 09:48:53.123190 10934 raft_consensus.cc:697] T db72ce0d2e0a429c94401653b4a385f4 P 4f3b31e6e78c4743963078c7df82aa6e [term 2 LEADER]: Becoming Leader. State: Replica: 4f3b31e6e78c4743963078c7df82aa6e, State: Running, Role: LEADER
I20260608 09:48:53.124909 10934 consensus_queue.cc:237] T db72ce0d2e0a429c94401653b4a385f4 P 4f3b31e6e78c4743963078c7df82aa6e [LEADER]: Queue going to LEADER mode. State: All replicated index: 0, Majority replicated index: 1, Committed index: 1, Last appended: 1.1, Last appended by leader: 1, Current term: 2, Majority size: 2, State: 0, Mode: LEADER, active raft config: opid_index: -1 OBSOLETE_local: false peers { permanent_uuid: "4f3b31e6e78c4743963078c7df82aa6e" member_type: VOTER last_known_addr { host: "127.7.103.129" port: 36189 } } peers { permanent_uuid: "3dc9b277c91b43fd9f5950c463988314" member_type: VOTER last_known_addr { host: "127.7.103.130" port: 32865 } } peers { permanent_uuid: "c9bf6cc7ce72436ba3563f72d3559b13" member_type: VOTER last_known_addr { host: "127.7.103.131" port: 34309 } }
I20260608 09:48:53.125178 11056 consensus_queue.cc:237] T 66ad548966724655b726a74b596df130 P 3dc9b277c91b43fd9f5950c463988314 [LEADER]: Queue going to LEADER mode. State: All replicated index: 0, Majority replicated index: 2, Committed index: 2, Last appended: 1.2, Last appended by leader: 0, Current term: 1, Majority size: 3, State: 0, Mode: LEADER, active raft config: opid_index: 3 OBSOLETE_local: false peers { permanent_uuid: "4f3b31e6e78c4743963078c7df82aa6e" member_type: VOTER last_known_addr { host: "127.7.103.129" port: 36189 } attrs { replace: true } } peers { permanent_uuid: "3dc9b277c91b43fd9f5950c463988314" member_type: VOTER last_known_addr { host: "127.7.103.130" port: 32865 } } peers { permanent_uuid: "c9bf6cc7ce72436ba3563f72d3559b13" member_type: VOTER last_known_addr { host: "127.7.103.131" port: 34309 } } peers { permanent_uuid: "88936eaada964a9cb0749ceaab4ca31d" member_type: VOTER last_known_addr { host: "127.7.103.132" port: 33543 } attrs { promote: false } }
I20260608 09:48:53.131497 10736 raft_consensus.cc:2468] T db72ce0d2e0a429c94401653b4a385f4 P c9bf6cc7ce72436ba3563f72d3559b13 [term 2 FOLLOWER]: Leader election vote request: Granting yes vote for candidate 4f3b31e6e78c4743963078c7df82aa6e in term 2.
I20260608 09:48:53.143154 10903 raft_consensus.cc:1275] T 66ad548966724655b726a74b596df130 P 88936eaada964a9cb0749ceaab4ca31d [term 1 LEARNER]: Refusing update from remote peer 3dc9b277c91b43fd9f5950c463988314: Log matching property violated. Preceding OpId in replica: term: 1 index: 2. Preceding OpId from leader: term: 1 index: 3. (index mismatch)
I20260608 09:48:53.143424 10587 raft_consensus.cc:1275] T 66ad548966724655b726a74b596df130 P 4f3b31e6e78c4743963078c7df82aa6e [term 1 FOLLOWER]: Refusing update from remote peer 3dc9b277c91b43fd9f5950c463988314: Log matching property violated. Preceding OpId in replica: term: 1 index: 2. Preceding OpId from leader: term: 1 index: 3. (index mismatch)
I20260608 09:48:53.145130 11021 consensus_queue.cc:1048] T 66ad548966724655b726a74b596df130 P 3dc9b277c91b43fd9f5950c463988314 [LEADER]: Connected to new peer: Peer: permanent_uuid: "88936eaada964a9cb0749ceaab4ca31d" member_type: VOTER last_known_addr { host: "127.7.103.132" port: 33543 } attrs { promote: false }, Status: LMP_MISMATCH, Last received: 0.0, Next index: 3, Last known committed idx: 2, Time since last communication: 0.001s
I20260608 09:48:53.147194 11021 consensus_queue.cc:1048] T 66ad548966724655b726a74b596df130 P 3dc9b277c91b43fd9f5950c463988314 [LEADER]: Connected to new peer: Peer: permanent_uuid: "4f3b31e6e78c4743963078c7df82aa6e" member_type: VOTER last_known_addr { host: "127.7.103.129" port: 36189 } attrs { replace: true }, Status: LMP_MISMATCH, Last received: 0.0, Next index: 3, Last known committed idx: 2, Time since last communication: 0.001s
I20260608 09:48:53.155815 10736 raft_consensus.cc:1275] T 66ad548966724655b726a74b596df130 P c9bf6cc7ce72436ba3563f72d3559b13 [term 1 FOLLOWER]: Refusing update from remote peer 3dc9b277c91b43fd9f5950c463988314: Log matching property violated. Preceding OpId in replica: term: 1 index: 2. Preceding OpId from leader: term: 1 index: 3. (index mismatch)
I20260608 09:48:53.158367 11021 consensus_queue.cc:1048] T 66ad548966724655b726a74b596df130 P 3dc9b277c91b43fd9f5950c463988314 [LEADER]: Connected to new peer: Peer: permanent_uuid: "c9bf6cc7ce72436ba3563f72d3559b13" member_type: VOTER last_known_addr { host: "127.7.103.131" port: 34309 }, Status: LMP_MISMATCH, Last received: 0.0, Next index: 3, Last known committed idx: 2, Time since last communication: 0.000s
I20260608 09:48:53.156018 10486 catalog_manager.cc:5696] T db72ce0d2e0a429c94401653b4a385f4 P 4f3b31e6e78c4743963078c7df82aa6e reported cstate change: term changed from 1 to 2, leader changed from c9bf6cc7ce72436ba3563f72d3559b13 (127.7.103.131) to 4f3b31e6e78c4743963078c7df82aa6e (127.7.103.129). New cstate: current_term: 2 leader_uuid: "4f3b31e6e78c4743963078c7df82aa6e" committed_config { opid_index: -1 OBSOLETE_local: false peers { permanent_uuid: "4f3b31e6e78c4743963078c7df82aa6e" member_type: VOTER last_known_addr { host: "127.7.103.129" port: 36189 } health_report { overall_health: HEALTHY } } peers { permanent_uuid: "3dc9b277c91b43fd9f5950c463988314" member_type: VOTER last_known_addr { host: "127.7.103.130" port: 32865 } health_report { overall_health: UNKNOWN } } peers { permanent_uuid: "c9bf6cc7ce72436ba3563f72d3559b13" member_type: VOTER last_known_addr { host: "127.7.103.131" port: 34309 } health_report { overall_health: UNKNOWN } } }
I20260608 09:48:53.174207 11057 raft_consensus.cc:1064] T ba7c636f4c4741138ba8986610932081 P 4f3b31e6e78c4743963078c7df82aa6e: attempting to promote NON_VOTER 88936eaada964a9cb0749ceaab4ca31d to VOTER
I20260608 09:48:53.173342 10818 raft_consensus.cc:2955] T 66ad548966724655b726a74b596df130 P 3dc9b277c91b43fd9f5950c463988314 [term 1 LEADER]: Committing config change with OpId 1.3: config changed from index 2 to 3, 88936eaada964a9cb0749ceaab4ca31d (127.7.103.132) changed from NON_VOTER to VOTER. New config: { opid_index: 3 OBSOLETE_local: false peers { permanent_uuid: "4f3b31e6e78c4743963078c7df82aa6e" member_type: VOTER last_known_addr { host: "127.7.103.129" port: 36189 } attrs { replace: true } } peers { permanent_uuid: "3dc9b277c91b43fd9f5950c463988314" member_type: VOTER last_known_addr { host: "127.7.103.130" port: 32865 } } peers { permanent_uuid: "c9bf6cc7ce72436ba3563f72d3559b13" member_type: VOTER last_known_addr { host: "127.7.103.131" port: 34309 } } peers { permanent_uuid: "88936eaada964a9cb0749ceaab4ca31d" member_type: VOTER last_known_addr { host: "127.7.103.132" port: 33543 } attrs { promote: false } } }
I20260608 09:48:53.176785 11057 consensus_queue.cc:237] T ba7c636f4c4741138ba8986610932081 P 4f3b31e6e78c4743963078c7df82aa6e [LEADER]: Queue going to LEADER mode. State: All replicated index: 0, Majority replicated index: 2, Committed index: 2, Last appended: 1.2, Last appended by leader: 0, Current term: 1, Majority size: 3, State: 0, Mode: LEADER, active raft config: opid_index: 3 OBSOLETE_local: false peers { permanent_uuid: "3dc9b277c91b43fd9f5950c463988314" member_type: VOTER last_known_addr { host: "127.7.103.130" port: 32865 } attrs { replace: true } } peers { permanent_uuid: "4f3b31e6e78c4743963078c7df82aa6e" member_type: VOTER last_known_addr { host: "127.7.103.129" port: 36189 } } peers { permanent_uuid: "c9bf6cc7ce72436ba3563f72d3559b13" member_type: VOTER last_known_addr { host: "127.7.103.131" port: 34309 } } peers { permanent_uuid: "88936eaada964a9cb0749ceaab4ca31d" member_type: VOTER last_known_addr { host: "127.7.103.132" port: 33543 } attrs { promote: false } }
I20260608 09:48:53.182181 10588 raft_consensus.cc:2955] T 66ad548966724655b726a74b596df130 P 4f3b31e6e78c4743963078c7df82aa6e [term 1 FOLLOWER]: Committing config change with OpId 1.3: config changed from index 2 to 3, 88936eaada964a9cb0749ceaab4ca31d (127.7.103.132) changed from NON_VOTER to VOTER. New config: { opid_index: 3 OBSOLETE_local: false peers { permanent_uuid: "4f3b31e6e78c4743963078c7df82aa6e" member_type: VOTER last_known_addr { host: "127.7.103.129" port: 36189 } attrs { replace: true } } peers { permanent_uuid: "3dc9b277c91b43fd9f5950c463988314" member_type: VOTER last_known_addr { host: "127.7.103.130" port: 32865 } } peers { permanent_uuid: "c9bf6cc7ce72436ba3563f72d3559b13" member_type: VOTER last_known_addr { host: "127.7.103.131" port: 34309 } } peers { permanent_uuid: "88936eaada964a9cb0749ceaab4ca31d" member_type: VOTER last_known_addr { host: "127.7.103.132" port: 33543 } attrs { promote: false } } }
I20260608 09:48:53.203145 10486 catalog_manager.cc:5696] T 66ad548966724655b726a74b596df130 P 3dc9b277c91b43fd9f5950c463988314 reported cstate change: config changed from index 2 to 3, 88936eaada964a9cb0749ceaab4ca31d (127.7.103.132) changed from NON_VOTER to VOTER. New cstate: current_term: 1 leader_uuid: "3dc9b277c91b43fd9f5950c463988314" committed_config { opid_index: 3 OBSOLETE_local: false peers { permanent_uuid: "4f3b31e6e78c4743963078c7df82aa6e" member_type: VOTER last_known_addr { host: "127.7.103.129" port: 36189 } attrs { replace: true } health_report { overall_health: HEALTHY } } peers { permanent_uuid: "3dc9b277c91b43fd9f5950c463988314" member_type: VOTER last_known_addr { host: "127.7.103.130" port: 32865 } health_report { overall_health: HEALTHY } } peers { permanent_uuid: "c9bf6cc7ce72436ba3563f72d3559b13" member_type: VOTER last_known_addr { host: "127.7.103.131" port: 34309 } health_report { overall_health: UNKNOWN } } peers { permanent_uuid: "88936eaada964a9cb0749ceaab4ca31d" member_type: VOTER last_known_addr { host: "127.7.103.132" port: 33543 } attrs { promote: false } health_report { overall_health: UNKNOWN } } }
I20260608 09:48:53.205811 10904 raft_consensus.cc:1275] T ba7c636f4c4741138ba8986610932081 P 88936eaada964a9cb0749ceaab4ca31d [term 1 LEARNER]: Refusing update from remote peer 4f3b31e6e78c4743963078c7df82aa6e: Log matching property violated. Preceding OpId in replica: term: 1 index: 2. Preceding OpId from leader: term: 1 index: 3. (index mismatch)
I20260608 09:48:53.213694 10839 consensus_queue.cc:1048] T ba7c636f4c4741138ba8986610932081 P 4f3b31e6e78c4743963078c7df82aa6e [LEADER]: Connected to new peer: Peer: permanent_uuid: "88936eaada964a9cb0749ceaab4ca31d" member_type: VOTER last_known_addr { host: "127.7.103.132" port: 33543 } attrs { promote: false }, Status: LMP_MISMATCH, Last received: 0.0, Next index: 3, Last known committed idx: 2, Time since last communication: 0.000s
I20260608 09:48:53.212710 10737 raft_consensus.cc:2955] T 66ad548966724655b726a74b596df130 P c9bf6cc7ce72436ba3563f72d3559b13 [term 1 FOLLOWER]: Committing config change with OpId 1.3: config changed from index 2 to 3, 88936eaada964a9cb0749ceaab4ca31d (127.7.103.132) changed from NON_VOTER to VOTER. New config: { opid_index: 3 OBSOLETE_local: false peers { permanent_uuid: "4f3b31e6e78c4743963078c7df82aa6e" member_type: VOTER last_known_addr { host: "127.7.103.129" port: 36189 } attrs { replace: true } } peers { permanent_uuid: "3dc9b277c91b43fd9f5950c463988314" member_type: VOTER last_known_addr { host: "127.7.103.130" port: 32865 } } peers { permanent_uuid: "c9bf6cc7ce72436ba3563f72d3559b13" member_type: VOTER last_known_addr { host: "127.7.103.131" port: 34309 } } peers { permanent_uuid: "88936eaada964a9cb0749ceaab4ca31d" member_type: VOTER last_known_addr { host: "127.7.103.132" port: 33543 } attrs { promote: false } } }
I20260608 09:48:53.204487 10903 raft_consensus.cc:2955] T 66ad548966724655b726a74b596df130 P 88936eaada964a9cb0749ceaab4ca31d [term 1 FOLLOWER]: Committing config change with OpId 1.3: config changed from index 2 to 3, 88936eaada964a9cb0749ceaab4ca31d (127.7.103.132) changed from NON_VOTER to VOTER. New config: { opid_index: 3 OBSOLETE_local: false peers { permanent_uuid: "4f3b31e6e78c4743963078c7df82aa6e" member_type: VOTER last_known_addr { host: "127.7.103.129" port: 36189 } attrs { replace: true } } peers { permanent_uuid: "3dc9b277c91b43fd9f5950c463988314" member_type: VOTER last_known_addr { host: "127.7.103.130" port: 32865 } } peers { permanent_uuid: "c9bf6cc7ce72436ba3563f72d3559b13" member_type: VOTER last_known_addr { host: "127.7.103.131" port: 34309 } } peers { permanent_uuid: "88936eaada964a9cb0749ceaab4ca31d" member_type: VOTER last_known_addr { host: "127.7.103.132" port: 33543 } attrs { promote: false } } }
I20260608 09:48:53.235110 10664 raft_consensus.cc:1275] T ba7c636f4c4741138ba8986610932081 P 3dc9b277c91b43fd9f5950c463988314 [term 1 FOLLOWER]: Refusing update from remote peer 4f3b31e6e78c4743963078c7df82aa6e: Log matching property violated. Preceding OpId in replica: term: 1 index: 2. Preceding OpId from leader: term: 1 index: 3. (index mismatch)
I20260608 09:48:53.236580 10737 raft_consensus.cc:1275] T ba7c636f4c4741138ba8986610932081 P c9bf6cc7ce72436ba3563f72d3559b13 [term 1 FOLLOWER]: Refusing update from remote peer 4f3b31e6e78c4743963078c7df82aa6e: Log matching property violated. Preceding OpId in replica: term: 1 index: 2. Preceding OpId from leader: term: 1 index: 3. (index mismatch)
I20260608 09:48:53.238287 10934 consensus_queue.cc:1048] T ba7c636f4c4741138ba8986610932081 P 4f3b31e6e78c4743963078c7df82aa6e [LEADER]: Connected to new peer: Peer: permanent_uuid: "c9bf6cc7ce72436ba3563f72d3559b13" member_type: VOTER last_known_addr { host: "127.7.103.131" port: 34309 }, Status: LMP_MISMATCH, Last received: 0.0, Next index: 3, Last known committed idx: 2, Time since last communication: 0.001s
I20260608 09:48:53.242401 10839 consensus_queue.cc:1048] T ba7c636f4c4741138ba8986610932081 P 4f3b31e6e78c4743963078c7df82aa6e [LEADER]: Connected to new peer: Peer: permanent_uuid: "3dc9b277c91b43fd9f5950c463988314" member_type: VOTER last_known_addr { host: "127.7.103.130" port: 32865 } attrs { replace: true }, Status: LMP_MISMATCH, Last received: 0.0, Next index: 3, Last known committed idx: 2, Time since last communication: 0.000s
I20260608 09:48:53.270557 10663 consensus_queue.cc:237] T 66ad548966724655b726a74b596df130 P 3dc9b277c91b43fd9f5950c463988314 [LEADER]: Queue going to LEADER mode. State: All replicated index: 0, Majority replicated index: 3, Committed index: 3, Last appended: 1.3, Last appended by leader: 0, Current term: 1, Majority size: 2, State: 0, Mode: LEADER, active raft config: opid_index: 4 OBSOLETE_local: false peers { permanent_uuid: "3dc9b277c91b43fd9f5950c463988314" member_type: VOTER last_known_addr { host: "127.7.103.130" port: 32865 } } peers { permanent_uuid: "c9bf6cc7ce72436ba3563f72d3559b13" member_type: VOTER last_known_addr { host: "127.7.103.131" port: 34309 } } peers { permanent_uuid: "88936eaada964a9cb0749ceaab4ca31d" member_type: VOTER last_known_addr { host: "127.7.103.132" port: 33543 } attrs { promote: false } }
I20260608 09:48:53.281503 10903 raft_consensus.cc:1275] T 66ad548966724655b726a74b596df130 P 88936eaada964a9cb0749ceaab4ca31d [term 1 FOLLOWER]: Refusing update from remote peer 3dc9b277c91b43fd9f5950c463988314: Log matching property violated. Preceding OpId in replica: term: 1 index: 3. Preceding OpId from leader: term: 1 index: 4. (index mismatch)
I20260608 09:48:53.276002 10839 raft_consensus.cc:2955] T ba7c636f4c4741138ba8986610932081 P 4f3b31e6e78c4743963078c7df82aa6e [term 1 LEADER]: Committing config change with OpId 1.3: config changed from index 2 to 3, 88936eaada964a9cb0749ceaab4ca31d (127.7.103.132) changed from NON_VOTER to VOTER. New config: { opid_index: 3 OBSOLETE_local: false peers { permanent_uuid: "3dc9b277c91b43fd9f5950c463988314" member_type: VOTER last_known_addr { host: "127.7.103.130" port: 32865 } attrs { replace: true } } peers { permanent_uuid: "4f3b31e6e78c4743963078c7df82aa6e" member_type: VOTER last_known_addr { host: "127.7.103.129" port: 36189 } } peers { permanent_uuid: "c9bf6cc7ce72436ba3563f72d3559b13" member_type: VOTER last_known_addr { host: "127.7.103.131" port: 34309 } } peers { permanent_uuid: "88936eaada964a9cb0749ceaab4ca31d" member_type: VOTER last_known_addr { host: "127.7.103.132" port: 33543 } attrs { promote: false } } }
I20260608 09:48:53.282975 10736 raft_consensus.cc:2955] T ba7c636f4c4741138ba8986610932081 P c9bf6cc7ce72436ba3563f72d3559b13 [term 1 FOLLOWER]: Committing config change with OpId 1.3: config changed from index 2 to 3, 88936eaada964a9cb0749ceaab4ca31d (127.7.103.132) changed from NON_VOTER to VOTER. New config: { opid_index: 3 OBSOLETE_local: false peers { permanent_uuid: "3dc9b277c91b43fd9f5950c463988314" member_type: VOTER last_known_addr { host: "127.7.103.130" port: 32865 } attrs { replace: true } } peers { permanent_uuid: "4f3b31e6e78c4743963078c7df82aa6e" member_type: VOTER last_known_addr { host: "127.7.103.129" port: 36189 } } peers { permanent_uuid: "c9bf6cc7ce72436ba3563f72d3559b13" member_type: VOTER last_known_addr { host: "127.7.103.131" port: 34309 } } peers { permanent_uuid: "88936eaada964a9cb0749ceaab4ca31d" member_type: VOTER last_known_addr { host: "127.7.103.132" port: 33543 } attrs { promote: false } } }
I20260608 09:48:53.289306 10818 consensus_queue.cc:1048] T 66ad548966724655b726a74b596df130 P 3dc9b277c91b43fd9f5950c463988314 [LEADER]: Connected to new peer: Peer: permanent_uuid: "88936eaada964a9cb0749ceaab4ca31d" member_type: VOTER last_known_addr { host: "127.7.103.132" port: 33543 } attrs { promote: false }, Status: LMP_MISMATCH, Last received: 0.0, Next index: 4, Last known committed idx: 3, Time since last communication: 0.000s
I20260608 09:48:53.296972 11056 raft_consensus.cc:2955] T 66ad548966724655b726a74b596df130 P 3dc9b277c91b43fd9f5950c463988314 [term 1 LEADER]: Committing config change with OpId 1.4: config changed from index 3 to 4, VOTER 4f3b31e6e78c4743963078c7df82aa6e (127.7.103.129) evicted. New config: { opid_index: 4 OBSOLETE_local: false peers { permanent_uuid: "3dc9b277c91b43fd9f5950c463988314" member_type: VOTER last_known_addr { host: "127.7.103.130" port: 32865 } } peers { permanent_uuid: "c9bf6cc7ce72436ba3563f72d3559b13" member_type: VOTER last_known_addr { host: "127.7.103.131" port: 34309 } } peers { permanent_uuid: "88936eaada964a9cb0749ceaab4ca31d" member_type: VOTER last_known_addr { host: "127.7.103.132" port: 33543 } attrs { promote: false } } }
I20260608 09:48:53.288930 10737 raft_consensus.cc:1275] T 66ad548966724655b726a74b596df130 P c9bf6cc7ce72436ba3563f72d3559b13 [term 1 FOLLOWER]: Refusing update from remote peer 3dc9b277c91b43fd9f5950c463988314: Log matching property violated. Preceding OpId in replica: term: 1 index: 3. Preceding OpId from leader: term: 1 index: 4. (index mismatch)
I20260608 09:48:53.306063 10818 consensus_queue.cc:1048] T 66ad548966724655b726a74b596df130 P 3dc9b277c91b43fd9f5950c463988314 [LEADER]: Connected to new peer: Peer: permanent_uuid: "c9bf6cc7ce72436ba3563f72d3559b13" member_type: VOTER last_known_addr { host: "127.7.103.131" port: 34309 }, Status: LMP_MISMATCH, Last received: 0.0, Next index: 4, Last known committed idx: 3, Time since last communication: 0.001s
I20260608 09:48:53.305544 10904 raft_consensus.cc:2955] T 66ad548966724655b726a74b596df130 P 88936eaada964a9cb0749ceaab4ca31d [term 1 FOLLOWER]: Committing config change with OpId 1.4: config changed from index 3 to 4, VOTER 4f3b31e6e78c4743963078c7df82aa6e (127.7.103.129) evicted. New config: { opid_index: 4 OBSOLETE_local: false peers { permanent_uuid: "3dc9b277c91b43fd9f5950c463988314" member_type: VOTER last_known_addr { host: "127.7.103.130" port: 32865 } } peers { permanent_uuid: "c9bf6cc7ce72436ba3563f72d3559b13" member_type: VOTER last_known_addr { host: "127.7.103.131" port: 34309 } } peers { permanent_uuid: "88936eaada964a9cb0749ceaab4ca31d" member_type: VOTER last_known_addr { host: "127.7.103.132" port: 33543 } attrs { promote: false } } }
I20260608 09:48:53.311980 10738 raft_consensus.cc:2955] T 66ad548966724655b726a74b596df130 P c9bf6cc7ce72436ba3563f72d3559b13 [term 1 FOLLOWER]: Committing config change with OpId 1.4: config changed from index 3 to 4, VOTER 4f3b31e6e78c4743963078c7df82aa6e (127.7.103.129) evicted. New config: { opid_index: 4 OBSOLETE_local: false peers { permanent_uuid: "3dc9b277c91b43fd9f5950c463988314" member_type: VOTER last_known_addr { host: "127.7.103.130" port: 32865 } } peers { permanent_uuid: "c9bf6cc7ce72436ba3563f72d3559b13" member_type: VOTER last_known_addr { host: "127.7.103.131" port: 34309 } } peers { permanent_uuid: "88936eaada964a9cb0749ceaab4ca31d" member_type: VOTER last_known_addr { host: "127.7.103.132" port: 33543 } attrs { promote: false } } }
I20260608 09:48:53.299089 10663 raft_consensus.cc:2955] T ba7c636f4c4741138ba8986610932081 P 3dc9b277c91b43fd9f5950c463988314 [term 1 FOLLOWER]: Committing config change with OpId 1.3: config changed from index 2 to 3, 88936eaada964a9cb0749ceaab4ca31d (127.7.103.132) changed from NON_VOTER to VOTER. New config: { opid_index: 3 OBSOLETE_local: false peers { permanent_uuid: "3dc9b277c91b43fd9f5950c463988314" member_type: VOTER last_known_addr { host: "127.7.103.130" port: 32865 } attrs { replace: true } } peers { permanent_uuid: "4f3b31e6e78c4743963078c7df82aa6e" member_type: VOTER last_known_addr { host: "127.7.103.129" port: 36189 } } peers { permanent_uuid: "c9bf6cc7ce72436ba3563f72d3559b13" member_type: VOTER last_known_addr { host: "127.7.103.131" port: 34309 } } peers { permanent_uuid: "88936eaada964a9cb0749ceaab4ca31d" member_type: VOTER last_known_addr { host: "127.7.103.132" port: 33543 } attrs { promote: false } } }
I20260608 09:48:53.321630 10474 catalog_manager.cc:5209] ChangeConfig:REMOVE_PEER RPC for tablet 66ad548966724655b726a74b596df130 with cas_config_opid_index 3: ChangeConfig:REMOVE_PEER succeeded (attempt 1)
I20260608 09:48:53.326540 10903 raft_consensus.cc:2955] T ba7c636f4c4741138ba8986610932081 P 88936eaada964a9cb0749ceaab4ca31d [term 1 FOLLOWER]: Committing config change with OpId 1.3: config changed from index 2 to 3, 88936eaada964a9cb0749ceaab4ca31d (127.7.103.132) changed from NON_VOTER to VOTER. New config: { opid_index: 3 OBSOLETE_local: false peers { permanent_uuid: "3dc9b277c91b43fd9f5950c463988314" member_type: VOTER last_known_addr { host: "127.7.103.130" port: 32865 } attrs { replace: true } } peers { permanent_uuid: "4f3b31e6e78c4743963078c7df82aa6e" member_type: VOTER last_known_addr { host: "127.7.103.129" port: 36189 } } peers { permanent_uuid: "c9bf6cc7ce72436ba3563f72d3559b13" member_type: VOTER last_known_addr { host: "127.7.103.131" port: 34309 } } peers { permanent_uuid: "88936eaada964a9cb0749ceaab4ca31d" member_type: VOTER last_known_addr { host: "127.7.103.132" port: 33543 } attrs { promote: false } } }
I20260608 09:48:53.328926 10483 catalog_manager.cc:5696] T ba7c636f4c4741138ba8986610932081 P 4f3b31e6e78c4743963078c7df82aa6e reported cstate change: config changed from index 2 to 3, 88936eaada964a9cb0749ceaab4ca31d (127.7.103.132) changed from NON_VOTER to VOTER. New cstate: current_term: 1 leader_uuid: "4f3b31e6e78c4743963078c7df82aa6e" committed_config { opid_index: 3 OBSOLETE_local: false peers { permanent_uuid: "3dc9b277c91b43fd9f5950c463988314" member_type: VOTER last_known_addr { host: "127.7.103.130" port: 32865 } attrs { replace: true } health_report { overall_health: HEALTHY } } peers { permanent_uuid: "4f3b31e6e78c4743963078c7df82aa6e" member_type: VOTER last_known_addr { host: "127.7.103.129" port: 36189 } health_report { overall_health: HEALTHY } } peers { permanent_uuid: "c9bf6cc7ce72436ba3563f72d3559b13" member_type: VOTER last_known_addr { host: "127.7.103.131" port: 34309 } health_report { overall_health: HEALTHY } } peers { permanent_uuid: "88936eaada964a9cb0749ceaab4ca31d" member_type: VOTER last_known_addr { host: "127.7.103.132" port: 33543 } attrs { promote: false } health_report { overall_health: HEALTHY } } }
I20260608 09:48:53.339998 10487 catalog_manager.cc:5696] T 66ad548966724655b726a74b596df130 P 3dc9b277c91b43fd9f5950c463988314 reported cstate change: config changed from index 3 to 4, VOTER 4f3b31e6e78c4743963078c7df82aa6e (127.7.103.129) evicted. New cstate: current_term: 1 leader_uuid: "3dc9b277c91b43fd9f5950c463988314" committed_config { opid_index: 4 OBSOLETE_local: false peers { permanent_uuid: "3dc9b277c91b43fd9f5950c463988314" member_type: VOTER last_known_addr { host: "127.7.103.130" port: 32865 } health_report { overall_health: HEALTHY } } peers { permanent_uuid: "c9bf6cc7ce72436ba3563f72d3559b13" member_type: VOTER last_known_addr { host: "127.7.103.131" port: 34309 } health_report { overall_health: UNKNOWN } } peers { permanent_uuid: "88936eaada964a9cb0749ceaab4ca31d" member_type: VOTER last_known_addr { host: "127.7.103.132" port: 33543 } attrs { promote: false } health_report { overall_health: HEALTHY } } }
I20260608 09:48:53.341180 10588 raft_consensus.cc:1275] T 8b4ac49fe00948cb8fb694c73747434c P 4f3b31e6e78c4743963078c7df82aa6e [term 2 FOLLOWER]: Refusing update from remote peer 88936eaada964a9cb0749ceaab4ca31d: Log matching property violated. Preceding OpId in replica: term: 1 index: 1. Preceding OpId from leader: term: 2 index: 2. (index mismatch)
I20260608 09:48:53.342752 11045 consensus_queue.cc:1048] T 8b4ac49fe00948cb8fb694c73747434c P 88936eaada964a9cb0749ceaab4ca31d [LEADER]: Connected to new peer: Peer: permanent_uuid: "4f3b31e6e78c4743963078c7df82aa6e" member_type: VOTER last_known_addr { host: "127.7.103.129" port: 36189 }, Status: LMP_MISMATCH, Last received: 0.0, Next index: 2, Last known committed idx: 1, Time since last communication: 0.000s
I20260608 09:48:53.358928 10573 tablet_service.cc:1558] Processing DeleteTablet for tablet 66ad548966724655b726a74b596df130 with delete_type TABLET_DATA_TOMBSTONED (TS 4f3b31e6e78c4743963078c7df82aa6e not found in new config with opid_index 4) from {username='slave'} at 127.0.0.1:41754
I20260608 09:48:53.359956 11056 raft_consensus.cc:1064] T f722590a83124f108f58dbc0a755a99c P 3dc9b277c91b43fd9f5950c463988314: attempting to promote NON_VOTER 88936eaada964a9cb0749ceaab4ca31d to VOTER
I20260608 09:48:53.367249 10587 consensus_queue.cc:237] T ba7c636f4c4741138ba8986610932081 P 4f3b31e6e78c4743963078c7df82aa6e [LEADER]: Queue going to LEADER mode. State: All replicated index: 0, Majority replicated index: 3, Committed index: 3, Last appended: 1.3, Last appended by leader: 0, Current term: 1, Majority size: 2, State: 0, Mode: LEADER, active raft config: opid_index: 4 OBSOLETE_local: false peers { permanent_uuid: "4f3b31e6e78c4743963078c7df82aa6e" member_type: VOTER last_known_addr { host: "127.7.103.129" port: 36189 } } peers { permanent_uuid: "c9bf6cc7ce72436ba3563f72d3559b13" member_type: VOTER last_known_addr { host: "127.7.103.131" port: 34309 } } peers { permanent_uuid: "88936eaada964a9cb0749ceaab4ca31d" member_type: VOTER last_known_addr { host: "127.7.103.132" port: 33543 } attrs { promote: false } }
I20260608 09:48:53.375413 11056 consensus_queue.cc:237] T f722590a83124f108f58dbc0a755a99c P 3dc9b277c91b43fd9f5950c463988314 [LEADER]: Queue going to LEADER mode. State: All replicated index: 0, Majority replicated index: 2, Committed index: 2, Last appended: 1.2, Last appended by leader: 0, Current term: 1, Majority size: 3, State: 0, Mode: LEADER, active raft config: opid_index: 3 OBSOLETE_local: false peers { permanent_uuid: "3dc9b277c91b43fd9f5950c463988314" member_type: VOTER last_known_addr { host: "127.7.103.130" port: 32865 } } peers { permanent_uuid: "4f3b31e6e78c4743963078c7df82aa6e" member_type: VOTER last_known_addr { host: "127.7.103.129" port: 36189 } } peers { permanent_uuid: "c9bf6cc7ce72436ba3563f72d3559b13" member_type: VOTER last_known_addr { host: "127.7.103.131" port: 34309 } attrs { replace: true } } peers { permanent_uuid: "88936eaada964a9cb0749ceaab4ca31d" member_type: VOTER last_known_addr { host: "127.7.103.132" port: 33543 } attrs { promote: false } }
I20260608 09:48:53.396134 10737 raft_consensus.cc:1275] T 8b4ac49fe00948cb8fb694c73747434c P c9bf6cc7ce72436ba3563f72d3559b13 [term 2 FOLLOWER]: Refusing update from remote peer 88936eaada964a9cb0749ceaab4ca31d: Log matching property violated. Preceding OpId in replica: term: 1 index: 1. Preceding OpId from leader: term: 2 index: 2. (index mismatch)
I20260608 09:48:53.397809 10738 raft_consensus.cc:1275] T ba7c636f4c4741138ba8986610932081 P c9bf6cc7ce72436ba3563f72d3559b13 [term 1 FOLLOWER]: Refusing update from remote peer 4f3b31e6e78c4743963078c7df82aa6e: Log matching property violated. Preceding OpId in replica: term: 1 index: 3. Preceding OpId from leader: term: 1 index: 4. (index mismatch)
I20260608 09:48:53.399984 11078 tablet_replica.cc:333] T 66ad548966724655b726a74b596df130 P 4f3b31e6e78c4743963078c7df82aa6e: stopping tablet replica
I20260608 09:48:53.401116 11078 raft_consensus.cc:2243] T 66ad548966724655b726a74b596df130 P 4f3b31e6e78c4743963078c7df82aa6e [term 1 FOLLOWER]: Raft consensus shutting down.
I20260608 09:48:53.401880 11078 raft_consensus.cc:2272] T 66ad548966724655b726a74b596df130 P 4f3b31e6e78c4743963078c7df82aa6e [term 1 FOLLOWER]: Raft consensus is shut down!
I20260608 09:48:53.402096 10839 consensus_queue.cc:1048] T ba7c636f4c4741138ba8986610932081 P 4f3b31e6e78c4743963078c7df82aa6e [LEADER]: Connected to new peer: Peer: permanent_uuid: "c9bf6cc7ce72436ba3563f72d3559b13" member_type: VOTER last_known_addr { host: "127.7.103.131" port: 34309 }, Status: LMP_MISMATCH, Last received: 0.0, Next index: 4, Last known committed idx: 3, Time since last communication: 0.000s
I20260608 09:48:53.403564 11045 consensus_queue.cc:1048] T 8b4ac49fe00948cb8fb694c73747434c P 88936eaada964a9cb0749ceaab4ca31d [LEADER]: Connected to new peer: Peer: permanent_uuid: "c9bf6cc7ce72436ba3563f72d3559b13" member_type: VOTER last_known_addr { host: "127.7.103.131" port: 34309 }, Status: LMP_MISMATCH, Last received: 0.0, Next index: 2, Last known committed idx: 1, Time since last communication: 0.000s
I20260608 09:48:53.421535 11078 ts_tablet_manager.cc:1916] T 66ad548966724655b726a74b596df130 P 4f3b31e6e78c4743963078c7df82aa6e: Deleting tablet data with delete state TABLET_DATA_TOMBSTONED
I20260608 09:48:53.421983 10839 raft_consensus.cc:2955] T ba7c636f4c4741138ba8986610932081 P 4f3b31e6e78c4743963078c7df82aa6e [term 1 LEADER]: Committing config change with OpId 1.4: config changed from index 3 to 4, VOTER 3dc9b277c91b43fd9f5950c463988314 (127.7.103.130) evicted. New config: { opid_index: 4 OBSOLETE_local: false peers { permanent_uuid: "4f3b31e6e78c4743963078c7df82aa6e" member_type: VOTER last_known_addr { host: "127.7.103.129" port: 36189 } } peers { permanent_uuid: "c9bf6cc7ce72436ba3563f72d3559b13" member_type: VOTER last_known_addr { host: "127.7.103.131" port: 34309 } } peers { permanent_uuid: "88936eaada964a9cb0749ceaab4ca31d" member_type: VOTER last_known_addr { host: "127.7.103.132" port: 33543 } attrs { promote: false } } }
I20260608 09:48:53.427325 10902 raft_consensus.cc:3060] T 1816520c7a674ecda88840c5faff8ea9 P 88936eaada964a9cb0749ceaab4ca31d [term 1 LEARNER]: Advancing to term 2
I20260608 09:48:53.429949 10738 raft_consensus.cc:2955] T ba7c636f4c4741138ba8986610932081 P c9bf6cc7ce72436ba3563f72d3559b13 [term 1 FOLLOWER]: Committing config change with OpId 1.4: config changed from index 3 to 4, VOTER 3dc9b277c91b43fd9f5950c463988314 (127.7.103.130) evicted. New config: { opid_index: 4 OBSOLETE_local: false peers { permanent_uuid: "4f3b31e6e78c4743963078c7df82aa6e" member_type: VOTER last_known_addr { host: "127.7.103.129" port: 36189 } } peers { permanent_uuid: "c9bf6cc7ce72436ba3563f72d3559b13" member_type: VOTER last_known_addr { host: "127.7.103.131" port: 34309 } } peers { permanent_uuid: "88936eaada964a9cb0749ceaab4ca31d" member_type: VOTER last_known_addr { host: "127.7.103.132" port: 33543 } attrs { promote: false } } }
I20260608 09:48:53.454476 10902 raft_consensus.cc:1275] T 1816520c7a674ecda88840c5faff8ea9 P 88936eaada964a9cb0749ceaab4ca31d [term 2 LEARNER]: Refusing update from remote peer c9bf6cc7ce72436ba3563f72d3559b13: Log matching property violated. Preceding OpId in replica: term: 1 index: 2. Preceding OpId from leader: term: 2 index: 3. (index mismatch)
I20260608 09:48:53.460777 10902 raft_consensus.cc:1275] T f722590a83124f108f58dbc0a755a99c P 88936eaada964a9cb0749ceaab4ca31d [term 1 LEARNER]: Refusing update from remote peer 3dc9b277c91b43fd9f5950c463988314: Log matching property violated. Preceding OpId in replica: term: 1 index: 2. Preceding OpId from leader: term: 1 index: 3. (index mismatch)
I20260608 09:48:53.461886 10736 raft_consensus.cc:1275] T f722590a83124f108f58dbc0a755a99c P c9bf6cc7ce72436ba3563f72d3559b13 [term 1 FOLLOWER]: Refusing update from remote peer 3dc9b277c91b43fd9f5950c463988314: Log matching property violated. Preceding OpId in replica: term: 1 index: 2. Preceding OpId from leader: term: 1 index: 3. (index mismatch)
I20260608 09:48:53.461759 10588 raft_consensus.cc:1275] T f722590a83124f108f58dbc0a755a99c P 4f3b31e6e78c4743963078c7df82aa6e [term 1 FOLLOWER]: Refusing update from remote peer 3dc9b277c91b43fd9f5950c463988314: Log matching property violated. Preceding OpId in replica: term: 1 index: 2. Preceding OpId from leader: term: 1 index: 3. (index mismatch)
I20260608 09:48:53.463539 10821 consensus_queue.cc:1048] T 1816520c7a674ecda88840c5faff8ea9 P c9bf6cc7ce72436ba3563f72d3559b13 [LEADER]: Connected to new peer: Peer: permanent_uuid: "88936eaada964a9cb0749ceaab4ca31d" member_type: NON_VOTER last_known_addr { host: "127.7.103.132" port: 33543 } attrs { promote: true }, Status: LMP_MISMATCH, Last received: 0.0, Next index: 3, Last known committed idx: 2, Time since last communication: 0.000s
I20260608 09:48:53.466209 10471 catalog_manager.cc:5209] ChangeConfig:REMOVE_PEER RPC for tablet ba7c636f4c4741138ba8986610932081 with cas_config_opid_index 3: ChangeConfig:REMOVE_PEER succeeded (attempt 1)
I20260608 09:48:53.467456 10663 raft_consensus.cc:1275] T d863fff59f784c0fba9da2d595a0f36b P 3dc9b277c91b43fd9f5950c463988314 [term 2 FOLLOWER]: Refusing update from remote peer 88936eaada964a9cb0749ceaab4ca31d: Log matching property violated. Preceding OpId in replica: term: 1 index: 1. Preceding OpId from leader: term: 2 index: 2. (index mismatch)
I20260608 09:48:53.468775 11021 consensus_queue.cc:1048] T f722590a83124f108f58dbc0a755a99c P 3dc9b277c91b43fd9f5950c463988314 [LEADER]: Connected to new peer: Peer: permanent_uuid: "88936eaada964a9cb0749ceaab4ca31d" member_type: VOTER last_known_addr { host: "127.7.103.132" port: 33543 } attrs { promote: false }, Status: LMP_MISMATCH, Last received: 0.0, Next index: 3, Last known committed idx: 2, Time since last communication: 0.000s
I20260608 09:48:53.470263 10904 raft_consensus.cc:1275] T ba7c636f4c4741138ba8986610932081 P 88936eaada964a9cb0749ceaab4ca31d [term 1 FOLLOWER]: Refusing update from remote peer 4f3b31e6e78c4743963078c7df82aa6e: Log matching property violated. Preceding OpId in replica: term: 1 index: 3. Preceding OpId from leader: term: 1 index: 4. (index mismatch)
I20260608 09:48:53.470898 11021 consensus_queue.cc:1048] T f722590a83124f108f58dbc0a755a99c P 3dc9b277c91b43fd9f5950c463988314 [LEADER]: Connected to new peer: Peer: permanent_uuid: "c9bf6cc7ce72436ba3563f72d3559b13" member_type: VOTER last_known_addr { host: "127.7.103.131" port: 34309 } attrs { replace: true }, Status: LMP_MISMATCH, Last received: 0.0, Next index: 3, Last known committed idx: 2, Time since last communication: 0.000s
I20260608 09:48:53.476866 10839 consensus_queue.cc:1048] T ba7c636f4c4741138ba8986610932081 P 4f3b31e6e78c4743963078c7df82aa6e [LEADER]: Connected to new peer: Peer: permanent_uuid: "88936eaada964a9cb0749ceaab4ca31d" member_type: VOTER last_known_addr { host: "127.7.103.132" port: 33543 } attrs { promote: false }, Status: LMP_MISMATCH, Last received: 0.0, Next index: 4, Last known committed idx: 3, Time since last communication: 0.001s
I20260608 09:48:53.481230 11079 consensus_queue.cc:1048] T f722590a83124f108f58dbc0a755a99c P 3dc9b277c91b43fd9f5950c463988314 [LEADER]: Connected to new peer: Peer: permanent_uuid: "4f3b31e6e78c4743963078c7df82aa6e" member_type: VOTER last_known_addr { host: "127.7.103.129" port: 36189 }, Status: LMP_MISMATCH, Last received: 0.0, Next index: 3, Last known committed idx: 2, Time since last communication: 0.001s
I20260608 09:48:53.482786 10587 raft_consensus.cc:1275] T 1816520c7a674ecda88840c5faff8ea9 P 4f3b31e6e78c4743963078c7df82aa6e [term 2 FOLLOWER]: Refusing update from remote peer c9bf6cc7ce72436ba3563f72d3559b13: Log matching property violated. Preceding OpId in replica: term: 1 index: 2. Preceding OpId from leader: term: 2 index: 3. (index mismatch)
I20260608 09:48:53.485666 10821 consensus_queue.cc:1048] T 1816520c7a674ecda88840c5faff8ea9 P c9bf6cc7ce72436ba3563f72d3559b13 [LEADER]: Connected to new peer: Peer: permanent_uuid: "4f3b31e6e78c4743963078c7df82aa6e" member_type: VOTER last_known_addr { host: "127.7.103.129" port: 36189 } attrs { replace: true }, Status: LMP_MISMATCH, Last received: 0.0, Next index: 3, Last known committed idx: 2, Time since last communication: 0.002s
I20260608 09:48:53.506021 10487 catalog_manager.cc:5696] T ba7c636f4c4741138ba8986610932081 P 4f3b31e6e78c4743963078c7df82aa6e reported cstate change: config changed from index 3 to 4, VOTER 3dc9b277c91b43fd9f5950c463988314 (127.7.103.130) evicted. New cstate: current_term: 1 leader_uuid: "4f3b31e6e78c4743963078c7df82aa6e" committed_config { opid_index: 4 OBSOLETE_local: false peers { permanent_uuid: "4f3b31e6e78c4743963078c7df82aa6e" member_type: VOTER last_known_addr { host: "127.7.103.129" port: 36189 } health_report { overall_health: HEALTHY } } peers { permanent_uuid: "c9bf6cc7ce72436ba3563f72d3559b13" member_type: VOTER last_known_addr { host: "127.7.103.131" port: 34309 } health_report { overall_health: HEALTHY } } peers { permanent_uuid: "88936eaada964a9cb0749ceaab4ca31d" member_type: VOTER last_known_addr { host: "127.7.103.132" port: 33543 } attrs { promote: false } health_report { overall_health: UNKNOWN } } }
I20260608 09:48:53.516214 11081 consensus_queue.cc:1048] T d863fff59f784c0fba9da2d595a0f36b P 88936eaada964a9cb0749ceaab4ca31d [LEADER]: Connected to new peer: Peer: permanent_uuid: "3dc9b277c91b43fd9f5950c463988314" member_type: VOTER last_known_addr { host: "127.7.103.130" port: 32865 }, Status: LMP_MISMATCH, Last received: 0.0, Next index: 2, Last known committed idx: 1, Time since last communication: 0.036s
I20260608 09:48:53.574616 10664 raft_consensus.cc:1275] T 1816520c7a674ecda88840c5faff8ea9 P 3dc9b277c91b43fd9f5950c463988314 [term 2 FOLLOWER]: Refusing update from remote peer c9bf6cc7ce72436ba3563f72d3559b13: Log matching property violated. Preceding OpId in replica: term: 1 index: 2. Preceding OpId from leader: term: 2 index: 3. (index mismatch)
I20260608 09:48:53.576989 11061 consensus_queue.cc:1048] T 1816520c7a674ecda88840c5faff8ea9 P c9bf6cc7ce72436ba3563f72d3559b13 [LEADER]: Connected to new peer: Peer: permanent_uuid: "3dc9b277c91b43fd9f5950c463988314" member_type: VOTER last_known_addr { host: "127.7.103.130" port: 32865 }, Status: LMP_MISMATCH, Last received: 0.0, Next index: 3, Last known committed idx: 2, Time since last communication: 0.001s
I20260608 09:48:53.582777 10649 tablet_service.cc:1558] Processing DeleteTablet for tablet ba7c636f4c4741138ba8986610932081 with delete_type TABLET_DATA_TOMBSTONED (TS 3dc9b277c91b43fd9f5950c463988314 not found in new config with opid_index 4) from {username='slave'} at 127.0.0.1:39420
I20260608 09:48:53.577906 10904 raft_consensus.cc:2955] T ba7c636f4c4741138ba8986610932081 P 88936eaada964a9cb0749ceaab4ca31d [term 1 FOLLOWER]: Committing config change with OpId 1.4: config changed from index 3 to 4, VOTER 3dc9b277c91b43fd9f5950c463988314 (127.7.103.130) evicted. New config: { opid_index: 4 OBSOLETE_local: false peers { permanent_uuid: "4f3b31e6e78c4743963078c7df82aa6e" member_type: VOTER last_known_addr { host: "127.7.103.129" port: 36189 } } peers { permanent_uuid: "c9bf6cc7ce72436ba3563f72d3559b13" member_type: VOTER last_known_addr { host: "127.7.103.131" port: 34309 } } peers { permanent_uuid: "88936eaada964a9cb0749ceaab4ca31d" member_type: VOTER last_known_addr { host: "127.7.103.132" port: 33543 } attrs { promote: false } } }
