I20260608 09:48:57.145159 10738 leader_election.cc:290] T ff7b5117cc14439baecd197c8eec3079 P c9bf6cc7ce72436ba3563f72d3559b13 [CANDIDATE]: Term 2 election: Requested vote from peers 4f3b31e6e78c4743963078c7df82aa6e (127.7.103.129:36189), 3dc9b277c91b43fd9f5950c463988314 (127.7.103.130:32865)
I20260608 09:48:57.146050 10586 tablet_service.cc:1917] Received RequestConsensusVote() RPC: tablet_id: "ff7b5117cc14439baecd197c8eec3079" candidate_uuid: "c9bf6cc7ce72436ba3563f72d3559b13" candidate_term: 2 candidate_status { last_received { term: 1 index: 1 } } ignore_live_leader: true dest_uuid: "4f3b31e6e78c4743963078c7df82aa6e"
I20260608 09:48:57.146286 10662 tablet_service.cc:1917] Received RequestConsensusVote() RPC: tablet_id: "ff7b5117cc14439baecd197c8eec3079" candidate_uuid: "c9bf6cc7ce72436ba3563f72d3559b13" candidate_term: 2 candidate_status { last_received { term: 1 index: 1 } } ignore_live_leader: true dest_uuid: "3dc9b277c91b43fd9f5950c463988314"
I20260608 09:48:57.146665 10586 raft_consensus.cc:3060] T ff7b5117cc14439baecd197c8eec3079 P 4f3b31e6e78c4743963078c7df82aa6e [term 1 FOLLOWER]: Advancing to term 2
I20260608 09:48:57.146812 10662 raft_consensus.cc:3055] T ff7b5117cc14439baecd197c8eec3079 P 3dc9b277c91b43fd9f5950c463988314 [term 1 LEADER]: Stepping down as leader of term 1
I20260608 09:48:57.147210 10662 raft_consensus.cc:740] T ff7b5117cc14439baecd197c8eec3079 P 3dc9b277c91b43fd9f5950c463988314 [term 1 LEADER]: Becoming Follower/Learner. State: Replica: 3dc9b277c91b43fd9f5950c463988314, State: Running, Role: LEADER
I20260608 09:48:57.148108 10662 consensus_queue.cc:260] T ff7b5117cc14439baecd197c8eec3079 P 3dc9b277c91b43fd9f5950c463988314 [NON_LEADER]: Queue going to NON_LEADER mode. State: All replicated index: 0, Majority replicated index: 1, Committed index: 1, Last appended: 1.1, Last appended by leader: 1, Current term: 1, Majority size: -1, State: 0, Mode: NON_LEADER, active raft config: opid_index: -1 OBSOLETE_local: false peers { permanent_uuid: "4f3b31e6e78c4743963078c7df82aa6e" member_type: VOTER last_known_addr { host: "127.7.103.129" port: 36189 } } peers { permanent_uuid: "c9bf6cc7ce72436ba3563f72d3559b13" member_type: VOTER last_known_addr { host: "127.7.103.131" port: 34309 } } peers { permanent_uuid: "3dc9b277c91b43fd9f5950c463988314" member_type: VOTER last_known_addr { host: "127.7.103.130" port: 32865 } }
I20260608 09:48:57.149379 10662 raft_consensus.cc:3060] T ff7b5117cc14439baecd197c8eec3079 P 3dc9b277c91b43fd9f5950c463988314 [term 1 FOLLOWER]: Advancing to term 2
I20260608 09:48:57.152859 11178 ts_tablet_manager.cc:1929] T 824fdb7fa7984e489ba92d80eb73816e P 88936eaada964a9cb0749ceaab4ca31d: tablet deleted with delete type TABLET_DATA_TOMBSTONED: last-logged OpId 1.3
I20260608 09:48:57.153216 11178 log.cc:1199] T 824fdb7fa7984e489ba92d80eb73816e P 88936eaada964a9cb0749ceaab4ca31d: Deleting WAL directory at /tmp/dist-test-taskSTVyfr/test-tmp/auto_rebalancer-test.0.AutoRebalancerTest.RangeAwareRebalancesNewRangeReplicas.1780912041608879-7582-0/minicluster-data/ts-3-root/wals/824fdb7fa7984e489ba92d80eb73816e
I20260608 09:48:57.153978 10586 raft_consensus.cc:2468] T ff7b5117cc14439baecd197c8eec3079 P 4f3b31e6e78c4743963078c7df82aa6e [term 2 FOLLOWER]: Leader election vote request: Granting yes vote for candidate c9bf6cc7ce72436ba3563f72d3559b13 in term 2.
I20260608 09:48:57.154628 10473 catalog_manager.cc:5027] TS 88936eaada964a9cb0749ceaab4ca31d (127.7.103.132:33543): tablet 824fdb7fa7984e489ba92d80eb73816e (table range_aware_rebalance_new_range [id=ae8841845c774b2ead089af1f885b8aa]) successfully deleted
I20260608 09:48:57.155687 10701 leader_election.cc:304] T ff7b5117cc14439baecd197c8eec3079 P c9bf6cc7ce72436ba3563f72d3559b13 [CANDIDATE]: Term 2 election: Election decided. Result: candidate won. Election summary: received 2 responses out of 3 voters: 2 yes votes; 0 no votes. yes voters: 4f3b31e6e78c4743963078c7df82aa6e, c9bf6cc7ce72436ba3563f72d3559b13; no voters: 
I20260608 09:48:57.156389 11177 raft_consensus.cc:2804] T ff7b5117cc14439baecd197c8eec3079 P c9bf6cc7ce72436ba3563f72d3559b13 [term 2 FOLLOWER]: Leader election won for term 2
I20260608 09:48:57.156867 11177 raft_consensus.cc:697] T ff7b5117cc14439baecd197c8eec3079 P c9bf6cc7ce72436ba3563f72d3559b13 [term 2 LEADER]: Becoming Leader. State: Replica: c9bf6cc7ce72436ba3563f72d3559b13, State: Running, Role: LEADER
I20260608 09:48:57.157593 10662 raft_consensus.cc:2468] T ff7b5117cc14439baecd197c8eec3079 P 3dc9b277c91b43fd9f5950c463988314 [term 2 FOLLOWER]: Leader election vote request: Granting yes vote for candidate c9bf6cc7ce72436ba3563f72d3559b13 in term 2.
I20260608 09:48:57.157747 11177 consensus_queue.cc:237] T ff7b5117cc14439baecd197c8eec3079 P c9bf6cc7ce72436ba3563f72d3559b13 [LEADER]: Queue going to LEADER mode. State: All replicated index: 0, Majority replicated index: 1, Committed index: 1, Last appended: 1.1, Last appended by leader: 1, Current term: 2, Majority size: 2, State: 0, Mode: LEADER, active raft config: opid_index: -1 OBSOLETE_local: false peers { permanent_uuid: "4f3b31e6e78c4743963078c7df82aa6e" member_type: VOTER last_known_addr { host: "127.7.103.129" port: 36189 } } peers { permanent_uuid: "c9bf6cc7ce72436ba3563f72d3559b13" member_type: VOTER last_known_addr { host: "127.7.103.131" port: 34309 } } peers { permanent_uuid: "3dc9b277c91b43fd9f5950c463988314" member_type: VOTER last_known_addr { host: "127.7.103.130" port: 32865 } }
I20260608 09:48:57.165216 10483 catalog_manager.cc:5696] T ff7b5117cc14439baecd197c8eec3079 P c9bf6cc7ce72436ba3563f72d3559b13 reported cstate change: term changed from 1 to 2, leader changed from 3dc9b277c91b43fd9f5950c463988314 (127.7.103.130) to c9bf6cc7ce72436ba3563f72d3559b13 (127.7.103.131). New cstate: current_term: 2 leader_uuid: "c9bf6cc7ce72436ba3563f72d3559b13" committed_config { opid_index: -1 OBSOLETE_local: false peers { permanent_uuid: "4f3b31e6e78c4743963078c7df82aa6e" member_type: VOTER last_known_addr { host: "127.7.103.129" port: 36189 } health_report { overall_health: UNKNOWN } } peers { permanent_uuid: "c9bf6cc7ce72436ba3563f72d3559b13" member_type: VOTER last_known_addr { host: "127.7.103.131" port: 34309 } health_report { overall_health: HEALTHY } } peers { permanent_uuid: "3dc9b277c91b43fd9f5950c463988314" member_type: VOTER last_known_addr { host: "127.7.103.130" port: 32865 } health_report { overall_health: UNKNOWN } } }
I20260608 09:48:57.629830 10586 raft_consensus.cc:1275] T ba7c636f4c4741138ba8986610932081 P 4f3b31e6e78c4743963078c7df82aa6e [term 2 FOLLOWER]: Refusing update from remote peer 88936eaada964a9cb0749ceaab4ca31d: Log matching property violated. Preceding OpId in replica: term: 1 index: 4. Preceding OpId from leader: term: 2 index: 5. (index mismatch)
I20260608 09:48:57.631076 11058 consensus_queue.cc:1048] T ba7c636f4c4741138ba8986610932081 P 88936eaada964a9cb0749ceaab4ca31d [LEADER]: Connected to new peer: Peer: permanent_uuid: "4f3b31e6e78c4743963078c7df82aa6e" member_type: VOTER last_known_addr { host: "127.7.103.129" port: 36189 }, Status: LMP_MISMATCH, Last received: 0.0, Next index: 5, Last known committed idx: 4, Time since last communication: 0.000s
I20260608 09:48:57.645264 10738 raft_consensus.cc:1275] T ba7c636f4c4741138ba8986610932081 P c9bf6cc7ce72436ba3563f72d3559b13 [term 2 FOLLOWER]: Refusing update from remote peer 88936eaada964a9cb0749ceaab4ca31d: Log matching property violated. Preceding OpId in replica: term: 1 index: 4. Preceding OpId from leader: term: 2 index: 5. (index mismatch)
I20260608 09:48:57.648779 11058 consensus_queue.cc:1048] T ba7c636f4c4741138ba8986610932081 P 88936eaada964a9cb0749ceaab4ca31d [LEADER]: Connected to new peer: Peer: permanent_uuid: "c9bf6cc7ce72436ba3563f72d3559b13" member_type: VOTER last_known_addr { host: "127.7.103.131" port: 34309 }, Status: LMP_MISMATCH, Last received: 0.0, Next index: 5, Last known committed idx: 4, Time since last communication: 0.000s
I20260608 09:48:57.658016 10662 raft_consensus.cc:1275] T ff7b5117cc14439baecd197c8eec3079 P 3dc9b277c91b43fd9f5950c463988314 [term 2 FOLLOWER]: Refusing update from remote peer c9bf6cc7ce72436ba3563f72d3559b13: Log matching property violated. Preceding OpId in replica: term: 1 index: 1. Preceding OpId from leader: term: 2 index: 2. (index mismatch)
I20260608 09:48:57.659390 11177 consensus_queue.cc:1048] T ff7b5117cc14439baecd197c8eec3079 P c9bf6cc7ce72436ba3563f72d3559b13 [LEADER]: Connected to new peer: Peer: permanent_uuid: "3dc9b277c91b43fd9f5950c463988314" member_type: VOTER last_known_addr { host: "127.7.103.130" port: 32865 }, Status: LMP_MISMATCH, Last received: 0.0, Next index: 2, Last known committed idx: 1, Time since last communication: 0.000s
I20260608 09:48:57.671922 10587 raft_consensus.cc:1275] T ff7b5117cc14439baecd197c8eec3079 P 4f3b31e6e78c4743963078c7df82aa6e [term 2 FOLLOWER]: Refusing update from remote peer c9bf6cc7ce72436ba3563f72d3559b13: Log matching property violated. Preceding OpId in replica: term: 1 index: 1. Preceding OpId from leader: term: 2 index: 2. (index mismatch)
I20260608 09:48:57.673629 11177 consensus_queue.cc:1048] T ff7b5117cc14439baecd197c8eec3079 P c9bf6cc7ce72436ba3563f72d3559b13 [LEADER]: Connected to new peer: Peer: permanent_uuid: "4f3b31e6e78c4743963078c7df82aa6e" member_type: VOTER last_known_addr { host: "127.7.103.129" port: 36189 }, Status: LMP_MISMATCH, Last received: 0.0, Next index: 2, Last known committed idx: 1, Time since last communication: 0.000s
I20260608 09:48:58.125301 10662 consensus_queue.cc:237] T c2ba289a74544ffca90ead190ace1a7d P 3dc9b277c91b43fd9f5950c463988314 [LEADER]: Queue going to LEADER mode. State: All replicated index: 0, Majority replicated index: 2, Committed index: 2, Last appended: 2.2, Last appended by leader: 1, Current term: 2, Majority size: 2, State: 0, Mode: LEADER, active raft config: opid_index: 3 OBSOLETE_local: false peers { permanent_uuid: "4f3b31e6e78c4743963078c7df82aa6e" member_type: VOTER last_known_addr { host: "127.7.103.129" port: 36189 } } peers { permanent_uuid: "3dc9b277c91b43fd9f5950c463988314" member_type: VOTER last_known_addr { host: "127.7.103.130" port: 32865 } } peers { permanent_uuid: "c9bf6cc7ce72436ba3563f72d3559b13" member_type: VOTER last_known_addr { host: "127.7.103.131" port: 34309 } attrs { replace: true } } peers { permanent_uuid: "88936eaada964a9cb0749ceaab4ca31d" member_type: NON_VOTER last_known_addr { host: "127.7.103.132" port: 33543 } attrs { promote: true } }
W20260608 09:48:58.132951 10629 consensus_peers.cc:597] T c2ba289a74544ffca90ead190ace1a7d P 3dc9b277c91b43fd9f5950c463988314 -> Peer 88936eaada964a9cb0749ceaab4ca31d (127.7.103.132:33543): Couldn't send request to peer 88936eaada964a9cb0749ceaab4ca31d. Error code: TABLET_NOT_FOUND (6). Status: Not found: Tablet not found: c2ba289a74544ffca90ead190ace1a7d. This is attempt 1: this message will repeat every 5th retry.
I20260608 09:48:58.133445 10738 raft_consensus.cc:1275] T c2ba289a74544ffca90ead190ace1a7d P c9bf6cc7ce72436ba3563f72d3559b13 [term 2 FOLLOWER]: Refusing update from remote peer 3dc9b277c91b43fd9f5950c463988314: Log matching property violated. Preceding OpId in replica: term: 2 index: 2. Preceding OpId from leader: term: 2 index: 3. (index mismatch)
I20260608 09:48:58.134141 10587 raft_consensus.cc:1275] T c2ba289a74544ffca90ead190ace1a7d P 4f3b31e6e78c4743963078c7df82aa6e [term 2 FOLLOWER]: Refusing update from remote peer 3dc9b277c91b43fd9f5950c463988314: Log matching property violated. Preceding OpId in replica: term: 2 index: 2. Preceding OpId from leader: term: 2 index: 3. (index mismatch)
I20260608 09:48:58.134953 11152 consensus_queue.cc:1048] T c2ba289a74544ffca90ead190ace1a7d P 3dc9b277c91b43fd9f5950c463988314 [LEADER]: Connected to new peer: Peer: permanent_uuid: "c9bf6cc7ce72436ba3563f72d3559b13" member_type: VOTER last_known_addr { host: "127.7.103.131" port: 34309 } attrs { replace: true }, Status: LMP_MISMATCH, Last received: 0.0, Next index: 3, Last known committed idx: 2, Time since last communication: 0.000s
I20260608 09:48:58.135957 11150 consensus_queue.cc:1048] T c2ba289a74544ffca90ead190ace1a7d P 3dc9b277c91b43fd9f5950c463988314 [LEADER]: Connected to new peer: Peer: permanent_uuid: "4f3b31e6e78c4743963078c7df82aa6e" member_type: VOTER last_known_addr { host: "127.7.103.129" port: 36189 }, Status: LMP_MISMATCH, Last received: 0.0, Next index: 3, Last known committed idx: 2, Time since last communication: 0.000s
I20260608 09:48:58.143775 11150 raft_consensus.cc:2955] T c2ba289a74544ffca90ead190ace1a7d P 3dc9b277c91b43fd9f5950c463988314 [term 2 LEADER]: Committing config change with OpId 2.3: config changed from index -1 to 3, NON_VOTER 88936eaada964a9cb0749ceaab4ca31d (127.7.103.132) added. New config: { opid_index: 3 OBSOLETE_local: false peers { permanent_uuid: "4f3b31e6e78c4743963078c7df82aa6e" member_type: VOTER last_known_addr { host: "127.7.103.129" port: 36189 } } peers { permanent_uuid: "3dc9b277c91b43fd9f5950c463988314" member_type: VOTER last_known_addr { host: "127.7.103.130" port: 32865 } } peers { permanent_uuid: "c9bf6cc7ce72436ba3563f72d3559b13" member_type: VOTER last_known_addr { host: "127.7.103.131" port: 34309 } attrs { replace: true } } peers { permanent_uuid: "88936eaada964a9cb0749ceaab4ca31d" member_type: NON_VOTER last_known_addr { host: "127.7.103.132" port: 33543 } attrs { promote: true } } }
I20260608 09:48:58.146453 10738 raft_consensus.cc:2955] T c2ba289a74544ffca90ead190ace1a7d P c9bf6cc7ce72436ba3563f72d3559b13 [term 2 FOLLOWER]: Committing config change with OpId 2.3: config changed from index -1 to 3, NON_VOTER 88936eaada964a9cb0749ceaab4ca31d (127.7.103.132) added. New config: { opid_index: 3 OBSOLETE_local: false peers { permanent_uuid: "4f3b31e6e78c4743963078c7df82aa6e" member_type: VOTER last_known_addr { host: "127.7.103.129" port: 36189 } } peers { permanent_uuid: "3dc9b277c91b43fd9f5950c463988314" member_type: VOTER last_known_addr { host: "127.7.103.130" port: 32865 } } peers { permanent_uuid: "c9bf6cc7ce72436ba3563f72d3559b13" member_type: VOTER last_known_addr { host: "127.7.103.131" port: 34309 } attrs { replace: true } } peers { permanent_uuid: "88936eaada964a9cb0749ceaab4ca31d" member_type: NON_VOTER last_known_addr { host: "127.7.103.132" port: 33543 } attrs { promote: true } } }
I20260608 09:48:58.146090 10587 raft_consensus.cc:2955] T c2ba289a74544ffca90ead190ace1a7d P 4f3b31e6e78c4743963078c7df82aa6e [term 2 FOLLOWER]: Committing config change with OpId 2.3: config changed from index -1 to 3, NON_VOTER 88936eaada964a9cb0749ceaab4ca31d (127.7.103.132) added. New config: { opid_index: 3 OBSOLETE_local: false peers { permanent_uuid: "4f3b31e6e78c4743963078c7df82aa6e" member_type: VOTER last_known_addr { host: "127.7.103.129" port: 36189 } } peers { permanent_uuid: "3dc9b277c91b43fd9f5950c463988314" member_type: VOTER last_known_addr { host: "127.7.103.130" port: 32865 } } peers { permanent_uuid: "c9bf6cc7ce72436ba3563f72d3559b13" member_type: VOTER last_known_addr { host: "127.7.103.131" port: 34309 } attrs { replace: true } } peers { permanent_uuid: "88936eaada964a9cb0749ceaab4ca31d" member_type: NON_VOTER last_known_addr { host: "127.7.103.132" port: 33543 } attrs { promote: true } } }
I20260608 09:48:58.163115 10487 catalog_manager.cc:5696] T c2ba289a74544ffca90ead190ace1a7d P 4f3b31e6e78c4743963078c7df82aa6e reported cstate change: config changed from index -1 to 3, NON_VOTER 88936eaada964a9cb0749ceaab4ca31d (127.7.103.132) added. New cstate: current_term: 2 leader_uuid: "3dc9b277c91b43fd9f5950c463988314" committed_config { opid_index: 3 OBSOLETE_local: false peers { permanent_uuid: "4f3b31e6e78c4743963078c7df82aa6e" member_type: VOTER last_known_addr { host: "127.7.103.129" port: 36189 } } peers { permanent_uuid: "3dc9b277c91b43fd9f5950c463988314" member_type: VOTER last_known_addr { host: "127.7.103.130" port: 32865 } } peers { permanent_uuid: "c9bf6cc7ce72436ba3563f72d3559b13" member_type: VOTER last_known_addr { host: "127.7.103.131" port: 34309 } attrs { replace: true } } peers { permanent_uuid: "88936eaada964a9cb0749ceaab4ca31d" member_type: NON_VOTER last_known_addr { host: "127.7.103.132" port: 33543 } attrs { promote: true } } }
I20260608 09:48:58.716827 11207 ts_tablet_manager.cc:933] T c2ba289a74544ffca90ead190ace1a7d P 88936eaada964a9cb0749ceaab4ca31d: Initiating tablet copy from peer 3dc9b277c91b43fd9f5950c463988314 (127.7.103.130:32865)
I20260608 09:48:58.718701 11207 tablet_copy_client.cc:323] T c2ba289a74544ffca90ead190ace1a7d P 88936eaada964a9cb0749ceaab4ca31d: tablet copy: Beginning tablet copy session from remote peer at address 127.7.103.130:32865
I20260608 09:48:58.720696 10673 tablet_copy_service.cc:140] P 3dc9b277c91b43fd9f5950c463988314: Received BeginTabletCopySession request for tablet c2ba289a74544ffca90ead190ace1a7d from peer 88936eaada964a9cb0749ceaab4ca31d ({username='slave'} at 127.0.0.1:39454)
I20260608 09:48:58.721233 10673 tablet_copy_service.cc:161] P 3dc9b277c91b43fd9f5950c463988314: Beginning new tablet copy session on tablet c2ba289a74544ffca90ead190ace1a7d from peer 88936eaada964a9cb0749ceaab4ca31d at {username='slave'} at 127.0.0.1:39454: session id = 88936eaada964a9cb0749ceaab4ca31d-c2ba289a74544ffca90ead190ace1a7d
I20260608 09:48:58.726197 10673 tablet_copy_source_session.cc:215] T c2ba289a74544ffca90ead190ace1a7d P 3dc9b277c91b43fd9f5950c463988314: Tablet Copy: opened 0 blocks and 1 log segments
I20260608 09:48:58.728856 11207 data_dirs.cc:400] Could only allocate 1 dirs of requested 3 for tablet c2ba289a74544ffca90ead190ace1a7d. 1 dirs total, 0 dirs full, 0 dirs failed
I20260608 09:48:58.741075 11207 tablet_copy_client.cc:806] T c2ba289a74544ffca90ead190ace1a7d P 88936eaada964a9cb0749ceaab4ca31d: tablet copy: Starting download of 0 data blocks...
I20260608 09:48:58.741664 11207 tablet_copy_client.cc:670] T c2ba289a74544ffca90ead190ace1a7d P 88936eaada964a9cb0749ceaab4ca31d: tablet copy: Starting download of 1 WAL segments...
I20260608 09:48:58.745149 11207 tablet_copy_client.cc:538] T c2ba289a74544ffca90ead190ace1a7d P 88936eaada964a9cb0749ceaab4ca31d: tablet copy: Tablet Copy complete. Replacing tablet superblock.
I20260608 09:48:58.751797 11207 tablet_bootstrap.cc:492] T c2ba289a74544ffca90ead190ace1a7d P 88936eaada964a9cb0749ceaab4ca31d: Bootstrap starting.
I20260608 09:48:58.769802 11207 tablet_bootstrap.cc:492] T c2ba289a74544ffca90ead190ace1a7d P 88936eaada964a9cb0749ceaab4ca31d: Bootstrap replayed 1/1 log segments. Stats: ops{read=3 overwritten=0 applied=3 ignored=0} inserts{seen=0 ignored=0} mutations{seen=0 ignored=0} orphaned_commits=0. Pending: 0 replicates
I20260608 09:48:58.770640 11207 tablet_bootstrap.cc:492] T c2ba289a74544ffca90ead190ace1a7d P 88936eaada964a9cb0749ceaab4ca31d: Bootstrap complete.
I20260608 09:48:58.771260 11207 ts_tablet_manager.cc:1403] T c2ba289a74544ffca90ead190ace1a7d P 88936eaada964a9cb0749ceaab4ca31d: Time spent bootstrapping tablet: real 0.020s	user 0.015s	sys 0.000s
I20260608 09:48:58.773731 11207 raft_consensus.cc:359] T c2ba289a74544ffca90ead190ace1a7d P 88936eaada964a9cb0749ceaab4ca31d [term 2 LEARNER]: Replica starting. Triggering 0 pending ops. Active config: opid_index: 3 OBSOLETE_local: false peers { permanent_uuid: "4f3b31e6e78c4743963078c7df82aa6e" member_type: VOTER last_known_addr { host: "127.7.103.129" port: 36189 } } peers { permanent_uuid: "3dc9b277c91b43fd9f5950c463988314" member_type: VOTER last_known_addr { host: "127.7.103.130" port: 32865 } } peers { permanent_uuid: "c9bf6cc7ce72436ba3563f72d3559b13" member_type: VOTER last_known_addr { host: "127.7.103.131" port: 34309 } attrs { replace: true } } peers { permanent_uuid: "88936eaada964a9cb0749ceaab4ca31d" member_type: NON_VOTER last_known_addr { host: "127.7.103.132" port: 33543 } attrs { promote: true } }
I20260608 09:48:58.774431 11207 raft_consensus.cc:740] T c2ba289a74544ffca90ead190ace1a7d P 88936eaada964a9cb0749ceaab4ca31d [term 2 LEARNER]: Becoming Follower/Learner. State: Replica: 88936eaada964a9cb0749ceaab4ca31d, State: Initialized, Role: LEARNER
I20260608 09:48:58.775161 11207 consensus_queue.cc:260] T c2ba289a74544ffca90ead190ace1a7d P 88936eaada964a9cb0749ceaab4ca31d [NON_LEADER]: Queue going to NON_LEADER mode. State: All replicated index: 0, Majority replicated index: 0, Committed index: 3, Last appended: 2.3, Last appended by leader: 3, Current term: 0, Majority size: -1, State: 0, Mode: NON_LEADER, active raft config: opid_index: 3 OBSOLETE_local: false peers { permanent_uuid: "4f3b31e6e78c4743963078c7df82aa6e" member_type: VOTER last_known_addr { host: "127.7.103.129" port: 36189 } } peers { permanent_uuid: "3dc9b277c91b43fd9f5950c463988314" member_type: VOTER last_known_addr { host: "127.7.103.130" port: 32865 } } peers { permanent_uuid: "c9bf6cc7ce72436ba3563f72d3559b13" member_type: VOTER last_known_addr { host: "127.7.103.131" port: 34309 } attrs { replace: true } } peers { permanent_uuid: "88936eaada964a9cb0749ceaab4ca31d" member_type: NON_VOTER last_known_addr { host: "127.7.103.132" port: 33543 } attrs { promote: true } }
I20260608 09:48:58.778594 11207 ts_tablet_manager.cc:1434] T c2ba289a74544ffca90ead190ace1a7d P 88936eaada964a9cb0749ceaab4ca31d: Time spent starting tablet: real 0.007s	user 0.005s	sys 0.000s
I20260608 09:48:58.780874 10673 tablet_copy_service.cc:342] P 3dc9b277c91b43fd9f5950c463988314: Request end of tablet copy session 88936eaada964a9cb0749ceaab4ca31d-c2ba289a74544ffca90ead190ace1a7d received from {username='slave'} at 127.0.0.1:39454
I20260608 09:48:58.781355 10673 tablet_copy_service.cc:434] P 3dc9b277c91b43fd9f5950c463988314: ending tablet copy session 88936eaada964a9cb0749ceaab4ca31d-c2ba289a74544ffca90ead190ace1a7d on tablet c2ba289a74544ffca90ead190ace1a7d with peer 88936eaada964a9cb0749ceaab4ca31d
I20260608 09:48:58.837306 10540 auto_leader_rebalancer.cc:140] leader rebalance for table range_aware_rebalance_new_range
I20260608 09:48:58.853067 10738 tablet_service.cc:2072] Received LeaderStepDown RPC: tablet_id: "cec75e9c8b6943b6aa6d81e3f27d2a5b"
dest_uuid: "c9bf6cc7ce72436ba3563f72d3559b13"
mode: GRACEFUL
new_leader_uuid: "88936eaada964a9cb0749ceaab4ca31d"
 from {username='slave'} at 127.0.0.1:40302
I20260608 09:48:58.853698 10738 raft_consensus.cc:606] T cec75e9c8b6943b6aa6d81e3f27d2a5b P c9bf6cc7ce72436ba3563f72d3559b13 [term 1 LEADER]: Received request to transfer leadership to TS 88936eaada964a9cb0749ceaab4ca31d
I20260608 09:48:58.855031 10540 auto_leader_rebalancer.cc:388] table: range_aware_rebalance_new_range, leader rebalance finish, leader transfer count: 1
I20260608 09:48:58.855620 10540 auto_leader_rebalancer.cc:451] All tables' leader rebalancing finished this round
I20260608 09:48:59.196946 11211 raft_consensus.cc:993] T cec75e9c8b6943b6aa6d81e3f27d2a5b P c9bf6cc7ce72436ba3563f72d3559b13: : Instructing follower 88936eaada964a9cb0749ceaab4ca31d to start an election
I20260608 09:48:59.197492 11206 raft_consensus.cc:1081] T cec75e9c8b6943b6aa6d81e3f27d2a5b P c9bf6cc7ce72436ba3563f72d3559b13 [term 1 LEADER]: Signalling peer 88936eaada964a9cb0749ceaab4ca31d to start an election
I20260608 09:48:59.199115 10904 tablet_service.cc:2044] Received Run Leader Election RPC: tablet_id: "cec75e9c8b6943b6aa6d81e3f27d2a5b"
dest_uuid: "88936eaada964a9cb0749ceaab4ca31d"
 from {username='slave'} at 127.0.0.1:54214
I20260608 09:48:59.199623 10904 raft_consensus.cc:493] T cec75e9c8b6943b6aa6d81e3f27d2a5b P 88936eaada964a9cb0749ceaab4ca31d [term 1 FOLLOWER]: Starting forced leader election (received explicit request)
I20260608 09:48:59.199918 10904 raft_consensus.cc:3060] T cec75e9c8b6943b6aa6d81e3f27d2a5b P 88936eaada964a9cb0749ceaab4ca31d [term 1 FOLLOWER]: Advancing to term 2
I20260608 09:48:59.205044 10904 raft_consensus.cc:515] T cec75e9c8b6943b6aa6d81e3f27d2a5b P 88936eaada964a9cb0749ceaab4ca31d [term 2 FOLLOWER]: Starting forced leader election with config: opid_index: -1 OBSOLETE_local: false peers { permanent_uuid: "3dc9b277c91b43fd9f5950c463988314" member_type: VOTER last_known_addr { host: "127.7.103.130" port: 32865 } } peers { permanent_uuid: "88936eaada964a9cb0749ceaab4ca31d" member_type: VOTER last_known_addr { host: "127.7.103.132" port: 33543 } } peers { permanent_uuid: "c9bf6cc7ce72436ba3563f72d3559b13" member_type: VOTER last_known_addr { host: "127.7.103.131" port: 34309 } }
I20260608 09:48:59.206516 10904 leader_election.cc:290] T cec75e9c8b6943b6aa6d81e3f27d2a5b P 88936eaada964a9cb0749ceaab4ca31d [CANDIDATE]: Term 2 election: Requested vote from peers 3dc9b277c91b43fd9f5950c463988314 (127.7.103.130:32865), c9bf6cc7ce72436ba3563f72d3559b13 (127.7.103.131:34309)
I20260608 09:48:59.207370 10662 tablet_service.cc:1917] Received RequestConsensusVote() RPC: tablet_id: "cec75e9c8b6943b6aa6d81e3f27d2a5b" candidate_uuid: "88936eaada964a9cb0749ceaab4ca31d" candidate_term: 2 candidate_status { last_received { term: 1 index: 1 } } ignore_live_leader: true dest_uuid: "3dc9b277c91b43fd9f5950c463988314"
I20260608 09:48:59.207682 10738 tablet_service.cc:1917] Received RequestConsensusVote() RPC: tablet_id: "cec75e9c8b6943b6aa6d81e3f27d2a5b" candidate_uuid: "88936eaada964a9cb0749ceaab4ca31d" candidate_term: 2 candidate_status { last_received { term: 1 index: 1 } } ignore_live_leader: true dest_uuid: "c9bf6cc7ce72436ba3563f72d3559b13"
I20260608 09:48:59.208117 10662 raft_consensus.cc:3060] T cec75e9c8b6943b6aa6d81e3f27d2a5b P 3dc9b277c91b43fd9f5950c463988314 [term 1 FOLLOWER]: Advancing to term 2
I20260608 09:48:59.208278 10738 raft_consensus.cc:3055] T cec75e9c8b6943b6aa6d81e3f27d2a5b P c9bf6cc7ce72436ba3563f72d3559b13 [term 1 LEADER]: Stepping down as leader of term 1
I20260608 09:48:59.208693 10738 raft_consensus.cc:740] T cec75e9c8b6943b6aa6d81e3f27d2a5b P c9bf6cc7ce72436ba3563f72d3559b13 [term 1 LEADER]: Becoming Follower/Learner. State: Replica: c9bf6cc7ce72436ba3563f72d3559b13, State: Running, Role: LEADER
I20260608 09:48:59.209419 10738 consensus_queue.cc:260] T cec75e9c8b6943b6aa6d81e3f27d2a5b P c9bf6cc7ce72436ba3563f72d3559b13 [NON_LEADER]: Queue going to NON_LEADER mode. State: All replicated index: 0, Majority replicated index: 1, Committed index: 1, Last appended: 1.1, Last appended by leader: 1, Current term: 1, Majority size: -1, State: 0, Mode: NON_LEADER, active raft config: opid_index: -1 OBSOLETE_local: false peers { permanent_uuid: "3dc9b277c91b43fd9f5950c463988314" member_type: VOTER last_known_addr { host: "127.7.103.130" port: 32865 } } peers { permanent_uuid: "88936eaada964a9cb0749ceaab4ca31d" member_type: VOTER last_known_addr { host: "127.7.103.132" port: 33543 } } peers { permanent_uuid: "c9bf6cc7ce72436ba3563f72d3559b13" member_type: VOTER last_known_addr { host: "127.7.103.131" port: 34309 } }
I20260608 09:48:59.210505 10738 raft_consensus.cc:3060] T cec75e9c8b6943b6aa6d81e3f27d2a5b P c9bf6cc7ce72436ba3563f72d3559b13 [term 1 FOLLOWER]: Advancing to term 2
I20260608 09:48:59.215588 10738 raft_consensus.cc:2468] T cec75e9c8b6943b6aa6d81e3f27d2a5b P c9bf6cc7ce72436ba3563f72d3559b13 [term 2 FOLLOWER]: Leader election vote request: Granting yes vote for candidate 88936eaada964a9cb0749ceaab4ca31d in term 2.
I20260608 09:48:59.216907 10862 leader_election.cc:304] T cec75e9c8b6943b6aa6d81e3f27d2a5b P 88936eaada964a9cb0749ceaab4ca31d [CANDIDATE]: Term 2 election: Election decided. Result: candidate won. Election summary: received 2 responses out of 3 voters: 2 yes votes; 0 no votes. yes voters: 88936eaada964a9cb0749ceaab4ca31d, c9bf6cc7ce72436ba3563f72d3559b13; no voters: 
I20260608 09:48:59.217820 11058 raft_consensus.cc:2804] T cec75e9c8b6943b6aa6d81e3f27d2a5b P 88936eaada964a9cb0749ceaab4ca31d [term 2 FOLLOWER]: Leader election won for term 2
I20260608 09:48:59.218886 11058 raft_consensus.cc:697] T cec75e9c8b6943b6aa6d81e3f27d2a5b P 88936eaada964a9cb0749ceaab4ca31d [term 2 LEADER]: Becoming Leader. State: Replica: 88936eaada964a9cb0749ceaab4ca31d, State: Running, Role: LEADER
I20260608 09:48:59.219813 11058 consensus_queue.cc:237] T cec75e9c8b6943b6aa6d81e3f27d2a5b P 88936eaada964a9cb0749ceaab4ca31d [LEADER]: Queue going to LEADER mode. State: All replicated index: 0, Majority replicated index: 1, Committed index: 1, Last appended: 1.1, Last appended by leader: 1, Current term: 2, Majority size: 2, State: 0, Mode: LEADER, active raft config: opid_index: -1 OBSOLETE_local: false peers { permanent_uuid: "3dc9b277c91b43fd9f5950c463988314" member_type: VOTER last_known_addr { host: "127.7.103.130" port: 32865 } } peers { permanent_uuid: "88936eaada964a9cb0749ceaab4ca31d" member_type: VOTER last_known_addr { host: "127.7.103.132" port: 33543 } } peers { permanent_uuid: "c9bf6cc7ce72436ba3563f72d3559b13" member_type: VOTER last_known_addr { host: "127.7.103.131" port: 34309 } }
I20260608 09:48:59.221678 10662 raft_consensus.cc:2468] T cec75e9c8b6943b6aa6d81e3f27d2a5b P 3dc9b277c91b43fd9f5950c463988314 [term 2 FOLLOWER]: Leader election vote request: Granting yes vote for candidate 88936eaada964a9cb0749ceaab4ca31d in term 2.
I20260608 09:48:59.228379 10486 catalog_manager.cc:5696] T cec75e9c8b6943b6aa6d81e3f27d2a5b P 88936eaada964a9cb0749ceaab4ca31d reported cstate change: term changed from 1 to 2, leader changed from c9bf6cc7ce72436ba3563f72d3559b13 (127.7.103.131) to 88936eaada964a9cb0749ceaab4ca31d (127.7.103.132). New cstate: current_term: 2 leader_uuid: "88936eaada964a9cb0749ceaab4ca31d" committed_config { opid_index: -1 OBSOLETE_local: false peers { permanent_uuid: "3dc9b277c91b43fd9f5950c463988314" member_type: VOTER last_known_addr { host: "127.7.103.130" port: 32865 } health_report { overall_health: UNKNOWN } } peers { permanent_uuid: "88936eaada964a9cb0749ceaab4ca31d" member_type: VOTER last_known_addr { host: "127.7.103.132" port: 33543 } health_report { overall_health: HEALTHY } } peers { permanent_uuid: "c9bf6cc7ce72436ba3563f72d3559b13" member_type: VOTER last_known_addr { host: "127.7.103.131" port: 34309 } health_report { overall_health: UNKNOWN } } }
I20260608 09:48:59.290925 10904 raft_consensus.cc:1217] T c2ba289a74544ffca90ead190ace1a7d P 88936eaada964a9cb0749ceaab4ca31d [term 2 LEARNER]: Deduplicated request from leader. Original: 2.2->[2.3-2.3]   Dedup: 2.3->[]
I20260608 09:48:59.774418 11218 raft_consensus.cc:1064] T c2ba289a74544ffca90ead190ace1a7d P 3dc9b277c91b43fd9f5950c463988314: attempting to promote NON_VOTER 88936eaada964a9cb0749ceaab4ca31d to VOTER
I20260608 09:48:59.776851 11218 consensus_queue.cc:237] T c2ba289a74544ffca90ead190ace1a7d P 3dc9b277c91b43fd9f5950c463988314 [LEADER]: Queue going to LEADER mode. State: All replicated index: 0, Majority replicated index: 3, Committed index: 3, Last appended: 2.3, Last appended by leader: 1, Current term: 2, Majority size: 3, State: 0, Mode: LEADER, active raft config: opid_index: 4 OBSOLETE_local: false peers { permanent_uuid: "4f3b31e6e78c4743963078c7df82aa6e" member_type: VOTER last_known_addr { host: "127.7.103.129" port: 36189 } } peers { permanent_uuid: "3dc9b277c91b43fd9f5950c463988314" member_type: VOTER last_known_addr { host: "127.7.103.130" port: 32865 } } peers { permanent_uuid: "c9bf6cc7ce72436ba3563f72d3559b13" member_type: VOTER last_known_addr { host: "127.7.103.131" port: 34309 } attrs { replace: true } } peers { permanent_uuid: "88936eaada964a9cb0749ceaab4ca31d" member_type: VOTER last_known_addr { host: "127.7.103.132" port: 33543 } attrs { promote: false } }
I20260608 09:48:59.784569 10738 raft_consensus.cc:1275] T c2ba289a74544ffca90ead190ace1a7d P c9bf6cc7ce72436ba3563f72d3559b13 [term 2 FOLLOWER]: Refusing update from remote peer 3dc9b277c91b43fd9f5950c463988314: Log matching property violated. Preceding OpId in replica: term: 2 index: 3. Preceding OpId from leader: term: 2 index: 4. (index mismatch)
I20260608 09:48:59.786276 10587 raft_consensus.cc:1275] T c2ba289a74544ffca90ead190ace1a7d P 4f3b31e6e78c4743963078c7df82aa6e [term 2 FOLLOWER]: Refusing update from remote peer 3dc9b277c91b43fd9f5950c463988314: Log matching property violated. Preceding OpId in replica: term: 2 index: 3. Preceding OpId from leader: term: 2 index: 4. (index mismatch)
I20260608 09:48:59.786255 10904 raft_consensus.cc:1275] T c2ba289a74544ffca90ead190ace1a7d P 88936eaada964a9cb0749ceaab4ca31d [term 2 LEARNER]: Refusing update from remote peer 3dc9b277c91b43fd9f5950c463988314: Log matching property violated. Preceding OpId in replica: term: 2 index: 3. Preceding OpId from leader: term: 2 index: 4. (index mismatch)
I20260608 09:48:59.786257 11210 consensus_queue.cc:1048] T c2ba289a74544ffca90ead190ace1a7d P 3dc9b277c91b43fd9f5950c463988314 [LEADER]: Connected to new peer: Peer: permanent_uuid: "c9bf6cc7ce72436ba3563f72d3559b13" member_type: VOTER last_known_addr { host: "127.7.103.131" port: 34309 } attrs { replace: true }, Status: LMP_MISMATCH, Last received: 0.0, Next index: 4, Last known committed idx: 3, Time since last communication: 0.001s
I20260608 09:48:59.788093 11218 consensus_queue.cc:1048] T c2ba289a74544ffca90ead190ace1a7d P 3dc9b277c91b43fd9f5950c463988314 [LEADER]: Connected to new peer: Peer: permanent_uuid: "88936eaada964a9cb0749ceaab4ca31d" member_type: VOTER last_known_addr { host: "127.7.103.132" port: 33543 } attrs { promote: false }, Status: LMP_MISMATCH, Last received: 0.0, Next index: 4, Last known committed idx: 3, Time since last communication: 0.000s
I20260608 09:48:59.788940 11150 consensus_queue.cc:1048] T c2ba289a74544ffca90ead190ace1a7d P 3dc9b277c91b43fd9f5950c463988314 [LEADER]: Connected to new peer: Peer: permanent_uuid: "4f3b31e6e78c4743963078c7df82aa6e" member_type: VOTER last_known_addr { host: "127.7.103.129" port: 36189 }, Status: LMP_MISMATCH, Last received: 0.0, Next index: 4, Last known committed idx: 3, Time since last communication: 0.000s
I20260608 09:48:59.811560 11150 raft_consensus.cc:2955] T c2ba289a74544ffca90ead190ace1a7d P 3dc9b277c91b43fd9f5950c463988314 [term 2 LEADER]: Committing config change with OpId 2.4: config changed from index 3 to 4, 88936eaada964a9cb0749ceaab4ca31d (127.7.103.132) changed from NON_VOTER to VOTER. New config: { opid_index: 4 OBSOLETE_local: false peers { permanent_uuid: "4f3b31e6e78c4743963078c7df82aa6e" member_type: VOTER last_known_addr { host: "127.7.103.129" port: 36189 } } peers { permanent_uuid: "3dc9b277c91b43fd9f5950c463988314" member_type: VOTER last_known_addr { host: "127.7.103.130" port: 32865 } } peers { permanent_uuid: "c9bf6cc7ce72436ba3563f72d3559b13" member_type: VOTER last_known_addr { host: "127.7.103.131" port: 34309 } attrs { replace: true } } peers { permanent_uuid: "88936eaada964a9cb0749ceaab4ca31d" member_type: VOTER last_known_addr { host: "127.7.103.132" port: 33543 } attrs { promote: false } } }
I20260608 09:48:59.813915 10587 raft_consensus.cc:2955] T c2ba289a74544ffca90ead190ace1a7d P 4f3b31e6e78c4743963078c7df82aa6e [term 2 FOLLOWER]: Committing config change with OpId 2.4: config changed from index 3 to 4, 88936eaada964a9cb0749ceaab4ca31d (127.7.103.132) changed from NON_VOTER to VOTER. New config: { opid_index: 4 OBSOLETE_local: false peers { permanent_uuid: "4f3b31e6e78c4743963078c7df82aa6e" member_type: VOTER last_known_addr { host: "127.7.103.129" port: 36189 } } peers { permanent_uuid: "3dc9b277c91b43fd9f5950c463988314" member_type: VOTER last_known_addr { host: "127.7.103.130" port: 32865 } } peers { permanent_uuid: "c9bf6cc7ce72436ba3563f72d3559b13" member_type: VOTER last_known_addr { host: "127.7.103.131" port: 34309 } attrs { replace: true } } peers { permanent_uuid: "88936eaada964a9cb0749ceaab4ca31d" member_type: VOTER last_known_addr { host: "127.7.103.132" port: 33543 } attrs { promote: false } } }
I20260608 09:48:59.817020 10738 raft_consensus.cc:2955] T c2ba289a74544ffca90ead190ace1a7d P c9bf6cc7ce72436ba3563f72d3559b13 [term 2 FOLLOWER]: Committing config change with OpId 2.4: config changed from index 3 to 4, 88936eaada964a9cb0749ceaab4ca31d (127.7.103.132) changed from NON_VOTER to VOTER. New config: { opid_index: 4 OBSOLETE_local: false peers { permanent_uuid: "4f3b31e6e78c4743963078c7df82aa6e" member_type: VOTER last_known_addr { host: "127.7.103.129" port: 36189 } } peers { permanent_uuid: "3dc9b277c91b43fd9f5950c463988314" member_type: VOTER last_known_addr { host: "127.7.103.130" port: 32865 } } peers { permanent_uuid: "c9bf6cc7ce72436ba3563f72d3559b13" member_type: VOTER last_known_addr { host: "127.7.103.131" port: 34309 } attrs { replace: true } } peers { permanent_uuid: "88936eaada964a9cb0749ceaab4ca31d" member_type: VOTER last_known_addr { host: "127.7.103.132" port: 33543 } attrs { promote: false } } }
I20260608 09:48:59.826809 10904 raft_consensus.cc:2955] T c2ba289a74544ffca90ead190ace1a7d P 88936eaada964a9cb0749ceaab4ca31d [term 2 FOLLOWER]: Committing config change with OpId 2.4: config changed from index 3 to 4, 88936eaada964a9cb0749ceaab4ca31d (127.7.103.132) changed from NON_VOTER to VOTER. New config: { opid_index: 4 OBSOLETE_local: false peers { permanent_uuid: "4f3b31e6e78c4743963078c7df82aa6e" member_type: VOTER last_known_addr { host: "127.7.103.129" port: 36189 } } peers { permanent_uuid: "3dc9b277c91b43fd9f5950c463988314" member_type: VOTER last_known_addr { host: "127.7.103.130" port: 32865 } } peers { permanent_uuid: "c9bf6cc7ce72436ba3563f72d3559b13" member_type: VOTER last_known_addr { host: "127.7.103.131" port: 34309 } attrs { replace: true } } peers { permanent_uuid: "88936eaada964a9cb0749ceaab4ca31d" member_type: VOTER last_known_addr { host: "127.7.103.132" port: 33543 } attrs { promote: false } } }
I20260608 09:48:59.827894 10483 catalog_manager.cc:5696] T c2ba289a74544ffca90ead190ace1a7d P 4f3b31e6e78c4743963078c7df82aa6e reported cstate change: config changed from index 3 to 4, 88936eaada964a9cb0749ceaab4ca31d (127.7.103.132) changed from NON_VOTER to VOTER. New cstate: current_term: 2 leader_uuid: "3dc9b277c91b43fd9f5950c463988314" committed_config { opid_index: 4 OBSOLETE_local: false peers { permanent_uuid: "4f3b31e6e78c4743963078c7df82aa6e" member_type: VOTER last_known_addr { host: "127.7.103.129" port: 36189 } } peers { permanent_uuid: "3dc9b277c91b43fd9f5950c463988314" member_type: VOTER last_known_addr { host: "127.7.103.130" port: 32865 } } peers { permanent_uuid: "c9bf6cc7ce72436ba3563f72d3559b13" member_type: VOTER last_known_addr { host: "127.7.103.131" port: 34309 } attrs { replace: true } } peers { permanent_uuid: "88936eaada964a9cb0749ceaab4ca31d" member_type: VOTER last_known_addr { host: "127.7.103.132" port: 33543 } attrs { promote: false } } }
I20260608 09:48:59.840723 10738 raft_consensus.cc:1275] T cec75e9c8b6943b6aa6d81e3f27d2a5b P c9bf6cc7ce72436ba3563f72d3559b13 [term 2 FOLLOWER]: Refusing update from remote peer 88936eaada964a9cb0749ceaab4ca31d: Log matching property violated. Preceding OpId in replica: term: 1 index: 1. Preceding OpId from leader: term: 2 index: 2. (index mismatch)
I20260608 09:48:59.842563 11058 consensus_queue.cc:1048] T cec75e9c8b6943b6aa6d81e3f27d2a5b P 88936eaada964a9cb0749ceaab4ca31d [LEADER]: Connected to new peer: Peer: permanent_uuid: "c9bf6cc7ce72436ba3563f72d3559b13" member_type: VOTER last_known_addr { host: "127.7.103.131" port: 34309 }, Status: LMP_MISMATCH, Last received: 0.0, Next index: 2, Last known committed idx: 1, Time since last communication: 0.000s
I20260608 09:48:59.849893 10662 raft_consensus.cc:1275] T cec75e9c8b6943b6aa6d81e3f27d2a5b P 3dc9b277c91b43fd9f5950c463988314 [term 2 FOLLOWER]: Refusing update from remote peer 88936eaada964a9cb0749ceaab4ca31d: Log matching property violated. Preceding OpId in replica: term: 1 index: 1. Preceding OpId from leader: term: 2 index: 2. (index mismatch)
I20260608 09:48:59.851432 11058 consensus_queue.cc:1048] T cec75e9c8b6943b6aa6d81e3f27d2a5b P 88936eaada964a9cb0749ceaab4ca31d [LEADER]: Connected to new peer: Peer: permanent_uuid: "3dc9b277c91b43fd9f5950c463988314" member_type: VOTER last_known_addr { host: "127.7.103.130" port: 32865 }, Status: LMP_MISMATCH, Last received: 0.0, Next index: 2, Last known committed idx: 1, Time since last communication: 0.001s
I20260608 09:48:59.861204 10664 consensus_queue.cc:237] T c2ba289a74544ffca90ead190ace1a7d P 3dc9b277c91b43fd9f5950c463988314 [LEADER]: Queue going to LEADER mode. State: All replicated index: 0, Majority replicated index: 4, Committed index: 4, Last appended: 2.4, Last appended by leader: 1, Current term: 2, Majority size: 2, State: 0, Mode: LEADER, active raft config: opid_index: 5 OBSOLETE_local: false peers { permanent_uuid: "4f3b31e6e78c4743963078c7df82aa6e" member_type: VOTER last_known_addr { host: "127.7.103.129" port: 36189 } } peers { permanent_uuid: "3dc9b277c91b43fd9f5950c463988314" member_type: VOTER last_known_addr { host: "127.7.103.130" port: 32865 } } peers { permanent_uuid: "88936eaada964a9cb0749ceaab4ca31d" member_type: VOTER last_known_addr { host: "127.7.103.132" port: 33543 } attrs { promote: false } }
I20260608 09:48:59.870296 10902 raft_consensus.cc:1275] T c2ba289a74544ffca90ead190ace1a7d P 88936eaada964a9cb0749ceaab4ca31d [term 2 FOLLOWER]: Refusing update from remote peer 3dc9b277c91b43fd9f5950c463988314: Log matching property violated. Preceding OpId in replica: term: 2 index: 4. Preceding OpId from leader: term: 2 index: 5. (index mismatch)
I20260608 09:48:59.872560 10587 raft_consensus.cc:1275] T c2ba289a74544ffca90ead190ace1a7d P 4f3b31e6e78c4743963078c7df82aa6e [term 2 FOLLOWER]: Refusing update from remote peer 3dc9b277c91b43fd9f5950c463988314: Log matching property violated. Preceding OpId in replica: term: 2 index: 4. Preceding OpId from leader: term: 2 index: 5. (index mismatch)
I20260608 09:48:59.874643 11150 consensus_queue.cc:1048] T c2ba289a74544ffca90ead190ace1a7d P 3dc9b277c91b43fd9f5950c463988314 [LEADER]: Connected to new peer: Peer: permanent_uuid: "4f3b31e6e78c4743963078c7df82aa6e" member_type: VOTER last_known_addr { host: "127.7.103.129" port: 36189 }, Status: LMP_MISMATCH, Last received: 0.0, Next index: 5, Last known committed idx: 4, Time since last communication: 0.000s
I20260608 09:48:59.882380 11210 consensus_queue.cc:1048] T c2ba289a74544ffca90ead190ace1a7d P 3dc9b277c91b43fd9f5950c463988314 [LEADER]: Connected to new peer: Peer: permanent_uuid: "88936eaada964a9cb0749ceaab4ca31d" member_type: VOTER last_known_addr { host: "127.7.103.132" port: 33543 } attrs { promote: false }, Status: LMP_MISMATCH, Last received: 0.0, Next index: 5, Last known committed idx: 4, Time since last communication: 0.001s
I20260608 09:48:59.885638 11218 raft_consensus.cc:2955] T c2ba289a74544ffca90ead190ace1a7d P 3dc9b277c91b43fd9f5950c463988314 [term 2 LEADER]: Committing config change with OpId 2.5: config changed from index 4 to 5, VOTER c9bf6cc7ce72436ba3563f72d3559b13 (127.7.103.131) evicted. New config: { opid_index: 5 OBSOLETE_local: false peers { permanent_uuid: "4f3b31e6e78c4743963078c7df82aa6e" member_type: VOTER last_known_addr { host: "127.7.103.129" port: 36189 } } peers { permanent_uuid: "3dc9b277c91b43fd9f5950c463988314" member_type: VOTER last_known_addr { host: "127.7.103.130" port: 32865 } } peers { permanent_uuid: "88936eaada964a9cb0749ceaab4ca31d" member_type: VOTER last_known_addr { host: "127.7.103.132" port: 33543 } attrs { promote: false } } }
I20260608 09:48:59.895681 10586 raft_consensus.cc:2955] T c2ba289a74544ffca90ead190ace1a7d P 4f3b31e6e78c4743963078c7df82aa6e [term 2 FOLLOWER]: Committing config change with OpId 2.5: config changed from index 4 to 5, VOTER c9bf6cc7ce72436ba3563f72d3559b13 (127.7.103.131) evicted. New config: { opid_index: 5 OBSOLETE_local: false peers { permanent_uuid: "4f3b31e6e78c4743963078c7df82aa6e" member_type: VOTER last_known_addr { host: "127.7.103.129" port: 36189 } } peers { permanent_uuid: "3dc9b277c91b43fd9f5950c463988314" member_type: VOTER last_known_addr { host: "127.7.103.130" port: 32865 } } peers { permanent_uuid: "88936eaada964a9cb0749ceaab4ca31d" member_type: VOTER last_known_addr { host: "127.7.103.132" port: 33543 } attrs { promote: false } } }
I20260608 09:48:59.903318 10474 catalog_manager.cc:5209] ChangeConfig:REMOVE_PEER RPC for tablet c2ba289a74544ffca90ead190ace1a7d with cas_config_opid_index 4: ChangeConfig:REMOVE_PEER succeeded (attempt 1)
I20260608 09:48:59.908658 10485 catalog_manager.cc:5696] T c2ba289a74544ffca90ead190ace1a7d P 3dc9b277c91b43fd9f5950c463988314 reported cstate change: config changed from index 4 to 5, VOTER c9bf6cc7ce72436ba3563f72d3559b13 (127.7.103.131) evicted. New cstate: current_term: 2 leader_uuid: "3dc9b277c91b43fd9f5950c463988314" committed_config { opid_index: 5 OBSOLETE_local: false peers { permanent_uuid: "4f3b31e6e78c4743963078c7df82aa6e" member_type: VOTER last_known_addr { host: "127.7.103.129" port: 36189 } health_report { overall_health: HEALTHY } } peers { permanent_uuid: "3dc9b277c91b43fd9f5950c463988314" member_type: VOTER last_known_addr { host: "127.7.103.130" port: 32865 } health_report { overall_health: HEALTHY } } peers { permanent_uuid: "88936eaada964a9cb0749ceaab4ca31d" member_type: VOTER last_known_addr { host: "127.7.103.132" port: 33543 } attrs { promote: false } health_report { overall_health: UNKNOWN } } }
I20260608 09:48:59.910624 10902 raft_consensus.cc:2955] T c2ba289a74544ffca90ead190ace1a7d P 88936eaada964a9cb0749ceaab4ca31d [term 2 FOLLOWER]: Committing config change with OpId 2.5: config changed from index 4 to 5, VOTER c9bf6cc7ce72436ba3563f72d3559b13 (127.7.103.131) evicted. New config: { opid_index: 5 OBSOLETE_local: false peers { permanent_uuid: "4f3b31e6e78c4743963078c7df82aa6e" member_type: VOTER last_known_addr { host: "127.7.103.129" port: 36189 } } peers { permanent_uuid: "3dc9b277c91b43fd9f5950c463988314" member_type: VOTER last_known_addr { host: "127.7.103.130" port: 32865 } } peers { permanent_uuid: "88936eaada964a9cb0749ceaab4ca31d" member_type: VOTER last_known_addr { host: "127.7.103.132" port: 33543 } attrs { promote: false } } }
I20260608 09:48:59.923401 10725 tablet_service.cc:1558] Processing DeleteTablet for tablet c2ba289a74544ffca90ead190ace1a7d with delete_type TABLET_DATA_TOMBSTONED (TS c9bf6cc7ce72436ba3563f72d3559b13 not found in new config with opid_index 5) from {username='slave'} at 127.0.0.1:40276
I20260608 09:48:59.925997 11234 tablet_replica.cc:333] T c2ba289a74544ffca90ead190ace1a7d P c9bf6cc7ce72436ba3563f72d3559b13: stopping tablet replica
I20260608 09:48:59.927380 11234 raft_consensus.cc:2243] T c2ba289a74544ffca90ead190ace1a7d P c9bf6cc7ce72436ba3563f72d3559b13 [term 2 FOLLOWER]: Raft consensus shutting down.
I20260608 09:48:59.928151 11234 raft_consensus.cc:2272] T c2ba289a74544ffca90ead190ace1a7d P c9bf6cc7ce72436ba3563f72d3559b13 [term 2 FOLLOWER]: Raft consensus is shut down!
I20260608 09:48:59.931202 11234 ts_tablet_manager.cc:1916] T c2ba289a74544ffca90ead190ace1a7d P c9bf6cc7ce72436ba3563f72d3559b13: Deleting tablet data with delete state TABLET_DATA_TOMBSTONED
I20260608 09:48:59.943356 11234 ts_tablet_manager.cc:1929] T c2ba289a74544ffca90ead190ace1a7d P c9bf6cc7ce72436ba3563f72d3559b13: tablet deleted with delete type TABLET_DATA_TOMBSTONED: last-logged OpId 2.4
I20260608 09:48:59.943768 11234 log.cc:1199] T c2ba289a74544ffca90ead190ace1a7d P c9bf6cc7ce72436ba3563f72d3559b13: Deleting WAL directory at /tmp/dist-test-taskSTVyfr/test-tmp/auto_rebalancer-test.0.AutoRebalancerTest.RangeAwareRebalancesNewRangeReplicas.1780912041608879-7582-0/minicluster-data/ts-2-root/wals/c2ba289a74544ffca90ead190ace1a7d
I20260608 09:48:59.945276 10472 catalog_manager.cc:5027] TS c9bf6cc7ce72436ba3563f72d3559b13 (127.7.103.131:34309): tablet c2ba289a74544ffca90ead190ace1a7d (table range_aware_rebalance_new_range [id=ae8841845c774b2ead089af1f885b8aa]) successfully deleted
I20260608 09:49:00.621272  7582 tablet_server.cc:179] TabletServer@127.7.103.129:0 shutting down...
I20260608 09:49:00.646826  7582 ts_tablet_manager.cc:1507] Shutting down tablet manager...
I20260608 09:49:00.647593  7582 tablet_replica.cc:333] T 824fdb7fa7984e489ba92d80eb73816e P 4f3b31e6e78c4743963078c7df82aa6e: stopping tablet replica
I20260608 09:49:00.648347  7582 raft_consensus.cc:2243] T 824fdb7fa7984e489ba92d80eb73816e P 4f3b31e6e78c4743963078c7df82aa6e [term 1 FOLLOWER]: Raft consensus shutting down.
I20260608 09:49:00.648953  7582 raft_consensus.cc:2272] T 824fdb7fa7984e489ba92d80eb73816e P 4f3b31e6e78c4743963078c7df82aa6e [term 1 FOLLOWER]: Raft consensus is shut down!
I20260608 09:49:00.651657  7582 tablet_replica.cc:333] T db72ce0d2e0a429c94401653b4a385f4 P 4f3b31e6e78c4743963078c7df82aa6e: stopping tablet replica
W20260608 09:49:00.651561 10701 proxy.cc:239] Call had error, refreshing address and retrying: Remote error: Service unavailable: service kudu.consensus.ConsensusService not registered on TabletServer [suppressed 6 similar messages]
I20260608 09:49:00.652688  7582 raft_consensus.cc:2243] T db72ce0d2e0a429c94401653b4a385f4 P 4f3b31e6e78c4743963078c7df82aa6e [term 2 LEADER]: Raft consensus shutting down.
I20260608 09:49:00.653614  7582 raft_consensus.cc:2272] T db72ce0d2e0a429c94401653b4a385f4 P 4f3b31e6e78c4743963078c7df82aa6e [term 2 FOLLOWER]: Raft consensus is shut down!
W20260608 09:49:00.654814 10701 consensus_peers.cc:597] T ff7b5117cc14439baecd197c8eec3079 P c9bf6cc7ce72436ba3563f72d3559b13 -> Peer 4f3b31e6e78c4743963078c7df82aa6e (127.7.103.129:36189): Couldn't send request to peer 4f3b31e6e78c4743963078c7df82aa6e. Status: Remote error: Service unavailable: service kudu.consensus.ConsensusService not registered on TabletServer. This is attempt 1: this message will repeat every 5th retry.
I20260608 09:49:00.656062  7582 tablet_replica.cc:333] T d863fff59f784c0fba9da2d595a0f36b P 4f3b31e6e78c4743963078c7df82aa6e: stopping tablet replica
I20260608 09:49:00.656605  7582 raft_consensus.cc:2243] T d863fff59f784c0fba9da2d595a0f36b P 4f3b31e6e78c4743963078c7df82aa6e [term 2 FOLLOWER]: Raft consensus shutting down.
I20260608 09:49:00.656963  7582 raft_consensus.cc:2272] T d863fff59f784c0fba9da2d595a0f36b P 4f3b31e6e78c4743963078c7df82aa6e [term 2 FOLLOWER]: Raft consensus is shut down!
