I20260608 09:52:32.950855  3231 pending_rounds.cc:77] T a105293de9e049d2b602574a2554f21e P 9e37296aba994dafb930059bf4c87e9f: Aborting op as it isn't in flight: id { term: 1 index: 1 } timestamp: 7294616996861665280 op_type: NO_OP noop_request { }
I20260608 09:52:32.951122  3231 raft_consensus.cc:2889] T a105293de9e049d2b602574a2554f21e P 9e37296aba994dafb930059bf4c87e9f [term 1 LEADER]: NO_OP replication failed: Aborted: Op aborted
I20260608 09:52:32.951393  3231 raft_consensus.cc:2272] T a105293de9e049d2b602574a2554f21e P 9e37296aba994dafb930059bf4c87e9f [term 1 FOLLOWER]: Raft consensus is shut down!
I20260608 09:52:32.953478  3231 tablet_replica.cc:333] T 12ed229948ea41f4a3ab0c6299706907 P 9e37296aba994dafb930059bf4c87e9f: stopping tablet replica
I20260608 09:52:32.953950  3231 raft_consensus.cc:2243] T 12ed229948ea41f4a3ab0c6299706907 P 9e37296aba994dafb930059bf4c87e9f [term 1 FOLLOWER]: Raft consensus shutting down.
I20260608 09:52:32.954308  3231 raft_consensus.cc:2272] T 12ed229948ea41f4a3ab0c6299706907 P 9e37296aba994dafb930059bf4c87e9f [term 1 FOLLOWER]: Raft consensus is shut down!
I20260608 09:52:32.975605  3231 tablet_server.cc:196] TabletServer@127.3.39.195:0 shutdown complete.
I20260608 09:52:32.986225  3231 master.cc:562] Master@127.3.39.254:34139 shutting down...
I20260608 09:52:33.001207  3231 raft_consensus.cc:2243] T 00000000000000000000000000000000 P 4612f2228fe44045b39dcbf3e04efba5 [term 1 LEADER]: Raft consensus shutting down.
I20260608 09:52:33.001717  3231 raft_consensus.cc:2272] T 00000000000000000000000000000000 P 4612f2228fe44045b39dcbf3e04efba5 [term 1 FOLLOWER]: Raft consensus is shut down!
I20260608 09:52:33.001989  3231 tablet_replica.cc:333] T 00000000000000000000000000000000 P 4612f2228fe44045b39dcbf3e04efba5: stopping tablet replica
I20260608 09:52:33.019891  3231 master.cc:584] Master@127.3.39.254:34139 shutdown complete.
[       OK ] AutoRebalancerTest.RangeAwareBuildClusterInfoGroupsByRange (2267 ms)
[ RUN      ] AutoRebalancerTest.RangeAwareRebalancesNewRangeReplicas
I20260608 09:52:33.050225  3231 internal_mini_cluster.cc:156] Creating distributed mini masters. Addrs: 127.3.39.254:37373
I20260608 09:52:33.051290  3231 file_cache.cc:492] Constructed file cache file cache with capacity 419430
W20260608 09:52:33.056133  6066 instance_detector.cc:116] could not retrieve AWS instance metadata: Network error: curl error: HTTP response code said error: The requested URL returned error: 404
W20260608 09:52:33.056515  6067 instance_detector.cc:116] could not retrieve Azure instance metadata: Network error: curl error: HTTP response code said error: The requested URL returned error: 404
W20260608 09:52:33.057910  6069 instance_detector.cc:116] could not retrieve OpenStack instance metadata: Network error: curl error: HTTP response code said error: The requested URL returned error: 404
I20260608 09:52:33.058687  3231 server_base.cc:1061] running on GCE node
I20260608 09:52:33.059594  3231 hybrid_clock.cc:584] initializing the hybrid clock with 'system_unsync' time source
W20260608 09:52:33.059841  3231 system_unsync_time.cc:38] NTP support is disabled. Clock error bounds will not be accurate. This configuration is not suitable for distributed clusters.
I20260608 09:52:33.059976  3231 hybrid_clock.cc:648] HybridClock initialized: now 1780912353059958 us; error 0 us; skew 500 ppm
I20260608 09:52:33.060532  3231 server_base.cc:861] Flag tcmalloc_max_total_thread_cache_bytes is not working since tcmalloc is not enabled.
I20260608 09:52:33.062680  3231 webserver.cc:533] Webserver started at http://127.3.39.254:45217/ using document root <none> and password file <none>
I20260608 09:52:33.063117  3231 fs_manager.cc:362] Metadata directory not provided
I20260608 09:52:33.063268  3231 fs_manager.cc:368] Using write-ahead log directory (fs_wal_dir) as metadata directory
I20260608 09:52:33.063482  3231 server_base.cc:909] This appears to be a new deployment of Kudu; creating new FS layout
I20260608 09:52:33.064630  3231 fs_manager.cc:1068] Generated new instance metadata in path /tmp/dist-test-taskPd7bD6/test-tmp/auto_rebalancer-test.0.AutoRebalancerTest.RangeAwareRebalancesNewRangeReplicas.1780912277227931-3231-0/minicluster-data/master-0-root/instance:
uuid: "ef2c0025d47645078122ae4967190294"
format_stamp: "Formatted at 2026-06-08 09:52:33 on dist-test-slave-vz1x"
I20260608 09:52:33.068933  3231 fs_manager.cc:696] Time spent creating directory manager: real 0.004s	user 0.004s	sys 0.000s
I20260608 09:52:33.072162  6074 log_block_manager.cc:4031] Time spent loading block containers with low live blocks: real 0.000s	user 0.000s	sys 0.000s
I20260608 09:52:33.072901  3231 fs_manager.cc:730] Time spent opening block manager: real 0.002s	user 0.001s	sys 0.002s
I20260608 09:52:33.073182  3231 fs_manager.cc:647] Opened local filesystem: /tmp/dist-test-taskPd7bD6/test-tmp/auto_rebalancer-test.0.AutoRebalancerTest.RangeAwareRebalancesNewRangeReplicas.1780912277227931-3231-0/minicluster-data/master-0-root
uuid: "ef2c0025d47645078122ae4967190294"
format_stamp: "Formatted at 2026-06-08 09:52:33 on dist-test-slave-vz1x"
I20260608 09:52:33.073469  3231 fs_report.cc:389] FS layout report
--------------------
wal directory: /tmp/dist-test-taskPd7bD6/test-tmp/auto_rebalancer-test.0.AutoRebalancerTest.RangeAwareRebalancesNewRangeReplicas.1780912277227931-3231-0/minicluster-data/master-0-root
metadata directory: /tmp/dist-test-taskPd7bD6/test-tmp/auto_rebalancer-test.0.AutoRebalancerTest.RangeAwareRebalancesNewRangeReplicas.1780912277227931-3231-0/minicluster-data/master-0-root
1 data directories: /tmp/dist-test-taskPd7bD6/test-tmp/auto_rebalancer-test.0.AutoRebalancerTest.RangeAwareRebalancesNewRangeReplicas.1780912277227931-3231-0/minicluster-data/master-0-root/data
Total live blocks: 0
Total live bytes: 0
Total live bytes (after alignment): 0
Total number of LBM containers: 0 (0 full)
Did not check for missing blocks
Did not check for orphaned blocks
Total full LBM containers with extra space: 0 (0 repaired)
Total full LBM container extra space in bytes: 0 (0 repaired)
Total incomplete LBM containers: 0 (0 repaired)
Total LBM partial records: 0 (0 repaired)
Total corrupted LBM metadata records in RocksDB: 0 (0 repaired)
I20260608 09:52:33.095718  3231 rpc_server.cc:225] running with OpenSSL 1.1.1  11 Sep 2018
I20260608 09:52:33.096822  3231 kserver.cc:163] Server-wide thread pool size limit: 3276
I20260608 09:52:33.143514  3231 rpc_server.cc:307] RPC server started. Bound to: 127.3.39.254:37373
I20260608 09:52:33.143611  6125 acceptor_pool.cc:272] collecting diagnostics on the listening RPC socket 127.3.39.254:37373 every 8 connection(s)
I20260608 09:52:33.147432  6126 data_dirs.cc:400] Could only allocate 1 dirs of requested 3 for tablet 00000000000000000000000000000000. 1 dirs total, 0 dirs full, 0 dirs failed
I20260608 09:52:33.157269  6126 tablet_bootstrap.cc:492] T 00000000000000000000000000000000 P ef2c0025d47645078122ae4967190294: Bootstrap starting.
I20260608 09:52:33.161643  6126 tablet_bootstrap.cc:654] T 00000000000000000000000000000000 P ef2c0025d47645078122ae4967190294: Neither blocks nor log segments found. Creating new log.
I20260608 09:52:33.165511  6126 tablet_bootstrap.cc:492] T 00000000000000000000000000000000 P ef2c0025d47645078122ae4967190294: No bootstrap required, opened a new log
I20260608 09:52:33.167498  6126 raft_consensus.cc:359] T 00000000000000000000000000000000 P ef2c0025d47645078122ae4967190294 [term 0 FOLLOWER]: Replica starting. Triggering 0 pending ops. Active config: opid_index: -1 OBSOLETE_local: true peers { permanent_uuid: "ef2c0025d47645078122ae4967190294" member_type: VOTER }
I20260608 09:52:33.167922  6126 raft_consensus.cc:385] T 00000000000000000000000000000000 P ef2c0025d47645078122ae4967190294 [term 0 FOLLOWER]: Consensus starting up: Expiring failure detector timer to make a prompt election more likely
I20260608 09:52:33.168159  6126 raft_consensus.cc:740] T 00000000000000000000000000000000 P ef2c0025d47645078122ae4967190294 [term 0 FOLLOWER]: Becoming Follower/Learner. State: Replica: ef2c0025d47645078122ae4967190294, State: Initialized, Role: FOLLOWER
I20260608 09:52:33.168733  6126 consensus_queue.cc:260] T 00000000000000000000000000000000 P ef2c0025d47645078122ae4967190294 [NON_LEADER]: Queue going to NON_LEADER mode. State: All replicated index: 0, Majority replicated index: 0, Committed index: 0, Last appended: 0.0, Last appended by leader: 0, Current term: 0, Majority size: -1, State: 0, Mode: NON_LEADER, active raft config: opid_index: -1 OBSOLETE_local: true peers { permanent_uuid: "ef2c0025d47645078122ae4967190294" member_type: VOTER }
I20260608 09:52:33.169190  6126 raft_consensus.cc:399] T 00000000000000000000000000000000 P ef2c0025d47645078122ae4967190294 [term 0 FOLLOWER]: Only one voter in the Raft config. Triggering election immediately
I20260608 09:52:33.169412  6126 raft_consensus.cc:493] T 00000000000000000000000000000000 P ef2c0025d47645078122ae4967190294 [term 0 FOLLOWER]: Starting leader election (initial election of a single-replica configuration)
I20260608 09:52:33.169696  6126 raft_consensus.cc:3060] T 00000000000000000000000000000000 P ef2c0025d47645078122ae4967190294 [term 0 FOLLOWER]: Advancing to term 1
I20260608 09:52:33.173753  6126 raft_consensus.cc:515] T 00000000000000000000000000000000 P ef2c0025d47645078122ae4967190294 [term 1 FOLLOWER]: Starting leader election with config: opid_index: -1 OBSOLETE_local: true peers { permanent_uuid: "ef2c0025d47645078122ae4967190294" member_type: VOTER }
I20260608 09:52:33.174268  6126 leader_election.cc:304] T 00000000000000000000000000000000 P ef2c0025d47645078122ae4967190294 [CANDIDATE]: Term 1 election: Election decided. Result: candidate won. Election summary: received 1 responses out of 1 voters: 1 yes votes; 0 no votes. yes voters: ef2c0025d47645078122ae4967190294; no voters: 
I20260608 09:52:33.175542  6126 leader_election.cc:290] T 00000000000000000000000000000000 P ef2c0025d47645078122ae4967190294 [CANDIDATE]: Term 1 election: Requested vote from peers 
I20260608 09:52:33.175930  6129 raft_consensus.cc:2804] T 00000000000000000000000000000000 P ef2c0025d47645078122ae4967190294 [term 1 FOLLOWER]: Leader election won for term 1
I20260608 09:52:33.177266  6129 raft_consensus.cc:697] T 00000000000000000000000000000000 P ef2c0025d47645078122ae4967190294 [term 1 LEADER]: Becoming Leader. State: Replica: ef2c0025d47645078122ae4967190294, State: Running, Role: LEADER
I20260608 09:52:33.177982  6129 consensus_queue.cc:237] T 00000000000000000000000000000000 P ef2c0025d47645078122ae4967190294 [LEADER]: Queue going to LEADER mode. State: All replicated index: 0, Majority replicated index: 0, Committed index: 0, Last appended: 0.0, Last appended by leader: 0, Current term: 1, Majority size: 1, State: 0, Mode: LEADER, active raft config: opid_index: -1 OBSOLETE_local: true peers { permanent_uuid: "ef2c0025d47645078122ae4967190294" member_type: VOTER }
I20260608 09:52:33.178539  6126 sys_catalog.cc:565] T 00000000000000000000000000000000 P ef2c0025d47645078122ae4967190294 [sys.catalog]: configured and running, proceeding with master startup.
I20260608 09:52:33.180729  6130 sys_catalog.cc:455] T 00000000000000000000000000000000 P ef2c0025d47645078122ae4967190294 [sys.catalog]: SysCatalogTable state changed. Reason: RaftConsensus started. Latest consensus state: current_term: 1 leader_uuid: "ef2c0025d47645078122ae4967190294" committed_config { opid_index: -1 OBSOLETE_local: true peers { permanent_uuid: "ef2c0025d47645078122ae4967190294" member_type: VOTER } }
I20260608 09:52:33.180745  6131 sys_catalog.cc:455] T 00000000000000000000000000000000 P ef2c0025d47645078122ae4967190294 [sys.catalog]: SysCatalogTable state changed. Reason: New leader ef2c0025d47645078122ae4967190294. Latest consensus state: current_term: 1 leader_uuid: "ef2c0025d47645078122ae4967190294" committed_config { opid_index: -1 OBSOLETE_local: true peers { permanent_uuid: "ef2c0025d47645078122ae4967190294" member_type: VOTER } }
I20260608 09:52:33.181402  6130 sys_catalog.cc:458] T 00000000000000000000000000000000 P ef2c0025d47645078122ae4967190294 [sys.catalog]: This master's current role is: LEADER
I20260608 09:52:33.181509  6131 sys_catalog.cc:458] T 00000000000000000000000000000000 P ef2c0025d47645078122ae4967190294 [sys.catalog]: This master's current role is: LEADER
I20260608 09:52:33.184947  6134 catalog_manager.cc:1510] Loading table and tablet metadata into memory...
I20260608 09:52:33.189922  6134 catalog_manager.cc:1519] Initializing Kudu cluster ID...
I20260608 09:52:33.193828  3231 internal_mini_cluster.cc:184] Waiting to initialize catalog manager on master 0
I20260608 09:52:33.198851  6134 catalog_manager.cc:1382] Generated new cluster ID: cb3fe1e0300541beb10323da74e61206
I20260608 09:52:33.199119  6134 catalog_manager.cc:1530] Initializing Kudu internal certificate authority...
I20260608 09:52:33.228266  6134 catalog_manager.cc:1405] Generated new certificate authority record
I20260608 09:52:33.229557  6134 catalog_manager.cc:1539] Loading token signing keys...
I20260608 09:52:33.245390  6134 catalog_manager.cc:6069] T 00000000000000000000000000000000 P ef2c0025d47645078122ae4967190294: Generated new TSK 0
I20260608 09:52:33.245998  6134 catalog_manager.cc:1549] Initializing in-progress tserver states...
I20260608 09:52:33.260195  3231 file_cache.cc:492] Constructed file cache file cache with capacity 419430
W20260608 09:52:33.265844  6147 instance_detector.cc:116] could not retrieve AWS instance metadata: Network error: curl error: HTTP response code said error: The requested URL returned error: 404
W20260608 09:52:33.267253  6148 instance_detector.cc:116] could not retrieve Azure instance metadata: Network error: curl error: HTTP response code said error: The requested URL returned error: 404
W20260608 09:52:33.268460  6150 instance_detector.cc:116] could not retrieve OpenStack instance metadata: Network error: curl error: HTTP response code said error: The requested URL returned error: 404
I20260608 09:52:33.269120  3231 server_base.cc:1061] running on GCE node
I20260608 09:52:33.269814  3231 hybrid_clock.cc:584] initializing the hybrid clock with 'system_unsync' time source
W20260608 09:52:33.269991  3231 system_unsync_time.cc:38] NTP support is disabled. Clock error bounds will not be accurate. This configuration is not suitable for distributed clusters.
I20260608 09:52:33.270112  3231 hybrid_clock.cc:648] HybridClock initialized: now 1780912353270101 us; error 0 us; skew 500 ppm
I20260608 09:52:33.270617  3231 server_base.cc:861] Flag tcmalloc_max_total_thread_cache_bytes is not working since tcmalloc is not enabled.
I20260608 09:52:33.272889  3231 webserver.cc:533] Webserver started at http://127.3.39.193:42487/ using document root <none> and password file <none>
I20260608 09:52:33.273370  3231 fs_manager.cc:362] Metadata directory not provided
I20260608 09:52:33.273521  3231 fs_manager.cc:368] Using write-ahead log directory (fs_wal_dir) as metadata directory
I20260608 09:52:33.273731  3231 server_base.cc:909] This appears to be a new deployment of Kudu; creating new FS layout
I20260608 09:52:33.274765  3231 fs_manager.cc:1068] Generated new instance metadata in path /tmp/dist-test-taskPd7bD6/test-tmp/auto_rebalancer-test.0.AutoRebalancerTest.RangeAwareRebalancesNewRangeReplicas.1780912277227931-3231-0/minicluster-data/ts-0-root/instance:
uuid: "dd1a0fe4ab474721b809a9d6685632e5"
format_stamp: "Formatted at 2026-06-08 09:52:33 on dist-test-slave-vz1x"
I20260608 09:52:33.279350  3231 fs_manager.cc:696] Time spent creating directory manager: real 0.004s	user 0.006s	sys 0.000s
I20260608 09:52:33.282740  6155 log_block_manager.cc:4031] Time spent loading block containers with low live blocks: real 0.000s	user 0.000s	sys 0.000s
I20260608 09:52:33.283504  3231 fs_manager.cc:730] Time spent opening block manager: real 0.002s	user 0.003s	sys 0.000s
I20260608 09:52:33.283859  3231 fs_manager.cc:647] Opened local filesystem: /tmp/dist-test-taskPd7bD6/test-tmp/auto_rebalancer-test.0.AutoRebalancerTest.RangeAwareRebalancesNewRangeReplicas.1780912277227931-3231-0/minicluster-data/ts-0-root
uuid: "dd1a0fe4ab474721b809a9d6685632e5"
format_stamp: "Formatted at 2026-06-08 09:52:33 on dist-test-slave-vz1x"
I20260608 09:52:33.284157  3231 fs_report.cc:389] FS layout report
--------------------
wal directory: /tmp/dist-test-taskPd7bD6/test-tmp/auto_rebalancer-test.0.AutoRebalancerTest.RangeAwareRebalancesNewRangeReplicas.1780912277227931-3231-0/minicluster-data/ts-0-root
metadata directory: /tmp/dist-test-taskPd7bD6/test-tmp/auto_rebalancer-test.0.AutoRebalancerTest.RangeAwareRebalancesNewRangeReplicas.1780912277227931-3231-0/minicluster-data/ts-0-root
1 data directories: /tmp/dist-test-taskPd7bD6/test-tmp/auto_rebalancer-test.0.AutoRebalancerTest.RangeAwareRebalancesNewRangeReplicas.1780912277227931-3231-0/minicluster-data/ts-0-root/data
Total live blocks: 0
Total live bytes: 0
Total live bytes (after alignment): 0
Total number of LBM containers: 0 (0 full)
Did not check for missing blocks
Did not check for orphaned blocks
Total full LBM containers with extra space: 0 (0 repaired)
Total full LBM container extra space in bytes: 0 (0 repaired)
Total incomplete LBM containers: 0 (0 repaired)
Total LBM partial records: 0 (0 repaired)
Total corrupted LBM metadata records in RocksDB: 0 (0 repaired)
I20260608 09:52:33.308284  3231 rpc_server.cc:225] running with OpenSSL 1.1.1  11 Sep 2018
I20260608 09:52:33.309458  3231 kserver.cc:163] Server-wide thread pool size limit: 3276
I20260608 09:52:33.310873  3231 txn_system_client.cc:432] TxnSystemClient initialization is disabled...
I20260608 09:52:33.313158  3231 ts_tablet_manager.cc:585] Loaded tablet metadata (0 total tablets, 0 live tablets)
I20260608 09:52:33.313400  3231 ts_tablet_manager.cc:531] Time spent load tablet metadata: real 0.000s	user 0.000s	sys 0.000s
I20260608 09:52:33.313638  3231 ts_tablet_manager.cc:616] Registered 0 tablets
I20260608 09:52:33.313808  3231 ts_tablet_manager.cc:595] Time spent register tablets: real 0.000s	user 0.000s	sys 0.000s
I20260608 09:52:33.352550  3231 rpc_server.cc:307] RPC server started. Bound to: 127.3.39.193:45931
I20260608 09:52:33.352669  6217 acceptor_pool.cc:272] collecting diagnostics on the listening RPC socket 127.3.39.193:45931 every 8 connection(s)
I20260608 09:52:33.357836  3231 file_cache.cc:492] Constructed file cache file cache with capacity 419430
W20260608 09:52:33.365738  6222 instance_detector.cc:116] could not retrieve AWS instance metadata: Network error: curl error: HTTP response code said error: The requested URL returned error: 404
W20260608 09:52:33.367324  6223 instance_detector.cc:116] could not retrieve Azure instance metadata: Network error: curl error: HTTP response code said error: The requested URL returned error: 404
W20260608 09:52:33.369202  6225 instance_detector.cc:116] could not retrieve OpenStack instance metadata: Network error: curl error: HTTP response code said error: The requested URL returned error: 404
I20260608 09:52:33.370205  3231 server_base.cc:1061] running on GCE node
I20260608 09:52:33.371251  3231 hybrid_clock.cc:584] initializing the hybrid clock with 'system_unsync' time source
W20260608 09:52:33.371552  3231 system_unsync_time.cc:38] NTP support is disabled. Clock error bounds will not be accurate. This configuration is not suitable for distributed clusters.
I20260608 09:52:33.371798  3231 hybrid_clock.cc:648] HybridClock initialized: now 1780912353371779 us; error 0 us; skew 500 ppm
I20260608 09:52:33.372536  3231 server_base.cc:861] Flag tcmalloc_max_total_thread_cache_bytes is not working since tcmalloc is not enabled.
I20260608 09:52:33.372494  6218 heartbeater.cc:344] Connected to a master server at 127.3.39.254:37373
I20260608 09:52:33.373101  6218 heartbeater.cc:461] Registering TS with master...
I20260608 09:52:33.373989  6218 heartbeater.cc:507] Master 127.3.39.254:37373 requested a full tablet report, sending...
I20260608 09:52:33.375517  3231 webserver.cc:533] Webserver started at http://127.3.39.194:41953/ using document root <none> and password file <none>
I20260608 09:52:33.376207  3231 fs_manager.cc:362] Metadata directory not provided
I20260608 09:52:33.376418  3231 fs_manager.cc:368] Using write-ahead log directory (fs_wal_dir) as metadata directory
I20260608 09:52:33.376314  6091 ts_manager.cc:194] Registered new tserver with Master: dd1a0fe4ab474721b809a9d6685632e5 (127.3.39.193:45931)
I20260608 09:52:33.376820  3231 server_base.cc:909] This appears to be a new deployment of Kudu; creating new FS layout
I20260608 09:52:33.377915  3231 fs_manager.cc:1068] Generated new instance metadata in path /tmp/dist-test-taskPd7bD6/test-tmp/auto_rebalancer-test.0.AutoRebalancerTest.RangeAwareRebalancesNewRangeReplicas.1780912277227931-3231-0/minicluster-data/ts-1-root/instance:
uuid: "c2108e8b306d46e8b3c91f380370b4c0"
format_stamp: "Formatted at 2026-06-08 09:52:33 on dist-test-slave-vz1x"
I20260608 09:52:33.378305  6091 master_service.cc:502] Signed X509 certificate for tserver {username='slave'} at 127.0.0.1:48662
I20260608 09:52:33.382577  3231 fs_manager.cc:696] Time spent creating directory manager: real 0.004s	user 0.006s	sys 0.000s
I20260608 09:52:33.386072  6230 log_block_manager.cc:4031] Time spent loading block containers with low live blocks: real 0.000s	user 0.000s	sys 0.000s
I20260608 09:52:33.386785  3231 fs_manager.cc:730] Time spent opening block manager: real 0.002s	user 0.002s	sys 0.000s
I20260608 09:52:33.387080  3231 fs_manager.cc:647] Opened local filesystem: /tmp/dist-test-taskPd7bD6/test-tmp/auto_rebalancer-test.0.AutoRebalancerTest.RangeAwareRebalancesNewRangeReplicas.1780912277227931-3231-0/minicluster-data/ts-1-root
uuid: "c2108e8b306d46e8b3c91f380370b4c0"
format_stamp: "Formatted at 2026-06-08 09:52:33 on dist-test-slave-vz1x"
I20260608 09:52:33.387342  3231 fs_report.cc:389] FS layout report
--------------------
wal directory: /tmp/dist-test-taskPd7bD6/test-tmp/auto_rebalancer-test.0.AutoRebalancerTest.RangeAwareRebalancesNewRangeReplicas.1780912277227931-3231-0/minicluster-data/ts-1-root
metadata directory: /tmp/dist-test-taskPd7bD6/test-tmp/auto_rebalancer-test.0.AutoRebalancerTest.RangeAwareRebalancesNewRangeReplicas.1780912277227931-3231-0/minicluster-data/ts-1-root
1 data directories: /tmp/dist-test-taskPd7bD6/test-tmp/auto_rebalancer-test.0.AutoRebalancerTest.RangeAwareRebalancesNewRangeReplicas.1780912277227931-3231-0/minicluster-data/ts-1-root/data
Total live blocks: 0
Total live bytes: 0
Total live bytes (after alignment): 0
Total number of LBM containers: 0 (0 full)
Did not check for missing blocks
Did not check for orphaned blocks
Total full LBM containers with extra space: 0 (0 repaired)
Total full LBM container extra space in bytes: 0 (0 repaired)
Total incomplete LBM containers: 0 (0 repaired)
Total LBM partial records: 0 (0 repaired)
Total corrupted LBM metadata records in RocksDB: 0 (0 repaired)
I20260608 09:52:33.408399  3231 rpc_server.cc:225] running with OpenSSL 1.1.1  11 Sep 2018
I20260608 09:52:33.409511  3231 kserver.cc:163] Server-wide thread pool size limit: 3276
I20260608 09:52:33.410923  3231 txn_system_client.cc:432] TxnSystemClient initialization is disabled...
I20260608 09:52:33.413265  3231 ts_tablet_manager.cc:585] Loaded tablet metadata (0 total tablets, 0 live tablets)
I20260608 09:52:33.413507  3231 ts_tablet_manager.cc:531] Time spent load tablet metadata: real 0.000s	user 0.000s	sys 0.000s
I20260608 09:52:33.413757  3231 ts_tablet_manager.cc:616] Registered 0 tablets
I20260608 09:52:33.413936  3231 ts_tablet_manager.cc:595] Time spent register tablets: real 0.000s	user 0.000s	sys 0.000s
I20260608 09:52:33.451926  3231 rpc_server.cc:307] RPC server started. Bound to: 127.3.39.194:41231
I20260608 09:52:33.451994  6292 acceptor_pool.cc:272] collecting diagnostics on the listening RPC socket 127.3.39.194:41231 every 8 connection(s)
I20260608 09:52:33.456984  3231 file_cache.cc:492] Constructed file cache file cache with capacity 419430
W20260608 09:52:33.463845  6296 instance_detector.cc:116] could not retrieve AWS instance metadata: Network error: curl error: HTTP response code said error: The requested URL returned error: 404
W20260608 09:52:33.464715  6297 instance_detector.cc:116] could not retrieve Azure instance metadata: Network error: curl error: HTTP response code said error: The requested URL returned error: 404
W20260608 09:52:33.468039  6299 instance_detector.cc:116] could not retrieve OpenStack instance metadata: Network error: curl error: HTTP response code said error: The requested URL returned error: 404
I20260608 09:52:33.468869  3231 server_base.cc:1061] running on GCE node
I20260608 09:52:33.469411  6293 heartbeater.cc:344] Connected to a master server at 127.3.39.254:37373
I20260608 09:52:33.469805  6293 heartbeater.cc:461] Registering TS with master...
I20260608 09:52:33.469847  3231 hybrid_clock.cc:584] initializing the hybrid clock with 'system_unsync' time source
W20260608 09:52:33.470172  3231 system_unsync_time.cc:38] NTP support is disabled. Clock error bounds will not be accurate. This configuration is not suitable for distributed clusters.
I20260608 09:52:33.470347  3231 hybrid_clock.cc:648] HybridClock initialized: now 1780912353470313 us; error 0 us; skew 500 ppm
I20260608 09:52:33.470710  6293 heartbeater.cc:507] Master 127.3.39.254:37373 requested a full tablet report, sending...
I20260608 09:52:33.471050  3231 server_base.cc:861] Flag tcmalloc_max_total_thread_cache_bytes is not working since tcmalloc is not enabled.
I20260608 09:52:33.472915  6091 ts_manager.cc:194] Registered new tserver with Master: c2108e8b306d46e8b3c91f380370b4c0 (127.3.39.194:41231)
I20260608 09:52:33.473754  3231 webserver.cc:533] Webserver started at http://127.3.39.195:39449/ using document root <none> and password file <none>
I20260608 09:52:33.474303  3231 fs_manager.cc:362] Metadata directory not provided
I20260608 09:52:33.474496  3231 fs_manager.cc:368] Using write-ahead log directory (fs_wal_dir) as metadata directory
I20260608 09:52:33.474468  6091 master_service.cc:502] Signed X509 certificate for tserver {username='slave'} at 127.0.0.1:48668
I20260608 09:52:33.475032  3231 server_base.cc:909] This appears to be a new deployment of Kudu; creating new FS layout
I20260608 09:52:33.476390  3231 fs_manager.cc:1068] Generated new instance metadata in path /tmp/dist-test-taskPd7bD6/test-tmp/auto_rebalancer-test.0.AutoRebalancerTest.RangeAwareRebalancesNewRangeReplicas.1780912277227931-3231-0/minicluster-data/ts-2-root/instance:
uuid: "64ba4387b55e4547a9d78c32d4563c65"
format_stamp: "Formatted at 2026-06-08 09:52:33 on dist-test-slave-vz1x"
I20260608 09:52:33.480938  3231 fs_manager.cc:696] Time spent creating directory manager: real 0.004s	user 0.004s	sys 0.000s
I20260608 09:52:33.484328  6304 log_block_manager.cc:4031] Time spent loading block containers with low live blocks: real 0.000s	user 0.000s	sys 0.000s
I20260608 09:52:33.485105  3231 fs_manager.cc:730] Time spent opening block manager: real 0.002s	user 0.002s	sys 0.001s
I20260608 09:52:33.485402  3231 fs_manager.cc:647] Opened local filesystem: /tmp/dist-test-taskPd7bD6/test-tmp/auto_rebalancer-test.0.AutoRebalancerTest.RangeAwareRebalancesNewRangeReplicas.1780912277227931-3231-0/minicluster-data/ts-2-root
uuid: "64ba4387b55e4547a9d78c32d4563c65"
format_stamp: "Formatted at 2026-06-08 09:52:33 on dist-test-slave-vz1x"
I20260608 09:52:33.485713  3231 fs_report.cc:389] FS layout report
--------------------
wal directory: /tmp/dist-test-taskPd7bD6/test-tmp/auto_rebalancer-test.0.AutoRebalancerTest.RangeAwareRebalancesNewRangeReplicas.1780912277227931-3231-0/minicluster-data/ts-2-root
metadata directory: /tmp/dist-test-taskPd7bD6/test-tmp/auto_rebalancer-test.0.AutoRebalancerTest.RangeAwareRebalancesNewRangeReplicas.1780912277227931-3231-0/minicluster-data/ts-2-root
1 data directories: /tmp/dist-test-taskPd7bD6/test-tmp/auto_rebalancer-test.0.AutoRebalancerTest.RangeAwareRebalancesNewRangeReplicas.1780912277227931-3231-0/minicluster-data/ts-2-root/data
Total live blocks: 0
Total live bytes: 0
Total live bytes (after alignment): 0
Total number of LBM containers: 0 (0 full)
Did not check for missing blocks
Did not check for orphaned blocks
Total full LBM containers with extra space: 0 (0 repaired)
Total full LBM container extra space in bytes: 0 (0 repaired)
Total incomplete LBM containers: 0 (0 repaired)
Total LBM partial records: 0 (0 repaired)
Total corrupted LBM metadata records in RocksDB: 0 (0 repaired)
I20260608 09:52:33.509126  3231 rpc_server.cc:225] running with OpenSSL 1.1.1  11 Sep 2018
I20260608 09:52:33.510186  3231 kserver.cc:163] Server-wide thread pool size limit: 3276
I20260608 09:52:33.511526  3231 txn_system_client.cc:432] TxnSystemClient initialization is disabled...
I20260608 09:52:33.513831  3231 ts_tablet_manager.cc:585] Loaded tablet metadata (0 total tablets, 0 live tablets)
I20260608 09:52:33.514039  3231 ts_tablet_manager.cc:531] Time spent load tablet metadata: real 0.000s	user 0.000s	sys 0.000s
I20260608 09:52:33.514302  3231 ts_tablet_manager.cc:616] Registered 0 tablets
I20260608 09:52:33.514467  3231 ts_tablet_manager.cc:595] Time spent register tablets: real 0.000s	user 0.000s	sys 0.000s
I20260608 09:52:33.553300  3231 rpc_server.cc:307] RPC server started. Bound to: 127.3.39.195:45099
I20260608 09:52:33.553488  6366 acceptor_pool.cc:272] collecting diagnostics on the listening RPC socket 127.3.39.195:45099 every 8 connection(s)
I20260608 09:52:33.567034  6367 heartbeater.cc:344] Connected to a master server at 127.3.39.254:37373
I20260608 09:52:33.567442  6367 heartbeater.cc:461] Registering TS with master...
I20260608 09:52:33.568204  6367 heartbeater.cc:507] Master 127.3.39.254:37373 requested a full tablet report, sending...
I20260608 09:52:33.570102  6091 ts_manager.cc:194] Registered new tserver with Master: 64ba4387b55e4547a9d78c32d4563c65 (127.3.39.195:45099)
I20260608 09:52:33.571183  3231 internal_mini_cluster.cc:371] 3 TS(s) registered with all masters after 0.014468961s
I20260608 09:52:33.571463  6091 master_service.cc:502] Signed X509 certificate for tserver {username='slave'} at 127.0.0.1:48674
I20260608 09:52:34.380803  6218 heartbeater.cc:499] Master 127.3.39.254:37373 was elected leader, sending a full tablet report...
I20260608 09:52:34.477353  6293 heartbeater.cc:499] Master 127.3.39.254:37373 was elected leader, sending a full tablet report...
I20260608 09:52:34.574031  6367 heartbeater.cc:499] Master 127.3.39.254:37373 was elected leader, sending a full tablet report...
I20260608 09:52:34.624100  6091 catalog_manager.cc:2282] Servicing CreateTable request from {username='slave'} at 127.0.0.1:48690:
name: "range_aware_rebalance_new_range"
schema {
  columns {
    name: "key"
    type: INT32
    is_key: true
    is_nullable: false
    encoding: AUTO_ENCODING
    compression: DEFAULT_COMPRESSION
    cfile_block_size: 0
    immutable: false
  }
}
num_replicas: 3
split_rows_range_bounds {
  rows: "\006\001\000\000\000\000\007\001\n\000\000\000""\006\001\000\000\000\000\007\001\n\000\000\000"
  indirect_data: """"
}
partition_schema {
  hash_schema {
    columns {
      name: "key"
    }
    num_buckets: 8
    seed: 0
  }
  range_schema {
    columns {
      name: "key"
    }
  }
}
W20260608 09:52:34.626152  6091 catalog_manager.cc:7076] The number of live tablet servers is not enough to re-replicate a tablet replica of the newly created table range_aware_rebalance_new_range in case of a server failure: 4 tablet servers would be needed, 3 are available. Consider bringing up more tablet servers.
I20260608 09:52:34.681708  6183 tablet_service.cc:1511] Processing CreateTablet for tablet 1c477da6c7a74a05833f248e8c976242 (DEFAULT_TABLE table=range_aware_rebalance_new_range [id=f163c5f041024063bc162429c4449e8f]), partition=HASH (key) PARTITION 0, RANGE (key) PARTITION 0 <= VALUES < 10
I20260608 09:52:34.682361  6182 tablet_service.cc:1511] Processing CreateTablet for tablet 75271704f61b4faeb59e32a8d910ed3c (DEFAULT_TABLE table=range_aware_rebalance_new_range [id=f163c5f041024063bc162429c4449e8f]), partition=HASH (key) PARTITION 1, RANGE (key) PARTITION 0 <= VALUES < 10
I20260608 09:52:34.683303  6183 data_dirs.cc:400] Could only allocate 1 dirs of requested 3 for tablet 1c477da6c7a74a05833f248e8c976242. 1 dirs total, 0 dirs full, 0 dirs failed
I20260608 09:52:34.684617  6181 tablet_service.cc:1511] Processing CreateTablet for tablet 989490df78b94a67a7b6f36b25e05522 (DEFAULT_TABLE table=range_aware_rebalance_new_range [id=f163c5f041024063bc162429c4449e8f]), partition=HASH (key) PARTITION 2, RANGE (key) PARTITION 0 <= VALUES < 10
I20260608 09:52:34.686089  6181 data_dirs.cc:400] Could only allocate 1 dirs of requested 3 for tablet 989490df78b94a67a7b6f36b25e05522. 1 dirs total, 0 dirs full, 0 dirs failed
I20260608 09:52:34.688828  6182 data_dirs.cc:400] Could only allocate 1 dirs of requested 3 for tablet 75271704f61b4faeb59e32a8d910ed3c. 1 dirs total, 0 dirs full, 0 dirs failed
I20260608 09:52:34.689493  6180 tablet_service.cc:1511] Processing CreateTablet for tablet 1032fb5c4f4744abb24a94f8f8fd33fd (DEFAULT_TABLE table=range_aware_rebalance_new_range [id=f163c5f041024063bc162429c4449e8f]), partition=HASH (key) PARTITION 3, RANGE (key) PARTITION 0 <= VALUES < 10
I20260608 09:52:34.690923  6180 data_dirs.cc:400] Could only allocate 1 dirs of requested 3 for tablet 1032fb5c4f4744abb24a94f8f8fd33fd. 1 dirs total, 0 dirs full, 0 dirs failed
I20260608 09:52:34.698148  6258 tablet_service.cc:1511] Processing CreateTablet for tablet 1c477da6c7a74a05833f248e8c976242 (DEFAULT_TABLE table=range_aware_rebalance_new_range [id=f163c5f041024063bc162429c4449e8f]), partition=HASH (key) PARTITION 0, RANGE (key) PARTITION 0 <= VALUES < 10
I20260608 09:52:34.700783  6257 tablet_service.cc:1511] Processing CreateTablet for tablet 75271704f61b4faeb59e32a8d910ed3c (DEFAULT_TABLE table=range_aware_rebalance_new_range [id=f163c5f041024063bc162429c4449e8f]), partition=HASH (key) PARTITION 1, RANGE (key) PARTITION 0 <= VALUES < 10
I20260608 09:52:34.703083  6256 tablet_service.cc:1511] Processing CreateTablet for tablet 989490df78b94a67a7b6f36b25e05522 (DEFAULT_TABLE table=range_aware_rebalance_new_range [id=f163c5f041024063bc162429c4449e8f]), partition=HASH (key) PARTITION 2, RANGE (key) PARTITION 0 <= VALUES < 10
I20260608 09:52:34.706092  6178 tablet_service.cc:1511] Processing CreateTablet for tablet ed7c1fe1a40f4abb807e46f333d5ee6a (DEFAULT_TABLE table=range_aware_rebalance_new_range [id=f163c5f041024063bc162429c4449e8f]), partition=HASH (key) PARTITION 5, RANGE (key) PARTITION 0 <= VALUES < 10
I20260608 09:52:34.729213  6331 tablet_service.cc:1511] Processing CreateTablet for tablet 75271704f61b4faeb59e32a8d910ed3c (DEFAULT_TABLE table=range_aware_rebalance_new_range [id=f163c5f041024063bc162429c4449e8f]), partition=HASH (key) PARTITION 1, RANGE (key) PARTITION 0 <= VALUES < 10
I20260608 09:52:34.754752  6327 tablet_service.cc:1511] Processing CreateTablet for tablet ed7c1fe1a40f4abb807e46f333d5ee6a (DEFAULT_TABLE table=range_aware_rebalance_new_range [id=f163c5f041024063bc162429c4449e8f]), partition=HASH (key) PARTITION 5, RANGE (key) PARTITION 0 <= VALUES < 10
I20260608 09:52:34.767742  6331 data_dirs.cc:400] Could only allocate 1 dirs of requested 3 for tablet 75271704f61b4faeb59e32a8d910ed3c. 1 dirs total, 0 dirs full, 0 dirs failed
I20260608 09:52:34.768823  6327 data_dirs.cc:400] Could only allocate 1 dirs of requested 3 for tablet ed7c1fe1a40f4abb807e46f333d5ee6a. 1 dirs total, 0 dirs full, 0 dirs failed
I20260608 09:52:34.722782  6332 tablet_service.cc:1511] Processing CreateTablet for tablet 1c477da6c7a74a05833f248e8c976242 (DEFAULT_TABLE table=range_aware_rebalance_new_range [id=f163c5f041024063bc162429c4449e8f]), partition=HASH (key) PARTITION 0, RANGE (key) PARTITION 0 <= VALUES < 10
I20260608 09:52:34.725309  6330 tablet_service.cc:1511] Processing CreateTablet for tablet 989490df78b94a67a7b6f36b25e05522 (DEFAULT_TABLE table=range_aware_rebalance_new_range [id=f163c5f041024063bc162429c4449e8f]), partition=HASH (key) PARTITION 2, RANGE (key) PARTITION 0 <= VALUES < 10
I20260608 09:52:34.772920  6330 data_dirs.cc:400] Could only allocate 1 dirs of requested 3 for tablet 989490df78b94a67a7b6f36b25e05522. 1 dirs total, 0 dirs full, 0 dirs failed
I20260608 09:52:34.699676  6258 data_dirs.cc:400] Could only allocate 1 dirs of requested 3 for tablet 1c477da6c7a74a05833f248e8c976242. 1 dirs total, 0 dirs full, 0 dirs failed
I20260608 09:52:34.752044  6328 tablet_service.cc:1511] Processing CreateTablet for tablet 1502248746a64ae7afb52898447e5a5e (DEFAULT_TABLE table=range_aware_rebalance_new_range [id=f163c5f041024063bc162429c4449e8f]), partition=HASH (key) PARTITION 4, RANGE (key) PARTITION 0 <= VALUES < 10
I20260608 09:52:34.756910  6326 tablet_service.cc:1511] Processing CreateTablet for tablet 3b81814d3a564bd99d11275433abce5d (DEFAULT_TABLE table=range_aware_rebalance_new_range [id=f163c5f041024063bc162429c4449e8f]), partition=HASH (key) PARTITION 6, RANGE (key) PARTITION 0 <= VALUES < 10
I20260608 09:52:34.733814  6329 tablet_service.cc:1511] Processing CreateTablet for tablet 1032fb5c4f4744abb24a94f8f8fd33fd (DEFAULT_TABLE table=range_aware_rebalance_new_range [id=f163c5f041024063bc162429c4449e8f]), partition=HASH (key) PARTITION 3, RANGE (key) PARTITION 0 <= VALUES < 10
I20260608 09:52:34.783782  6332 data_dirs.cc:400] Could only allocate 1 dirs of requested 3 for tablet 1c477da6c7a74a05833f248e8c976242. 1 dirs total, 0 dirs full, 0 dirs failed
I20260608 09:52:34.726686  6252 tablet_service.cc:1511] Processing CreateTablet for tablet 3b81814d3a564bd99d11275433abce5d (DEFAULT_TABLE table=range_aware_rebalance_new_range [id=f163c5f041024063bc162429c4449e8f]), partition=HASH (key) PARTITION 6, RANGE (key) PARTITION 0 <= VALUES < 10
I20260608 09:52:34.953549  6326 data_dirs.cc:400] Could only allocate 1 dirs of requested 3 for tablet 3b81814d3a564bd99d11275433abce5d. 1 dirs total, 0 dirs full, 0 dirs failed
I20260608 09:52:34.709546  6255 tablet_service.cc:1511] Processing CreateTablet for tablet 1032fb5c4f4744abb24a94f8f8fd33fd (DEFAULT_TABLE table=range_aware_rebalance_new_range [id=f163c5f041024063bc162429c4449e8f]), partition=HASH (key) PARTITION 3, RANGE (key) PARTITION 0 <= VALUES < 10
I20260608 09:52:34.954198  6329 data_dirs.cc:400] Could only allocate 1 dirs of requested 3 for tablet 1032fb5c4f4744abb24a94f8f8fd33fd. 1 dirs total, 0 dirs full, 0 dirs failed
I20260608 09:52:34.721979  6253 tablet_service.cc:1511] Processing CreateTablet for tablet ed7c1fe1a40f4abb807e46f333d5ee6a (DEFAULT_TABLE table=range_aware_rebalance_new_range [id=f163c5f041024063bc162429c4449e8f]), partition=HASH (key) PARTITION 5, RANGE (key) PARTITION 0 <= VALUES < 10
I20260608 09:52:34.866261  6388 tablet_bootstrap.cc:492] T ed7c1fe1a40f4abb807e46f333d5ee6a P 64ba4387b55e4547a9d78c32d4563c65: Bootstrap starting.
I20260608 09:52:34.721163  6176 tablet_service.cc:1511] Processing CreateTablet for tablet 53a6bc35d912427cbffb16e17a93c5af (DEFAULT_TABLE table=range_aware_rebalance_new_range [id=f163c5f041024063bc162429c4449e8f]), partition=HASH (key) PARTITION 7, RANGE (key) PARTITION 0 <= VALUES < 10
I20260608 09:52:34.960165  6328 data_dirs.cc:400] Could only allocate 1 dirs of requested 3 for tablet 1502248746a64ae7afb52898447e5a5e. 1 dirs total, 0 dirs full, 0 dirs failed
I20260608 09:52:34.707607  6178 data_dirs.cc:400] Could only allocate 1 dirs of requested 3 for tablet ed7c1fe1a40f4abb807e46f333d5ee6a. 1 dirs total, 0 dirs full, 0 dirs failed
I20260608 09:52:34.961036  6176 data_dirs.cc:400] Could only allocate 1 dirs of requested 3 for tablet 53a6bc35d912427cbffb16e17a93c5af. 1 dirs total, 0 dirs full, 0 dirs failed
I20260608 09:52:34.890059  6257 data_dirs.cc:400] Could only allocate 1 dirs of requested 3 for tablet 75271704f61b4faeb59e32a8d910ed3c. 1 dirs total, 0 dirs full, 0 dirs failed
I20260608 09:52:34.905510  6251 tablet_service.cc:1511] Processing CreateTablet for tablet 53a6bc35d912427cbffb16e17a93c5af (DEFAULT_TABLE table=range_aware_rebalance_new_range [id=f163c5f041024063bc162429c4449e8f]), partition=HASH (key) PARTITION 7, RANGE (key) PARTITION 0 <= VALUES < 10
I20260608 09:52:34.962304  6251 data_dirs.cc:400] Could only allocate 1 dirs of requested 3 for tablet 53a6bc35d912427cbffb16e17a93c5af. 1 dirs total, 0 dirs full, 0 dirs failed
I20260608 09:52:34.962984  6252 data_dirs.cc:400] Could only allocate 1 dirs of requested 3 for tablet 3b81814d3a564bd99d11275433abce5d. 1 dirs total, 0 dirs full, 0 dirs failed
I20260608 09:52:34.965631  6255 data_dirs.cc:400] Could only allocate 1 dirs of requested 3 for tablet 1032fb5c4f4744abb24a94f8f8fd33fd. 1 dirs total, 0 dirs full, 0 dirs failed
I20260608 09:52:34.968833  6388 tablet_bootstrap.cc:654] T ed7c1fe1a40f4abb807e46f333d5ee6a P 64ba4387b55e4547a9d78c32d4563c65: Neither blocks nor log segments found. Creating new log.
I20260608 09:52:34.972065  6253 data_dirs.cc:400] Could only allocate 1 dirs of requested 3 for tablet ed7c1fe1a40f4abb807e46f333d5ee6a. 1 dirs total, 0 dirs full, 0 dirs failed
I20260608 09:52:34.910611  6389 tablet_bootstrap.cc:492] T 1c477da6c7a74a05833f248e8c976242 P c2108e8b306d46e8b3c91f380370b4c0: Bootstrap starting.
I20260608 09:52:34.987403  6256 data_dirs.cc:400] Could only allocate 1 dirs of requested 3 for tablet 989490df78b94a67a7b6f36b25e05522. 1 dirs total, 0 dirs full, 0 dirs failed
I20260608 09:52:34.920058  6330 tablet_service.cc:1511] Processing CreateTablet for tablet 53a6bc35d912427cbffb16e17a93c5af (DEFAULT_TABLE table=range_aware_rebalance_new_range [id=f163c5f041024063bc162429c4449e8f]), partition=HASH (key) PARTITION 7, RANGE (key) PARTITION 0 <= VALUES < 10
I20260608 09:52:34.709039  6179 tablet_service.cc:1511] Processing CreateTablet for tablet 1502248746a64ae7afb52898447e5a5e (DEFAULT_TABLE table=range_aware_rebalance_new_range [id=f163c5f041024063bc162429c4449e8f]), partition=HASH (key) PARTITION 4, RANGE (key) PARTITION 0 <= VALUES < 10
I20260608 09:52:34.990662  6179 data_dirs.cc:400] Could only allocate 1 dirs of requested 3 for tablet 1502248746a64ae7afb52898447e5a5e. 1 dirs total, 0 dirs full, 0 dirs failed
I20260608 09:52:34.707654  6177 tablet_service.cc:1511] Processing CreateTablet for tablet 3b81814d3a564bd99d11275433abce5d (DEFAULT_TABLE table=range_aware_rebalance_new_range [id=f163c5f041024063bc162429c4449e8f]), partition=HASH (key) PARTITION 6, RANGE (key) PARTITION 0 <= VALUES < 10
I20260608 09:52:34.994340  6177 data_dirs.cc:400] Could only allocate 1 dirs of requested 3 for tablet 3b81814d3a564bd99d11275433abce5d. 1 dirs total, 0 dirs full, 0 dirs failed
I20260608 09:52:35.002122  6388 tablet_bootstrap.cc:492] T ed7c1fe1a40f4abb807e46f333d5ee6a P 64ba4387b55e4547a9d78c32d4563c65: No bootstrap required, opened a new log
I20260608 09:52:35.002717  6388 ts_tablet_manager.cc:1403] T ed7c1fe1a40f4abb807e46f333d5ee6a P 64ba4387b55e4547a9d78c32d4563c65: Time spent bootstrapping tablet: real 0.137s	user 0.011s	sys 0.000s
I20260608 09:52:34.792099  6387 tablet_bootstrap.cc:492] T 75271704f61b4faeb59e32a8d910ed3c P dd1a0fe4ab474721b809a9d6685632e5: Bootstrap starting.
I20260608 09:52:34.713395  6254 tablet_service.cc:1511] Processing CreateTablet for tablet 1502248746a64ae7afb52898447e5a5e (DEFAULT_TABLE table=range_aware_rebalance_new_range [id=f163c5f041024063bc162429c4449e8f]), partition=HASH (key) PARTITION 4, RANGE (key) PARTITION 0 <= VALUES < 10
I20260608 09:52:35.004699  6254 data_dirs.cc:400] Could only allocate 1 dirs of requested 3 for tablet 1502248746a64ae7afb52898447e5a5e. 1 dirs total, 0 dirs full, 0 dirs failed
I20260608 09:52:35.005964  6388 raft_consensus.cc:359] T ed7c1fe1a40f4abb807e46f333d5ee6a P 64ba4387b55e4547a9d78c32d4563c65 [term 0 FOLLOWER]: Replica starting. Triggering 0 pending ops. Active config: opid_index: -1 OBSOLETE_local: false peers { permanent_uuid: "dd1a0fe4ab474721b809a9d6685632e5" member_type: VOTER last_known_addr { host: "127.3.39.193" port: 45931 } } peers { permanent_uuid: "c2108e8b306d46e8b3c91f380370b4c0" member_type: VOTER last_known_addr { host: "127.3.39.194" port: 41231 } } peers { permanent_uuid: "64ba4387b55e4547a9d78c32d4563c65" member_type: VOTER last_known_addr { host: "127.3.39.195" port: 45099 } }
I20260608 09:52:35.006731  6388 raft_consensus.cc:385] T ed7c1fe1a40f4abb807e46f333d5ee6a P 64ba4387b55e4547a9d78c32d4563c65 [term 0 FOLLOWER]: Consensus starting up: Expiring failure detector timer to make a prompt election more likely
I20260608 09:52:35.007031  6388 raft_consensus.cc:740] T ed7c1fe1a40f4abb807e46f333d5ee6a P 64ba4387b55e4547a9d78c32d4563c65 [term 0 FOLLOWER]: Becoming Follower/Learner. State: Replica: 64ba4387b55e4547a9d78c32d4563c65, State: Initialized, Role: FOLLOWER
I20260608 09:52:35.007895  6388 consensus_queue.cc:260] T ed7c1fe1a40f4abb807e46f333d5ee6a P 64ba4387b55e4547a9d78c32d4563c65 [NON_LEADER]: Queue going to NON_LEADER mode. State: All replicated index: 0, Majority replicated index: 0, Committed index: 0, Last appended: 0.0, Last appended by leader: 0, Current term: 0, Majority size: -1, State: 0, Mode: NON_LEADER, active raft config: opid_index: -1 OBSOLETE_local: false peers { permanent_uuid: "dd1a0fe4ab474721b809a9d6685632e5" member_type: VOTER last_known_addr { host: "127.3.39.193" port: 45931 } } peers { permanent_uuid: "c2108e8b306d46e8b3c91f380370b4c0" member_type: VOTER last_known_addr { host: "127.3.39.194" port: 41231 } } peers { permanent_uuid: "64ba4387b55e4547a9d78c32d4563c65" member_type: VOTER last_known_addr { host: "127.3.39.195" port: 45099 } }
I20260608 09:52:35.009939  6330 data_dirs.cc:400] Could only allocate 1 dirs of requested 3 for tablet 53a6bc35d912427cbffb16e17a93c5af. 1 dirs total, 0 dirs full, 0 dirs failed
I20260608 09:52:35.010505  6387 tablet_bootstrap.cc:654] T 75271704f61b4faeb59e32a8d910ed3c P dd1a0fe4ab474721b809a9d6685632e5: Neither blocks nor log segments found. Creating new log.
I20260608 09:52:35.026877  6389 tablet_bootstrap.cc:654] T 1c477da6c7a74a05833f248e8c976242 P c2108e8b306d46e8b3c91f380370b4c0: Neither blocks nor log segments found. Creating new log.
I20260608 09:52:35.049256  6389 tablet_bootstrap.cc:492] T 1c477da6c7a74a05833f248e8c976242 P c2108e8b306d46e8b3c91f380370b4c0: No bootstrap required, opened a new log
I20260608 09:52:35.049788  6389 ts_tablet_manager.cc:1403] T 1c477da6c7a74a05833f248e8c976242 P c2108e8b306d46e8b3c91f380370b4c0: Time spent bootstrapping tablet: real 0.139s	user 0.010s	sys 0.001s
I20260608 09:52:35.050431  6387 tablet_bootstrap.cc:492] T 75271704f61b4faeb59e32a8d910ed3c P dd1a0fe4ab474721b809a9d6685632e5: No bootstrap required, opened a new log
I20260608 09:52:35.050575  6388 ts_tablet_manager.cc:1434] T ed7c1fe1a40f4abb807e46f333d5ee6a P 64ba4387b55e4547a9d78c32d4563c65: Time spent starting tablet: real 0.047s	user 0.006s	sys 0.005s
I20260608 09:52:35.051061  6387 ts_tablet_manager.cc:1403] T 75271704f61b4faeb59e32a8d910ed3c P dd1a0fe4ab474721b809a9d6685632e5: Time spent bootstrapping tablet: real 0.260s	user 0.025s	sys 0.011s
I20260608 09:52:35.051628  6388 tablet_bootstrap.cc:492] T 989490df78b94a67a7b6f36b25e05522 P 64ba4387b55e4547a9d78c32d4563c65: Bootstrap starting.
I20260608 09:52:35.052594  6389 raft_consensus.cc:359] T 1c477da6c7a74a05833f248e8c976242 P c2108e8b306d46e8b3c91f380370b4c0 [term 0 FOLLOWER]: Replica starting. Triggering 0 pending ops. Active config: opid_index: -1 OBSOLETE_local: false peers { permanent_uuid: "dd1a0fe4ab474721b809a9d6685632e5" member_type: VOTER last_known_addr { host: "127.3.39.193" port: 45931 } } peers { permanent_uuid: "c2108e8b306d46e8b3c91f380370b4c0" member_type: VOTER last_known_addr { host: "127.3.39.194" port: 41231 } } peers { permanent_uuid: "64ba4387b55e4547a9d78c32d4563c65" member_type: VOTER last_known_addr { host: "127.3.39.195" port: 45099 } }
I20260608 09:52:35.053330  6389 raft_consensus.cc:385] T 1c477da6c7a74a05833f248e8c976242 P c2108e8b306d46e8b3c91f380370b4c0 [term 0 FOLLOWER]: Consensus starting up: Expiring failure detector timer to make a prompt election more likely
I20260608 09:52:35.053627  6389 raft_consensus.cc:740] T 1c477da6c7a74a05833f248e8c976242 P c2108e8b306d46e8b3c91f380370b4c0 [term 0 FOLLOWER]: Becoming Follower/Learner. State: Replica: c2108e8b306d46e8b3c91f380370b4c0, State: Initialized, Role: FOLLOWER
I20260608 09:52:35.054323  6387 raft_consensus.cc:359] T 75271704f61b4faeb59e32a8d910ed3c P dd1a0fe4ab474721b809a9d6685632e5 [term 0 FOLLOWER]: Replica starting. Triggering 0 pending ops. Active config: opid_index: -1 OBSOLETE_local: false peers { permanent_uuid: "c2108e8b306d46e8b3c91f380370b4c0" member_type: VOTER last_known_addr { host: "127.3.39.194" port: 41231 } } peers { permanent_uuid: "dd1a0fe4ab474721b809a9d6685632e5" member_type: VOTER last_known_addr { host: "127.3.39.193" port: 45931 } } peers { permanent_uuid: "64ba4387b55e4547a9d78c32d4563c65" member_type: VOTER last_known_addr { host: "127.3.39.195" port: 45099 } }
I20260608 09:52:35.054555  6389 consensus_queue.cc:260] T 1c477da6c7a74a05833f248e8c976242 P c2108e8b306d46e8b3c91f380370b4c0 [NON_LEADER]: Queue going to NON_LEADER mode. State: All replicated index: 0, Majority replicated index: 0, Committed index: 0, Last appended: 0.0, Last appended by leader: 0, Current term: 0, Majority size: -1, State: 0, Mode: NON_LEADER, active raft config: opid_index: -1 OBSOLETE_local: false peers { permanent_uuid: "dd1a0fe4ab474721b809a9d6685632e5" member_type: VOTER last_known_addr { host: "127.3.39.193" port: 45931 } } peers { permanent_uuid: "c2108e8b306d46e8b3c91f380370b4c0" member_type: VOTER last_known_addr { host: "127.3.39.194" port: 41231 } } peers { permanent_uuid: "64ba4387b55e4547a9d78c32d4563c65" member_type: VOTER last_known_addr { host: "127.3.39.195" port: 45099 } }
