I20260608 09:51:41.562510 26926 heartbeater.cc:344] Connected to a master server at 127.24.119.190:40075
I20260608 09:51:41.562634 25054 hybrid_clock.cc:648] HybridClock initialized: now 1780912301562599 us; error 0 us; skew 500 ppm
I20260608 09:51:41.562870 26926 heartbeater.cc:461] Registering TS with master...
I20260608 09:51:41.563452 25054 server_base.cc:861] Flag tcmalloc_max_total_thread_cache_bytes is not working since tcmalloc is not enabled.
I20260608 09:51:41.563656 26926 heartbeater.cc:507] Master 127.24.119.190:40075 requested a full tablet report, sending...
I20260608 09:51:41.566087 25054 webserver.cc:533] Webserver started at http://127.24.119.131:41791/ using document root <none> and password file <none>
I20260608 09:51:41.566114 26724 ts_manager.cc:194] Registered new tserver with Master: d33373be402b4505ad7c4fe0c2b2ec15 (127.24.119.130:41979)
I20260608 09:51:41.566761 25054 fs_manager.cc:362] Metadata directory not provided
I20260608 09:51:41.566987 25054 fs_manager.cc:368] Using write-ahead log directory (fs_wal_dir) as metadata directory
I20260608 09:51:41.567242 25054 server_base.cc:909] This appears to be a new deployment of Kudu; creating new FS layout
I20260608 09:51:41.567682 26724 master_service.cc:502] Signed X509 certificate for tserver {username='slave'} at 127.0.0.1:37554
I20260608 09:51:41.568408 25054 fs_manager.cc:1068] Generated new instance metadata in path /tmp/dist-test-taskPd82ik/test-tmp/auto_rebalancer-test.0.AutoRebalancerTest.MovesScheduledIfAddTserver.1780912276502772-25054-0/minicluster-data/ts-2-root/instance:
uuid: "7c0e7b3b9da74cc38fcae5858e2b28a4"
format_stamp: "Formatted at 2026-06-08 09:51:41 on dist-test-slave-5rns"
I20260608 09:51:41.573136 25054 fs_manager.cc:696] Time spent creating directory manager: real 0.004s	user 0.004s	sys 0.000s
I20260608 09:51:41.577725 26937 log_block_manager.cc:4031] Time spent loading block containers with low live blocks: real 0.000s	user 0.000s	sys 0.000s
I20260608 09:51:41.578616 25054 fs_manager.cc:730] Time spent opening block manager: real 0.003s	user 0.004s	sys 0.000s
I20260608 09:51:41.578915 25054 fs_manager.cc:647] Opened local filesystem: /tmp/dist-test-taskPd82ik/test-tmp/auto_rebalancer-test.0.AutoRebalancerTest.MovesScheduledIfAddTserver.1780912276502772-25054-0/minicluster-data/ts-2-root
uuid: "7c0e7b3b9da74cc38fcae5858e2b28a4"
format_stamp: "Formatted at 2026-06-08 09:51:41 on dist-test-slave-5rns"
I20260608 09:51:41.579175 25054 fs_report.cc:389] FS layout report
--------------------
wal directory: /tmp/dist-test-taskPd82ik/test-tmp/auto_rebalancer-test.0.AutoRebalancerTest.MovesScheduledIfAddTserver.1780912276502772-25054-0/minicluster-data/ts-2-root
metadata directory: /tmp/dist-test-taskPd82ik/test-tmp/auto_rebalancer-test.0.AutoRebalancerTest.MovesScheduledIfAddTserver.1780912276502772-25054-0/minicluster-data/ts-2-root
1 data directories: /tmp/dist-test-taskPd82ik/test-tmp/auto_rebalancer-test.0.AutoRebalancerTest.MovesScheduledIfAddTserver.1780912276502772-25054-0/minicluster-data/ts-2-root/data
Total live blocks: 0
Total live bytes: 0
Total live bytes (after alignment): 0
Total number of LBM containers: 0 (0 full)
Did not check for missing blocks
Did not check for orphaned blocks
Total full LBM containers with extra space: 0 (0 repaired)
Total full LBM container extra space in bytes: 0 (0 repaired)
Total incomplete LBM containers: 0 (0 repaired)
Total LBM partial records: 0 (0 repaired)
Total corrupted LBM metadata records in RocksDB: 0 (0 repaired)
I20260608 09:51:41.608723 25054 rpc_server.cc:225] running with OpenSSL 1.1.1  11 Sep 2018
I20260608 09:51:41.609953 25054 kserver.cc:163] Server-wide thread pool size limit: 3276
I20260608 09:51:41.611383 25054 txn_system_client.cc:432] TxnSystemClient initialization is disabled...
I20260608 09:51:41.613726 25054 ts_tablet_manager.cc:585] Loaded tablet metadata (0 total tablets, 0 live tablets)
I20260608 09:51:41.613910 25054 ts_tablet_manager.cc:531] Time spent load tablet metadata: real 0.000s	user 0.000s	sys 0.000s
I20260608 09:51:41.614120 25054 ts_tablet_manager.cc:616] Registered 0 tablets
I20260608 09:51:41.614274 25054 ts_tablet_manager.cc:595] Time spent register tablets: real 0.000s	user 0.000s	sys 0.000s
I20260608 09:51:41.655162 25054 rpc_server.cc:307] RPC server started. Bound to: 127.24.119.131:43747
I20260608 09:51:41.655273 26999 acceptor_pool.cc:272] collecting diagnostics on the listening RPC socket 127.24.119.131:43747 every 8 connection(s)
I20260608 09:51:41.669451 27000 heartbeater.cc:344] Connected to a master server at 127.24.119.190:40075
I20260608 09:51:41.669831 27000 heartbeater.cc:461] Registering TS with master...
I20260608 09:51:41.670588 27000 heartbeater.cc:507] Master 127.24.119.190:40075 requested a full tablet report, sending...
I20260608 09:51:41.672612 26724 ts_manager.cc:194] Registered new tserver with Master: 7c0e7b3b9da74cc38fcae5858e2b28a4 (127.24.119.131:43747)
I20260608 09:51:41.673053 25054 internal_mini_cluster.cc:371] 3 TS(s) registered with all masters after 0.014613181s
I20260608 09:51:41.674052 26724 master_service.cc:502] Signed X509 certificate for tserver {username='slave'} at 127.0.0.1:37568
I20260608 09:51:42.479142 26851 heartbeater.cc:499] Master 127.24.119.190:40075 was elected leader, sending a full tablet report...
I20260608 09:51:42.570107 26926 heartbeater.cc:499] Master 127.24.119.190:40075 was elected leader, sending a full tablet report...
I20260608 09:51:42.676842 27000 heartbeater.cc:499] Master 127.24.119.190:40075 was elected leader, sending a full tablet report...
I20260608 09:51:42.729976 26724 catalog_manager.cc:2282] Servicing CreateTable request from {username='slave'} at 127.0.0.1:37584:
name: "test-workload"
schema {
  columns {
    name: "key"
    type: INT32
    is_key: true
    is_nullable: false
    encoding: AUTO_ENCODING
    compression: DEFAULT_COMPRESSION
    cfile_block_size: 0
    immutable: false
  }
  columns {
    name: "int_val"
    type: INT32
    is_key: false
    is_nullable: false
    encoding: AUTO_ENCODING
    compression: DEFAULT_COMPRESSION
    cfile_block_size: 0
    immutable: false
  }
  columns {
    name: "string_val"
    type: STRING
    is_key: false
    is_nullable: true
    encoding: AUTO_ENCODING
    compression: DEFAULT_COMPRESSION
    cfile_block_size: 0
    immutable: false
  }
}
num_replicas: 3
split_rows_range_bounds {
  rows: "\004\001\000\377\377\377?""\004\001\000\377\377\377?"
  indirect_data: """"
}
partition_schema {
  range_schema {
    columns {
      name: "key"
    }
  }
}
W20260608 09:51:42.732224 26724 catalog_manager.cc:7076] The number of live tablet servers is not enough to re-replicate a tablet replica of the newly created table test-workload in case of a server failure: 4 tablet servers would be needed, 3 are available. Consider bringing up more tablet servers.
I20260608 09:51:42.783483 26816 tablet_service.cc:1511] Processing CreateTablet for tablet e3c0cfd30f8e4ee2848d73f3c481efd2 (DEFAULT_TABLE table=test-workload [id=42f86c37cfe14435b9a3248f42db2a1d]), partition=RANGE (key) PARTITION VALUES < 1073741823
I20260608 09:51:42.785069 26816 data_dirs.cc:400] Could only allocate 1 dirs of requested 3 for tablet e3c0cfd30f8e4ee2848d73f3c481efd2. 1 dirs total, 0 dirs full, 0 dirs failed
I20260608 09:51:42.789232 26815 tablet_service.cc:1511] Processing CreateTablet for tablet fd5af378994e425c82f1bc21a1ae04ab (DEFAULT_TABLE table=test-workload [id=42f86c37cfe14435b9a3248f42db2a1d]), partition=RANGE (key) PARTITION 1073741823 <= VALUES
I20260608 09:51:42.790076 26965 tablet_service.cc:1511] Processing CreateTablet for tablet e3c0cfd30f8e4ee2848d73f3c481efd2 (DEFAULT_TABLE table=test-workload [id=42f86c37cfe14435b9a3248f42db2a1d]), partition=RANGE (key) PARTITION VALUES < 1073741823
I20260608 09:51:42.790664 26815 data_dirs.cc:400] Could only allocate 1 dirs of requested 3 for tablet fd5af378994e425c82f1bc21a1ae04ab. 1 dirs total, 0 dirs full, 0 dirs failed
I20260608 09:51:42.791415 26965 data_dirs.cc:400] Could only allocate 1 dirs of requested 3 for tablet e3c0cfd30f8e4ee2848d73f3c481efd2. 1 dirs total, 0 dirs full, 0 dirs failed
I20260608 09:51:42.799894 26891 tablet_service.cc:1511] Processing CreateTablet for tablet e3c0cfd30f8e4ee2848d73f3c481efd2 (DEFAULT_TABLE table=test-workload [id=42f86c37cfe14435b9a3248f42db2a1d]), partition=RANGE (key) PARTITION VALUES < 1073741823
I20260608 09:51:42.801365 26891 data_dirs.cc:400] Could only allocate 1 dirs of requested 3 for tablet e3c0cfd30f8e4ee2848d73f3c481efd2. 1 dirs total, 0 dirs full, 0 dirs failed
I20260608 09:51:42.806732 26890 tablet_service.cc:1511] Processing CreateTablet for tablet fd5af378994e425c82f1bc21a1ae04ab (DEFAULT_TABLE table=test-workload [id=42f86c37cfe14435b9a3248f42db2a1d]), partition=RANGE (key) PARTITION 1073741823 <= VALUES
I20260608 09:51:42.807122 26964 tablet_service.cc:1511] Processing CreateTablet for tablet fd5af378994e425c82f1bc21a1ae04ab (DEFAULT_TABLE table=test-workload [id=42f86c37cfe14435b9a3248f42db2a1d]), partition=RANGE (key) PARTITION 1073741823 <= VALUES
I20260608 09:51:42.808204 26890 data_dirs.cc:400] Could only allocate 1 dirs of requested 3 for tablet fd5af378994e425c82f1bc21a1ae04ab. 1 dirs total, 0 dirs full, 0 dirs failed
I20260608 09:51:42.808468 26964 data_dirs.cc:400] Could only allocate 1 dirs of requested 3 for tablet fd5af378994e425c82f1bc21a1ae04ab. 1 dirs total, 0 dirs full, 0 dirs failed
I20260608 09:51:42.808807 27020 tablet_bootstrap.cc:492] T e3c0cfd30f8e4ee2848d73f3c481efd2 P 771f36b9050d43a3a6cbbc4f45532108: Bootstrap starting.
I20260608 09:51:42.816264 27020 tablet_bootstrap.cc:654] T e3c0cfd30f8e4ee2848d73f3c481efd2 P 771f36b9050d43a3a6cbbc4f45532108: Neither blocks nor log segments found. Creating new log.
I20260608 09:51:42.828714 27020 tablet_bootstrap.cc:492] T e3c0cfd30f8e4ee2848d73f3c481efd2 P 771f36b9050d43a3a6cbbc4f45532108: No bootstrap required, opened a new log
I20260608 09:51:42.829361 27020 ts_tablet_manager.cc:1403] T e3c0cfd30f8e4ee2848d73f3c481efd2 P 771f36b9050d43a3a6cbbc4f45532108: Time spent bootstrapping tablet: real 0.021s	user 0.019s	sys 0.000s
I20260608 09:51:42.832810 27021 tablet_bootstrap.cc:492] T e3c0cfd30f8e4ee2848d73f3c481efd2 P 7c0e7b3b9da74cc38fcae5858e2b28a4: Bootstrap starting.
I20260608 09:51:42.832605 27020 raft_consensus.cc:359] T e3c0cfd30f8e4ee2848d73f3c481efd2 P 771f36b9050d43a3a6cbbc4f45532108 [term 0 FOLLOWER]: Replica starting. Triggering 0 pending ops. Active config: opid_index: -1 OBSOLETE_local: false peers { permanent_uuid: "771f36b9050d43a3a6cbbc4f45532108" member_type: VOTER last_known_addr { host: "127.24.119.129" port: 33153 } } peers { permanent_uuid: "7c0e7b3b9da74cc38fcae5858e2b28a4" member_type: VOTER last_known_addr { host: "127.24.119.131" port: 43747 } } peers { permanent_uuid: "d33373be402b4505ad7c4fe0c2b2ec15" member_type: VOTER last_known_addr { host: "127.24.119.130" port: 41979 } }
I20260608 09:51:42.833454 27020 raft_consensus.cc:385] T e3c0cfd30f8e4ee2848d73f3c481efd2 P 771f36b9050d43a3a6cbbc4f45532108 [term 0 FOLLOWER]: Consensus starting up: Expiring failure detector timer to make a prompt election more likely
I20260608 09:51:42.833818 27020 raft_consensus.cc:740] T e3c0cfd30f8e4ee2848d73f3c481efd2 P 771f36b9050d43a3a6cbbc4f45532108 [term 0 FOLLOWER]: Becoming Follower/Learner. State: Replica: 771f36b9050d43a3a6cbbc4f45532108, State: Initialized, Role: FOLLOWER
I20260608 09:51:42.834759 27020 consensus_queue.cc:260] T e3c0cfd30f8e4ee2848d73f3c481efd2 P 771f36b9050d43a3a6cbbc4f45532108 [NON_LEADER]: Queue going to NON_LEADER mode. State: All replicated index: 0, Majority replicated index: 0, Committed index: 0, Last appended: 0.0, Last appended by leader: 0, Current term: 0, Majority size: -1, State: 0, Mode: NON_LEADER, active raft config: opid_index: -1 OBSOLETE_local: false peers { permanent_uuid: "771f36b9050d43a3a6cbbc4f45532108" member_type: VOTER last_known_addr { host: "127.24.119.129" port: 33153 } } peers { permanent_uuid: "7c0e7b3b9da74cc38fcae5858e2b28a4" member_type: VOTER last_known_addr { host: "127.24.119.131" port: 43747 } } peers { permanent_uuid: "d33373be402b4505ad7c4fe0c2b2ec15" member_type: VOTER last_known_addr { host: "127.24.119.130" port: 41979 } }
I20260608 09:51:42.838723 27023 tablet_bootstrap.cc:492] T e3c0cfd30f8e4ee2848d73f3c481efd2 P d33373be402b4505ad7c4fe0c2b2ec15: Bootstrap starting.
I20260608 09:51:42.840591 27020 ts_tablet_manager.cc:1434] T e3c0cfd30f8e4ee2848d73f3c481efd2 P 771f36b9050d43a3a6cbbc4f45532108: Time spent starting tablet: real 0.011s	user 0.006s	sys 0.004s
I20260608 09:51:42.841797 27020 tablet_bootstrap.cc:492] T fd5af378994e425c82f1bc21a1ae04ab P 771f36b9050d43a3a6cbbc4f45532108: Bootstrap starting.
I20260608 09:51:42.842649 27021 tablet_bootstrap.cc:654] T e3c0cfd30f8e4ee2848d73f3c481efd2 P 7c0e7b3b9da74cc38fcae5858e2b28a4: Neither blocks nor log segments found. Creating new log.
I20260608 09:51:42.846956 27023 tablet_bootstrap.cc:654] T e3c0cfd30f8e4ee2848d73f3c481efd2 P d33373be402b4505ad7c4fe0c2b2ec15: Neither blocks nor log segments found. Creating new log.
I20260608 09:51:42.848156 27020 tablet_bootstrap.cc:654] T fd5af378994e425c82f1bc21a1ae04ab P 771f36b9050d43a3a6cbbc4f45532108: Neither blocks nor log segments found. Creating new log.
I20260608 09:51:42.852499 27021 tablet_bootstrap.cc:492] T e3c0cfd30f8e4ee2848d73f3c481efd2 P 7c0e7b3b9da74cc38fcae5858e2b28a4: No bootstrap required, opened a new log
I20260608 09:51:42.853070 27021 ts_tablet_manager.cc:1403] T e3c0cfd30f8e4ee2848d73f3c481efd2 P 7c0e7b3b9da74cc38fcae5858e2b28a4: Time spent bootstrapping tablet: real 0.021s	user 0.012s	sys 0.004s
I20260608 09:51:42.854348 27023 tablet_bootstrap.cc:492] T e3c0cfd30f8e4ee2848d73f3c481efd2 P d33373be402b4505ad7c4fe0c2b2ec15: No bootstrap required, opened a new log
I20260608 09:51:42.854872 27023 ts_tablet_manager.cc:1403] T e3c0cfd30f8e4ee2848d73f3c481efd2 P d33373be402b4505ad7c4fe0c2b2ec15: Time spent bootstrapping tablet: real 0.016s	user 0.007s	sys 0.004s
I20260608 09:51:42.856057 27021 raft_consensus.cc:359] T e3c0cfd30f8e4ee2848d73f3c481efd2 P 7c0e7b3b9da74cc38fcae5858e2b28a4 [term 0 FOLLOWER]: Replica starting. Triggering 0 pending ops. Active config: opid_index: -1 OBSOLETE_local: false peers { permanent_uuid: "771f36b9050d43a3a6cbbc4f45532108" member_type: VOTER last_known_addr { host: "127.24.119.129" port: 33153 } } peers { permanent_uuid: "7c0e7b3b9da74cc38fcae5858e2b28a4" member_type: VOTER last_known_addr { host: "127.24.119.131" port: 43747 } } peers { permanent_uuid: "d33373be402b4505ad7c4fe0c2b2ec15" member_type: VOTER last_known_addr { host: "127.24.119.130" port: 41979 } }
I20260608 09:51:42.856596 27020 tablet_bootstrap.cc:492] T fd5af378994e425c82f1bc21a1ae04ab P 771f36b9050d43a3a6cbbc4f45532108: No bootstrap required, opened a new log
I20260608 09:51:42.856822 27021 raft_consensus.cc:385] T e3c0cfd30f8e4ee2848d73f3c481efd2 P 7c0e7b3b9da74cc38fcae5858e2b28a4 [term 0 FOLLOWER]: Consensus starting up: Expiring failure detector timer to make a prompt election more likely
I20260608 09:51:42.857097 27020 ts_tablet_manager.cc:1403] T fd5af378994e425c82f1bc21a1ae04ab P 771f36b9050d43a3a6cbbc4f45532108: Time spent bootstrapping tablet: real 0.016s	user 0.012s	sys 0.000s
I20260608 09:51:42.857170 27021 raft_consensus.cc:740] T e3c0cfd30f8e4ee2848d73f3c481efd2 P 7c0e7b3b9da74cc38fcae5858e2b28a4 [term 0 FOLLOWER]: Becoming Follower/Learner. State: Replica: 7c0e7b3b9da74cc38fcae5858e2b28a4, State: Initialized, Role: FOLLOWER
I20260608 09:51:42.857206 27023 raft_consensus.cc:359] T e3c0cfd30f8e4ee2848d73f3c481efd2 P d33373be402b4505ad7c4fe0c2b2ec15 [term 0 FOLLOWER]: Replica starting. Triggering 0 pending ops. Active config: opid_index: -1 OBSOLETE_local: false peers { permanent_uuid: "771f36b9050d43a3a6cbbc4f45532108" member_type: VOTER last_known_addr { host: "127.24.119.129" port: 33153 } } peers { permanent_uuid: "7c0e7b3b9da74cc38fcae5858e2b28a4" member_type: VOTER last_known_addr { host: "127.24.119.131" port: 43747 } } peers { permanent_uuid: "d33373be402b4505ad7c4fe0c2b2ec15" member_type: VOTER last_known_addr { host: "127.24.119.130" port: 41979 } }
I20260608 09:51:42.858034 27023 raft_consensus.cc:385] T e3c0cfd30f8e4ee2848d73f3c481efd2 P d33373be402b4505ad7c4fe0c2b2ec15 [term 0 FOLLOWER]: Consensus starting up: Expiring failure detector timer to make a prompt election more likely
I20260608 09:51:42.858332 27023 raft_consensus.cc:740] T e3c0cfd30f8e4ee2848d73f3c481efd2 P d33373be402b4505ad7c4fe0c2b2ec15 [term 0 FOLLOWER]: Becoming Follower/Learner. State: Replica: d33373be402b4505ad7c4fe0c2b2ec15, State: Initialized, Role: FOLLOWER
I20260608 09:51:42.858227 27021 consensus_queue.cc:260] T e3c0cfd30f8e4ee2848d73f3c481efd2 P 7c0e7b3b9da74cc38fcae5858e2b28a4 [NON_LEADER]: Queue going to NON_LEADER mode. State: All replicated index: 0, Majority replicated index: 0, Committed index: 0, Last appended: 0.0, Last appended by leader: 0, Current term: 0, Majority size: -1, State: 0, Mode: NON_LEADER, active raft config: opid_index: -1 OBSOLETE_local: false peers { permanent_uuid: "771f36b9050d43a3a6cbbc4f45532108" member_type: VOTER last_known_addr { host: "127.24.119.129" port: 33153 } } peers { permanent_uuid: "7c0e7b3b9da74cc38fcae5858e2b28a4" member_type: VOTER last_known_addr { host: "127.24.119.131" port: 43747 } } peers { permanent_uuid: "d33373be402b4505ad7c4fe0c2b2ec15" member_type: VOTER last_known_addr { host: "127.24.119.130" port: 41979 } }
I20260608 09:51:42.859094 27023 consensus_queue.cc:260] T e3c0cfd30f8e4ee2848d73f3c481efd2 P d33373be402b4505ad7c4fe0c2b2ec15 [NON_LEADER]: Queue going to NON_LEADER mode. State: All replicated index: 0, Majority replicated index: 0, Committed index: 0, Last appended: 0.0, Last appended by leader: 0, Current term: 0, Majority size: -1, State: 0, Mode: NON_LEADER, active raft config: opid_index: -1 OBSOLETE_local: false peers { permanent_uuid: "771f36b9050d43a3a6cbbc4f45532108" member_type: VOTER last_known_addr { host: "127.24.119.129" port: 33153 } } peers { permanent_uuid: "7c0e7b3b9da74cc38fcae5858e2b28a4" member_type: VOTER last_known_addr { host: "127.24.119.131" port: 43747 } } peers { permanent_uuid: "d33373be402b4505ad7c4fe0c2b2ec15" member_type: VOTER last_known_addr { host: "127.24.119.130" port: 41979 } }
I20260608 09:51:42.860267 27020 raft_consensus.cc:359] T fd5af378994e425c82f1bc21a1ae04ab P 771f36b9050d43a3a6cbbc4f45532108 [term 0 FOLLOWER]: Replica starting. Triggering 0 pending ops. Active config: opid_index: -1 OBSOLETE_local: false peers { permanent_uuid: "771f36b9050d43a3a6cbbc4f45532108" member_type: VOTER last_known_addr { host: "127.24.119.129" port: 33153 } } peers { permanent_uuid: "d33373be402b4505ad7c4fe0c2b2ec15" member_type: VOTER last_known_addr { host: "127.24.119.130" port: 41979 } } peers { permanent_uuid: "7c0e7b3b9da74cc38fcae5858e2b28a4" member_type: VOTER last_known_addr { host: "127.24.119.131" port: 43747 } }
I20260608 09:51:42.861080 27020 raft_consensus.cc:385] T fd5af378994e425c82f1bc21a1ae04ab P 771f36b9050d43a3a6cbbc4f45532108 [term 0 FOLLOWER]: Consensus starting up: Expiring failure detector timer to make a prompt election more likely
I20260608 09:51:42.861502 27020 raft_consensus.cc:740] T fd5af378994e425c82f1bc21a1ae04ab P 771f36b9050d43a3a6cbbc4f45532108 [term 0 FOLLOWER]: Becoming Follower/Learner. State: Replica: 771f36b9050d43a3a6cbbc4f45532108, State: Initialized, Role: FOLLOWER
I20260608 09:51:42.862393 27020 consensus_queue.cc:260] T fd5af378994e425c82f1bc21a1ae04ab P 771f36b9050d43a3a6cbbc4f45532108 [NON_LEADER]: Queue going to NON_LEADER mode. State: All replicated index: 0, Majority replicated index: 0, Committed index: 0, Last appended: 0.0, Last appended by leader: 0, Current term: 0, Majority size: -1, State: 0, Mode: NON_LEADER, active raft config: opid_index: -1 OBSOLETE_local: false peers { permanent_uuid: "771f36b9050d43a3a6cbbc4f45532108" member_type: VOTER last_known_addr { host: "127.24.119.129" port: 33153 } } peers { permanent_uuid: "d33373be402b4505ad7c4fe0c2b2ec15" member_type: VOTER last_known_addr { host: "127.24.119.130" port: 41979 } } peers { permanent_uuid: "7c0e7b3b9da74cc38fcae5858e2b28a4" member_type: VOTER last_known_addr { host: "127.24.119.131" port: 43747 } }
I20260608 09:51:42.865216 27020 ts_tablet_manager.cc:1434] T fd5af378994e425c82f1bc21a1ae04ab P 771f36b9050d43a3a6cbbc4f45532108: Time spent starting tablet: real 0.008s	user 0.007s	sys 0.000s
I20260608 09:51:42.867911 27024 raft_consensus.cc:493] T fd5af378994e425c82f1bc21a1ae04ab P 771f36b9050d43a3a6cbbc4f45532108 [term 0 FOLLOWER]: Starting pre-election (no leader contacted us within the election timeout)
I20260608 09:51:42.868628 27023 ts_tablet_manager.cc:1434] T e3c0cfd30f8e4ee2848d73f3c481efd2 P d33373be402b4505ad7c4fe0c2b2ec15: Time spent starting tablet: real 0.013s	user 0.008s	sys 0.006s
I20260608 09:51:42.868443 27024 raft_consensus.cc:515] T fd5af378994e425c82f1bc21a1ae04ab P 771f36b9050d43a3a6cbbc4f45532108 [term 0 FOLLOWER]: Starting pre-election with config: opid_index: -1 OBSOLETE_local: false peers { permanent_uuid: "771f36b9050d43a3a6cbbc4f45532108" member_type: VOTER last_known_addr { host: "127.24.119.129" port: 33153 } } peers { permanent_uuid: "d33373be402b4505ad7c4fe0c2b2ec15" member_type: VOTER last_known_addr { host: "127.24.119.130" port: 41979 } } peers { permanent_uuid: "7c0e7b3b9da74cc38fcae5858e2b28a4" member_type: VOTER last_known_addr { host: "127.24.119.131" port: 43747 } }
I20260608 09:51:42.869746 27023 tablet_bootstrap.cc:492] T fd5af378994e425c82f1bc21a1ae04ab P d33373be402b4505ad7c4fe0c2b2ec15: Bootstrap starting.
I20260608 09:51:42.870177 27021 ts_tablet_manager.cc:1434] T e3c0cfd30f8e4ee2848d73f3c481efd2 P 7c0e7b3b9da74cc38fcae5858e2b28a4: Time spent starting tablet: real 0.017s	user 0.006s	sys 0.008s
I20260608 09:51:42.871236 27021 tablet_bootstrap.cc:492] T fd5af378994e425c82f1bc21a1ae04ab P 7c0e7b3b9da74cc38fcae5858e2b28a4: Bootstrap starting.
I20260608 09:51:42.876611 27023 tablet_bootstrap.cc:654] T fd5af378994e425c82f1bc21a1ae04ab P d33373be402b4505ad7c4fe0c2b2ec15: Neither blocks nor log segments found. Creating new log.
I20260608 09:51:42.877449 27021 tablet_bootstrap.cc:654] T fd5af378994e425c82f1bc21a1ae04ab P 7c0e7b3b9da74cc38fcae5858e2b28a4: Neither blocks nor log segments found. Creating new log.
I20260608 09:51:42.884763 27024 leader_election.cc:290] T fd5af378994e425c82f1bc21a1ae04ab P 771f36b9050d43a3a6cbbc4f45532108 [CANDIDATE]: Term 1 pre-election: Requested pre-vote from peers d33373be402b4505ad7c4fe0c2b2ec15 (127.24.119.130:41979), 7c0e7b3b9da74cc38fcae5858e2b28a4 (127.24.119.131:43747)
I20260608 09:51:42.914570 27023 tablet_bootstrap.cc:492] T fd5af378994e425c82f1bc21a1ae04ab P d33373be402b4505ad7c4fe0c2b2ec15: No bootstrap required, opened a new log
I20260608 09:51:42.915226 27023 ts_tablet_manager.cc:1403] T fd5af378994e425c82f1bc21a1ae04ab P d33373be402b4505ad7c4fe0c2b2ec15: Time spent bootstrapping tablet: real 0.046s	user 0.020s	sys 0.025s
I20260608 09:51:42.915498 27021 tablet_bootstrap.cc:492] T fd5af378994e425c82f1bc21a1ae04ab P 7c0e7b3b9da74cc38fcae5858e2b28a4: No bootstrap required, opened a new log
I20260608 09:51:42.916045 27021 ts_tablet_manager.cc:1403] T fd5af378994e425c82f1bc21a1ae04ab P 7c0e7b3b9da74cc38fcae5858e2b28a4: Time spent bootstrapping tablet: real 0.045s	user 0.028s	sys 0.016s
I20260608 09:51:42.918287 27023 raft_consensus.cc:359] T fd5af378994e425c82f1bc21a1ae04ab P d33373be402b4505ad7c4fe0c2b2ec15 [term 0 FOLLOWER]: Replica starting. Triggering 0 pending ops. Active config: opid_index: -1 OBSOLETE_local: false peers { permanent_uuid: "771f36b9050d43a3a6cbbc4f45532108" member_type: VOTER last_known_addr { host: "127.24.119.129" port: 33153 } } peers { permanent_uuid: "d33373be402b4505ad7c4fe0c2b2ec15" member_type: VOTER last_known_addr { host: "127.24.119.130" port: 41979 } } peers { permanent_uuid: "7c0e7b3b9da74cc38fcae5858e2b28a4" member_type: VOTER last_known_addr { host: "127.24.119.131" port: 43747 } }
I20260608 09:51:42.919044 27023 raft_consensus.cc:385] T fd5af378994e425c82f1bc21a1ae04ab P d33373be402b4505ad7c4fe0c2b2ec15 [term 0 FOLLOWER]: Consensus starting up: Expiring failure detector timer to make a prompt election more likely
I20260608 09:51:42.919451 27023 raft_consensus.cc:740] T fd5af378994e425c82f1bc21a1ae04ab P d33373be402b4505ad7c4fe0c2b2ec15 [term 0 FOLLOWER]: Becoming Follower/Learner. State: Replica: d33373be402b4505ad7c4fe0c2b2ec15, State: Initialized, Role: FOLLOWER
I20260608 09:51:42.919109 27021 raft_consensus.cc:359] T fd5af378994e425c82f1bc21a1ae04ab P 7c0e7b3b9da74cc38fcae5858e2b28a4 [term 0 FOLLOWER]: Replica starting. Triggering 0 pending ops. Active config: opid_index: -1 OBSOLETE_local: false peers { permanent_uuid: "771f36b9050d43a3a6cbbc4f45532108" member_type: VOTER last_known_addr { host: "127.24.119.129" port: 33153 } } peers { permanent_uuid: "d33373be402b4505ad7c4fe0c2b2ec15" member_type: VOTER last_known_addr { host: "127.24.119.130" port: 41979 } } peers { permanent_uuid: "7c0e7b3b9da74cc38fcae5858e2b28a4" member_type: VOTER last_known_addr { host: "127.24.119.131" port: 43747 } }
I20260608 09:51:42.919971 27021 raft_consensus.cc:385] T fd5af378994e425c82f1bc21a1ae04ab P 7c0e7b3b9da74cc38fcae5858e2b28a4 [term 0 FOLLOWER]: Consensus starting up: Expiring failure detector timer to make a prompt election more likely
I20260608 09:51:42.920307 27023 consensus_queue.cc:260] T fd5af378994e425c82f1bc21a1ae04ab P d33373be402b4505ad7c4fe0c2b2ec15 [NON_LEADER]: Queue going to NON_LEADER mode. State: All replicated index: 0, Majority replicated index: 0, Committed index: 0, Last appended: 0.0, Last appended by leader: 0, Current term: 0, Majority size: -1, State: 0, Mode: NON_LEADER, active raft config: opid_index: -1 OBSOLETE_local: false peers { permanent_uuid: "771f36b9050d43a3a6cbbc4f45532108" member_type: VOTER last_known_addr { host: "127.24.119.129" port: 33153 } } peers { permanent_uuid: "d33373be402b4505ad7c4fe0c2b2ec15" member_type: VOTER last_known_addr { host: "127.24.119.130" port: 41979 } } peers { permanent_uuid: "7c0e7b3b9da74cc38fcae5858e2b28a4" member_type: VOTER last_known_addr { host: "127.24.119.131" port: 43747 } }
I20260608 09:51:42.920302 27021 raft_consensus.cc:740] T fd5af378994e425c82f1bc21a1ae04ab P 7c0e7b3b9da74cc38fcae5858e2b28a4 [term 0 FOLLOWER]: Becoming Follower/Learner. State: Replica: 7c0e7b3b9da74cc38fcae5858e2b28a4, State: Initialized, Role: FOLLOWER
I20260608 09:51:42.922271 27021 consensus_queue.cc:260] T fd5af378994e425c82f1bc21a1ae04ab P 7c0e7b3b9da74cc38fcae5858e2b28a4 [NON_LEADER]: Queue going to NON_LEADER mode. State: All replicated index: 0, Majority replicated index: 0, Committed index: 0, Last appended: 0.0, Last appended by leader: 0, Current term: 0, Majority size: -1, State: 0, Mode: NON_LEADER, active raft config: opid_index: -1 OBSOLETE_local: false peers { permanent_uuid: "771f36b9050d43a3a6cbbc4f45532108" member_type: VOTER last_known_addr { host: "127.24.119.129" port: 33153 } } peers { permanent_uuid: "d33373be402b4505ad7c4fe0c2b2ec15" member_type: VOTER last_known_addr { host: "127.24.119.130" port: 41979 } } peers { permanent_uuid: "7c0e7b3b9da74cc38fcae5858e2b28a4" member_type: VOTER last_known_addr { host: "127.24.119.131" port: 43747 } }
I20260608 09:51:42.922982 27023 ts_tablet_manager.cc:1434] T fd5af378994e425c82f1bc21a1ae04ab P d33373be402b4505ad7c4fe0c2b2ec15: Time spent starting tablet: real 0.007s	user 0.007s	sys 0.000s
I20260608 09:51:42.923988 26975 tablet_service.cc:1917] Received RequestConsensusVote() RPC: tablet_id: "fd5af378994e425c82f1bc21a1ae04ab" candidate_uuid: "771f36b9050d43a3a6cbbc4f45532108" candidate_term: 1 candidate_status { last_received { term: 0 index: 0 } } ignore_live_leader: false dest_uuid: "7c0e7b3b9da74cc38fcae5858e2b28a4" is_pre_election: true
I20260608 09:51:42.924551 26975 raft_consensus.cc:2468] T fd5af378994e425c82f1bc21a1ae04ab P 7c0e7b3b9da74cc38fcae5858e2b28a4 [term 0 FOLLOWER]: Leader pre-election vote request: Granting yes vote for candidate 771f36b9050d43a3a6cbbc4f45532108 in term 0.
I20260608 09:51:42.924809 27021 ts_tablet_manager.cc:1434] T fd5af378994e425c82f1bc21a1ae04ab P 7c0e7b3b9da74cc38fcae5858e2b28a4: Time spent starting tablet: real 0.008s	user 0.006s	sys 0.001s
I20260608 09:51:42.925977 26901 tablet_service.cc:1917] Received RequestConsensusVote() RPC: tablet_id: "fd5af378994e425c82f1bc21a1ae04ab" candidate_uuid: "771f36b9050d43a3a6cbbc4f45532108" candidate_term: 1 candidate_status { last_received { term: 0 index: 0 } } ignore_live_leader: false dest_uuid: "d33373be402b4505ad7c4fe0c2b2ec15" is_pre_election: true
I20260608 09:51:42.926214 26789 leader_election.cc:304] T fd5af378994e425c82f1bc21a1ae04ab P 771f36b9050d43a3a6cbbc4f45532108 [CANDIDATE]: Term 1 pre-election: Election decided. Result: candidate won. Election summary: received 2 responses out of 3 voters: 2 yes votes; 0 no votes. yes voters: 771f36b9050d43a3a6cbbc4f45532108, 7c0e7b3b9da74cc38fcae5858e2b28a4; no voters: 
I20260608 09:51:42.926671 26901 raft_consensus.cc:2468] T fd5af378994e425c82f1bc21a1ae04ab P d33373be402b4505ad7c4fe0c2b2ec15 [term 0 FOLLOWER]: Leader pre-election vote request: Granting yes vote for candidate 771f36b9050d43a3a6cbbc4f45532108 in term 0.
I20260608 09:51:42.927134 27024 raft_consensus.cc:2804] T fd5af378994e425c82f1bc21a1ae04ab P 771f36b9050d43a3a6cbbc4f45532108 [term 0 FOLLOWER]: Leader pre-election won for term 1
I20260608 09:51:42.927484 27024 raft_consensus.cc:493] T fd5af378994e425c82f1bc21a1ae04ab P 771f36b9050d43a3a6cbbc4f45532108 [term 0 FOLLOWER]: Starting leader election (no leader contacted us within the election timeout)
I20260608 09:51:42.927829 27024 raft_consensus.cc:3060] T fd5af378994e425c82f1bc21a1ae04ab P 771f36b9050d43a3a6cbbc4f45532108 [term 0 FOLLOWER]: Advancing to term 1
I20260608 09:51:42.934643 27024 raft_consensus.cc:515] T fd5af378994e425c82f1bc21a1ae04ab P 771f36b9050d43a3a6cbbc4f45532108 [term 1 FOLLOWER]: Starting leader election with config: opid_index: -1 OBSOLETE_local: false peers { permanent_uuid: "771f36b9050d43a3a6cbbc4f45532108" member_type: VOTER last_known_addr { host: "127.24.119.129" port: 33153 } } peers { permanent_uuid: "d33373be402b4505ad7c4fe0c2b2ec15" member_type: VOTER last_known_addr { host: "127.24.119.130" port: 41979 } } peers { permanent_uuid: "7c0e7b3b9da74cc38fcae5858e2b28a4" member_type: VOTER last_known_addr { host: "127.24.119.131" port: 43747 } }
I20260608 09:51:42.936177 27024 leader_election.cc:290] T fd5af378994e425c82f1bc21a1ae04ab P 771f36b9050d43a3a6cbbc4f45532108 [CANDIDATE]: Term 1 election: Requested vote from peers d33373be402b4505ad7c4fe0c2b2ec15 (127.24.119.130:41979), 7c0e7b3b9da74cc38fcae5858e2b28a4 (127.24.119.131:43747)
I20260608 09:51:42.936985 26901 tablet_service.cc:1917] Received RequestConsensusVote() RPC: tablet_id: "fd5af378994e425c82f1bc21a1ae04ab" candidate_uuid: "771f36b9050d43a3a6cbbc4f45532108" candidate_term: 1 candidate_status { last_received { term: 0 index: 0 } } ignore_live_leader: false dest_uuid: "d33373be402b4505ad7c4fe0c2b2ec15"
I20260608 09:51:42.937114 26975 tablet_service.cc:1917] Received RequestConsensusVote() RPC: tablet_id: "fd5af378994e425c82f1bc21a1ae04ab" candidate_uuid: "771f36b9050d43a3a6cbbc4f45532108" candidate_term: 1 candidate_status { last_received { term: 0 index: 0 } } ignore_live_leader: false dest_uuid: "7c0e7b3b9da74cc38fcae5858e2b28a4"
I20260608 09:51:42.937459 26901 raft_consensus.cc:3060] T fd5af378994e425c82f1bc21a1ae04ab P d33373be402b4505ad7c4fe0c2b2ec15 [term 0 FOLLOWER]: Advancing to term 1
I20260608 09:51:42.937637 26975 raft_consensus.cc:3060] T fd5af378994e425c82f1bc21a1ae04ab P 7c0e7b3b9da74cc38fcae5858e2b28a4 [term 0 FOLLOWER]: Advancing to term 1
I20260608 09:51:42.942164 26901 raft_consensus.cc:2468] T fd5af378994e425c82f1bc21a1ae04ab P d33373be402b4505ad7c4fe0c2b2ec15 [term 1 FOLLOWER]: Leader election vote request: Granting yes vote for candidate 771f36b9050d43a3a6cbbc4f45532108 in term 1.
I20260608 09:51:42.942230 26975 raft_consensus.cc:2468] T fd5af378994e425c82f1bc21a1ae04ab P 7c0e7b3b9da74cc38fcae5858e2b28a4 [term 1 FOLLOWER]: Leader election vote request: Granting yes vote for candidate 771f36b9050d43a3a6cbbc4f45532108 in term 1.
I20260608 09:51:42.943275 26789 leader_election.cc:304] T fd5af378994e425c82f1bc21a1ae04ab P 771f36b9050d43a3a6cbbc4f45532108 [CANDIDATE]: Term 1 election: Election decided. Result: candidate won. Election summary: received 2 responses out of 3 voters: 2 yes votes; 0 no votes. yes voters: 771f36b9050d43a3a6cbbc4f45532108, 7c0e7b3b9da74cc38fcae5858e2b28a4; no voters: 
I20260608 09:51:42.943934 27024 raft_consensus.cc:2804] T fd5af378994e425c82f1bc21a1ae04ab P 771f36b9050d43a3a6cbbc4f45532108 [term 1 FOLLOWER]: Leader election won for term 1
I20260608 09:51:42.945034 27024 raft_consensus.cc:697] T fd5af378994e425c82f1bc21a1ae04ab P 771f36b9050d43a3a6cbbc4f45532108 [term 1 LEADER]: Becoming Leader. State: Replica: 771f36b9050d43a3a6cbbc4f45532108, State: Running, Role: LEADER
I20260608 09:51:42.945822 27024 consensus_queue.cc:237] T fd5af378994e425c82f1bc21a1ae04ab P 771f36b9050d43a3a6cbbc4f45532108 [LEADER]: Queue going to LEADER mode. State: All replicated index: 0, Majority replicated index: 0, Committed index: 0, Last appended: 0.0, Last appended by leader: 0, Current term: 1, Majority size: 2, State: 0, Mode: LEADER, active raft config: opid_index: -1 OBSOLETE_local: false peers { permanent_uuid: "771f36b9050d43a3a6cbbc4f45532108" member_type: VOTER last_known_addr { host: "127.24.119.129" port: 33153 } } peers { permanent_uuid: "d33373be402b4505ad7c4fe0c2b2ec15" member_type: VOTER last_known_addr { host: "127.24.119.130" port: 41979 } } peers { permanent_uuid: "7c0e7b3b9da74cc38fcae5858e2b28a4" member_type: VOTER last_known_addr { host: "127.24.119.131" port: 43747 } }
I20260608 09:51:42.953975 26723 catalog_manager.cc:5696] T fd5af378994e425c82f1bc21a1ae04ab P 771f36b9050d43a3a6cbbc4f45532108 reported cstate change: term changed from 0 to 1, leader changed from <none> to 771f36b9050d43a3a6cbbc4f45532108 (127.24.119.129). New cstate: current_term: 1 leader_uuid: "771f36b9050d43a3a6cbbc4f45532108" committed_config { opid_index: -1 OBSOLETE_local: false peers { permanent_uuid: "771f36b9050d43a3a6cbbc4f45532108" member_type: VOTER last_known_addr { host: "127.24.119.129" port: 33153 } health_report { overall_health: HEALTHY } } peers { permanent_uuid: "d33373be402b4505ad7c4fe0c2b2ec15" member_type: VOTER last_known_addr { host: "127.24.119.130" port: 41979 } health_report { overall_health: UNKNOWN } } peers { permanent_uuid: "7c0e7b3b9da74cc38fcae5858e2b28a4" member_type: VOTER last_known_addr { host: "127.24.119.131" port: 43747 } health_report { overall_health: UNKNOWN } } }
I20260608 09:51:42.964404 27029 raft_consensus.cc:493] T e3c0cfd30f8e4ee2848d73f3c481efd2 P d33373be402b4505ad7c4fe0c2b2ec15 [term 0 FOLLOWER]: Starting pre-election (no leader contacted us within the election timeout)
I20260608 09:51:42.964883 27029 raft_consensus.cc:515] T e3c0cfd30f8e4ee2848d73f3c481efd2 P d33373be402b4505ad7c4fe0c2b2ec15 [term 0 FOLLOWER]: Starting pre-election with config: opid_index: -1 OBSOLETE_local: false peers { permanent_uuid: "771f36b9050d43a3a6cbbc4f45532108" member_type: VOTER last_known_addr { host: "127.24.119.129" port: 33153 } } peers { permanent_uuid: "7c0e7b3b9da74cc38fcae5858e2b28a4" member_type: VOTER last_known_addr { host: "127.24.119.131" port: 43747 } } peers { permanent_uuid: "d33373be402b4505ad7c4fe0c2b2ec15" member_type: VOTER last_known_addr { host: "127.24.119.130" port: 41979 } }
I20260608 09:51:42.967036 27029 leader_election.cc:290] T e3c0cfd30f8e4ee2848d73f3c481efd2 P d33373be402b4505ad7c4fe0c2b2ec15 [CANDIDATE]: Term 1 pre-election: Requested pre-vote from peers 771f36b9050d43a3a6cbbc4f45532108 (127.24.119.129:33153), 7c0e7b3b9da74cc38fcae5858e2b28a4 (127.24.119.131:43747)
I20260608 09:51:42.979526 26826 tablet_service.cc:1917] Received RequestConsensusVote() RPC: tablet_id: "e3c0cfd30f8e4ee2848d73f3c481efd2" candidate_uuid: "d33373be402b4505ad7c4fe0c2b2ec15" candidate_term: 1 candidate_status { last_received { term: 0 index: 0 } } ignore_live_leader: false dest_uuid: "771f36b9050d43a3a6cbbc4f45532108" is_pre_election: true
I20260608 09:51:42.979718 26975 tablet_service.cc:1917] Received RequestConsensusVote() RPC: tablet_id: "e3c0cfd30f8e4ee2848d73f3c481efd2" candidate_uuid: "d33373be402b4505ad7c4fe0c2b2ec15" candidate_term: 1 candidate_status { last_received { term: 0 index: 0 } } ignore_live_leader: false dest_uuid: "7c0e7b3b9da74cc38fcae5858e2b28a4" is_pre_election: true
I20260608 09:51:42.980335 26826 raft_consensus.cc:2468] T e3c0cfd30f8e4ee2848d73f3c481efd2 P 771f36b9050d43a3a6cbbc4f45532108 [term 0 FOLLOWER]: Leader pre-election vote request: Granting yes vote for candidate d33373be402b4505ad7c4fe0c2b2ec15 in term 0.
I20260608 09:51:42.980399 26975 raft_consensus.cc:2468] T e3c0cfd30f8e4ee2848d73f3c481efd2 P 7c0e7b3b9da74cc38fcae5858e2b28a4 [term 0 FOLLOWER]: Leader pre-election vote request: Granting yes vote for candidate d33373be402b4505ad7c4fe0c2b2ec15 in term 0.
I20260608 09:51:42.981626 26867 leader_election.cc:304] T e3c0cfd30f8e4ee2848d73f3c481efd2 P d33373be402b4505ad7c4fe0c2b2ec15 [CANDIDATE]: Term 1 pre-election: Election decided. Result: candidate won. Election summary: received 2 responses out of 3 voters: 2 yes votes; 0 no votes. yes voters: 771f36b9050d43a3a6cbbc4f45532108, d33373be402b4505ad7c4fe0c2b2ec15; no voters: 
I20260608 09:51:42.982367 27029 raft_consensus.cc:2804] T e3c0cfd30f8e4ee2848d73f3c481efd2 P d33373be402b4505ad7c4fe0c2b2ec15 [term 0 FOLLOWER]: Leader pre-election won for term 1
I20260608 09:51:42.982640 27029 raft_consensus.cc:493] T e3c0cfd30f8e4ee2848d73f3c481efd2 P d33373be402b4505ad7c4fe0c2b2ec15 [term 0 FOLLOWER]: Starting leader election (no leader contacted us within the election timeout)
I20260608 09:51:42.982863 27029 raft_consensus.cc:3060] T e3c0cfd30f8e4ee2848d73f3c481efd2 P d33373be402b4505ad7c4fe0c2b2ec15 [term 0 FOLLOWER]: Advancing to term 1
I20260608 09:51:42.987437 27029 raft_consensus.cc:515] T e3c0cfd30f8e4ee2848d73f3c481efd2 P d33373be402b4505ad7c4fe0c2b2ec15 [term 1 FOLLOWER]: Starting leader election with config: opid_index: -1 OBSOLETE_local: false peers { permanent_uuid: "771f36b9050d43a3a6cbbc4f45532108" member_type: VOTER last_known_addr { host: "127.24.119.129" port: 33153 } } peers { permanent_uuid: "7c0e7b3b9da74cc38fcae5858e2b28a4" member_type: VOTER last_known_addr { host: "127.24.119.131" port: 43747 } } peers { permanent_uuid: "d33373be402b4505ad7c4fe0c2b2ec15" member_type: VOTER last_known_addr { host: "127.24.119.130" port: 41979 } }
I20260608 09:51:42.989369 27029 leader_election.cc:290] T e3c0cfd30f8e4ee2848d73f3c481efd2 P d33373be402b4505ad7c4fe0c2b2ec15 [CANDIDATE]: Term 1 election: Requested vote from peers 771f36b9050d43a3a6cbbc4f45532108 (127.24.119.129:33153), 7c0e7b3b9da74cc38fcae5858e2b28a4 (127.24.119.131:43747)
I20260608 09:51:42.990058 26826 tablet_service.cc:1917] Received RequestConsensusVote() RPC: tablet_id: "e3c0cfd30f8e4ee2848d73f3c481efd2" candidate_uuid: "d33373be402b4505ad7c4fe0c2b2ec15" candidate_term: 1 candidate_status { last_received { term: 0 index: 0 } } ignore_live_leader: false dest_uuid: "771f36b9050d43a3a6cbbc4f45532108"
I20260608 09:51:42.990439 26975 tablet_service.cc:1917] Received RequestConsensusVote() RPC: tablet_id: "e3c0cfd30f8e4ee2848d73f3c481efd2" candidate_uuid: "d33373be402b4505ad7c4fe0c2b2ec15" candidate_term: 1 candidate_status { last_received { term: 0 index: 0 } } ignore_live_leader: false dest_uuid: "7c0e7b3b9da74cc38fcae5858e2b28a4"
I20260608 09:51:42.990682 26826 raft_consensus.cc:3060] T e3c0cfd30f8e4ee2848d73f3c481efd2 P 771f36b9050d43a3a6cbbc4f45532108 [term 0 FOLLOWER]: Advancing to term 1
I20260608 09:51:42.991012 26975 raft_consensus.cc:3060] T e3c0cfd30f8e4ee2848d73f3c481efd2 P 7c0e7b3b9da74cc38fcae5858e2b28a4 [term 0 FOLLOWER]: Advancing to term 1
I20260608 09:51:42.997617 26826 raft_consensus.cc:2468] T e3c0cfd30f8e4ee2848d73f3c481efd2 P 771f36b9050d43a3a6cbbc4f45532108 [term 1 FOLLOWER]: Leader election vote request: Granting yes vote for candidate d33373be402b4505ad7c4fe0c2b2ec15 in term 1.
I20260608 09:51:42.997617 26975 raft_consensus.cc:2468] T e3c0cfd30f8e4ee2848d73f3c481efd2 P 7c0e7b3b9da74cc38fcae5858e2b28a4 [term 1 FOLLOWER]: Leader election vote request: Granting yes vote for candidate d33373be402b4505ad7c4fe0c2b2ec15 in term 1.
I20260608 09:51:42.999372 26864 leader_election.cc:304] T e3c0cfd30f8e4ee2848d73f3c481efd2 P d33373be402b4505ad7c4fe0c2b2ec15 [CANDIDATE]: Term 1 election: Election decided. Result: candidate won. Election summary: received 2 responses out of 3 voters: 2 yes votes; 0 no votes. yes voters: 7c0e7b3b9da74cc38fcae5858e2b28a4, d33373be402b4505ad7c4fe0c2b2ec15; no voters: 
I20260608 09:51:43.000288 27029 raft_consensus.cc:2804] T e3c0cfd30f8e4ee2848d73f3c481efd2 P d33373be402b4505ad7c4fe0c2b2ec15 [term 1 FOLLOWER]: Leader election won for term 1
I20260608 09:51:43.001482 27029 raft_consensus.cc:697] T e3c0cfd30f8e4ee2848d73f3c481efd2 P d33373be402b4505ad7c4fe0c2b2ec15 [term 1 LEADER]: Becoming Leader. State: Replica: d33373be402b4505ad7c4fe0c2b2ec15, State: Running, Role: LEADER
I20260608 09:51:43.002157 27029 consensus_queue.cc:237] T e3c0cfd30f8e4ee2848d73f3c481efd2 P d33373be402b4505ad7c4fe0c2b2ec15 [LEADER]: Queue going to LEADER mode. State: All replicated index: 0, Majority replicated index: 0, Committed index: 0, Last appended: 0.0, Last appended by leader: 0, Current term: 1, Majority size: 2, State: 0, Mode: LEADER, active raft config: opid_index: -1 OBSOLETE_local: false peers { permanent_uuid: "771f36b9050d43a3a6cbbc4f45532108" member_type: VOTER last_known_addr { host: "127.24.119.129" port: 33153 } } peers { permanent_uuid: "7c0e7b3b9da74cc38fcae5858e2b28a4" member_type: VOTER last_known_addr { host: "127.24.119.131" port: 43747 } } peers { permanent_uuid: "d33373be402b4505ad7c4fe0c2b2ec15" member_type: VOTER last_known_addr { host: "127.24.119.130" port: 41979 } }
I20260608 09:51:43.009137 26723 catalog_manager.cc:5696] T e3c0cfd30f8e4ee2848d73f3c481efd2 P d33373be402b4505ad7c4fe0c2b2ec15 reported cstate change: term changed from 0 to 1, leader changed from <none> to d33373be402b4505ad7c4fe0c2b2ec15 (127.24.119.130). New cstate: current_term: 1 leader_uuid: "d33373be402b4505ad7c4fe0c2b2ec15" committed_config { opid_index: -1 OBSOLETE_local: false peers { permanent_uuid: "771f36b9050d43a3a6cbbc4f45532108" member_type: VOTER last_known_addr { host: "127.24.119.129" port: 33153 } health_report { overall_health: UNKNOWN } } peers { permanent_uuid: "7c0e7b3b9da74cc38fcae5858e2b28a4" member_type: VOTER last_known_addr { host: "127.24.119.131" port: 43747 } health_report { overall_health: UNKNOWN } } peers { permanent_uuid: "d33373be402b4505ad7c4fe0c2b2ec15" member_type: VOTER last_known_addr { host: "127.24.119.130" port: 41979 } health_report { overall_health: HEALTHY } } }
I20260608 09:51:43.268285 26777 auto_leader_rebalancer.cc:140] leader rebalance for table test-workload
I20260608 09:51:43.270480 26777 auto_leader_rebalancer.cc:388] table: test-workload, leader rebalance finish, leader transfer count: 0
I20260608 09:51:43.270833 26777 auto_leader_rebalancer.cc:451] All tables' leader rebalancing finished this round
I20260608 09:51:43.503142 27040 consensus_queue.cc:1048] T fd5af378994e425c82f1bc21a1ae04ab P 771f36b9050d43a3a6cbbc4f45532108 [LEADER]: Connected to new peer: Peer: permanent_uuid: "7c0e7b3b9da74cc38fcae5858e2b28a4" member_type: VOTER last_known_addr { host: "127.24.119.131" port: 43747 }, Status: LMP_MISMATCH, Last received: 0.0, Next index: 1, Last known committed idx: 0, Time since last communication: 0.000s
I20260608 09:51:43.517728 27045 consensus_queue.cc:1048] T fd5af378994e425c82f1bc21a1ae04ab P 771f36b9050d43a3a6cbbc4f45532108 [LEADER]: Connected to new peer: Peer: permanent_uuid: "d33373be402b4505ad7c4fe0c2b2ec15" member_type: VOTER last_known_addr { host: "127.24.119.130" port: 41979 }, Status: LMP_MISMATCH, Last received: 0.0, Next index: 1, Last known committed idx: 0, Time since last communication: 0.000s
I20260608 09:51:43.542701 27047 consensus_queue.cc:1048] T e3c0cfd30f8e4ee2848d73f3c481efd2 P d33373be402b4505ad7c4fe0c2b2ec15 [LEADER]: Connected to new peer: Peer: permanent_uuid: "7c0e7b3b9da74cc38fcae5858e2b28a4" member_type: VOTER last_known_addr { host: "127.24.119.131" port: 43747 }, Status: LMP_MISMATCH, Last received: 0.0, Next index: 1, Last known committed idx: 0, Time since last communication: 0.000s
I20260608 09:51:43.556257 27047 consensus_queue.cc:1048] T e3c0cfd30f8e4ee2848d73f3c481efd2 P d33373be402b4505ad7c4fe0c2b2ec15 [LEADER]: Connected to new peer: Peer: permanent_uuid: "771f36b9050d43a3a6cbbc4f45532108" member_type: VOTER last_known_addr { host: "127.24.119.129" port: 33153 }, Status: LMP_MISMATCH, Last received: 0.0, Next index: 1, Last known committed idx: 0, Time since last communication: 0.001s
I20260608 09:51:45.271780 26777 auto_leader_rebalancer.cc:140] leader rebalance for table test-workload
I20260608 09:51:45.273890 26777 auto_leader_rebalancer.cc:388] table: test-workload, leader rebalance finish, leader transfer count: 0
I20260608 09:51:45.274205 26777 auto_leader_rebalancer.cc:451] All tables' leader rebalancing finished this round
I20260608 09:51:47.275146 26777 auto_leader_rebalancer.cc:140] leader rebalance for table test-workload
I20260608 09:51:47.277241 26777 auto_leader_rebalancer.cc:388] table: test-workload, leader rebalance finish, leader transfer count: 0
I20260608 09:51:47.277575 26777 auto_leader_rebalancer.cc:451] All tables' leader rebalancing finished this round
I20260608 09:51:49.278678 26777 auto_leader_rebalancer.cc:140] leader rebalance for table test-workload
I20260608 09:51:49.281095 26777 auto_leader_rebalancer.cc:388] table: test-workload, leader rebalance finish, leader transfer count: 0
I20260608 09:51:49.281425 26777 auto_leader_rebalancer.cc:451] All tables' leader rebalancing finished this round
I20260608 09:51:51.282326 26777 auto_leader_rebalancer.cc:140] leader rebalance for table test-workload
I20260608 09:51:51.284580 26777 auto_leader_rebalancer.cc:388] table: test-workload, leader rebalance finish, leader transfer count: 0
I20260608 09:51:51.284952 26777 auto_leader_rebalancer.cc:451] All tables' leader rebalancing finished this round
I20260608 09:51:53.286213 26777 auto_leader_rebalancer.cc:140] leader rebalance for table test-workload
I20260608 09:51:53.288177 26777 auto_leader_rebalancer.cc:388] table: test-workload, leader rebalance finish, leader transfer count: 0
I20260608 09:51:53.288501 26777 auto_leader_rebalancer.cc:451] All tables' leader rebalancing finished this round
W20260608 09:51:53.316329 26847 debug-util.cc:398] Leaking SignalData structure 0x7b08000deca0 after lost signal to thread 25057
W20260608 09:51:53.317260 26847 debug-util.cc:398] Leaking SignalData structure 0x7b0800119360 after lost signal to thread 26758
W20260608 09:51:53.318209 26847 debug-util.cc:398] Leaking SignalData structure 0x7b08001f3420 after lost signal to thread 26850
W20260608 09:51:53.318990 26847 debug-util.cc:398] Leaking SignalData structure 0x7b08002392c0 after lost signal to thread 26925
W20260608 09:51:53.319768 26847 debug-util.cc:398] Leaking SignalData structure 0x7b08001e0b00 after lost signal to thread 26999
I20260608 09:51:54.147329 25054 file_cache.cc:492] Constructed file cache file cache with capacity 419430
W20260608 09:51:54.156601 27069 instance_detector.cc:116] could not retrieve AWS instance metadata: Network error: curl error: HTTP response code said error: The requested URL returned error: 404
W20260608 09:51:54.157706 27070 instance_detector.cc:116] could not retrieve Azure instance metadata: Network error: curl error: HTTP response code said error: The requested URL returned error: 404
I20260608 09:51:54.161808 25054 server_base.cc:1061] running on GCE node
W20260608 09:51:54.162667 27072 instance_detector.cc:116] could not retrieve OpenStack instance metadata: Network error: curl error: HTTP response code said error: The requested URL returned error: 404
I20260608 09:51:54.163900 25054 hybrid_clock.cc:584] initializing the hybrid clock with 'system_unsync' time source
W20260608 09:51:54.164217 25054 system_unsync_time.cc:38] NTP support is disabled. Clock error bounds will not be accurate. This configuration is not suitable for distributed clusters.
I20260608 09:51:54.164431 25054 hybrid_clock.cc:648] HybridClock initialized: now 1780912314164415 us; error 0 us; skew 500 ppm
I20260608 09:51:54.165271 25054 server_base.cc:861] Flag tcmalloc_max_total_thread_cache_bytes is not working since tcmalloc is not enabled.
I20260608 09:51:54.168987 25054 webserver.cc:533] Webserver started at http://127.24.119.132:34999/ using document root <none> and password file <none>
I20260608 09:51:54.169800 25054 fs_manager.cc:362] Metadata directory not provided
I20260608 09:51:54.170058 25054 fs_manager.cc:368] Using write-ahead log directory (fs_wal_dir) as metadata directory
I20260608 09:51:54.170457 25054 server_base.cc:909] This appears to be a new deployment of Kudu; creating new FS layout
I20260608 09:51:54.172448 25054 fs_manager.cc:1068] Generated new instance metadata in path /tmp/dist-test-taskPd82ik/test-tmp/auto_rebalancer-test.0.AutoRebalancerTest.MovesScheduledIfAddTserver.1780912276502772-25054-0/minicluster-data/ts-3-root/instance:
uuid: "8d3bbec6076947cc8c7f41eeecce6e4a"
format_stamp: "Formatted at 2026-06-08 09:51:54 on dist-test-slave-5rns"
I20260608 09:51:54.179176 25054 fs_manager.cc:696] Time spent creating directory manager: real 0.006s	user 0.004s	sys 0.002s
I20260608 09:51:54.184105 27077 log_block_manager.cc:4031] Time spent loading block containers with low live blocks: real 0.000s	user 0.000s	sys 0.000s
