I20260608 09:48:37.855430 26769 raft_consensus.cc:1081] T 9327ededf3fa4a7890aedd53d840a753 P 27d0fd162d0d49c4a288396439da5705 [term 2 LEADER]: Signalling peer dd32958b166845d79ce6a006467dfbe7 to start an election
I20260608 09:48:37.857404 26564 tablet_service.cc:2044] Received Run Leader Election RPC: tablet_id: "9327ededf3fa4a7890aedd53d840a753"
dest_uuid: "dd32958b166845d79ce6a006467dfbe7"
 from {username='slave'} at 127.0.0.1:35172
I20260608 09:48:37.857988 26564 raft_consensus.cc:493] T 9327ededf3fa4a7890aedd53d840a753 P dd32958b166845d79ce6a006467dfbe7 [term 2 FOLLOWER]: Starting forced leader election (received explicit request)
I20260608 09:48:37.858309 26564 raft_consensus.cc:3060] T 9327ededf3fa4a7890aedd53d840a753 P dd32958b166845d79ce6a006467dfbe7 [term 2 FOLLOWER]: Advancing to term 3
I20260608 09:48:37.865732 26564 raft_consensus.cc:515] T 9327ededf3fa4a7890aedd53d840a753 P dd32958b166845d79ce6a006467dfbe7 [term 3 FOLLOWER]: Starting forced leader election with config: opid_index: -1 OBSOLETE_local: false peers { permanent_uuid: "27d0fd162d0d49c4a288396439da5705" member_type: VOTER last_known_addr { host: "127.22.229.65" port: 33201 } } peers { permanent_uuid: "aa2cc7edaa0a4c55b64652a8af67f1e8" member_type: VOTER last_known_addr { host: "127.22.229.66" port: 43291 } } peers { permanent_uuid: "dd32958b166845d79ce6a006467dfbe7" member_type: VOTER last_known_addr { host: "127.22.229.67" port: 38989 } }
I20260608 09:48:37.867865 26564 leader_election.cc:290] T 9327ededf3fa4a7890aedd53d840a753 P dd32958b166845d79ce6a006467dfbe7 [CANDIDATE]: Term 3 election: Requested vote from peers 27d0fd162d0d49c4a288396439da5705 (127.22.229.65:33201), aa2cc7edaa0a4c55b64652a8af67f1e8 (127.22.229.66:43291)
I20260608 09:48:37.869300 26415 tablet_service.cc:1917] Received RequestConsensusVote() RPC: tablet_id: "9327ededf3fa4a7890aedd53d840a753" candidate_uuid: "dd32958b166845d79ce6a006467dfbe7" candidate_term: 3 candidate_status { last_received { term: 2 index: 2 } } ignore_live_leader: true dest_uuid: "27d0fd162d0d49c4a288396439da5705"
I20260608 09:48:37.869753 26487 tablet_service.cc:1917] Received RequestConsensusVote() RPC: tablet_id: "9327ededf3fa4a7890aedd53d840a753" candidate_uuid: "dd32958b166845d79ce6a006467dfbe7" candidate_term: 3 candidate_status { last_received { term: 2 index: 2 } } ignore_live_leader: true dest_uuid: "aa2cc7edaa0a4c55b64652a8af67f1e8"
I20260608 09:48:37.870335 26415 raft_consensus.cc:3055] T 9327ededf3fa4a7890aedd53d840a753 P 27d0fd162d0d49c4a288396439da5705 [term 2 LEADER]: Stepping down as leader of term 2
I20260608 09:48:37.870428 26487 raft_consensus.cc:3060] T 9327ededf3fa4a7890aedd53d840a753 P aa2cc7edaa0a4c55b64652a8af67f1e8 [term 2 FOLLOWER]: Advancing to term 3
I20260608 09:48:37.870816 26415 raft_consensus.cc:740] T 9327ededf3fa4a7890aedd53d840a753 P 27d0fd162d0d49c4a288396439da5705 [term 2 LEADER]: Becoming Follower/Learner. State: Replica: 27d0fd162d0d49c4a288396439da5705, State: Running, Role: LEADER
I20260608 09:48:37.872265 26415 consensus_queue.cc:260] T 9327ededf3fa4a7890aedd53d840a753 P 27d0fd162d0d49c4a288396439da5705 [NON_LEADER]: Queue going to NON_LEADER mode. State: All replicated index: 0, Majority replicated index: 2, Committed index: 2, Last appended: 2.2, Last appended by leader: 2, Current term: 2, Majority size: -1, State: 0, Mode: NON_LEADER, active raft config: opid_index: -1 OBSOLETE_local: false peers { permanent_uuid: "27d0fd162d0d49c4a288396439da5705" member_type: VOTER last_known_addr { host: "127.22.229.65" port: 33201 } } peers { permanent_uuid: "aa2cc7edaa0a4c55b64652a8af67f1e8" member_type: VOTER last_known_addr { host: "127.22.229.66" port: 43291 } } peers { permanent_uuid: "dd32958b166845d79ce6a006467dfbe7" member_type: VOTER last_known_addr { host: "127.22.229.67" port: 38989 } }
I20260608 09:48:37.873822 26415 raft_consensus.cc:3060] T 9327ededf3fa4a7890aedd53d840a753 P 27d0fd162d0d49c4a288396439da5705 [term 2 FOLLOWER]: Advancing to term 3
I20260608 09:48:37.878680 26487 raft_consensus.cc:2468] T 9327ededf3fa4a7890aedd53d840a753 P aa2cc7edaa0a4c55b64652a8af67f1e8 [term 3 FOLLOWER]: Leader election vote request: Granting yes vote for candidate dd32958b166845d79ce6a006467dfbe7 in term 3.
I20260608 09:48:37.880225 26527 leader_election.cc:304] T 9327ededf3fa4a7890aedd53d840a753 P dd32958b166845d79ce6a006467dfbe7 [CANDIDATE]: Term 3 election: Election decided. Result: candidate won. Election summary: received 2 responses out of 3 voters: 2 yes votes; 0 no votes. yes voters: aa2cc7edaa0a4c55b64652a8af67f1e8, dd32958b166845d79ce6a006467dfbe7; no voters: 
I20260608 09:48:37.881191 26881 raft_consensus.cc:2804] T 9327ededf3fa4a7890aedd53d840a753 P dd32958b166845d79ce6a006467dfbe7 [term 3 FOLLOWER]: Leader election won for term 3
I20260608 09:48:37.881742 26415 raft_consensus.cc:2468] T 9327ededf3fa4a7890aedd53d840a753 P 27d0fd162d0d49c4a288396439da5705 [term 3 FOLLOWER]: Leader election vote request: Granting yes vote for candidate dd32958b166845d79ce6a006467dfbe7 in term 3.
I20260608 09:48:37.882536 26881 raft_consensus.cc:697] T 9327ededf3fa4a7890aedd53d840a753 P dd32958b166845d79ce6a006467dfbe7 [term 3 LEADER]: Becoming Leader. State: Replica: dd32958b166845d79ce6a006467dfbe7, State: Running, Role: LEADER
I20260608 09:48:37.883914 26881 consensus_queue.cc:237] T 9327ededf3fa4a7890aedd53d840a753 P dd32958b166845d79ce6a006467dfbe7 [LEADER]: Queue going to LEADER mode. State: All replicated index: 0, Majority replicated index: 2, Committed index: 2, Last appended: 2.2, Last appended by leader: 2, Current term: 3, Majority size: 2, State: 0, Mode: LEADER, active raft config: opid_index: -1 OBSOLETE_local: false peers { permanent_uuid: "27d0fd162d0d49c4a288396439da5705" member_type: VOTER last_known_addr { host: "127.22.229.65" port: 33201 } } peers { permanent_uuid: "aa2cc7edaa0a4c55b64652a8af67f1e8" member_type: VOTER last_known_addr { host: "127.22.229.66" port: 43291 } } peers { permanent_uuid: "dd32958b166845d79ce6a006467dfbe7" member_type: VOTER last_known_addr { host: "127.22.229.67" port: 38989 } }
I20260608 09:48:37.893029 26310 catalog_manager.cc:5696] T 9327ededf3fa4a7890aedd53d840a753 P dd32958b166845d79ce6a006467dfbe7 reported cstate change: term changed from 2 to 3, leader changed from 27d0fd162d0d49c4a288396439da5705 (127.22.229.65) to dd32958b166845d79ce6a006467dfbe7 (127.22.229.67). New cstate: current_term: 3 leader_uuid: "dd32958b166845d79ce6a006467dfbe7" committed_config { opid_index: -1 OBSOLETE_local: false peers { permanent_uuid: "27d0fd162d0d49c4a288396439da5705" member_type: VOTER last_known_addr { host: "127.22.229.65" port: 33201 } health_report { overall_health: UNKNOWN } } peers { permanent_uuid: "aa2cc7edaa0a4c55b64652a8af67f1e8" member_type: VOTER last_known_addr { host: "127.22.229.66" port: 43291 } health_report { overall_health: UNKNOWN } } peers { permanent_uuid: "dd32958b166845d79ce6a006467dfbe7" member_type: VOTER last_known_addr { host: "127.22.229.67" port: 38989 } health_report { overall_health: HEALTHY } } }
I20260608 09:48:38.288151 26487 raft_consensus.cc:1275] T 9327ededf3fa4a7890aedd53d840a753 P aa2cc7edaa0a4c55b64652a8af67f1e8 [term 3 FOLLOWER]: Refusing update from remote peer dd32958b166845d79ce6a006467dfbe7: Log matching property violated. Preceding OpId in replica: term: 2 index: 2. Preceding OpId from leader: term: 3 index: 3. (index mismatch)
I20260608 09:48:38.289589 26881 consensus_queue.cc:1048] T 9327ededf3fa4a7890aedd53d840a753 P dd32958b166845d79ce6a006467dfbe7 [LEADER]: Connected to new peer: Peer: permanent_uuid: "aa2cc7edaa0a4c55b64652a8af67f1e8" member_type: VOTER last_known_addr { host: "127.22.229.66" port: 43291 }, Status: LMP_MISMATCH, Last received: 0.0, Next index: 3, Last known committed idx: 2, Time since last communication: 0.000s
I20260608 09:48:38.300388 26415 raft_consensus.cc:1275] T 9327ededf3fa4a7890aedd53d840a753 P 27d0fd162d0d49c4a288396439da5705 [term 3 FOLLOWER]: Refusing update from remote peer dd32958b166845d79ce6a006467dfbe7: Log matching property violated. Preceding OpId in replica: term: 2 index: 2. Preceding OpId from leader: term: 3 index: 3. (index mismatch)
I20260608 09:48:38.301898 26905 consensus_queue.cc:1048] T 9327ededf3fa4a7890aedd53d840a753 P dd32958b166845d79ce6a006467dfbe7 [LEADER]: Connected to new peer: Peer: permanent_uuid: "27d0fd162d0d49c4a288396439da5705" member_type: VOTER last_known_addr { host: "127.22.229.65" port: 33201 }, Status: LMP_MISMATCH, Last received: 0.0, Next index: 3, Last known committed idx: 2, Time since last communication: 0.000s
I20260608 09:48:38.527796 26487 consensus_queue.cc:237] T 9bff5e959fab4bf19a90d5d5d680160e P aa2cc7edaa0a4c55b64652a8af67f1e8 [LEADER]: Queue going to LEADER mode. State: All replicated index: 0, Majority replicated index: 1, Committed index: 1, Last appended: 1.1, Last appended by leader: 0, Current term: 1, Majority size: 2, State: 0, Mode: LEADER, active raft config: opid_index: 2 OBSOLETE_local: false peers { permanent_uuid: "aa2cc7edaa0a4c55b64652a8af67f1e8" member_type: VOTER last_known_addr { host: "127.22.229.66" port: 43291 } } peers { permanent_uuid: "27d0fd162d0d49c4a288396439da5705" member_type: VOTER last_known_addr { host: "127.22.229.65" port: 33201 } } peers { permanent_uuid: "dd32958b166845d79ce6a006467dfbe7" member_type: VOTER last_known_addr { host: "127.22.229.67" port: 38989 } attrs { replace: true } } peers { permanent_uuid: "dff559d1824b45b7948290d9e898d8a6" member_type: NON_VOTER last_known_addr { host: "127.22.229.68" port: 36149 } attrs { promote: true } }
I20260608 09:48:38.535182 26564 raft_consensus.cc:1275] T 9bff5e959fab4bf19a90d5d5d680160e P dd32958b166845d79ce6a006467dfbe7 [term 1 FOLLOWER]: Refusing update from remote peer aa2cc7edaa0a4c55b64652a8af67f1e8: Log matching property violated. Preceding OpId in replica: term: 1 index: 1. Preceding OpId from leader: term: 1 index: 2. (index mismatch)
I20260608 09:48:38.535305 26415 raft_consensus.cc:1275] T 9bff5e959fab4bf19a90d5d5d680160e P 27d0fd162d0d49c4a288396439da5705 [term 1 FOLLOWER]: Refusing update from remote peer aa2cc7edaa0a4c55b64652a8af67f1e8: Log matching property violated. Preceding OpId in replica: term: 1 index: 1. Preceding OpId from leader: term: 1 index: 2. (index mismatch)
W20260608 09:48:38.536152 26454 consensus_peers.cc:597] T 9bff5e959fab4bf19a90d5d5d680160e P aa2cc7edaa0a4c55b64652a8af67f1e8 -> Peer dff559d1824b45b7948290d9e898d8a6 (127.22.229.68:36149): Couldn't send request to peer dff559d1824b45b7948290d9e898d8a6. Error code: TABLET_NOT_FOUND (6). Status: Not found: Tablet not found: 9bff5e959fab4bf19a90d5d5d680160e. This is attempt 1: this message will repeat every 5th retry.
I20260608 09:48:38.537055 26916 consensus_queue.cc:1048] T 9bff5e959fab4bf19a90d5d5d680160e P aa2cc7edaa0a4c55b64652a8af67f1e8 [LEADER]: Connected to new peer: Peer: permanent_uuid: "dd32958b166845d79ce6a006467dfbe7" member_type: VOTER last_known_addr { host: "127.22.229.67" port: 38989 } attrs { replace: true }, Status: LMP_MISMATCH, Last received: 0.0, Next index: 2, Last known committed idx: 1, Time since last communication: 0.001s
I20260608 09:48:38.537981 26914 consensus_queue.cc:1048] T 9bff5e959fab4bf19a90d5d5d680160e P aa2cc7edaa0a4c55b64652a8af67f1e8 [LEADER]: Connected to new peer: Peer: permanent_uuid: "27d0fd162d0d49c4a288396439da5705" member_type: VOTER last_known_addr { host: "127.22.229.65" port: 33201 }, Status: LMP_MISMATCH, Last received: 0.0, Next index: 2, Last known committed idx: 1, Time since last communication: 0.001s
I20260608 09:48:38.546659 26914 raft_consensus.cc:2955] T 9bff5e959fab4bf19a90d5d5d680160e P aa2cc7edaa0a4c55b64652a8af67f1e8 [term 1 LEADER]: Committing config change with OpId 1.2: config changed from index -1 to 2, NON_VOTER dff559d1824b45b7948290d9e898d8a6 (127.22.229.68) added. New config: { opid_index: 2 OBSOLETE_local: false peers { permanent_uuid: "aa2cc7edaa0a4c55b64652a8af67f1e8" member_type: VOTER last_known_addr { host: "127.22.229.66" port: 43291 } } peers { permanent_uuid: "27d0fd162d0d49c4a288396439da5705" member_type: VOTER last_known_addr { host: "127.22.229.65" port: 33201 } } peers { permanent_uuid: "dd32958b166845d79ce6a006467dfbe7" member_type: VOTER last_known_addr { host: "127.22.229.67" port: 38989 } attrs { replace: true } } peers { permanent_uuid: "dff559d1824b45b7948290d9e898d8a6" member_type: NON_VOTER last_known_addr { host: "127.22.229.68" port: 36149 } attrs { promote: true } } }
I20260608 09:48:38.548694 26415 raft_consensus.cc:2955] T 9bff5e959fab4bf19a90d5d5d680160e P 27d0fd162d0d49c4a288396439da5705 [term 1 FOLLOWER]: Committing config change with OpId 1.2: config changed from index -1 to 2, NON_VOTER dff559d1824b45b7948290d9e898d8a6 (127.22.229.68) added. New config: { opid_index: 2 OBSOLETE_local: false peers { permanent_uuid: "aa2cc7edaa0a4c55b64652a8af67f1e8" member_type: VOTER last_known_addr { host: "127.22.229.66" port: 43291 } } peers { permanent_uuid: "27d0fd162d0d49c4a288396439da5705" member_type: VOTER last_known_addr { host: "127.22.229.65" port: 33201 } } peers { permanent_uuid: "dd32958b166845d79ce6a006467dfbe7" member_type: VOTER last_known_addr { host: "127.22.229.67" port: 38989 } attrs { replace: true } } peers { permanent_uuid: "dff559d1824b45b7948290d9e898d8a6" member_type: NON_VOTER last_known_addr { host: "127.22.229.68" port: 36149 } attrs { promote: true } } }
I20260608 09:48:38.551131 26564 raft_consensus.cc:2955] T 9bff5e959fab4bf19a90d5d5d680160e P dd32958b166845d79ce6a006467dfbe7 [term 1 FOLLOWER]: Committing config change with OpId 1.2: config changed from index -1 to 2, NON_VOTER dff559d1824b45b7948290d9e898d8a6 (127.22.229.68) added. New config: { opid_index: 2 OBSOLETE_local: false peers { permanent_uuid: "aa2cc7edaa0a4c55b64652a8af67f1e8" member_type: VOTER last_known_addr { host: "127.22.229.66" port: 43291 } } peers { permanent_uuid: "27d0fd162d0d49c4a288396439da5705" member_type: VOTER last_known_addr { host: "127.22.229.65" port: 33201 } } peers { permanent_uuid: "dd32958b166845d79ce6a006467dfbe7" member_type: VOTER last_known_addr { host: "127.22.229.67" port: 38989 } attrs { replace: true } } peers { permanent_uuid: "dff559d1824b45b7948290d9e898d8a6" member_type: NON_VOTER last_known_addr { host: "127.22.229.68" port: 36149 } attrs { promote: true } } }
I20260608 09:48:38.562913 26310 catalog_manager.cc:5696] T 9bff5e959fab4bf19a90d5d5d680160e P 27d0fd162d0d49c4a288396439da5705 reported cstate change: config changed from index -1 to 2, NON_VOTER dff559d1824b45b7948290d9e898d8a6 (127.22.229.68) added. New cstate: current_term: 1 leader_uuid: "aa2cc7edaa0a4c55b64652a8af67f1e8" committed_config { opid_index: 2 OBSOLETE_local: false peers { permanent_uuid: "aa2cc7edaa0a4c55b64652a8af67f1e8" member_type: VOTER last_known_addr { host: "127.22.229.66" port: 43291 } } peers { permanent_uuid: "27d0fd162d0d49c4a288396439da5705" member_type: VOTER last_known_addr { host: "127.22.229.65" port: 33201 } } peers { permanent_uuid: "dd32958b166845d79ce6a006467dfbe7" member_type: VOTER last_known_addr { host: "127.22.229.67" port: 38989 } attrs { replace: true } } peers { permanent_uuid: "dff559d1824b45b7948290d9e898d8a6" member_type: NON_VOTER last_known_addr { host: "127.22.229.68" port: 36149 } attrs { promote: true } } }
I20260608 09:48:38.564798 26564 consensus_queue.cc:237] T 9327ededf3fa4a7890aedd53d840a753 P dd32958b166845d79ce6a006467dfbe7 [LEADER]: Queue going to LEADER mode. State: All replicated index: 0, Majority replicated index: 3, Committed index: 3, Last appended: 3.3, Last appended by leader: 2, Current term: 3, Majority size: 2, State: 0, Mode: LEADER, active raft config: opid_index: 4 OBSOLETE_local: false peers { permanent_uuid: "27d0fd162d0d49c4a288396439da5705" member_type: VOTER last_known_addr { host: "127.22.229.65" port: 33201 } attrs { replace: true } } peers { permanent_uuid: "aa2cc7edaa0a4c55b64652a8af67f1e8" member_type: VOTER last_known_addr { host: "127.22.229.66" port: 43291 } } peers { permanent_uuid: "dd32958b166845d79ce6a006467dfbe7" member_type: VOTER last_known_addr { host: "127.22.229.67" port: 38989 } } peers { permanent_uuid: "dff559d1824b45b7948290d9e898d8a6" member_type: NON_VOTER last_known_addr { host: "127.22.229.68" port: 36149 } attrs { promote: true } }
W20260608 09:48:38.573323 26528 consensus_peers.cc:597] T 9327ededf3fa4a7890aedd53d840a753 P dd32958b166845d79ce6a006467dfbe7 -> Peer dff559d1824b45b7948290d9e898d8a6 (127.22.229.68:36149): Couldn't send request to peer dff559d1824b45b7948290d9e898d8a6. Error code: TABLET_NOT_FOUND (6). Status: Not found: Tablet not found: 9327ededf3fa4a7890aedd53d840a753. This is attempt 1: this message will repeat every 5th retry.
I20260608 09:48:38.573966 26487 raft_consensus.cc:1275] T 9327ededf3fa4a7890aedd53d840a753 P aa2cc7edaa0a4c55b64652a8af67f1e8 [term 3 FOLLOWER]: Refusing update from remote peer dd32958b166845d79ce6a006467dfbe7: Log matching property violated. Preceding OpId in replica: term: 3 index: 3. Preceding OpId from leader: term: 3 index: 4. (index mismatch)
I20260608 09:48:38.574415 26415 raft_consensus.cc:1275] T 9327ededf3fa4a7890aedd53d840a753 P 27d0fd162d0d49c4a288396439da5705 [term 3 FOLLOWER]: Refusing update from remote peer dd32958b166845d79ce6a006467dfbe7: Log matching property violated. Preceding OpId in replica: term: 3 index: 3. Preceding OpId from leader: term: 3 index: 4. (index mismatch)
I20260608 09:48:38.575695 26905 consensus_queue.cc:1048] T 9327ededf3fa4a7890aedd53d840a753 P dd32958b166845d79ce6a006467dfbe7 [LEADER]: Connected to new peer: Peer: permanent_uuid: "aa2cc7edaa0a4c55b64652a8af67f1e8" member_type: VOTER last_known_addr { host: "127.22.229.66" port: 43291 }, Status: LMP_MISMATCH, Last received: 0.0, Next index: 4, Last known committed idx: 3, Time since last communication: 0.000s
I20260608 09:48:38.576442 26881 consensus_queue.cc:1048] T 9327ededf3fa4a7890aedd53d840a753 P dd32958b166845d79ce6a006467dfbe7 [LEADER]: Connected to new peer: Peer: permanent_uuid: "27d0fd162d0d49c4a288396439da5705" member_type: VOTER last_known_addr { host: "127.22.229.65" port: 33201 } attrs { replace: true }, Status: LMP_MISMATCH, Last received: 0.0, Next index: 4, Last known committed idx: 3, Time since last communication: 0.000s
I20260608 09:48:38.583967 26881 raft_consensus.cc:2955] T 9327ededf3fa4a7890aedd53d840a753 P dd32958b166845d79ce6a006467dfbe7 [term 3 LEADER]: Committing config change with OpId 3.4: config changed from index -1 to 4, NON_VOTER dff559d1824b45b7948290d9e898d8a6 (127.22.229.68) added. New config: { opid_index: 4 OBSOLETE_local: false peers { permanent_uuid: "27d0fd162d0d49c4a288396439da5705" member_type: VOTER last_known_addr { host: "127.22.229.65" port: 33201 } attrs { replace: true } } peers { permanent_uuid: "aa2cc7edaa0a4c55b64652a8af67f1e8" member_type: VOTER last_known_addr { host: "127.22.229.66" port: 43291 } } peers { permanent_uuid: "dd32958b166845d79ce6a006467dfbe7" member_type: VOTER last_known_addr { host: "127.22.229.67" port: 38989 } } peers { permanent_uuid: "dff559d1824b45b7948290d9e898d8a6" member_type: NON_VOTER last_known_addr { host: "127.22.229.68" port: 36149 } attrs { promote: true } } }
I20260608 09:48:38.586421 26487 raft_consensus.cc:2955] T 9327ededf3fa4a7890aedd53d840a753 P aa2cc7edaa0a4c55b64652a8af67f1e8 [term 3 FOLLOWER]: Committing config change with OpId 3.4: config changed from index -1 to 4, NON_VOTER dff559d1824b45b7948290d9e898d8a6 (127.22.229.68) added. New config: { opid_index: 4 OBSOLETE_local: false peers { permanent_uuid: "27d0fd162d0d49c4a288396439da5705" member_type: VOTER last_known_addr { host: "127.22.229.65" port: 33201 } attrs { replace: true } } peers { permanent_uuid: "aa2cc7edaa0a4c55b64652a8af67f1e8" member_type: VOTER last_known_addr { host: "127.22.229.66" port: 43291 } } peers { permanent_uuid: "dd32958b166845d79ce6a006467dfbe7" member_type: VOTER last_known_addr { host: "127.22.229.67" port: 38989 } } peers { permanent_uuid: "dff559d1824b45b7948290d9e898d8a6" member_type: NON_VOTER last_known_addr { host: "127.22.229.68" port: 36149 } attrs { promote: true } } }
I20260608 09:48:38.590821 26415 raft_consensus.cc:2955] T 9327ededf3fa4a7890aedd53d840a753 P 27d0fd162d0d49c4a288396439da5705 [term 3 FOLLOWER]: Committing config change with OpId 3.4: config changed from index -1 to 4, NON_VOTER dff559d1824b45b7948290d9e898d8a6 (127.22.229.68) added. New config: { opid_index: 4 OBSOLETE_local: false peers { permanent_uuid: "27d0fd162d0d49c4a288396439da5705" member_type: VOTER last_known_addr { host: "127.22.229.65" port: 33201 } attrs { replace: true } } peers { permanent_uuid: "aa2cc7edaa0a4c55b64652a8af67f1e8" member_type: VOTER last_known_addr { host: "127.22.229.66" port: 43291 } } peers { permanent_uuid: "dd32958b166845d79ce6a006467dfbe7" member_type: VOTER last_known_addr { host: "127.22.229.67" port: 38989 } } peers { permanent_uuid: "dff559d1824b45b7948290d9e898d8a6" member_type: NON_VOTER last_known_addr { host: "127.22.229.68" port: 36149 } attrs { promote: true } } }
I20260608 09:48:38.599334 26311 catalog_manager.cc:5696] T 9327ededf3fa4a7890aedd53d840a753 P aa2cc7edaa0a4c55b64652a8af67f1e8 reported cstate change: config changed from index -1 to 4, NON_VOTER dff559d1824b45b7948290d9e898d8a6 (127.22.229.68) added. New cstate: current_term: 3 leader_uuid: "dd32958b166845d79ce6a006467dfbe7" committed_config { opid_index: 4 OBSOLETE_local: false peers { permanent_uuid: "27d0fd162d0d49c4a288396439da5705" member_type: VOTER last_known_addr { host: "127.22.229.65" port: 33201 } attrs { replace: true } } peers { permanent_uuid: "aa2cc7edaa0a4c55b64652a8af67f1e8" member_type: VOTER last_known_addr { host: "127.22.229.66" port: 43291 } } peers { permanent_uuid: "dd32958b166845d79ce6a006467dfbe7" member_type: VOTER last_known_addr { host: "127.22.229.67" port: 38989 } } peers { permanent_uuid: "dff559d1824b45b7948290d9e898d8a6" member_type: NON_VOTER last_known_addr { host: "127.22.229.68" port: 36149 } attrs { promote: true } } }
I20260608 09:48:38.601490 26487 consensus_queue.cc:237] T 5eee8375d4104b089f7d94a2ec8bf608 P aa2cc7edaa0a4c55b64652a8af67f1e8 [LEADER]: Queue going to LEADER mode. State: All replicated index: 0, Majority replicated index: 1, Committed index: 1, Last appended: 1.1, Last appended by leader: 0, Current term: 1, Majority size: 2, State: 0, Mode: LEADER, active raft config: opid_index: 2 OBSOLETE_local: false peers { permanent_uuid: "27d0fd162d0d49c4a288396439da5705" member_type: VOTER last_known_addr { host: "127.22.229.65" port: 33201 } } peers { permanent_uuid: "dff559d1824b45b7948290d9e898d8a6" member_type: VOTER last_known_addr { host: "127.22.229.68" port: 36149 } attrs { replace: true } } peers { permanent_uuid: "aa2cc7edaa0a4c55b64652a8af67f1e8" member_type: VOTER last_known_addr { host: "127.22.229.66" port: 43291 } } peers { permanent_uuid: "dd32958b166845d79ce6a006467dfbe7" member_type: NON_VOTER last_known_addr { host: "127.22.229.67" port: 38989 } attrs { promote: true } }
W20260608 09:48:38.610134 26456 consensus_peers.cc:597] T 5eee8375d4104b089f7d94a2ec8bf608 P aa2cc7edaa0a4c55b64652a8af67f1e8 -> Peer dd32958b166845d79ce6a006467dfbe7 (127.22.229.67:38989): Couldn't send request to peer dd32958b166845d79ce6a006467dfbe7. Error code: TABLET_NOT_FOUND (6). Status: Not found: Tablet not found: 5eee8375d4104b089f7d94a2ec8bf608. This is attempt 1: this message will repeat every 5th retry.
I20260608 09:48:38.611449 26718 raft_consensus.cc:1275] T 5eee8375d4104b089f7d94a2ec8bf608 P dff559d1824b45b7948290d9e898d8a6 [term 1 FOLLOWER]: Refusing update from remote peer aa2cc7edaa0a4c55b64652a8af67f1e8: Log matching property violated. Preceding OpId in replica: term: 1 index: 1. Preceding OpId from leader: term: 1 index: 2. (index mismatch)
I20260608 09:48:38.613042 26615 consensus_queue.cc:1048] T 5eee8375d4104b089f7d94a2ec8bf608 P aa2cc7edaa0a4c55b64652a8af67f1e8 [LEADER]: Connected to new peer: Peer: permanent_uuid: "dff559d1824b45b7948290d9e898d8a6" member_type: VOTER last_known_addr { host: "127.22.229.68" port: 36149 } attrs { replace: true }, Status: LMP_MISMATCH, Last received: 0.0, Next index: 2, Last known committed idx: 1, Time since last communication: 0.000s
I20260608 09:48:38.613924 26415 raft_consensus.cc:1275] T 5eee8375d4104b089f7d94a2ec8bf608 P 27d0fd162d0d49c4a288396439da5705 [term 1 FOLLOWER]: Refusing update from remote peer aa2cc7edaa0a4c55b64652a8af67f1e8: Log matching property violated. Preceding OpId in replica: term: 1 index: 1. Preceding OpId from leader: term: 1 index: 2. (index mismatch)
I20260608 09:48:38.615319 26615 consensus_queue.cc:1048] T 5eee8375d4104b089f7d94a2ec8bf608 P aa2cc7edaa0a4c55b64652a8af67f1e8 [LEADER]: Connected to new peer: Peer: permanent_uuid: "27d0fd162d0d49c4a288396439da5705" member_type: VOTER last_known_addr { host: "127.22.229.65" port: 33201 }, Status: LMP_MISMATCH, Last received: 0.0, Next index: 2, Last known committed idx: 1, Time since last communication: 0.000s
I20260608 09:48:38.625391 26615 raft_consensus.cc:2955] T 5eee8375d4104b089f7d94a2ec8bf608 P aa2cc7edaa0a4c55b64652a8af67f1e8 [term 1 LEADER]: Committing config change with OpId 1.2: config changed from index -1 to 2, NON_VOTER dd32958b166845d79ce6a006467dfbe7 (127.22.229.67) added. New config: { opid_index: 2 OBSOLETE_local: false peers { permanent_uuid: "27d0fd162d0d49c4a288396439da5705" member_type: VOTER last_known_addr { host: "127.22.229.65" port: 33201 } } peers { permanent_uuid: "dff559d1824b45b7948290d9e898d8a6" member_type: VOTER last_known_addr { host: "127.22.229.68" port: 36149 } attrs { replace: true } } peers { permanent_uuid: "aa2cc7edaa0a4c55b64652a8af67f1e8" member_type: VOTER last_known_addr { host: "127.22.229.66" port: 43291 } } peers { permanent_uuid: "dd32958b166845d79ce6a006467dfbe7" member_type: NON_VOTER last_known_addr { host: "127.22.229.67" port: 38989 } attrs { promote: true } } }
I20260608 09:48:38.633875 26415 raft_consensus.cc:2955] T 5eee8375d4104b089f7d94a2ec8bf608 P 27d0fd162d0d49c4a288396439da5705 [term 1 FOLLOWER]: Committing config change with OpId 1.2: config changed from index -1 to 2, NON_VOTER dd32958b166845d79ce6a006467dfbe7 (127.22.229.67) added. New config: { opid_index: 2 OBSOLETE_local: false peers { permanent_uuid: "27d0fd162d0d49c4a288396439da5705" member_type: VOTER last_known_addr { host: "127.22.229.65" port: 33201 } } peers { permanent_uuid: "dff559d1824b45b7948290d9e898d8a6" member_type: VOTER last_known_addr { host: "127.22.229.68" port: 36149 } attrs { replace: true } } peers { permanent_uuid: "aa2cc7edaa0a4c55b64652a8af67f1e8" member_type: VOTER last_known_addr { host: "127.22.229.66" port: 43291 } } peers { permanent_uuid: "dd32958b166845d79ce6a006467dfbe7" member_type: NON_VOTER last_known_addr { host: "127.22.229.67" port: 38989 } attrs { promote: true } } }
I20260608 09:48:38.633843 26718 raft_consensus.cc:2955] T 5eee8375d4104b089f7d94a2ec8bf608 P dff559d1824b45b7948290d9e898d8a6 [term 1 FOLLOWER]: Committing config change with OpId 1.2: config changed from index -1 to 2, NON_VOTER dd32958b166845d79ce6a006467dfbe7 (127.22.229.67) added. New config: { opid_index: 2 OBSOLETE_local: false peers { permanent_uuid: "27d0fd162d0d49c4a288396439da5705" member_type: VOTER last_known_addr { host: "127.22.229.65" port: 33201 } } peers { permanent_uuid: "dff559d1824b45b7948290d9e898d8a6" member_type: VOTER last_known_addr { host: "127.22.229.68" port: 36149 } attrs { replace: true } } peers { permanent_uuid: "aa2cc7edaa0a4c55b64652a8af67f1e8" member_type: VOTER last_known_addr { host: "127.22.229.66" port: 43291 } } peers { permanent_uuid: "dd32958b166845d79ce6a006467dfbe7" member_type: NON_VOTER last_known_addr { host: "127.22.229.67" port: 38989 } attrs { promote: true } } }
I20260608 09:48:38.640923 26310 catalog_manager.cc:5696] T 5eee8375d4104b089f7d94a2ec8bf608 P aa2cc7edaa0a4c55b64652a8af67f1e8 reported cstate change: config changed from index -1 to 2, NON_VOTER dd32958b166845d79ce6a006467dfbe7 (127.22.229.67) added. New cstate: current_term: 1 leader_uuid: "aa2cc7edaa0a4c55b64652a8af67f1e8" committed_config { opid_index: 2 OBSOLETE_local: false peers { permanent_uuid: "27d0fd162d0d49c4a288396439da5705" member_type: VOTER last_known_addr { host: "127.22.229.65" port: 33201 } health_report { overall_health: HEALTHY } } peers { permanent_uuid: "dff559d1824b45b7948290d9e898d8a6" member_type: VOTER last_known_addr { host: "127.22.229.68" port: 36149 } attrs { replace: true } health_report { overall_health: HEALTHY } } peers { permanent_uuid: "aa2cc7edaa0a4c55b64652a8af67f1e8" member_type: VOTER last_known_addr { host: "127.22.229.66" port: 43291 } health_report { overall_health: HEALTHY } } peers { permanent_uuid: "dd32958b166845d79ce6a006467dfbe7" member_type: NON_VOTER last_known_addr { host: "127.22.229.67" port: 38989 } attrs { promote: true } health_report { overall_health: UNKNOWN } } }
I20260608 09:48:38.669513 26415 consensus_queue.cc:237] T 9b150adf13884148bee698b1f55e67f0 P 27d0fd162d0d49c4a288396439da5705 [LEADER]: Queue going to LEADER mode. State: All replicated index: 0, Majority replicated index: 1, Committed index: 1, Last appended: 1.1, Last appended by leader: 0, Current term: 1, Majority size: 2, State: 0, Mode: LEADER, active raft config: opid_index: 2 OBSOLETE_local: false peers { permanent_uuid: "27d0fd162d0d49c4a288396439da5705" member_type: VOTER last_known_addr { host: "127.22.229.65" port: 33201 } } peers { permanent_uuid: "aa2cc7edaa0a4c55b64652a8af67f1e8" member_type: VOTER last_known_addr { host: "127.22.229.66" port: 43291 } } peers { permanent_uuid: "dd32958b166845d79ce6a006467dfbe7" member_type: VOTER last_known_addr { host: "127.22.229.67" port: 38989 } attrs { replace: true } } peers { permanent_uuid: "dff559d1824b45b7948290d9e898d8a6" member_type: NON_VOTER last_known_addr { host: "127.22.229.68" port: 36149 } attrs { promote: true } }
I20260608 09:48:38.677341 26487 raft_consensus.cc:1275] T 9b150adf13884148bee698b1f55e67f0 P aa2cc7edaa0a4c55b64652a8af67f1e8 [term 1 FOLLOWER]: Refusing update from remote peer 27d0fd162d0d49c4a288396439da5705: Log matching property violated. Preceding OpId in replica: term: 1 index: 1. Preceding OpId from leader: term: 1 index: 2. (index mismatch)
I20260608 09:48:38.677815 26564 raft_consensus.cc:1275] T 9b150adf13884148bee698b1f55e67f0 P dd32958b166845d79ce6a006467dfbe7 [term 1 FOLLOWER]: Refusing update from remote peer 27d0fd162d0d49c4a288396439da5705: Log matching property violated. Preceding OpId in replica: term: 1 index: 1. Preceding OpId from leader: term: 1 index: 2. (index mismatch)
W20260608 09:48:38.678555 26379 consensus_peers.cc:597] T 9b150adf13884148bee698b1f55e67f0 P 27d0fd162d0d49c4a288396439da5705 -> Peer dff559d1824b45b7948290d9e898d8a6 (127.22.229.68:36149): Couldn't send request to peer dff559d1824b45b7948290d9e898d8a6. Error code: TABLET_NOT_FOUND (6). Status: Not found: Tablet not found: 9b150adf13884148bee698b1f55e67f0. This is attempt 1: this message will repeat every 5th retry.
I20260608 09:48:38.679193 26928 consensus_queue.cc:1048] T 9b150adf13884148bee698b1f55e67f0 P 27d0fd162d0d49c4a288396439da5705 [LEADER]: Connected to new peer: Peer: permanent_uuid: "aa2cc7edaa0a4c55b64652a8af67f1e8" member_type: VOTER last_known_addr { host: "127.22.229.66" port: 43291 }, Status: LMP_MISMATCH, Last received: 0.0, Next index: 2, Last known committed idx: 1, Time since last communication: 0.001s
I20260608 09:48:38.680142 26906 consensus_queue.cc:1048] T 9b150adf13884148bee698b1f55e67f0 P 27d0fd162d0d49c4a288396439da5705 [LEADER]: Connected to new peer: Peer: permanent_uuid: "dd32958b166845d79ce6a006467dfbe7" member_type: VOTER last_known_addr { host: "127.22.229.67" port: 38989 } attrs { replace: true }, Status: LMP_MISMATCH, Last received: 0.0, Next index: 2, Last known committed idx: 1, Time since last communication: 0.000s
I20260608 09:48:38.689851 26906 raft_consensus.cc:2955] T 9b150adf13884148bee698b1f55e67f0 P 27d0fd162d0d49c4a288396439da5705 [term 1 LEADER]: Committing config change with OpId 1.2: config changed from index -1 to 2, NON_VOTER dff559d1824b45b7948290d9e898d8a6 (127.22.229.68) added. New config: { opid_index: 2 OBSOLETE_local: false peers { permanent_uuid: "27d0fd162d0d49c4a288396439da5705" member_type: VOTER last_known_addr { host: "127.22.229.65" port: 33201 } } peers { permanent_uuid: "aa2cc7edaa0a4c55b64652a8af67f1e8" member_type: VOTER last_known_addr { host: "127.22.229.66" port: 43291 } } peers { permanent_uuid: "dd32958b166845d79ce6a006467dfbe7" member_type: VOTER last_known_addr { host: "127.22.229.67" port: 38989 } attrs { replace: true } } peers { permanent_uuid: "dff559d1824b45b7948290d9e898d8a6" member_type: NON_VOTER last_known_addr { host: "127.22.229.68" port: 36149 } attrs { promote: true } } }
I20260608 09:48:38.692636 26564 raft_consensus.cc:2955] T 9b150adf13884148bee698b1f55e67f0 P dd32958b166845d79ce6a006467dfbe7 [term 1 FOLLOWER]: Committing config change with OpId 1.2: config changed from index -1 to 2, NON_VOTER dff559d1824b45b7948290d9e898d8a6 (127.22.229.68) added. New config: { opid_index: 2 OBSOLETE_local: false peers { permanent_uuid: "27d0fd162d0d49c4a288396439da5705" member_type: VOTER last_known_addr { host: "127.22.229.65" port: 33201 } } peers { permanent_uuid: "aa2cc7edaa0a4c55b64652a8af67f1e8" member_type: VOTER last_known_addr { host: "127.22.229.66" port: 43291 } } peers { permanent_uuid: "dd32958b166845d79ce6a006467dfbe7" member_type: VOTER last_known_addr { host: "127.22.229.67" port: 38989 } attrs { replace: true } } peers { permanent_uuid: "dff559d1824b45b7948290d9e898d8a6" member_type: NON_VOTER last_known_addr { host: "127.22.229.68" port: 36149 } attrs { promote: true } } }
I20260608 09:48:38.694152 26487 raft_consensus.cc:2955] T 9b150adf13884148bee698b1f55e67f0 P aa2cc7edaa0a4c55b64652a8af67f1e8 [term 1 FOLLOWER]: Committing config change with OpId 1.2: config changed from index -1 to 2, NON_VOTER dff559d1824b45b7948290d9e898d8a6 (127.22.229.68) added. New config: { opid_index: 2 OBSOLETE_local: false peers { permanent_uuid: "27d0fd162d0d49c4a288396439da5705" member_type: VOTER last_known_addr { host: "127.22.229.65" port: 33201 } } peers { permanent_uuid: "aa2cc7edaa0a4c55b64652a8af67f1e8" member_type: VOTER last_known_addr { host: "127.22.229.66" port: 43291 } } peers { permanent_uuid: "dd32958b166845d79ce6a006467dfbe7" member_type: VOTER last_known_addr { host: "127.22.229.67" port: 38989 } attrs { replace: true } } peers { permanent_uuid: "dff559d1824b45b7948290d9e898d8a6" member_type: NON_VOTER last_known_addr { host: "127.22.229.68" port: 36149 } attrs { promote: true } } }
I20260608 09:48:38.706768 26310 catalog_manager.cc:5696] T 9b150adf13884148bee698b1f55e67f0 P 27d0fd162d0d49c4a288396439da5705 reported cstate change: config changed from index -1 to 2, NON_VOTER dff559d1824b45b7948290d9e898d8a6 (127.22.229.68) added. New cstate: current_term: 1 leader_uuid: "27d0fd162d0d49c4a288396439da5705" committed_config { opid_index: 2 OBSOLETE_local: false peers { permanent_uuid: "27d0fd162d0d49c4a288396439da5705" member_type: VOTER last_known_addr { host: "127.22.229.65" port: 33201 } health_report { overall_health: HEALTHY } } peers { permanent_uuid: "aa2cc7edaa0a4c55b64652a8af67f1e8" member_type: VOTER last_known_addr { host: "127.22.229.66" port: 43291 } health_report { overall_health: HEALTHY } } peers { permanent_uuid: "dd32958b166845d79ce6a006467dfbe7" member_type: VOTER last_known_addr { host: "127.22.229.67" port: 38989 } attrs { replace: true } health_report { overall_health: HEALTHY } } peers { permanent_uuid: "dff559d1824b45b7948290d9e898d8a6" member_type: NON_VOTER last_known_addr { host: "127.22.229.68" port: 36149 } attrs { promote: true } health_report { overall_health: UNKNOWN } } }
I20260608 09:48:38.974649 26932 ts_tablet_manager.cc:933] T 9bff5e959fab4bf19a90d5d5d680160e P dff559d1824b45b7948290d9e898d8a6: Initiating tablet copy from peer aa2cc7edaa0a4c55b64652a8af67f1e8 (127.22.229.66:43291)
I20260608 09:48:38.976613 26932 tablet_copy_client.cc:323] T 9bff5e959fab4bf19a90d5d5d680160e P dff559d1824b45b7948290d9e898d8a6: tablet copy: Beginning tablet copy session from remote peer at address 127.22.229.66:43291
I20260608 09:48:38.978597 26500 tablet_copy_service.cc:140] P aa2cc7edaa0a4c55b64652a8af67f1e8: Received BeginTabletCopySession request for tablet 9bff5e959fab4bf19a90d5d5d680160e from peer dff559d1824b45b7948290d9e898d8a6 ({username='slave'} at 127.0.0.1:36022)
I20260608 09:48:38.979099 26500 tablet_copy_service.cc:161] P aa2cc7edaa0a4c55b64652a8af67f1e8: Beginning new tablet copy session on tablet 9bff5e959fab4bf19a90d5d5d680160e from peer dff559d1824b45b7948290d9e898d8a6 at {username='slave'} at 127.0.0.1:36022: session id = dff559d1824b45b7948290d9e898d8a6-9bff5e959fab4bf19a90d5d5d680160e
I20260608 09:48:38.987241 26500 tablet_copy_source_session.cc:215] T 9bff5e959fab4bf19a90d5d5d680160e P aa2cc7edaa0a4c55b64652a8af67f1e8: Tablet Copy: opened 0 blocks and 1 log segments
I20260608 09:48:38.990656 26932 data_dirs.cc:400] Could only allocate 1 dirs of requested 3 for tablet 9bff5e959fab4bf19a90d5d5d680160e. 1 dirs total, 0 dirs full, 0 dirs failed
I20260608 09:48:39.006243 26932 tablet_copy_client.cc:806] T 9bff5e959fab4bf19a90d5d5d680160e P dff559d1824b45b7948290d9e898d8a6: tablet copy: Starting download of 0 data blocks...
I20260608 09:48:39.006898 26932 tablet_copy_client.cc:670] T 9bff5e959fab4bf19a90d5d5d680160e P dff559d1824b45b7948290d9e898d8a6: tablet copy: Starting download of 1 WAL segments...
I20260608 09:48:39.011013 26932 tablet_copy_client.cc:538] T 9bff5e959fab4bf19a90d5d5d680160e P dff559d1824b45b7948290d9e898d8a6: tablet copy: Tablet Copy complete. Replacing tablet superblock.
I20260608 09:48:39.017095 26932 tablet_bootstrap.cc:492] T 9bff5e959fab4bf19a90d5d5d680160e P dff559d1824b45b7948290d9e898d8a6: Bootstrap starting.
I20260608 09:48:39.035370 26935 ts_tablet_manager.cc:933] T 9327ededf3fa4a7890aedd53d840a753 P dff559d1824b45b7948290d9e898d8a6: Initiating tablet copy from peer dd32958b166845d79ce6a006467dfbe7 (127.22.229.67:38989)
I20260608 09:48:39.035496 26932 tablet_bootstrap.cc:492] T 9bff5e959fab4bf19a90d5d5d680160e P dff559d1824b45b7948290d9e898d8a6: Bootstrap replayed 1/1 log segments. Stats: ops{read=2 overwritten=0 applied=2 ignored=0} inserts{seen=0 ignored=0} mutations{seen=0 ignored=0} orphaned_commits=0. Pending: 0 replicates
I20260608 09:48:39.036383 26932 tablet_bootstrap.cc:492] T 9bff5e959fab4bf19a90d5d5d680160e P dff559d1824b45b7948290d9e898d8a6: Bootstrap complete.
I20260608 09:48:39.037142 26932 ts_tablet_manager.cc:1403] T 9bff5e959fab4bf19a90d5d5d680160e P dff559d1824b45b7948290d9e898d8a6: Time spent bootstrapping tablet: real 0.020s	user 0.016s	sys 0.004s
I20260608 09:48:39.040737 26932 raft_consensus.cc:359] T 9bff5e959fab4bf19a90d5d5d680160e P dff559d1824b45b7948290d9e898d8a6 [term 1 LEARNER]: Replica starting. Triggering 0 pending ops. Active config: opid_index: 2 OBSOLETE_local: false peers { permanent_uuid: "aa2cc7edaa0a4c55b64652a8af67f1e8" member_type: VOTER last_known_addr { host: "127.22.229.66" port: 43291 } } peers { permanent_uuid: "27d0fd162d0d49c4a288396439da5705" member_type: VOTER last_known_addr { host: "127.22.229.65" port: 33201 } } peers { permanent_uuid: "dd32958b166845d79ce6a006467dfbe7" member_type: VOTER last_known_addr { host: "127.22.229.67" port: 38989 } attrs { replace: true } } peers { permanent_uuid: "dff559d1824b45b7948290d9e898d8a6" member_type: NON_VOTER last_known_addr { host: "127.22.229.68" port: 36149 } attrs { promote: true } }
I20260608 09:48:39.041648 26932 raft_consensus.cc:740] T 9bff5e959fab4bf19a90d5d5d680160e P dff559d1824b45b7948290d9e898d8a6 [term 1 LEARNER]: Becoming Follower/Learner. State: Replica: dff559d1824b45b7948290d9e898d8a6, State: Initialized, Role: LEARNER
I20260608 09:48:39.042068 26935 tablet_copy_client.cc:323] T 9327ededf3fa4a7890aedd53d840a753 P dff559d1824b45b7948290d9e898d8a6: tablet copy: Beginning tablet copy session from remote peer at address 127.22.229.67:38989
I20260608 09:48:39.042359 26932 consensus_queue.cc:260] T 9bff5e959fab4bf19a90d5d5d680160e P dff559d1824b45b7948290d9e898d8a6 [NON_LEADER]: Queue going to NON_LEADER mode. State: All replicated index: 0, Majority replicated index: 0, Committed index: 2, Last appended: 1.2, Last appended by leader: 2, Current term: 0, Majority size: -1, State: 0, Mode: NON_LEADER, active raft config: opid_index: 2 OBSOLETE_local: false peers { permanent_uuid: "aa2cc7edaa0a4c55b64652a8af67f1e8" member_type: VOTER last_known_addr { host: "127.22.229.66" port: 43291 } } peers { permanent_uuid: "27d0fd162d0d49c4a288396439da5705" member_type: VOTER last_known_addr { host: "127.22.229.65" port: 33201 } } peers { permanent_uuid: "dd32958b166845d79ce6a006467dfbe7" member_type: VOTER last_known_addr { host: "127.22.229.67" port: 38989 } attrs { replace: true } } peers { permanent_uuid: "dff559d1824b45b7948290d9e898d8a6" member_type: NON_VOTER last_known_addr { host: "127.22.229.68" port: 36149 } attrs { promote: true } }
I20260608 09:48:39.044252 26574 tablet_copy_service.cc:140] P dd32958b166845d79ce6a006467dfbe7: Received BeginTabletCopySession request for tablet 9327ededf3fa4a7890aedd53d840a753 from peer dff559d1824b45b7948290d9e898d8a6 ({username='slave'} at 127.0.0.1:35186)
I20260608 09:48:39.044847 26574 tablet_copy_service.cc:161] P dd32958b166845d79ce6a006467dfbe7: Beginning new tablet copy session on tablet 9327ededf3fa4a7890aedd53d840a753 from peer dff559d1824b45b7948290d9e898d8a6 at {username='slave'} at 127.0.0.1:35186: session id = dff559d1824b45b7948290d9e898d8a6-9327ededf3fa4a7890aedd53d840a753
I20260608 09:48:39.048435 26932 ts_tablet_manager.cc:1434] T 9bff5e959fab4bf19a90d5d5d680160e P dff559d1824b45b7948290d9e898d8a6: Time spent starting tablet: real 0.011s	user 0.007s	sys 0.000s
I20260608 09:48:39.050400 26500 tablet_copy_service.cc:342] P aa2cc7edaa0a4c55b64652a8af67f1e8: Request end of tablet copy session dff559d1824b45b7948290d9e898d8a6-9bff5e959fab4bf19a90d5d5d680160e received from {username='slave'} at 127.0.0.1:36022
I20260608 09:48:39.050784 26500 tablet_copy_service.cc:434] P aa2cc7edaa0a4c55b64652a8af67f1e8: ending tablet copy session dff559d1824b45b7948290d9e898d8a6-9bff5e959fab4bf19a90d5d5d680160e on tablet 9bff5e959fab4bf19a90d5d5d680160e with peer dff559d1824b45b7948290d9e898d8a6
I20260608 09:48:39.055248 26574 tablet_copy_source_session.cc:215] T 9327ededf3fa4a7890aedd53d840a753 P dd32958b166845d79ce6a006467dfbe7: Tablet Copy: opened 0 blocks and 1 log segments
I20260608 09:48:39.058703 26935 data_dirs.cc:400] Could only allocate 1 dirs of requested 3 for tablet 9327ededf3fa4a7890aedd53d840a753. 1 dirs total, 0 dirs full, 0 dirs failed
I20260608 09:48:39.074095 26935 tablet_copy_client.cc:806] T 9327ededf3fa4a7890aedd53d840a753 P dff559d1824b45b7948290d9e898d8a6: tablet copy: Starting download of 0 data blocks...
I20260608 09:48:39.074723 26935 tablet_copy_client.cc:670] T 9327ededf3fa4a7890aedd53d840a753 P dff559d1824b45b7948290d9e898d8a6: tablet copy: Starting download of 1 WAL segments...
I20260608 09:48:39.078493 26935 tablet_copy_client.cc:538] T 9327ededf3fa4a7890aedd53d840a753 P dff559d1824b45b7948290d9e898d8a6: tablet copy: Tablet Copy complete. Replacing tablet superblock.
I20260608 09:48:39.087200 26935 tablet_bootstrap.cc:492] T 9327ededf3fa4a7890aedd53d840a753 P dff559d1824b45b7948290d9e898d8a6: Bootstrap starting.
I20260608 09:48:39.112020 26935 tablet_bootstrap.cc:492] T 9327ededf3fa4a7890aedd53d840a753 P dff559d1824b45b7948290d9e898d8a6: Bootstrap replayed 1/1 log segments. Stats: ops{read=4 overwritten=0 applied=4 ignored=0} inserts{seen=0 ignored=0} mutations{seen=0 ignored=0} orphaned_commits=0. Pending: 0 replicates
I20260608 09:48:39.112902 26935 tablet_bootstrap.cc:492] T 9327ededf3fa4a7890aedd53d840a753 P dff559d1824b45b7948290d9e898d8a6: Bootstrap complete.
I20260608 09:48:39.113556 26935 ts_tablet_manager.cc:1403] T 9327ededf3fa4a7890aedd53d840a753 P dff559d1824b45b7948290d9e898d8a6: Time spent bootstrapping tablet: real 0.027s	user 0.019s	sys 0.008s
I20260608 09:48:39.116627 26935 raft_consensus.cc:359] T 9327ededf3fa4a7890aedd53d840a753 P dff559d1824b45b7948290d9e898d8a6 [term 3 LEARNER]: Replica starting. Triggering 0 pending ops. Active config: opid_index: 4 OBSOLETE_local: false peers { permanent_uuid: "27d0fd162d0d49c4a288396439da5705" member_type: VOTER last_known_addr { host: "127.22.229.65" port: 33201 } attrs { replace: true } } peers { permanent_uuid: "aa2cc7edaa0a4c55b64652a8af67f1e8" member_type: VOTER last_known_addr { host: "127.22.229.66" port: 43291 } } peers { permanent_uuid: "dd32958b166845d79ce6a006467dfbe7" member_type: VOTER last_known_addr { host: "127.22.229.67" port: 38989 } } peers { permanent_uuid: "dff559d1824b45b7948290d9e898d8a6" member_type: NON_VOTER last_known_addr { host: "127.22.229.68" port: 36149 } attrs { promote: true } }
I20260608 09:48:39.117520 26935 raft_consensus.cc:740] T 9327ededf3fa4a7890aedd53d840a753 P dff559d1824b45b7948290d9e898d8a6 [term 3 LEARNER]: Becoming Follower/Learner. State: Replica: dff559d1824b45b7948290d9e898d8a6, State: Initialized, Role: LEARNER
I20260608 09:48:39.118209 26935 consensus_queue.cc:260] T 9327ededf3fa4a7890aedd53d840a753 P dff559d1824b45b7948290d9e898d8a6 [NON_LEADER]: Queue going to NON_LEADER mode. State: All replicated index: 0, Majority replicated index: 0, Committed index: 4, Last appended: 3.4, Last appended by leader: 4, Current term: 0, Majority size: -1, State: 0, Mode: NON_LEADER, active raft config: opid_index: 4 OBSOLETE_local: false peers { permanent_uuid: "27d0fd162d0d49c4a288396439da5705" member_type: VOTER last_known_addr { host: "127.22.229.65" port: 33201 } attrs { replace: true } } peers { permanent_uuid: "aa2cc7edaa0a4c55b64652a8af67f1e8" member_type: VOTER last_known_addr { host: "127.22.229.66" port: 43291 } } peers { permanent_uuid: "dd32958b166845d79ce6a006467dfbe7" member_type: VOTER last_known_addr { host: "127.22.229.67" port: 38989 } } peers { permanent_uuid: "dff559d1824b45b7948290d9e898d8a6" member_type: NON_VOTER last_known_addr { host: "127.22.229.68" port: 36149 } attrs { promote: true } }
I20260608 09:48:39.120512 26935 ts_tablet_manager.cc:1434] T 9327ededf3fa4a7890aedd53d840a753 P dff559d1824b45b7948290d9e898d8a6: Time spent starting tablet: real 0.007s	user 0.006s	sys 0.002s
I20260608 09:48:39.123025 26574 tablet_copy_service.cc:342] P dd32958b166845d79ce6a006467dfbe7: Request end of tablet copy session dff559d1824b45b7948290d9e898d8a6-9327ededf3fa4a7890aedd53d840a753 received from {username='slave'} at 127.0.0.1:35186
I20260608 09:48:39.123778 26574 tablet_copy_service.cc:434] P dd32958b166845d79ce6a006467dfbe7: ending tablet copy session dff559d1824b45b7948290d9e898d8a6-9327ededf3fa4a7890aedd53d840a753 on tablet 9327ededf3fa4a7890aedd53d840a753 with peer dff559d1824b45b7948290d9e898d8a6
I20260608 09:48:39.152489 26938 ts_tablet_manager.cc:933] T 5eee8375d4104b089f7d94a2ec8bf608 P dd32958b166845d79ce6a006467dfbe7: Initiating tablet copy from peer aa2cc7edaa0a4c55b64652a8af67f1e8 (127.22.229.66:43291)
I20260608 09:48:39.158911 26938 tablet_copy_client.cc:323] T 5eee8375d4104b089f7d94a2ec8bf608 P dd32958b166845d79ce6a006467dfbe7: tablet copy: Beginning tablet copy session from remote peer at address 127.22.229.66:43291
I20260608 09:48:39.160471 26500 tablet_copy_service.cc:140] P aa2cc7edaa0a4c55b64652a8af67f1e8: Received BeginTabletCopySession request for tablet 5eee8375d4104b089f7d94a2ec8bf608 from peer dd32958b166845d79ce6a006467dfbe7 ({username='slave'} at 127.0.0.1:35994)
I20260608 09:48:39.160918 26500 tablet_copy_service.cc:161] P aa2cc7edaa0a4c55b64652a8af67f1e8: Beginning new tablet copy session on tablet 5eee8375d4104b089f7d94a2ec8bf608 from peer dd32958b166845d79ce6a006467dfbe7 at {username='slave'} at 127.0.0.1:35994: session id = dd32958b166845d79ce6a006467dfbe7-5eee8375d4104b089f7d94a2ec8bf608
I20260608 09:48:39.165686 26500 tablet_copy_source_session.cc:215] T 5eee8375d4104b089f7d94a2ec8bf608 P aa2cc7edaa0a4c55b64652a8af67f1e8: Tablet Copy: opened 0 blocks and 1 log segments
I20260608 09:48:39.169142 26938 data_dirs.cc:400] Could only allocate 1 dirs of requested 3 for tablet 5eee8375d4104b089f7d94a2ec8bf608. 1 dirs total, 0 dirs full, 0 dirs failed
I20260608 09:48:39.180996 26938 tablet_copy_client.cc:806] T 5eee8375d4104b089f7d94a2ec8bf608 P dd32958b166845d79ce6a006467dfbe7: tablet copy: Starting download of 0 data blocks...
I20260608 09:48:39.181514 26938 tablet_copy_client.cc:670] T 5eee8375d4104b089f7d94a2ec8bf608 P dd32958b166845d79ce6a006467dfbe7: tablet copy: Starting download of 1 WAL segments...
I20260608 09:48:39.185101 26938 tablet_copy_client.cc:538] T 5eee8375d4104b089f7d94a2ec8bf608 P dd32958b166845d79ce6a006467dfbe7: tablet copy: Tablet Copy complete. Replacing tablet superblock.
I20260608 09:48:39.190433 26938 tablet_bootstrap.cc:492] T 5eee8375d4104b089f7d94a2ec8bf608 P dd32958b166845d79ce6a006467dfbe7: Bootstrap starting.
I20260608 09:48:39.207398 26938 tablet_bootstrap.cc:492] T 5eee8375d4104b089f7d94a2ec8bf608 P dd32958b166845d79ce6a006467dfbe7: Bootstrap replayed 1/1 log segments. Stats: ops{read=2 overwritten=0 applied=2 ignored=0} inserts{seen=0 ignored=0} mutations{seen=0 ignored=0} orphaned_commits=0. Pending: 0 replicates
I20260608 09:48:39.208227 26938 tablet_bootstrap.cc:492] T 5eee8375d4104b089f7d94a2ec8bf608 P dd32958b166845d79ce6a006467dfbe7: Bootstrap complete.
I20260608 09:48:39.208856 26938 ts_tablet_manager.cc:1403] T 5eee8375d4104b089f7d94a2ec8bf608 P dd32958b166845d79ce6a006467dfbe7: Time spent bootstrapping tablet: real 0.019s	user 0.014s	sys 0.005s
