I20260608 09:50:04.370374 28185 tablet_replica.cc:333] T 00000000000000000000000000000000 P 0d0368ba827249da95c3026ab978fef6: stopping tablet replica
I20260608 09:50:04.413164 28185 master.cc:584] Master@127.27.134.125:36479 shutdown complete.
I20260608 09:50:04.423926 28185 master.cc:562] Master@127.27.134.124:36329 shutting down...
I20260608 09:50:04.446388 28185 raft_consensus.cc:2243] T 00000000000000000000000000000000 P 357fb88f1834400aaa48364a2f25cdfb [term 1 LEADER]: Raft consensus shutting down.
I20260608 09:50:04.447681 28185 raft_consensus.cc:2272] T 00000000000000000000000000000000 P 357fb88f1834400aaa48364a2f25cdfb [term 1 FOLLOWER]: Raft consensus is shut down!
I20260608 09:50:04.448137 28185 tablet_replica.cc:333] T 00000000000000000000000000000000 P 357fb88f1834400aaa48364a2f25cdfb: stopping tablet replica
W20260608 09:50:05.466207 28185 thread.cc:527] Waited for 1000ms trying to join with diag-logger (tid 28378)
W20260608 09:50:06.466943 28185 thread.cc:527] Waited for 2000ms trying to join with diag-logger (tid 28378)
I20260608 09:50:06.621130 28185 master.cc:584] Master@127.27.134.124:36329 shutdown complete.
[       OK ] AutoRebalancerTest.OnlyLeaderDoesAutoRebalancing (11463 ms)
[ RUN      ] AutoRebalancerTest.AutoRebalancingTurnOffAndOn
I20260608 09:50:06.660588 28185 internal_mini_cluster.cc:156] Creating distributed mini masters. Addrs: 127.27.134.126:38749
I20260608 09:50:06.661862 28185 file_cache.cc:492] Constructed file cache file cache with capacity 419430
W20260608 09:50:06.667104 28728 instance_detector.cc:116] could not retrieve AWS instance metadata: Network error: curl error: HTTP response code said error: The requested URL returned error: 404
W20260608 09:50:06.668094 28729 instance_detector.cc:116] could not retrieve Azure instance metadata: Network error: curl error: HTTP response code said error: The requested URL returned error: 404
I20260608 09:50:06.674782 28185 server_base.cc:1061] running on GCE node
W20260608 09:50:06.674830 28731 instance_detector.cc:116] could not retrieve OpenStack instance metadata: Network error: curl error: HTTP response code said error: The requested URL returned error: 404
I20260608 09:50:06.675935 28185 hybrid_clock.cc:584] initializing the hybrid clock with 'system_unsync' time source
W20260608 09:50:06.676155 28185 system_unsync_time.cc:38] NTP support is disabled. Clock error bounds will not be accurate. This configuration is not suitable for distributed clusters.
I20260608 09:50:06.676319 28185 hybrid_clock.cc:648] HybridClock initialized: now 1780912206676304 us; error 0 us; skew 500 ppm
I20260608 09:50:06.676946 28185 server_base.cc:861] Flag tcmalloc_max_total_thread_cache_bytes is not working since tcmalloc is not enabled.
I20260608 09:50:06.679525 28185 webserver.cc:533] Webserver started at http://127.27.134.126:40137/ using document root <none> and password file <none>
I20260608 09:50:06.680039 28185 fs_manager.cc:362] Metadata directory not provided
I20260608 09:50:06.680258 28185 fs_manager.cc:368] Using write-ahead log directory (fs_wal_dir) as metadata directory
I20260608 09:50:06.680550 28185 server_base.cc:909] This appears to be a new deployment of Kudu; creating new FS layout
I20260608 09:50:06.681893 28185 fs_manager.cc:1068] Generated new instance metadata in path /tmp/dist-test-taskmi5rJB/test-tmp/auto_rebalancer-test.0.AutoRebalancerTest.AutoRebalancingTurnOffAndOn.1780912195024393-28185-0/minicluster-data/master-0-root/instance:
uuid: "85e653616ea941d089ac8c0edcc3f073"
format_stamp: "Formatted at 2026-06-08 09:50:06 on dist-test-slave-jpc4"
I20260608 09:50:06.686492 28185 fs_manager.cc:696] Time spent creating directory manager: real 0.004s	user 0.000s	sys 0.004s
I20260608 09:50:06.689941 28736 log_block_manager.cc:4031] Time spent loading block containers with low live blocks: real 0.000s	user 0.000s	sys 0.000s
I20260608 09:50:06.690692 28185 fs_manager.cc:730] Time spent opening block manager: real 0.002s	user 0.002s	sys 0.002s
I20260608 09:50:06.690977 28185 fs_manager.cc:647] Opened local filesystem: /tmp/dist-test-taskmi5rJB/test-tmp/auto_rebalancer-test.0.AutoRebalancerTest.AutoRebalancingTurnOffAndOn.1780912195024393-28185-0/minicluster-data/master-0-root
uuid: "85e653616ea941d089ac8c0edcc3f073"
format_stamp: "Formatted at 2026-06-08 09:50:06 on dist-test-slave-jpc4"
I20260608 09:50:06.691267 28185 fs_report.cc:389] FS layout report
--------------------
wal directory: /tmp/dist-test-taskmi5rJB/test-tmp/auto_rebalancer-test.0.AutoRebalancerTest.AutoRebalancingTurnOffAndOn.1780912195024393-28185-0/minicluster-data/master-0-root
metadata directory: /tmp/dist-test-taskmi5rJB/test-tmp/auto_rebalancer-test.0.AutoRebalancerTest.AutoRebalancingTurnOffAndOn.1780912195024393-28185-0/minicluster-data/master-0-root
1 data directories: /tmp/dist-test-taskmi5rJB/test-tmp/auto_rebalancer-test.0.AutoRebalancerTest.AutoRebalancingTurnOffAndOn.1780912195024393-28185-0/minicluster-data/master-0-root/data
Total live blocks: 0
Total live bytes: 0
Total live bytes (after alignment): 0
Total number of LBM containers: 0 (0 full)
Did not check for missing blocks
Did not check for orphaned blocks
Total full LBM containers with extra space: 0 (0 repaired)
Total full LBM container extra space in bytes: 0 (0 repaired)
Total incomplete LBM containers: 0 (0 repaired)
Total LBM partial records: 0 (0 repaired)
Total corrupted LBM metadata records in RocksDB: 0 (0 repaired)
I20260608 09:50:06.724007 28185 rpc_server.cc:225] running with OpenSSL 1.1.1  11 Sep 2018
I20260608 09:50:06.725315 28185 kserver.cc:163] Server-wide thread pool size limit: 3276
I20260608 09:50:06.764364 28185 rpc_server.cc:307] RPC server started. Bound to: 127.27.134.126:38749
I20260608 09:50:06.764504 28787 acceptor_pool.cc:272] collecting diagnostics on the listening RPC socket 127.27.134.126:38749 every 8 connection(s)
I20260608 09:50:06.768883 28788 data_dirs.cc:400] Could only allocate 1 dirs of requested 3 for tablet 00000000000000000000000000000000. 1 dirs total, 0 dirs full, 0 dirs failed
I20260608 09:50:06.778666 28788 tablet_bootstrap.cc:492] T 00000000000000000000000000000000 P 85e653616ea941d089ac8c0edcc3f073: Bootstrap starting.
I20260608 09:50:06.783561 28788 tablet_bootstrap.cc:654] T 00000000000000000000000000000000 P 85e653616ea941d089ac8c0edcc3f073: Neither blocks nor log segments found. Creating new log.
I20260608 09:50:06.788061 28788 tablet_bootstrap.cc:492] T 00000000000000000000000000000000 P 85e653616ea941d089ac8c0edcc3f073: No bootstrap required, opened a new log
I20260608 09:50:06.790541 28788 raft_consensus.cc:359] T 00000000000000000000000000000000 P 85e653616ea941d089ac8c0edcc3f073 [term 0 FOLLOWER]: Replica starting. Triggering 0 pending ops. Active config: opid_index: -1 OBSOLETE_local: true peers { permanent_uuid: "85e653616ea941d089ac8c0edcc3f073" member_type: VOTER }
I20260608 09:50:06.791060 28788 raft_consensus.cc:385] T 00000000000000000000000000000000 P 85e653616ea941d089ac8c0edcc3f073 [term 0 FOLLOWER]: Consensus starting up: Expiring failure detector timer to make a prompt election more likely
I20260608 09:50:06.791263 28788 raft_consensus.cc:740] T 00000000000000000000000000000000 P 85e653616ea941d089ac8c0edcc3f073 [term 0 FOLLOWER]: Becoming Follower/Learner. State: Replica: 85e653616ea941d089ac8c0edcc3f073, State: Initialized, Role: FOLLOWER
I20260608 09:50:06.791857 28788 consensus_queue.cc:260] T 00000000000000000000000000000000 P 85e653616ea941d089ac8c0edcc3f073 [NON_LEADER]: Queue going to NON_LEADER mode. State: All replicated index: 0, Majority replicated index: 0, Committed index: 0, Last appended: 0.0, Last appended by leader: 0, Current term: 0, Majority size: -1, State: 0, Mode: NON_LEADER, active raft config: opid_index: -1 OBSOLETE_local: true peers { permanent_uuid: "85e653616ea941d089ac8c0edcc3f073" member_type: VOTER }
I20260608 09:50:06.792348 28788 raft_consensus.cc:399] T 00000000000000000000000000000000 P 85e653616ea941d089ac8c0edcc3f073 [term 0 FOLLOWER]: Only one voter in the Raft config. Triggering election immediately
I20260608 09:50:06.792639 28788 raft_consensus.cc:493] T 00000000000000000000000000000000 P 85e653616ea941d089ac8c0edcc3f073 [term 0 FOLLOWER]: Starting leader election (initial election of a single-replica configuration)
I20260608 09:50:06.792985 28788 raft_consensus.cc:3060] T 00000000000000000000000000000000 P 85e653616ea941d089ac8c0edcc3f073 [term 0 FOLLOWER]: Advancing to term 1
I20260608 09:50:06.797499 28788 raft_consensus.cc:515] T 00000000000000000000000000000000 P 85e653616ea941d089ac8c0edcc3f073 [term 1 FOLLOWER]: Starting leader election with config: opid_index: -1 OBSOLETE_local: true peers { permanent_uuid: "85e653616ea941d089ac8c0edcc3f073" member_type: VOTER }
I20260608 09:50:06.798103 28788 leader_election.cc:304] T 00000000000000000000000000000000 P 85e653616ea941d089ac8c0edcc3f073 [CANDIDATE]: Term 1 election: Election decided. Result: candidate won. Election summary: received 1 responses out of 1 voters: 1 yes votes; 0 no votes. yes voters: 85e653616ea941d089ac8c0edcc3f073; no voters: 
I20260608 09:50:06.799412 28788 leader_election.cc:290] T 00000000000000000000000000000000 P 85e653616ea941d089ac8c0edcc3f073 [CANDIDATE]: Term 1 election: Requested vote from peers 
I20260608 09:50:06.799948 28791 raft_consensus.cc:2804] T 00000000000000000000000000000000 P 85e653616ea941d089ac8c0edcc3f073 [term 1 FOLLOWER]: Leader election won for term 1
I20260608 09:50:06.801652 28791 raft_consensus.cc:697] T 00000000000000000000000000000000 P 85e653616ea941d089ac8c0edcc3f073 [term 1 LEADER]: Becoming Leader. State: Replica: 85e653616ea941d089ac8c0edcc3f073, State: Running, Role: LEADER
I20260608 09:50:06.802410 28791 consensus_queue.cc:237] T 00000000000000000000000000000000 P 85e653616ea941d089ac8c0edcc3f073 [LEADER]: Queue going to LEADER mode. State: All replicated index: 0, Majority replicated index: 0, Committed index: 0, Last appended: 0.0, Last appended by leader: 0, Current term: 1, Majority size: 1, State: 0, Mode: LEADER, active raft config: opid_index: -1 OBSOLETE_local: true peers { permanent_uuid: "85e653616ea941d089ac8c0edcc3f073" member_type: VOTER }
I20260608 09:50:06.802873 28788 sys_catalog.cc:565] T 00000000000000000000000000000000 P 85e653616ea941d089ac8c0edcc3f073 [sys.catalog]: configured and running, proceeding with master startup.
I20260608 09:50:06.810412 28793 sys_catalog.cc:455] T 00000000000000000000000000000000 P 85e653616ea941d089ac8c0edcc3f073 [sys.catalog]: SysCatalogTable state changed. Reason: New leader 85e653616ea941d089ac8c0edcc3f073. Latest consensus state: current_term: 1 leader_uuid: "85e653616ea941d089ac8c0edcc3f073" committed_config { opid_index: -1 OBSOLETE_local: true peers { permanent_uuid: "85e653616ea941d089ac8c0edcc3f073" member_type: VOTER } }
I20260608 09:50:06.811235 28793 sys_catalog.cc:458] T 00000000000000000000000000000000 P 85e653616ea941d089ac8c0edcc3f073 [sys.catalog]: This master's current role is: LEADER
I20260608 09:50:06.809994 28792 sys_catalog.cc:455] T 00000000000000000000000000000000 P 85e653616ea941d089ac8c0edcc3f073 [sys.catalog]: SysCatalogTable state changed. Reason: RaftConsensus started. Latest consensus state: current_term: 1 leader_uuid: "85e653616ea941d089ac8c0edcc3f073" committed_config { opid_index: -1 OBSOLETE_local: true peers { permanent_uuid: "85e653616ea941d089ac8c0edcc3f073" member_type: VOTER } }
I20260608 09:50:06.811930 28792 sys_catalog.cc:458] T 00000000000000000000000000000000 P 85e653616ea941d089ac8c0edcc3f073 [sys.catalog]: This master's current role is: LEADER
I20260608 09:50:06.813828 28799 catalog_manager.cc:1510] Loading table and tablet metadata into memory...
I20260608 09:50:06.820899 28799 catalog_manager.cc:1519] Initializing Kudu cluster ID...
I20260608 09:50:06.822250 28185 internal_mini_cluster.cc:184] Waiting to initialize catalog manager on master 0
I20260608 09:50:06.831264 28799 catalog_manager.cc:1382] Generated new cluster ID: cb33a0891318485093231c6d90bc7515
I20260608 09:50:06.831552 28799 catalog_manager.cc:1530] Initializing Kudu internal certificate authority...
I20260608 09:50:06.852381 28799 catalog_manager.cc:1405] Generated new certificate authority record
I20260608 09:50:06.853648 28799 catalog_manager.cc:1539] Loading token signing keys...
I20260608 09:50:06.869195 28799 catalog_manager.cc:6069] T 00000000000000000000000000000000 P 85e653616ea941d089ac8c0edcc3f073: Generated new TSK 0
I20260608 09:50:06.869792 28799 catalog_manager.cc:1549] Initializing in-progress tserver states...
I20260608 09:50:06.888681 28185 file_cache.cc:492] Constructed file cache file cache with capacity 419430
W20260608 09:50:06.895412 28809 instance_detector.cc:116] could not retrieve AWS instance metadata: Network error: curl error: HTTP response code said error: The requested URL returned error: 404
W20260608 09:50:06.897384 28810 instance_detector.cc:116] could not retrieve Azure instance metadata: Network error: curl error: HTTP response code said error: The requested URL returned error: 404
W20260608 09:50:06.898411 28812 instance_detector.cc:116] could not retrieve OpenStack instance metadata: Network error: curl error: HTTP response code said error: The requested URL returned error: 404
I20260608 09:50:06.899705 28185 server_base.cc:1061] running on GCE node
I20260608 09:50:06.900686 28185 hybrid_clock.cc:584] initializing the hybrid clock with 'system_unsync' time source
W20260608 09:50:06.900895 28185 system_unsync_time.cc:38] NTP support is disabled. Clock error bounds will not be accurate. This configuration is not suitable for distributed clusters.
I20260608 09:50:06.901062 28185 hybrid_clock.cc:648] HybridClock initialized: now 1780912206901049 us; error 0 us; skew 500 ppm
I20260608 09:50:06.901713 28185 server_base.cc:861] Flag tcmalloc_max_total_thread_cache_bytes is not working since tcmalloc is not enabled.
I20260608 09:50:06.904281 28185 webserver.cc:533] Webserver started at http://127.27.134.65:42655/ using document root <none> and password file <none>
I20260608 09:50:06.904829 28185 fs_manager.cc:362] Metadata directory not provided
I20260608 09:50:06.905011 28185 fs_manager.cc:368] Using write-ahead log directory (fs_wal_dir) as metadata directory
I20260608 09:50:06.905251 28185 server_base.cc:909] This appears to be a new deployment of Kudu; creating new FS layout
I20260608 09:50:06.906566 28185 fs_manager.cc:1068] Generated new instance metadata in path /tmp/dist-test-taskmi5rJB/test-tmp/auto_rebalancer-test.0.AutoRebalancerTest.AutoRebalancingTurnOffAndOn.1780912195024393-28185-0/minicluster-data/ts-0-root/instance:
uuid: "ac36cdbfc50d48f5b60efc2e4e18439e"
format_stamp: "Formatted at 2026-06-08 09:50:06 on dist-test-slave-jpc4"
I20260608 09:50:06.911916 28185 fs_manager.cc:696] Time spent creating directory manager: real 0.005s	user 0.004s	sys 0.001s
I20260608 09:50:06.915395 28817 log_block_manager.cc:4031] Time spent loading block containers with low live blocks: real 0.000s	user 0.000s	sys 0.000s
I20260608 09:50:06.916261 28185 fs_manager.cc:730] Time spent opening block manager: real 0.002s	user 0.001s	sys 0.000s
I20260608 09:50:06.916603 28185 fs_manager.cc:647] Opened local filesystem: /tmp/dist-test-taskmi5rJB/test-tmp/auto_rebalancer-test.0.AutoRebalancerTest.AutoRebalancingTurnOffAndOn.1780912195024393-28185-0/minicluster-data/ts-0-root
uuid: "ac36cdbfc50d48f5b60efc2e4e18439e"
format_stamp: "Formatted at 2026-06-08 09:50:06 on dist-test-slave-jpc4"
I20260608 09:50:06.916857 28185 fs_report.cc:389] FS layout report
--------------------
wal directory: /tmp/dist-test-taskmi5rJB/test-tmp/auto_rebalancer-test.0.AutoRebalancerTest.AutoRebalancingTurnOffAndOn.1780912195024393-28185-0/minicluster-data/ts-0-root
metadata directory: /tmp/dist-test-taskmi5rJB/test-tmp/auto_rebalancer-test.0.AutoRebalancerTest.AutoRebalancingTurnOffAndOn.1780912195024393-28185-0/minicluster-data/ts-0-root
1 data directories: /tmp/dist-test-taskmi5rJB/test-tmp/auto_rebalancer-test.0.AutoRebalancerTest.AutoRebalancingTurnOffAndOn.1780912195024393-28185-0/minicluster-data/ts-0-root/data
Total live blocks: 0
Total live bytes: 0
Total live bytes (after alignment): 0
Total number of LBM containers: 0 (0 full)
Did not check for missing blocks
Did not check for orphaned blocks
Total full LBM containers with extra space: 0 (0 repaired)
Total full LBM container extra space in bytes: 0 (0 repaired)
Total incomplete LBM containers: 0 (0 repaired)
Total LBM partial records: 0 (0 repaired)
Total corrupted LBM metadata records in RocksDB: 0 (0 repaired)
I20260608 09:50:06.938973 28185 rpc_server.cc:225] running with OpenSSL 1.1.1  11 Sep 2018
I20260608 09:50:06.940207 28185 kserver.cc:163] Server-wide thread pool size limit: 3276
I20260608 09:50:06.941766 28185 txn_system_client.cc:432] TxnSystemClient initialization is disabled...
I20260608 09:50:06.944173 28185 ts_tablet_manager.cc:585] Loaded tablet metadata (0 total tablets, 0 live tablets)
I20260608 09:50:06.944375 28185 ts_tablet_manager.cc:531] Time spent load tablet metadata: real 0.000s	user 0.000s	sys 0.000s
I20260608 09:50:06.944631 28185 ts_tablet_manager.cc:616] Registered 0 tablets
I20260608 09:50:06.944793 28185 ts_tablet_manager.cc:595] Time spent register tablets: real 0.000s	user 0.000s	sys 0.000s
I20260608 09:50:06.987149 28185 rpc_server.cc:307] RPC server started. Bound to: 127.27.134.65:35887
I20260608 09:50:06.987277 28879 acceptor_pool.cc:272] collecting diagnostics on the listening RPC socket 127.27.134.65:35887 every 8 connection(s)
I20260608 09:50:06.992452 28185 file_cache.cc:492] Constructed file cache file cache with capacity 419430
W20260608 09:50:06.999686 28884 instance_detector.cc:116] could not retrieve AWS instance metadata: Network error: curl error: HTTP response code said error: The requested URL returned error: 404
W20260608 09:50:07.000898 28885 instance_detector.cc:116] could not retrieve Azure instance metadata: Network error: curl error: HTTP response code said error: The requested URL returned error: 404
W20260608 09:50:07.006374 28887 instance_detector.cc:116] could not retrieve OpenStack instance metadata: Network error: curl error: HTTP response code said error: The requested URL returned error: 404
I20260608 09:50:07.007036 28880 heartbeater.cc:344] Connected to a master server at 127.27.134.126:38749
I20260608 09:50:07.007441 28880 heartbeater.cc:461] Registering TS with master...
I20260608 09:50:07.007666 28185 server_base.cc:1061] running on GCE node
I20260608 09:50:07.008448 28880 heartbeater.cc:507] Master 127.27.134.126:38749 requested a full tablet report, sending...
I20260608 09:50:07.008949 28185 hybrid_clock.cc:584] initializing the hybrid clock with 'system_unsync' time source
W20260608 09:50:07.009230 28185 system_unsync_time.cc:38] NTP support is disabled. Clock error bounds will not be accurate. This configuration is not suitable for distributed clusters.
I20260608 09:50:07.009910 28185 hybrid_clock.cc:648] HybridClock initialized: now 1780912207009423 us; error 0 us; skew 500 ppm
I20260608 09:50:07.010684 28185 server_base.cc:861] Flag tcmalloc_max_total_thread_cache_bytes is not working since tcmalloc is not enabled.
I20260608 09:50:07.011083 28753 ts_manager.cc:194] Registered new tserver with Master: ac36cdbfc50d48f5b60efc2e4e18439e (127.27.134.65:35887)
I20260608 09:50:07.012948 28753 master_service.cc:502] Signed X509 certificate for tserver {username='slave'} at 127.0.0.1:53406
I20260608 09:50:07.015254 28185 webserver.cc:533] Webserver started at http://127.27.134.66:45365/ using document root <none> and password file <none>
I20260608 09:50:07.015983 28185 fs_manager.cc:362] Metadata directory not provided
I20260608 09:50:07.016229 28185 fs_manager.cc:368] Using write-ahead log directory (fs_wal_dir) as metadata directory
I20260608 09:50:07.016470 28185 server_base.cc:909] This appears to be a new deployment of Kudu; creating new FS layout
I20260608 09:50:07.017568 28185 fs_manager.cc:1068] Generated new instance metadata in path /tmp/dist-test-taskmi5rJB/test-tmp/auto_rebalancer-test.0.AutoRebalancerTest.AutoRebalancingTurnOffAndOn.1780912195024393-28185-0/minicluster-data/ts-1-root/instance:
uuid: "c7263a0e381a4afd9e9458e2927cd883"
format_stamp: "Formatted at 2026-06-08 09:50:07 on dist-test-slave-jpc4"
I20260608 09:50:07.022298 28185 fs_manager.cc:696] Time spent creating directory manager: real 0.004s	user 0.004s	sys 0.000s
I20260608 09:50:07.025779 28892 log_block_manager.cc:4031] Time spent loading block containers with low live blocks: real 0.000s	user 0.000s	sys 0.000s
I20260608 09:50:07.026522 28185 fs_manager.cc:730] Time spent opening block manager: real 0.002s	user 0.002s	sys 0.001s
I20260608 09:50:07.026830 28185 fs_manager.cc:647] Opened local filesystem: /tmp/dist-test-taskmi5rJB/test-tmp/auto_rebalancer-test.0.AutoRebalancerTest.AutoRebalancingTurnOffAndOn.1780912195024393-28185-0/minicluster-data/ts-1-root
uuid: "c7263a0e381a4afd9e9458e2927cd883"
format_stamp: "Formatted at 2026-06-08 09:50:07 on dist-test-slave-jpc4"
I20260608 09:50:07.027115 28185 fs_report.cc:389] FS layout report
--------------------
wal directory: /tmp/dist-test-taskmi5rJB/test-tmp/auto_rebalancer-test.0.AutoRebalancerTest.AutoRebalancingTurnOffAndOn.1780912195024393-28185-0/minicluster-data/ts-1-root
metadata directory: /tmp/dist-test-taskmi5rJB/test-tmp/auto_rebalancer-test.0.AutoRebalancerTest.AutoRebalancingTurnOffAndOn.1780912195024393-28185-0/minicluster-data/ts-1-root
1 data directories: /tmp/dist-test-taskmi5rJB/test-tmp/auto_rebalancer-test.0.AutoRebalancerTest.AutoRebalancingTurnOffAndOn.1780912195024393-28185-0/minicluster-data/ts-1-root/data
Total live blocks: 0
Total live bytes: 0
Total live bytes (after alignment): 0
Total number of LBM containers: 0 (0 full)
Did not check for missing blocks
Did not check for orphaned blocks
Total full LBM containers with extra space: 0 (0 repaired)
Total full LBM container extra space in bytes: 0 (0 repaired)
Total incomplete LBM containers: 0 (0 repaired)
Total LBM partial records: 0 (0 repaired)
Total corrupted LBM metadata records in RocksDB: 0 (0 repaired)
I20260608 09:50:07.062681 28185 rpc_server.cc:225] running with OpenSSL 1.1.1  11 Sep 2018
I20260608 09:50:07.063923 28185 kserver.cc:163] Server-wide thread pool size limit: 3276
I20260608 09:50:07.065510 28185 txn_system_client.cc:432] TxnSystemClient initialization is disabled...
I20260608 09:50:07.067907 28185 ts_tablet_manager.cc:585] Loaded tablet metadata (0 total tablets, 0 live tablets)
I20260608 09:50:07.068138 28185 ts_tablet_manager.cc:531] Time spent load tablet metadata: real 0.000s	user 0.000s	sys 0.000s
I20260608 09:50:07.068405 28185 ts_tablet_manager.cc:616] Registered 0 tablets
I20260608 09:50:07.068593 28185 ts_tablet_manager.cc:595] Time spent register tablets: real 0.000s	user 0.000s	sys 0.000s
I20260608 09:50:07.110402 28185 rpc_server.cc:307] RPC server started. Bound to: 127.27.134.66:40531
I20260608 09:50:07.110534 28954 acceptor_pool.cc:272] collecting diagnostics on the listening RPC socket 127.27.134.66:40531 every 8 connection(s)
I20260608 09:50:07.115636 28185 file_cache.cc:492] Constructed file cache file cache with capacity 419430
W20260608 09:50:07.123346 28958 instance_detector.cc:116] could not retrieve AWS instance metadata: Network error: curl error: HTTP response code said error: The requested URL returned error: 404
W20260608 09:50:07.124428 28959 instance_detector.cc:116] could not retrieve Azure instance metadata: Network error: curl error: HTTP response code said error: The requested URL returned error: 404
W20260608 09:50:07.127285 28961 instance_detector.cc:116] could not retrieve OpenStack instance metadata: Network error: curl error: HTTP response code said error: The requested URL returned error: 404
I20260608 09:50:07.127877 28185 server_base.cc:1061] running on GCE node
I20260608 09:50:07.128877 28185 hybrid_clock.cc:584] initializing the hybrid clock with 'system_unsync' time source
I20260608 09:50:07.129231 28955 heartbeater.cc:344] Connected to a master server at 127.27.134.126:38749
W20260608 09:50:07.129293 28185 system_unsync_time.cc:38] NTP support is disabled. Clock error bounds will not be accurate. This configuration is not suitable for distributed clusters.
I20260608 09:50:07.129729 28185 hybrid_clock.cc:648] HybridClock initialized: now 1780912207129707 us; error 0 us; skew 500 ppm
I20260608 09:50:07.129781 28955 heartbeater.cc:461] Registering TS with master...
I20260608 09:50:07.130672 28185 server_base.cc:861] Flag tcmalloc_max_total_thread_cache_bytes is not working since tcmalloc is not enabled.
I20260608 09:50:07.130882 28955 heartbeater.cc:507] Master 127.27.134.126:38749 requested a full tablet report, sending...
I20260608 09:50:07.133422 28753 ts_manager.cc:194] Registered new tserver with Master: c7263a0e381a4afd9e9458e2927cd883 (127.27.134.66:40531)
I20260608 09:50:07.133472 28185 webserver.cc:533] Webserver started at http://127.27.134.67:35409/ using document root <none> and password file <none>
I20260608 09:50:07.134343 28185 fs_manager.cc:362] Metadata directory not provided
I20260608 09:50:07.134603 28185 fs_manager.cc:368] Using write-ahead log directory (fs_wal_dir) as metadata directory
I20260608 09:50:07.134933 28185 server_base.cc:909] This appears to be a new deployment of Kudu; creating new FS layout
I20260608 09:50:07.135432 28753 master_service.cc:502] Signed X509 certificate for tserver {username='slave'} at 127.0.0.1:53420
I20260608 09:50:07.136560 28185 fs_manager.cc:1068] Generated new instance metadata in path /tmp/dist-test-taskmi5rJB/test-tmp/auto_rebalancer-test.0.AutoRebalancerTest.AutoRebalancingTurnOffAndOn.1780912195024393-28185-0/minicluster-data/ts-2-root/instance:
uuid: "bf1fe43aeaf14462985cfad926b79b3a"
format_stamp: "Formatted at 2026-06-08 09:50:07 on dist-test-slave-jpc4"
I20260608 09:50:07.141234 28185 fs_manager.cc:696] Time spent creating directory manager: real 0.004s	user 0.002s	sys 0.004s
I20260608 09:50:07.144598 28966 log_block_manager.cc:4031] Time spent loading block containers with low live blocks: real 0.000s	user 0.000s	sys 0.000s
I20260608 09:50:07.145367 28185 fs_manager.cc:730] Time spent opening block manager: real 0.002s	user 0.002s	sys 0.000s
I20260608 09:50:07.145715 28185 fs_manager.cc:647] Opened local filesystem: /tmp/dist-test-taskmi5rJB/test-tmp/auto_rebalancer-test.0.AutoRebalancerTest.AutoRebalancingTurnOffAndOn.1780912195024393-28185-0/minicluster-data/ts-2-root
uuid: "bf1fe43aeaf14462985cfad926b79b3a"
format_stamp: "Formatted at 2026-06-08 09:50:07 on dist-test-slave-jpc4"
I20260608 09:50:07.146015 28185 fs_report.cc:389] FS layout report
--------------------
wal directory: /tmp/dist-test-taskmi5rJB/test-tmp/auto_rebalancer-test.0.AutoRebalancerTest.AutoRebalancingTurnOffAndOn.1780912195024393-28185-0/minicluster-data/ts-2-root
metadata directory: /tmp/dist-test-taskmi5rJB/test-tmp/auto_rebalancer-test.0.AutoRebalancerTest.AutoRebalancingTurnOffAndOn.1780912195024393-28185-0/minicluster-data/ts-2-root
1 data directories: /tmp/dist-test-taskmi5rJB/test-tmp/auto_rebalancer-test.0.AutoRebalancerTest.AutoRebalancingTurnOffAndOn.1780912195024393-28185-0/minicluster-data/ts-2-root/data
Total live blocks: 0
Total live bytes: 0
Total live bytes (after alignment): 0
Total number of LBM containers: 0 (0 full)
Did not check for missing blocks
Did not check for orphaned blocks
Total full LBM containers with extra space: 0 (0 repaired)
Total full LBM container extra space in bytes: 0 (0 repaired)
Total incomplete LBM containers: 0 (0 repaired)
Total LBM partial records: 0 (0 repaired)
Total corrupted LBM metadata records in RocksDB: 0 (0 repaired)
I20260608 09:50:07.170691 28185 rpc_server.cc:225] running with OpenSSL 1.1.1  11 Sep 2018
I20260608 09:50:07.171921 28185 kserver.cc:163] Server-wide thread pool size limit: 3276
I20260608 09:50:07.173440 28185 txn_system_client.cc:432] TxnSystemClient initialization is disabled...
I20260608 09:50:07.175765 28185 ts_tablet_manager.cc:585] Loaded tablet metadata (0 total tablets, 0 live tablets)
I20260608 09:50:07.175997 28185 ts_tablet_manager.cc:531] Time spent load tablet metadata: real 0.000s	user 0.000s	sys 0.000s
I20260608 09:50:07.176237 28185 ts_tablet_manager.cc:616] Registered 0 tablets
I20260608 09:50:07.176465 28185 ts_tablet_manager.cc:595] Time spent register tablets: real 0.000s	user 0.000s	sys 0.000s
I20260608 09:50:07.219241 28185 rpc_server.cc:307] RPC server started. Bound to: 127.27.134.67:33363
I20260608 09:50:07.219362 29028 acceptor_pool.cc:272] collecting diagnostics on the listening RPC socket 127.27.134.67:33363 every 8 connection(s)
I20260608 09:50:07.239030 29029 heartbeater.cc:344] Connected to a master server at 127.27.134.126:38749
I20260608 09:50:07.239435 29029 heartbeater.cc:461] Registering TS with master...
I20260608 09:50:07.240180 29029 heartbeater.cc:507] Master 127.27.134.126:38749 requested a full tablet report, sending...
I20260608 09:50:07.242301 28753 ts_manager.cc:194] Registered new tserver with Master: bf1fe43aeaf14462985cfad926b79b3a (127.27.134.67:33363)
I20260608 09:50:07.243160 28185 internal_mini_cluster.cc:371] 3 TS(s) registered with all masters after 0.020642438s
I20260608 09:50:07.243935 28753 master_service.cc:502] Signed X509 certificate for tserver {username='slave'} at 127.0.0.1:53424
I20260608 09:50:08.016209 28880 heartbeater.cc:499] Master 127.27.134.126:38749 was elected leader, sending a full tablet report...
I20260608 09:50:08.138091 28955 heartbeater.cc:499] Master 127.27.134.126:38749 was elected leader, sending a full tablet report...
I20260608 09:50:08.246968 29029 heartbeater.cc:499] Master 127.27.134.126:38749 was elected leader, sending a full tablet report...
I20260608 09:50:08.300256 28753 catalog_manager.cc:2282] Servicing CreateTable request from {username='slave'} at 127.0.0.1:53428:
name: "test-workload"
schema {
  columns {
    name: "key"
    type: INT32
    is_key: true
    is_nullable: false
    encoding: AUTO_ENCODING
    compression: DEFAULT_COMPRESSION
    cfile_block_size: 0
    immutable: false
  }
  columns {
    name: "int_val"
    type: INT32
    is_key: false
    is_nullable: false
    encoding: AUTO_ENCODING
    compression: DEFAULT_COMPRESSION
    cfile_block_size: 0
    immutable: false
  }
  columns {
    name: "string_val"
    type: STRING
    is_key: false
    is_nullable: true
    encoding: AUTO_ENCODING
    compression: DEFAULT_COMPRESSION
    cfile_block_size: 0
    immutable: false
  }
}
num_replicas: 3
split_rows_range_bounds {
  rows: "\004\001\000\377\377\377\017\004\001\000\376\377\377\037\004\001\000\375\377\377/\004\001\000\374\377\377?\004\001\000\373\377\377O\004\001\000\372\377\377_\004\001\000\371\377\377o""\004\001\000\377\377\377\017\004\001\000\376\377\377\037\004\001\000\375\377\377/\004\001\000\374\377\377?\004\001\000\373\377\377O\004\001\000\372\377\377_\004\001\000\371\377\377o"
  indirect_data: """"
}
partition_schema {
  range_schema {
    columns {
      name: "key"
    }
  }
}
W20260608 09:50:08.303125 28753 catalog_manager.cc:7076] The number of live tablet servers is not enough to re-replicate a tablet replica of the newly created table test-workload in case of a server failure: 4 tablet servers would be needed, 3 are available. Consider bringing up more tablet servers.
I20260608 09:50:08.377902 28920 tablet_service.cc:1511] Processing CreateTablet for tablet c92473d33ea64edab0aceaad0f51f753 (DEFAULT_TABLE table=test-workload [id=c865ca0bc90345db9681e1aad4e16dee]), partition=RANGE (key) PARTITION VALUES < 268435455
I20260608 09:50:08.379282 28920 data_dirs.cc:400] Could only allocate 1 dirs of requested 3 for tablet c92473d33ea64edab0aceaad0f51f753. 1 dirs total, 0 dirs full, 0 dirs failed
I20260608 09:50:08.380888 28919 tablet_service.cc:1511] Processing CreateTablet for tablet d9433b051da440b9a19a6a802fae3cb7 (DEFAULT_TABLE table=test-workload [id=c865ca0bc90345db9681e1aad4e16dee]), partition=RANGE (key) PARTITION 268435455 <= VALUES < 536870910
I20260608 09:50:08.381476 28845 tablet_service.cc:1511] Processing CreateTablet for tablet c92473d33ea64edab0aceaad0f51f753 (DEFAULT_TABLE table=test-workload [id=c865ca0bc90345db9681e1aad4e16dee]), partition=RANGE (key) PARTITION VALUES < 268435455
I20260608 09:50:08.382900 28845 data_dirs.cc:400] Could only allocate 1 dirs of requested 3 for tablet c92473d33ea64edab0aceaad0f51f753. 1 dirs total, 0 dirs full, 0 dirs failed
I20260608 09:50:08.382445 28844 tablet_service.cc:1511] Processing CreateTablet for tablet d9433b051da440b9a19a6a802fae3cb7 (DEFAULT_TABLE table=test-workload [id=c865ca0bc90345db9681e1aad4e16dee]), partition=RANGE (key) PARTITION 268435455 <= VALUES < 536870910
I20260608 09:50:08.384331 28844 data_dirs.cc:400] Could only allocate 1 dirs of requested 3 for tablet d9433b051da440b9a19a6a802fae3cb7. 1 dirs total, 0 dirs full, 0 dirs failed
I20260608 09:50:08.385619 28919 data_dirs.cc:400] Could only allocate 1 dirs of requested 3 for tablet d9433b051da440b9a19a6a802fae3cb7. 1 dirs total, 0 dirs full, 0 dirs failed
I20260608 09:50:08.402092 28994 tablet_service.cc:1511] Processing CreateTablet for tablet c92473d33ea64edab0aceaad0f51f753 (DEFAULT_TABLE table=test-workload [id=c865ca0bc90345db9681e1aad4e16dee]), partition=RANGE (key) PARTITION VALUES < 268435455
I20260608 09:50:08.403586 28994 data_dirs.cc:400] Could only allocate 1 dirs of requested 3 for tablet c92473d33ea64edab0aceaad0f51f753. 1 dirs total, 0 dirs full, 0 dirs failed
I20260608 09:50:08.403519 28993 tablet_service.cc:1511] Processing CreateTablet for tablet d9433b051da440b9a19a6a802fae3cb7 (DEFAULT_TABLE table=test-workload [id=c865ca0bc90345db9681e1aad4e16dee]), partition=RANGE (key) PARTITION 268435455 <= VALUES < 536870910
I20260608 09:50:08.405825 28993 data_dirs.cc:400] Could only allocate 1 dirs of requested 3 for tablet d9433b051da440b9a19a6a802fae3cb7. 1 dirs total, 0 dirs full, 0 dirs failed
I20260608 09:50:08.414583 28918 tablet_service.cc:1511] Processing CreateTablet for tablet 7db18907a56d42a8abd2119e9cf3c802 (DEFAULT_TABLE table=test-workload [id=c865ca0bc90345db9681e1aad4e16dee]), partition=RANGE (key) PARTITION 536870910 <= VALUES < 805306365
I20260608 09:50:08.415511 28844 tablet_service.cc:1511] Processing CreateTablet for tablet 7db18907a56d42a8abd2119e9cf3c802 (DEFAULT_TABLE table=test-workload [id=c865ca0bc90345db9681e1aad4e16dee]), partition=RANGE (key) PARTITION 536870910 <= VALUES < 805306365
I20260608 09:50:08.416823 28918 data_dirs.cc:400] Could only allocate 1 dirs of requested 3 for tablet 7db18907a56d42a8abd2119e9cf3c802. 1 dirs total, 0 dirs full, 0 dirs failed
I20260608 09:50:08.419556 28992 tablet_service.cc:1511] Processing CreateTablet for tablet 7db18907a56d42a8abd2119e9cf3c802 (DEFAULT_TABLE table=test-workload [id=c865ca0bc90345db9681e1aad4e16dee]), partition=RANGE (key) PARTITION 536870910 <= VALUES < 805306365
I20260608 09:50:08.422410 28843 tablet_service.cc:1511] Processing CreateTablet for tablet 2d62b6582007498098ed5b4b93b2c611 (DEFAULT_TABLE table=test-workload [id=c865ca0bc90345db9681e1aad4e16dee]), partition=RANGE (key) PARTITION 805306365 <= VALUES < 1073741820
I20260608 09:50:08.424605 28917 tablet_service.cc:1511] Processing CreateTablet for tablet 2d62b6582007498098ed5b4b93b2c611 (DEFAULT_TABLE table=test-workload [id=c865ca0bc90345db9681e1aad4e16dee]), partition=RANGE (key) PARTITION 805306365 <= VALUES < 1073741820
I20260608 09:50:08.427508 28842 tablet_service.cc:1511] Processing CreateTablet for tablet 2ffad55d4bc4456b86abe59bec24dbb5 (DEFAULT_TABLE table=test-workload [id=c865ca0bc90345db9681e1aad4e16dee]), partition=RANGE (key) PARTITION 1073741820 <= VALUES < 1342177275
I20260608 09:50:08.427459 28991 tablet_service.cc:1511] Processing CreateTablet for tablet 2d62b6582007498098ed5b4b93b2c611 (DEFAULT_TABLE table=test-workload [id=c865ca0bc90345db9681e1aad4e16dee]), partition=RANGE (key) PARTITION 805306365 <= VALUES < 1073741820
I20260608 09:50:08.429461 29049 tablet_bootstrap.cc:492] T c92473d33ea64edab0aceaad0f51f753 P ac36cdbfc50d48f5b60efc2e4e18439e: Bootstrap starting.
I20260608 09:50:08.431574 28917 data_dirs.cc:400] Could only allocate 1 dirs of requested 3 for tablet 2d62b6582007498098ed5b4b93b2c611. 1 dirs total, 0 dirs full, 0 dirs failed
I20260608 09:50:08.421507 28992 data_dirs.cc:400] Could only allocate 1 dirs of requested 3 for tablet 7db18907a56d42a8abd2119e9cf3c802. 1 dirs total, 0 dirs full, 0 dirs failed
I20260608 09:50:08.435902 28990 tablet_service.cc:1511] Processing CreateTablet for tablet 2ffad55d4bc4456b86abe59bec24dbb5 (DEFAULT_TABLE table=test-workload [id=c865ca0bc90345db9681e1aad4e16dee]), partition=RANGE (key) PARTITION 1073741820 <= VALUES < 1342177275
I20260608 09:50:08.436944 28991 data_dirs.cc:400] Could only allocate 1 dirs of requested 3 for tablet 2d62b6582007498098ed5b4b93b2c611. 1 dirs total, 0 dirs full, 0 dirs failed
I20260608 09:50:08.437726 28990 data_dirs.cc:400] Could only allocate 1 dirs of requested 3 for tablet 2ffad55d4bc4456b86abe59bec24dbb5. 1 dirs total, 0 dirs full, 0 dirs failed
I20260608 09:50:08.440459 28916 tablet_service.cc:1511] Processing CreateTablet for tablet df8f8ec09324432da66b2fe64c473f45 (DEFAULT_TABLE table=test-workload [id=c865ca0bc90345db9681e1aad4e16dee]), partition=RANGE (key) PARTITION 1342177275 <= VALUES < 1610612730
I20260608 09:50:08.442096 28916 data_dirs.cc:400] Could only allocate 1 dirs of requested 3 for tablet df8f8ec09324432da66b2fe64c473f45. 1 dirs total, 0 dirs full, 0 dirs failed
I20260608 09:50:08.444979 28989 tablet_service.cc:1511] Processing CreateTablet for tablet df8f8ec09324432da66b2fe64c473f45 (DEFAULT_TABLE table=test-workload [id=c865ca0bc90345db9681e1aad4e16dee]), partition=RANGE (key) PARTITION 1342177275 <= VALUES < 1610612730
I20260608 09:50:08.448010 28915 tablet_service.cc:1511] Processing CreateTablet for tablet f0cca5201bbf4447a5edea5af852dc97 (DEFAULT_TABLE table=test-workload [id=c865ca0bc90345db9681e1aad4e16dee]), partition=RANGE (key) PARTITION 1610612730 <= VALUES < 1879048185
I20260608 09:50:08.448501 28989 data_dirs.cc:400] Could only allocate 1 dirs of requested 3 for tablet df8f8ec09324432da66b2fe64c473f45. 1 dirs total, 0 dirs full, 0 dirs failed
I20260608 09:50:08.455850 28914 tablet_service.cc:1511] Processing CreateTablet for tablet a2989dba691d4af297cccbef298f6beb (DEFAULT_TABLE table=test-workload [id=c865ca0bc90345db9681e1aad4e16dee]), partition=RANGE (key) PARTITION 1879048185 <= VALUES
I20260608 09:50:08.448872 28845 tablet_service.cc:1511] Processing CreateTablet for tablet df8f8ec09324432da66b2fe64c473f45 (DEFAULT_TABLE table=test-workload [id=c865ca0bc90345db9681e1aad4e16dee]), partition=RANGE (key) PARTITION 1342177275 <= VALUES < 1610612730
I20260608 09:50:08.459628 28841 tablet_service.cc:1511] Processing CreateTablet for tablet f0cca5201bbf4447a5edea5af852dc97 (DEFAULT_TABLE table=test-workload [id=c865ca0bc90345db9681e1aad4e16dee]), partition=RANGE (key) PARTITION 1610612730 <= VALUES < 1879048185
I20260608 09:50:08.449545 28915 data_dirs.cc:400] Could only allocate 1 dirs of requested 3 for tablet f0cca5201bbf4447a5edea5af852dc97. 1 dirs total, 0 dirs full, 0 dirs failed
I20260608 09:50:08.464054 28988 tablet_service.cc:1511] Processing CreateTablet for tablet f0cca5201bbf4447a5edea5af852dc97 (DEFAULT_TABLE table=test-workload [id=c865ca0bc90345db9681e1aad4e16dee]), partition=RANGE (key) PARTITION 1610612730 <= VALUES < 1879048185
I20260608 09:50:08.466102 28914 data_dirs.cc:400] Could only allocate 1 dirs of requested 3 for tablet a2989dba691d4af297cccbef298f6beb. 1 dirs total, 0 dirs full, 0 dirs failed
I20260608 09:50:08.466742 28988 data_dirs.cc:400] Could only allocate 1 dirs of requested 3 for tablet f0cca5201bbf4447a5edea5af852dc97. 1 dirs total, 0 dirs full, 0 dirs failed
I20260608 09:50:08.416838 28844 data_dirs.cc:400] Could only allocate 1 dirs of requested 3 for tablet 7db18907a56d42a8abd2119e9cf3c802. 1 dirs total, 0 dirs full, 0 dirs failed
I20260608 09:50:08.474575 28842 data_dirs.cc:400] Could only allocate 1 dirs of requested 3 for tablet 2ffad55d4bc4456b86abe59bec24dbb5. 1 dirs total, 0 dirs full, 0 dirs failed
I20260608 09:50:08.476222 28841 data_dirs.cc:400] Could only allocate 1 dirs of requested 3 for tablet f0cca5201bbf4447a5edea5af852dc97. 1 dirs total, 0 dirs full, 0 dirs failed
I20260608 09:50:08.480971 28840 tablet_service.cc:1511] Processing CreateTablet for tablet a2989dba691d4af297cccbef298f6beb (DEFAULT_TABLE table=test-workload [id=c865ca0bc90345db9681e1aad4e16dee]), partition=RANGE (key) PARTITION 1879048185 <= VALUES
I20260608 09:50:08.487119 28920 tablet_service.cc:1511] Processing CreateTablet for tablet 2ffad55d4bc4456b86abe59bec24dbb5 (DEFAULT_TABLE table=test-workload [id=c865ca0bc90345db9681e1aad4e16dee]), partition=RANGE (key) PARTITION 1073741820 <= VALUES < 1342177275
I20260608 09:50:08.491364 28987 tablet_service.cc:1511] Processing CreateTablet for tablet a2989dba691d4af297cccbef298f6beb (DEFAULT_TABLE table=test-workload [id=c865ca0bc90345db9681e1aad4e16dee]), partition=RANGE (key) PARTITION 1879048185 <= VALUES
I20260608 09:50:08.488567 28920 data_dirs.cc:400] Could only allocate 1 dirs of requested 3 for tablet 2ffad55d4bc4456b86abe59bec24dbb5. 1 dirs total, 0 dirs full, 0 dirs failed
I20260608 09:50:08.495970 28987 data_dirs.cc:400] Could only allocate 1 dirs of requested 3 for tablet a2989dba691d4af297cccbef298f6beb. 1 dirs total, 0 dirs full, 0 dirs failed
I20260608 09:50:08.526501 28845 data_dirs.cc:400] Could only allocate 1 dirs of requested 3 for tablet df8f8ec09324432da66b2fe64c473f45. 1 dirs total, 0 dirs full, 0 dirs failed
I20260608 09:50:08.538538 29051 tablet_bootstrap.cc:492] T c92473d33ea64edab0aceaad0f51f753 P bf1fe43aeaf14462985cfad926b79b3a: Bootstrap starting.
I20260608 09:50:08.545918 28840 data_dirs.cc:400] Could only allocate 1 dirs of requested 3 for tablet a2989dba691d4af297cccbef298f6beb. 1 dirs total, 0 dirs full, 0 dirs failed
I20260608 09:50:08.546814 28843 data_dirs.cc:400] Could only allocate 1 dirs of requested 3 for tablet 2d62b6582007498098ed5b4b93b2c611. 1 dirs total, 0 dirs full, 0 dirs failed
I20260608 09:50:08.546952 29050 tablet_bootstrap.cc:492] T d9433b051da440b9a19a6a802fae3cb7 P c7263a0e381a4afd9e9458e2927cd883: Bootstrap starting.
I20260608 09:50:08.567356 29051 tablet_bootstrap.cc:654] T c92473d33ea64edab0aceaad0f51f753 P bf1fe43aeaf14462985cfad926b79b3a: Neither blocks nor log segments found. Creating new log.
I20260608 09:50:08.603847 29049 tablet_bootstrap.cc:654] T c92473d33ea64edab0aceaad0f51f753 P ac36cdbfc50d48f5b60efc2e4e18439e: Neither blocks nor log segments found. Creating new log.
I20260608 09:50:08.605463 29050 tablet_bootstrap.cc:654] T d9433b051da440b9a19a6a802fae3cb7 P c7263a0e381a4afd9e9458e2927cd883: Neither blocks nor log segments found. Creating new log.
I20260608 09:50:08.618404 29050 tablet_bootstrap.cc:492] T d9433b051da440b9a19a6a802fae3cb7 P c7263a0e381a4afd9e9458e2927cd883: No bootstrap required, opened a new log
I20260608 09:50:08.618409 29051 tablet_bootstrap.cc:492] T c92473d33ea64edab0aceaad0f51f753 P bf1fe43aeaf14462985cfad926b79b3a: No bootstrap required, opened a new log
I20260608 09:50:08.619899 29050 ts_tablet_manager.cc:1403] T d9433b051da440b9a19a6a802fae3cb7 P c7263a0e381a4afd9e9458e2927cd883: Time spent bootstrapping tablet: real 0.073s	user 0.005s	sys 0.010s
I20260608 09:50:08.619942 29051 ts_tablet_manager.cc:1403] T c92473d33ea64edab0aceaad0f51f753 P bf1fe43aeaf14462985cfad926b79b3a: Time spent bootstrapping tablet: real 0.082s	user 0.017s	sys 0.012s
I20260608 09:50:08.623217 29050 raft_consensus.cc:359] T d9433b051da440b9a19a6a802fae3cb7 P c7263a0e381a4afd9e9458e2927cd883 [term 0 FOLLOWER]: Replica starting. Triggering 0 pending ops. Active config: opid_index: -1 OBSOLETE_local: false peers { permanent_uuid: "ac36cdbfc50d48f5b60efc2e4e18439e" member_type: VOTER last_known_addr { host: "127.27.134.65" port: 35887 } } peers { permanent_uuid: "c7263a0e381a4afd9e9458e2927cd883" member_type: VOTER last_known_addr { host: "127.27.134.66" port: 40531 } } peers { permanent_uuid: "bf1fe43aeaf14462985cfad926b79b3a" member_type: VOTER last_known_addr { host: "127.27.134.67" port: 33363 } }
I20260608 09:50:08.623382 29051 raft_consensus.cc:359] T c92473d33ea64edab0aceaad0f51f753 P bf1fe43aeaf14462985cfad926b79b3a [term 0 FOLLOWER]: Replica starting. Triggering 0 pending ops. Active config: opid_index: -1 OBSOLETE_local: false peers { permanent_uuid: "c7263a0e381a4afd9e9458e2927cd883" member_type: VOTER last_known_addr { host: "127.27.134.66" port: 40531 } } peers { permanent_uuid: "ac36cdbfc50d48f5b60efc2e4e18439e" member_type: VOTER last_known_addr { host: "127.27.134.65" port: 35887 } } peers { permanent_uuid: "bf1fe43aeaf14462985cfad926b79b3a" member_type: VOTER last_known_addr { host: "127.27.134.67" port: 33363 } }
I20260608 09:50:08.624032 29050 raft_consensus.cc:385] T d9433b051da440b9a19a6a802fae3cb7 P c7263a0e381a4afd9e9458e2927cd883 [term 0 FOLLOWER]: Consensus starting up: Expiring failure detector timer to make a prompt election more likely
I20260608 09:50:08.624068 29051 raft_consensus.cc:385] T c92473d33ea64edab0aceaad0f51f753 P bf1fe43aeaf14462985cfad926b79b3a [term 0 FOLLOWER]: Consensus starting up: Expiring failure detector timer to make a prompt election more likely
I20260608 09:50:08.624538 29050 raft_consensus.cc:740] T d9433b051da440b9a19a6a802fae3cb7 P c7263a0e381a4afd9e9458e2927cd883 [term 0 FOLLOWER]: Becoming Follower/Learner. State: Replica: c7263a0e381a4afd9e9458e2927cd883, State: Initialized, Role: FOLLOWER
I20260608 09:50:08.624589 29051 raft_consensus.cc:740] T c92473d33ea64edab0aceaad0f51f753 P bf1fe43aeaf14462985cfad926b79b3a [term 0 FOLLOWER]: Becoming Follower/Learner. State: Replica: bf1fe43aeaf14462985cfad926b79b3a, State: Initialized, Role: FOLLOWER
I20260608 09:50:08.625499 29051 consensus_queue.cc:260] T c92473d33ea64edab0aceaad0f51f753 P bf1fe43aeaf14462985cfad926b79b3a [NON_LEADER]: Queue going to NON_LEADER mode. State: All replicated index: 0, Majority replicated index: 0, Committed index: 0, Last appended: 0.0, Last appended by leader: 0, Current term: 0, Majority size: -1, State: 0, Mode: NON_LEADER, active raft config: opid_index: -1 OBSOLETE_local: false peers { permanent_uuid: "c7263a0e381a4afd9e9458e2927cd883" member_type: VOTER last_known_addr { host: "127.27.134.66" port: 40531 } } peers { permanent_uuid: "ac36cdbfc50d48f5b60efc2e4e18439e" member_type: VOTER last_known_addr { host: "127.27.134.65" port: 35887 } } peers { permanent_uuid: "bf1fe43aeaf14462985cfad926b79b3a" member_type: VOTER last_known_addr { host: "127.27.134.67" port: 33363 } }
I20260608 09:50:08.625499 29050 consensus_queue.cc:260] T d9433b051da440b9a19a6a802fae3cb7 P c7263a0e381a4afd9e9458e2927cd883 [NON_LEADER]: Queue going to NON_LEADER mode. State: All replicated index: 0, Majority replicated index: 0, Committed index: 0, Last appended: 0.0, Last appended by leader: 0, Current term: 0, Majority size: -1, State: 0, Mode: NON_LEADER, active raft config: opid_index: -1 OBSOLETE_local: false peers { permanent_uuid: "ac36cdbfc50d48f5b60efc2e4e18439e" member_type: VOTER last_known_addr { host: "127.27.134.65" port: 35887 } } peers { permanent_uuid: "c7263a0e381a4afd9e9458e2927cd883" member_type: VOTER last_known_addr { host: "127.27.134.66" port: 40531 } } peers { permanent_uuid: "bf1fe43aeaf14462985cfad926b79b3a" member_type: VOTER last_known_addr { host: "127.27.134.67" port: 33363 } }
I20260608 09:50:08.628793 29051 ts_tablet_manager.cc:1434] T c92473d33ea64edab0aceaad0f51f753 P bf1fe43aeaf14462985cfad926b79b3a: Time spent starting tablet: real 0.008s	user 0.007s	sys 0.000s
I20260608 09:50:08.629887 29051 tablet_bootstrap.cc:492] T f0cca5201bbf4447a5edea5af852dc97 P bf1fe43aeaf14462985cfad926b79b3a: Bootstrap starting.
I20260608 09:50:08.630122 29049 tablet_bootstrap.cc:492] T c92473d33ea64edab0aceaad0f51f753 P ac36cdbfc50d48f5b60efc2e4e18439e: No bootstrap required, opened a new log
I20260608 09:50:08.630652 29049 ts_tablet_manager.cc:1403] T c92473d33ea64edab0aceaad0f51f753 P ac36cdbfc50d48f5b60efc2e4e18439e: Time spent bootstrapping tablet: real 0.202s	user 0.020s	sys 0.005s
I20260608 09:50:08.633810 29049 raft_consensus.cc:359] T c92473d33ea64edab0aceaad0f51f753 P ac36cdbfc50d48f5b60efc2e4e18439e [term 0 FOLLOWER]: Replica starting. Triggering 0 pending ops. Active config: opid_index: -1 OBSOLETE_local: false peers { permanent_uuid: "c7263a0e381a4afd9e9458e2927cd883" member_type: VOTER last_known_addr { host: "127.27.134.66" port: 40531 } } peers { permanent_uuid: "ac36cdbfc50d48f5b60efc2e4e18439e" member_type: VOTER last_known_addr { host: "127.27.134.65" port: 35887 } } peers { permanent_uuid: "bf1fe43aeaf14462985cfad926b79b3a" member_type: VOTER last_known_addr { host: "127.27.134.67" port: 33363 } }
I20260608 09:50:08.636222 29049 raft_consensus.cc:385] T c92473d33ea64edab0aceaad0f51f753 P ac36cdbfc50d48f5b60efc2e4e18439e [term 0 FOLLOWER]: Consensus starting up: Expiring failure detector timer to make a prompt election more likely
I20260608 09:50:08.636627 29049 raft_consensus.cc:740] T c92473d33ea64edab0aceaad0f51f753 P ac36cdbfc50d48f5b60efc2e4e18439e [term 0 FOLLOWER]: Becoming Follower/Learner. State: Replica: ac36cdbfc50d48f5b60efc2e4e18439e, State: Initialized, Role: FOLLOWER
