I20260608 09:50:29.061230 29967 tablet_service.cc:1917] Received RequestConsensusVote() RPC: tablet_id: "9dc2f0dcdacf49b7a8d503a49bf33c09" candidate_uuid: "947184b32b1f4cc9a17bdca027f5a600" candidate_term: 1 candidate_status { last_received { term: 0 index: 0 } } ignore_live_leader: false dest_uuid: "e2b70fc3aeb642ca9c30de8653f44e34"
I20260608 09:50:29.061230 30116 tablet_service.cc:1917] Received RequestConsensusVote() RPC: tablet_id: "9dc2f0dcdacf49b7a8d503a49bf33c09" candidate_uuid: "947184b32b1f4cc9a17bdca027f5a600" candidate_term: 1 candidate_status { last_received { term: 0 index: 0 } } ignore_live_leader: false dest_uuid: "5406a480a29046db879cd141f6ead1ed"
I20260608 09:50:29.061996 29967 raft_consensus.cc:3060] T 9dc2f0dcdacf49b7a8d503a49bf33c09 P e2b70fc3aeb642ca9c30de8653f44e34 [term 0 FOLLOWER]: Advancing to term 1
I20260608 09:50:29.062037 30116 raft_consensus.cc:3060] T 9dc2f0dcdacf49b7a8d503a49bf33c09 P 5406a480a29046db879cd141f6ead1ed [term 0 FOLLOWER]: Advancing to term 1
I20260608 09:50:29.063687 30163 raft_consensus.cc:359] T 303b3adc37b14f33aa50b80ac33f0c20 P e2b70fc3aeb642ca9c30de8653f44e34 [term 0 FOLLOWER]: Replica starting. Triggering 0 pending ops. Active config: opid_index: -1 OBSOLETE_local: false peers { permanent_uuid: "e2b70fc3aeb642ca9c30de8653f44e34" member_type: VOTER last_known_addr { host: "127.27.134.65" port: 36517 } } peers { permanent_uuid: "947184b32b1f4cc9a17bdca027f5a600" member_type: VOTER last_known_addr { host: "127.27.134.66" port: 35347 } } peers { permanent_uuid: "5406a480a29046db879cd141f6ead1ed" member_type: VOTER last_known_addr { host: "127.27.134.67" port: 33235 } }
I20260608 09:50:29.064388 30163 raft_consensus.cc:385] T 303b3adc37b14f33aa50b80ac33f0c20 P e2b70fc3aeb642ca9c30de8653f44e34 [term 0 FOLLOWER]: Consensus starting up: Expiring failure detector timer to make a prompt election more likely
I20260608 09:50:29.064682 30163 raft_consensus.cc:740] T 303b3adc37b14f33aa50b80ac33f0c20 P e2b70fc3aeb642ca9c30de8653f44e34 [term 0 FOLLOWER]: Becoming Follower/Learner. State: Replica: e2b70fc3aeb642ca9c30de8653f44e34, State: Initialized, Role: FOLLOWER
I20260608 09:50:29.065483 30163 consensus_queue.cc:260] T 303b3adc37b14f33aa50b80ac33f0c20 P e2b70fc3aeb642ca9c30de8653f44e34 [NON_LEADER]: Queue going to NON_LEADER mode. State: All replicated index: 0, Majority replicated index: 0, Committed index: 0, Last appended: 0.0, Last appended by leader: 0, Current term: 0, Majority size: -1, State: 0, Mode: NON_LEADER, active raft config: opid_index: -1 OBSOLETE_local: false peers { permanent_uuid: "e2b70fc3aeb642ca9c30de8653f44e34" member_type: VOTER last_known_addr { host: "127.27.134.65" port: 36517 } } peers { permanent_uuid: "947184b32b1f4cc9a17bdca027f5a600" member_type: VOTER last_known_addr { host: "127.27.134.66" port: 35347 } } peers { permanent_uuid: "5406a480a29046db879cd141f6ead1ed" member_type: VOTER last_known_addr { host: "127.27.134.67" port: 33235 } }
I20260608 09:50:29.067641 30163 ts_tablet_manager.cc:1434] T 303b3adc37b14f33aa50b80ac33f0c20 P e2b70fc3aeb642ca9c30de8653f44e34: Time spent starting tablet: real 0.007s	user 0.002s	sys 0.002s
I20260608 09:50:29.069347 29967 raft_consensus.cc:2468] T 9dc2f0dcdacf49b7a8d503a49bf33c09 P e2b70fc3aeb642ca9c30de8653f44e34 [term 1 FOLLOWER]: Leader election vote request: Granting yes vote for candidate 947184b32b1f4cc9a17bdca027f5a600 in term 1.
I20260608 09:50:29.069347 30116 raft_consensus.cc:2468] T 9dc2f0dcdacf49b7a8d503a49bf33c09 P 5406a480a29046db879cd141f6ead1ed [term 1 FOLLOWER]: Leader election vote request: Granting yes vote for candidate 947184b32b1f4cc9a17bdca027f5a600 in term 1.
I20260608 09:50:29.070858 30008 leader_election.cc:304] T 9dc2f0dcdacf49b7a8d503a49bf33c09 P 947184b32b1f4cc9a17bdca027f5a600 [CANDIDATE]: Term 1 election: Election decided. Result: candidate won. Election summary: received 2 responses out of 3 voters: 2 yes votes; 0 no votes. yes voters: 947184b32b1f4cc9a17bdca027f5a600, e2b70fc3aeb642ca9c30de8653f44e34; no voters: 
I20260608 09:50:29.071767 30169 raft_consensus.cc:2804] T 9dc2f0dcdacf49b7a8d503a49bf33c09 P 947184b32b1f4cc9a17bdca027f5a600 [term 1 FOLLOWER]: Leader election won for term 1
I20260608 09:50:29.072248 30169 raft_consensus.cc:697] T 9dc2f0dcdacf49b7a8d503a49bf33c09 P 947184b32b1f4cc9a17bdca027f5a600 [term 1 LEADER]: Becoming Leader. State: Replica: 947184b32b1f4cc9a17bdca027f5a600, State: Running, Role: LEADER
I20260608 09:50:29.073065 30169 consensus_queue.cc:237] T 9dc2f0dcdacf49b7a8d503a49bf33c09 P 947184b32b1f4cc9a17bdca027f5a600 [LEADER]: Queue going to LEADER mode. State: All replicated index: 0, Majority replicated index: 0, Committed index: 0, Last appended: 0.0, Last appended by leader: 0, Current term: 1, Majority size: 2, State: 0, Mode: LEADER, active raft config: opid_index: -1 OBSOLETE_local: false peers { permanent_uuid: "947184b32b1f4cc9a17bdca027f5a600" member_type: VOTER last_known_addr { host: "127.27.134.66" port: 35347 } } peers { permanent_uuid: "e2b70fc3aeb642ca9c30de8653f44e34" member_type: VOTER last_known_addr { host: "127.27.134.65" port: 36517 } } peers { permanent_uuid: "5406a480a29046db879cd141f6ead1ed" member_type: VOTER last_known_addr { host: "127.27.134.67" port: 33235 } }
I20260608 09:50:29.081936 29863 catalog_manager.cc:5696] T 9dc2f0dcdacf49b7a8d503a49bf33c09 P 947184b32b1f4cc9a17bdca027f5a600 reported cstate change: term changed from 0 to 1, leader changed from <none> to 947184b32b1f4cc9a17bdca027f5a600 (127.27.134.66). New cstate: current_term: 1 leader_uuid: "947184b32b1f4cc9a17bdca027f5a600" committed_config { opid_index: -1 OBSOLETE_local: false peers { permanent_uuid: "947184b32b1f4cc9a17bdca027f5a600" member_type: VOTER last_known_addr { host: "127.27.134.66" port: 35347 } health_report { overall_health: HEALTHY } } peers { permanent_uuid: "e2b70fc3aeb642ca9c30de8653f44e34" member_type: VOTER last_known_addr { host: "127.27.134.65" port: 36517 } health_report { overall_health: UNKNOWN } } peers { permanent_uuid: "5406a480a29046db879cd141f6ead1ed" member_type: VOTER last_known_addr { host: "127.27.134.67" port: 33235 } health_report { overall_health: UNKNOWN } } }
I20260608 09:50:29.239774 30169 raft_consensus.cc:493] T 303b3adc37b14f33aa50b80ac33f0c20 P 947184b32b1f4cc9a17bdca027f5a600 [term 0 FOLLOWER]: Starting pre-election (no leader contacted us within the election timeout)
I20260608 09:50:29.240314 30169 raft_consensus.cc:515] T 303b3adc37b14f33aa50b80ac33f0c20 P 947184b32b1f4cc9a17bdca027f5a600 [term 0 FOLLOWER]: Starting pre-election with config: opid_index: -1 OBSOLETE_local: false peers { permanent_uuid: "e2b70fc3aeb642ca9c30de8653f44e34" member_type: VOTER last_known_addr { host: "127.27.134.65" port: 36517 } } peers { permanent_uuid: "947184b32b1f4cc9a17bdca027f5a600" member_type: VOTER last_known_addr { host: "127.27.134.66" port: 35347 } } peers { permanent_uuid: "5406a480a29046db879cd141f6ead1ed" member_type: VOTER last_known_addr { host: "127.27.134.67" port: 33235 } }
I20260608 09:50:29.242249 30169 leader_election.cc:290] T 303b3adc37b14f33aa50b80ac33f0c20 P 947184b32b1f4cc9a17bdca027f5a600 [CANDIDATE]: Term 1 pre-election: Requested pre-vote from peers e2b70fc3aeb642ca9c30de8653f44e34 (127.27.134.65:36517), 5406a480a29046db879cd141f6ead1ed (127.27.134.67:33235)
I20260608 09:50:29.243078 29967 tablet_service.cc:1917] Received RequestConsensusVote() RPC: tablet_id: "303b3adc37b14f33aa50b80ac33f0c20" candidate_uuid: "947184b32b1f4cc9a17bdca027f5a600" candidate_term: 1 candidate_status { last_received { term: 0 index: 0 } } ignore_live_leader: false dest_uuid: "e2b70fc3aeb642ca9c30de8653f44e34" is_pre_election: true
I20260608 09:50:29.243311 30116 tablet_service.cc:1917] Received RequestConsensusVote() RPC: tablet_id: "303b3adc37b14f33aa50b80ac33f0c20" candidate_uuid: "947184b32b1f4cc9a17bdca027f5a600" candidate_term: 1 candidate_status { last_received { term: 0 index: 0 } } ignore_live_leader: false dest_uuid: "5406a480a29046db879cd141f6ead1ed" is_pre_election: true
I20260608 09:50:29.243650 29967 raft_consensus.cc:2468] T 303b3adc37b14f33aa50b80ac33f0c20 P e2b70fc3aeb642ca9c30de8653f44e34 [term 0 FOLLOWER]: Leader pre-election vote request: Granting yes vote for candidate 947184b32b1f4cc9a17bdca027f5a600 in term 0.
I20260608 09:50:29.243927 30116 raft_consensus.cc:2468] T 303b3adc37b14f33aa50b80ac33f0c20 P 5406a480a29046db879cd141f6ead1ed [term 0 FOLLOWER]: Leader pre-election vote request: Granting yes vote for candidate 947184b32b1f4cc9a17bdca027f5a600 in term 0.
I20260608 09:50:29.244724 30008 leader_election.cc:304] T 303b3adc37b14f33aa50b80ac33f0c20 P 947184b32b1f4cc9a17bdca027f5a600 [CANDIDATE]: Term 1 pre-election: Election decided. Result: candidate won. Election summary: received 2 responses out of 3 voters: 2 yes votes; 0 no votes. yes voters: 947184b32b1f4cc9a17bdca027f5a600, e2b70fc3aeb642ca9c30de8653f44e34; no voters: 
I20260608 09:50:29.245483 30169 raft_consensus.cc:2804] T 303b3adc37b14f33aa50b80ac33f0c20 P 947184b32b1f4cc9a17bdca027f5a600 [term 0 FOLLOWER]: Leader pre-election won for term 1
I20260608 09:50:29.245796 30169 raft_consensus.cc:493] T 303b3adc37b14f33aa50b80ac33f0c20 P 947184b32b1f4cc9a17bdca027f5a600 [term 0 FOLLOWER]: Starting leader election (no leader contacted us within the election timeout)
I20260608 09:50:29.246106 30169 raft_consensus.cc:3060] T 303b3adc37b14f33aa50b80ac33f0c20 P 947184b32b1f4cc9a17bdca027f5a600 [term 0 FOLLOWER]: Advancing to term 1
I20260608 09:50:29.250485 30169 raft_consensus.cc:515] T 303b3adc37b14f33aa50b80ac33f0c20 P 947184b32b1f4cc9a17bdca027f5a600 [term 1 FOLLOWER]: Starting leader election with config: opid_index: -1 OBSOLETE_local: false peers { permanent_uuid: "e2b70fc3aeb642ca9c30de8653f44e34" member_type: VOTER last_known_addr { host: "127.27.134.65" port: 36517 } } peers { permanent_uuid: "947184b32b1f4cc9a17bdca027f5a600" member_type: VOTER last_known_addr { host: "127.27.134.66" port: 35347 } } peers { permanent_uuid: "5406a480a29046db879cd141f6ead1ed" member_type: VOTER last_known_addr { host: "127.27.134.67" port: 33235 } }
I20260608 09:50:29.252311 30169 leader_election.cc:290] T 303b3adc37b14f33aa50b80ac33f0c20 P 947184b32b1f4cc9a17bdca027f5a600 [CANDIDATE]: Term 1 election: Requested vote from peers e2b70fc3aeb642ca9c30de8653f44e34 (127.27.134.65:36517), 5406a480a29046db879cd141f6ead1ed (127.27.134.67:33235)
I20260608 09:50:29.253084 29967 tablet_service.cc:1917] Received RequestConsensusVote() RPC: tablet_id: "303b3adc37b14f33aa50b80ac33f0c20" candidate_uuid: "947184b32b1f4cc9a17bdca027f5a600" candidate_term: 1 candidate_status { last_received { term: 0 index: 0 } } ignore_live_leader: false dest_uuid: "e2b70fc3aeb642ca9c30de8653f44e34"
I20260608 09:50:29.253345 30116 tablet_service.cc:1917] Received RequestConsensusVote() RPC: tablet_id: "303b3adc37b14f33aa50b80ac33f0c20" candidate_uuid: "947184b32b1f4cc9a17bdca027f5a600" candidate_term: 1 candidate_status { last_received { term: 0 index: 0 } } ignore_live_leader: false dest_uuid: "5406a480a29046db879cd141f6ead1ed"
I20260608 09:50:29.253702 29967 raft_consensus.cc:3060] T 303b3adc37b14f33aa50b80ac33f0c20 P e2b70fc3aeb642ca9c30de8653f44e34 [term 0 FOLLOWER]: Advancing to term 1
I20260608 09:50:29.253890 30116 raft_consensus.cc:3060] T 303b3adc37b14f33aa50b80ac33f0c20 P 5406a480a29046db879cd141f6ead1ed [term 0 FOLLOWER]: Advancing to term 1
I20260608 09:50:29.260221 29967 raft_consensus.cc:2468] T 303b3adc37b14f33aa50b80ac33f0c20 P e2b70fc3aeb642ca9c30de8653f44e34 [term 1 FOLLOWER]: Leader election vote request: Granting yes vote for candidate 947184b32b1f4cc9a17bdca027f5a600 in term 1.
I20260608 09:50:29.260221 30116 raft_consensus.cc:2468] T 303b3adc37b14f33aa50b80ac33f0c20 P 5406a480a29046db879cd141f6ead1ed [term 1 FOLLOWER]: Leader election vote request: Granting yes vote for candidate 947184b32b1f4cc9a17bdca027f5a600 in term 1.
I20260608 09:50:29.261526 30008 leader_election.cc:304] T 303b3adc37b14f33aa50b80ac33f0c20 P 947184b32b1f4cc9a17bdca027f5a600 [CANDIDATE]: Term 1 election: Election decided. Result: candidate won. Election summary: received 2 responses out of 3 voters: 2 yes votes; 0 no votes. yes voters: 947184b32b1f4cc9a17bdca027f5a600, e2b70fc3aeb642ca9c30de8653f44e34; no voters: 
I20260608 09:50:29.262236 30169 raft_consensus.cc:2804] T 303b3adc37b14f33aa50b80ac33f0c20 P 947184b32b1f4cc9a17bdca027f5a600 [term 1 FOLLOWER]: Leader election won for term 1
I20260608 09:50:29.262691 30169 raft_consensus.cc:697] T 303b3adc37b14f33aa50b80ac33f0c20 P 947184b32b1f4cc9a17bdca027f5a600 [term 1 LEADER]: Becoming Leader. State: Replica: 947184b32b1f4cc9a17bdca027f5a600, State: Running, Role: LEADER
I20260608 09:50:29.263398 30169 consensus_queue.cc:237] T 303b3adc37b14f33aa50b80ac33f0c20 P 947184b32b1f4cc9a17bdca027f5a600 [LEADER]: Queue going to LEADER mode. State: All replicated index: 0, Majority replicated index: 0, Committed index: 0, Last appended: 0.0, Last appended by leader: 0, Current term: 1, Majority size: 2, State: 0, Mode: LEADER, active raft config: opid_index: -1 OBSOLETE_local: false peers { permanent_uuid: "e2b70fc3aeb642ca9c30de8653f44e34" member_type: VOTER last_known_addr { host: "127.27.134.65" port: 36517 } } peers { permanent_uuid: "947184b32b1f4cc9a17bdca027f5a600" member_type: VOTER last_known_addr { host: "127.27.134.66" port: 35347 } } peers { permanent_uuid: "5406a480a29046db879cd141f6ead1ed" member_type: VOTER last_known_addr { host: "127.27.134.67" port: 33235 } }
I20260608 09:50:29.270102 29863 catalog_manager.cc:5696] T 303b3adc37b14f33aa50b80ac33f0c20 P 947184b32b1f4cc9a17bdca027f5a600 reported cstate change: term changed from 0 to 1, leader changed from <none> to 947184b32b1f4cc9a17bdca027f5a600 (127.27.134.66). New cstate: current_term: 1 leader_uuid: "947184b32b1f4cc9a17bdca027f5a600" committed_config { opid_index: -1 OBSOLETE_local: false peers { permanent_uuid: "e2b70fc3aeb642ca9c30de8653f44e34" member_type: VOTER last_known_addr { host: "127.27.134.65" port: 36517 } health_report { overall_health: UNKNOWN } } peers { permanent_uuid: "947184b32b1f4cc9a17bdca027f5a600" member_type: VOTER last_known_addr { host: "127.27.134.66" port: 35347 } health_report { overall_health: HEALTHY } } peers { permanent_uuid: "5406a480a29046db879cd141f6ead1ed" member_type: VOTER last_known_addr { host: "127.27.134.67" port: 33235 } health_report { overall_health: UNKNOWN } } }
I20260608 09:50:29.420109 29918 auto_leader_rebalancer.cc:140] leader rebalance for table test-workload
I20260608 09:50:29.433068 30042 tablet_service.cc:2072] Received LeaderStepDown RPC: tablet_id: "9dc2f0dcdacf49b7a8d503a49bf33c09"
dest_uuid: "947184b32b1f4cc9a17bdca027f5a600"
mode: GRACEFUL
new_leader_uuid: "e2b70fc3aeb642ca9c30de8653f44e34"
 from {username='slave'} at 127.0.0.1:58462
I20260608 09:50:29.433732 30042 raft_consensus.cc:606] T 9dc2f0dcdacf49b7a8d503a49bf33c09 P 947184b32b1f4cc9a17bdca027f5a600 [term 1 LEADER]: Received request to transfer leadership to TS e2b70fc3aeb642ca9c30de8653f44e34
I20260608 09:50:29.434947 29918 auto_leader_rebalancer.cc:388] table: test-workload, leader rebalance finish, leader transfer count: 1
I20260608 09:50:29.435372 29918 auto_leader_rebalancer.cc:451] All tables' leader rebalancing finished this round
I20260608 09:50:29.503674 30169 consensus_queue.cc:1048] T 9dc2f0dcdacf49b7a8d503a49bf33c09 P 947184b32b1f4cc9a17bdca027f5a600 [LEADER]: Connected to new peer: Peer: permanent_uuid: "5406a480a29046db879cd141f6ead1ed" member_type: VOTER last_known_addr { host: "127.27.134.67" port: 33235 }, Status: LMP_MISMATCH, Last received: 0.0, Next index: 1, Last known committed idx: 0, Time since last communication: 0.000s
I20260608 09:50:29.517086 30166 consensus_queue.cc:1048] T 9dc2f0dcdacf49b7a8d503a49bf33c09 P 947184b32b1f4cc9a17bdca027f5a600 [LEADER]: Connected to new peer: Peer: permanent_uuid: "e2b70fc3aeb642ca9c30de8653f44e34" member_type: VOTER last_known_addr { host: "127.27.134.65" port: 36517 }, Status: LMP_MISMATCH, Last received: 0.0, Next index: 1, Last known committed idx: 0, Time since last communication: 0.001s
I20260608 09:50:29.530537 30181 raft_consensus.cc:993] T 9dc2f0dcdacf49b7a8d503a49bf33c09 P 947184b32b1f4cc9a17bdca027f5a600: : Instructing follower e2b70fc3aeb642ca9c30de8653f44e34 to start an election
I20260608 09:50:29.531070 30166 raft_consensus.cc:1081] T 9dc2f0dcdacf49b7a8d503a49bf33c09 P 947184b32b1f4cc9a17bdca027f5a600 [term 1 LEADER]: Signalling peer e2b70fc3aeb642ca9c30de8653f44e34 to start an election
I20260608 09:50:29.532783 29967 tablet_service.cc:2044] Received Run Leader Election RPC: tablet_id: "9dc2f0dcdacf49b7a8d503a49bf33c09"
dest_uuid: "e2b70fc3aeb642ca9c30de8653f44e34"
 from {username='slave'} at 127.0.0.1:39276
I20260608 09:50:29.533423 29967 raft_consensus.cc:493] T 9dc2f0dcdacf49b7a8d503a49bf33c09 P e2b70fc3aeb642ca9c30de8653f44e34 [term 1 FOLLOWER]: Starting forced leader election (received explicit request)
I20260608 09:50:29.533842 29967 raft_consensus.cc:3060] T 9dc2f0dcdacf49b7a8d503a49bf33c09 P e2b70fc3aeb642ca9c30de8653f44e34 [term 1 FOLLOWER]: Advancing to term 2
I20260608 09:50:29.538720 29967 raft_consensus.cc:515] T 9dc2f0dcdacf49b7a8d503a49bf33c09 P e2b70fc3aeb642ca9c30de8653f44e34 [term 2 FOLLOWER]: Starting forced leader election with config: opid_index: -1 OBSOLETE_local: false peers { permanent_uuid: "947184b32b1f4cc9a17bdca027f5a600" member_type: VOTER last_known_addr { host: "127.27.134.66" port: 35347 } } peers { permanent_uuid: "e2b70fc3aeb642ca9c30de8653f44e34" member_type: VOTER last_known_addr { host: "127.27.134.65" port: 36517 } } peers { permanent_uuid: "5406a480a29046db879cd141f6ead1ed" member_type: VOTER last_known_addr { host: "127.27.134.67" port: 33235 } }
I20260608 09:50:29.543460 29967 leader_election.cc:290] T 9dc2f0dcdacf49b7a8d503a49bf33c09 P e2b70fc3aeb642ca9c30de8653f44e34 [CANDIDATE]: Term 2 election: Requested vote from peers 947184b32b1f4cc9a17bdca027f5a600 (127.27.134.66:35347), 5406a480a29046db879cd141f6ead1ed (127.27.134.67:33235)
I20260608 09:50:29.552711 30042 tablet_service.cc:1917] Received RequestConsensusVote() RPC: tablet_id: "9dc2f0dcdacf49b7a8d503a49bf33c09" candidate_uuid: "e2b70fc3aeb642ca9c30de8653f44e34" candidate_term: 2 candidate_status { last_received { term: 1 index: 1 } } ignore_live_leader: true dest_uuid: "947184b32b1f4cc9a17bdca027f5a600"
I20260608 09:50:29.552858 30116 tablet_service.cc:1917] Received RequestConsensusVote() RPC: tablet_id: "9dc2f0dcdacf49b7a8d503a49bf33c09" candidate_uuid: "e2b70fc3aeb642ca9c30de8653f44e34" candidate_term: 2 candidate_status { last_received { term: 1 index: 1 } } ignore_live_leader: true dest_uuid: "5406a480a29046db879cd141f6ead1ed"
I20260608 09:50:29.553288 30042 raft_consensus.cc:3055] T 9dc2f0dcdacf49b7a8d503a49bf33c09 P 947184b32b1f4cc9a17bdca027f5a600 [term 1 LEADER]: Stepping down as leader of term 1
I20260608 09:50:29.553426 30116 raft_consensus.cc:3060] T 9dc2f0dcdacf49b7a8d503a49bf33c09 P 5406a480a29046db879cd141f6ead1ed [term 1 FOLLOWER]: Advancing to term 2
I20260608 09:50:29.553685 30042 raft_consensus.cc:740] T 9dc2f0dcdacf49b7a8d503a49bf33c09 P 947184b32b1f4cc9a17bdca027f5a600 [term 1 LEADER]: Becoming Follower/Learner. State: Replica: 947184b32b1f4cc9a17bdca027f5a600, State: Running, Role: LEADER
I20260608 09:50:29.554543 30042 consensus_queue.cc:260] T 9dc2f0dcdacf49b7a8d503a49bf33c09 P 947184b32b1f4cc9a17bdca027f5a600 [NON_LEADER]: Queue going to NON_LEADER mode. State: All replicated index: 0, Majority replicated index: 1, Committed index: 1, Last appended: 1.1, Last appended by leader: 1, Current term: 1, Majority size: -1, State: 0, Mode: NON_LEADER, active raft config: opid_index: -1 OBSOLETE_local: false peers { permanent_uuid: "947184b32b1f4cc9a17bdca027f5a600" member_type: VOTER last_known_addr { host: "127.27.134.66" port: 35347 } } peers { permanent_uuid: "e2b70fc3aeb642ca9c30de8653f44e34" member_type: VOTER last_known_addr { host: "127.27.134.65" port: 36517 } } peers { permanent_uuid: "5406a480a29046db879cd141f6ead1ed" member_type: VOTER last_known_addr { host: "127.27.134.67" port: 33235 } }
I20260608 09:50:29.555480 30042 raft_consensus.cc:3060] T 9dc2f0dcdacf49b7a8d503a49bf33c09 P 947184b32b1f4cc9a17bdca027f5a600 [term 1 FOLLOWER]: Advancing to term 2
I20260608 09:50:29.558327 30116 raft_consensus.cc:2468] T 9dc2f0dcdacf49b7a8d503a49bf33c09 P 5406a480a29046db879cd141f6ead1ed [term 2 FOLLOWER]: Leader election vote request: Granting yes vote for candidate e2b70fc3aeb642ca9c30de8653f44e34 in term 2.
I20260608 09:50:29.559652 29933 leader_election.cc:304] T 9dc2f0dcdacf49b7a8d503a49bf33c09 P e2b70fc3aeb642ca9c30de8653f44e34 [CANDIDATE]: Term 2 election: Election decided. Result: candidate won. Election summary: received 2 responses out of 3 voters: 2 yes votes; 0 no votes. yes voters: 5406a480a29046db879cd141f6ead1ed, e2b70fc3aeb642ca9c30de8653f44e34; no voters: 
I20260608 09:50:29.560523 30172 raft_consensus.cc:2804] T 9dc2f0dcdacf49b7a8d503a49bf33c09 P e2b70fc3aeb642ca9c30de8653f44e34 [term 2 FOLLOWER]: Leader election won for term 2
I20260608 09:50:29.560585 30042 raft_consensus.cc:2468] T 9dc2f0dcdacf49b7a8d503a49bf33c09 P 947184b32b1f4cc9a17bdca027f5a600 [term 2 FOLLOWER]: Leader election vote request: Granting yes vote for candidate e2b70fc3aeb642ca9c30de8653f44e34 in term 2.
I20260608 09:50:29.561931 30172 raft_consensus.cc:697] T 9dc2f0dcdacf49b7a8d503a49bf33c09 P e2b70fc3aeb642ca9c30de8653f44e34 [term 2 LEADER]: Becoming Leader. State: Replica: e2b70fc3aeb642ca9c30de8653f44e34, State: Running, Role: LEADER
I20260608 09:50:29.562762 30172 consensus_queue.cc:237] T 9dc2f0dcdacf49b7a8d503a49bf33c09 P e2b70fc3aeb642ca9c30de8653f44e34 [LEADER]: Queue going to LEADER mode. State: All replicated index: 0, Majority replicated index: 1, Committed index: 1, Last appended: 1.1, Last appended by leader: 1, Current term: 2, Majority size: 2, State: 0, Mode: LEADER, active raft config: opid_index: -1 OBSOLETE_local: false peers { permanent_uuid: "947184b32b1f4cc9a17bdca027f5a600" member_type: VOTER last_known_addr { host: "127.27.134.66" port: 35347 } } peers { permanent_uuid: "e2b70fc3aeb642ca9c30de8653f44e34" member_type: VOTER last_known_addr { host: "127.27.134.65" port: 36517 } } peers { permanent_uuid: "5406a480a29046db879cd141f6ead1ed" member_type: VOTER last_known_addr { host: "127.27.134.67" port: 33235 } }
I20260608 09:50:29.569422 29863 catalog_manager.cc:5696] T 9dc2f0dcdacf49b7a8d503a49bf33c09 P e2b70fc3aeb642ca9c30de8653f44e34 reported cstate change: term changed from 1 to 2, leader changed from 947184b32b1f4cc9a17bdca027f5a600 (127.27.134.66) to e2b70fc3aeb642ca9c30de8653f44e34 (127.27.134.65). New cstate: current_term: 2 leader_uuid: "e2b70fc3aeb642ca9c30de8653f44e34" committed_config { opid_index: -1 OBSOLETE_local: false peers { permanent_uuid: "947184b32b1f4cc9a17bdca027f5a600" member_type: VOTER last_known_addr { host: "127.27.134.66" port: 35347 } health_report { overall_health: UNKNOWN } } peers { permanent_uuid: "e2b70fc3aeb642ca9c30de8653f44e34" member_type: VOTER last_known_addr { host: "127.27.134.65" port: 36517 } health_report { overall_health: HEALTHY } } peers { permanent_uuid: "5406a480a29046db879cd141f6ead1ed" member_type: VOTER last_known_addr { host: "127.27.134.67" port: 33235 } health_report { overall_health: UNKNOWN } } }
I20260608 09:50:29.697326 30166 consensus_queue.cc:1048] T 303b3adc37b14f33aa50b80ac33f0c20 P 947184b32b1f4cc9a17bdca027f5a600 [LEADER]: Connected to new peer: Peer: permanent_uuid: "5406a480a29046db879cd141f6ead1ed" member_type: VOTER last_known_addr { host: "127.27.134.67" port: 33235 }, Status: LMP_MISMATCH, Last received: 0.0, Next index: 1, Last known committed idx: 0, Time since last communication: 0.000s
I20260608 09:50:29.708694 30181 consensus_queue.cc:1048] T 303b3adc37b14f33aa50b80ac33f0c20 P 947184b32b1f4cc9a17bdca027f5a600 [LEADER]: Connected to new peer: Peer: permanent_uuid: "e2b70fc3aeb642ca9c30de8653f44e34" member_type: VOTER last_known_addr { host: "127.27.134.65" port: 36517 }, Status: LMP_MISMATCH, Last received: 0.0, Next index: 1, Last known committed idx: 0, Time since last communication: 0.000s
I20260608 09:50:30.095245 30042 raft_consensus.cc:1275] T 9dc2f0dcdacf49b7a8d503a49bf33c09 P 947184b32b1f4cc9a17bdca027f5a600 [term 2 FOLLOWER]: Refusing update from remote peer e2b70fc3aeb642ca9c30de8653f44e34: Log matching property violated. Preceding OpId in replica: term: 1 index: 1. Preceding OpId from leader: term: 2 index: 2. (index mismatch)
I20260608 09:50:30.097235 30172 consensus_queue.cc:1048] T 9dc2f0dcdacf49b7a8d503a49bf33c09 P e2b70fc3aeb642ca9c30de8653f44e34 [LEADER]: Connected to new peer: Peer: permanent_uuid: "947184b32b1f4cc9a17bdca027f5a600" member_type: VOTER last_known_addr { host: "127.27.134.66" port: 35347 }, Status: LMP_MISMATCH, Last received: 0.0, Next index: 2, Last known committed idx: 1, Time since last communication: 0.001s
I20260608 09:50:31.009618 30116 raft_consensus.cc:1275] T 9dc2f0dcdacf49b7a8d503a49bf33c09 P 5406a480a29046db879cd141f6ead1ed [term 2 FOLLOWER]: Refusing update from remote peer e2b70fc3aeb642ca9c30de8653f44e34: Log matching property violated. Preceding OpId in replica: term: 1 index: 1. Preceding OpId from leader: term: 2 index: 2. (index mismatch)
I20260608 09:50:31.011891 30190 consensus_queue.cc:1048] T 9dc2f0dcdacf49b7a8d503a49bf33c09 P e2b70fc3aeb642ca9c30de8653f44e34 [LEADER]: Connected to new peer: Peer: permanent_uuid: "5406a480a29046db879cd141f6ead1ed" member_type: VOTER last_known_addr { host: "127.27.134.67" port: 33235 }, Status: LMP_MISMATCH, Last received: 0.0, Next index: 2, Last known committed idx: 1, Time since last communication: 0.000s
W20260608 09:50:31.132870 29988 debug-util.cc:398] Leaking SignalData structure 0x7b080019b280 after lost signal to thread 28188
W20260608 09:50:31.133863 29988 debug-util.cc:398] Leaking SignalData structure 0x7b080017cca0 after lost signal to thread 29899
W20260608 09:50:31.135013 29988 debug-util.cc:398] Leaking SignalData structure 0x7b080000a060 after lost signal to thread 29991
W20260608 09:50:31.135905 29988 debug-util.cc:398] Leaking SignalData structure 0x7b08000cd6e0 after lost signal to thread 30066
W20260608 09:50:31.136771 29988 debug-util.cc:398] Leaking SignalData structure 0x7b08002372e0 after lost signal to thread 30140
I20260608 09:50:31.436254 29918 auto_leader_rebalancer.cc:140] leader rebalance for table test-workload
I20260608 09:50:31.438414 29918 auto_leader_rebalancer.cc:388] table: test-workload, leader rebalance finish, leader transfer count: 0
I20260608 09:50:31.438787 29918 auto_leader_rebalancer.cc:451] All tables' leader rebalancing finished this round
I20260608 09:50:33.439754 29918 auto_leader_rebalancer.cc:140] leader rebalance for table test-workload
I20260608 09:50:33.442080 29918 auto_leader_rebalancer.cc:388] table: test-workload, leader rebalance finish, leader transfer count: 0
I20260608 09:50:33.442435 29918 auto_leader_rebalancer.cc:451] All tables' leader rebalancing finished this round
I20260608 09:50:35.443771 29918 auto_leader_rebalancer.cc:140] leader rebalance for table test-workload
I20260608 09:50:35.446393 29918 auto_leader_rebalancer.cc:388] table: test-workload, leader rebalance finish, leader transfer count: 0
I20260608 09:50:35.446707 29918 auto_leader_rebalancer.cc:451] All tables' leader rebalancing finished this round
I20260608 09:50:37.447634 29918 auto_leader_rebalancer.cc:140] leader rebalance for table test-workload
I20260608 09:50:37.449648 29918 auto_leader_rebalancer.cc:388] table: test-workload, leader rebalance finish, leader transfer count: 0
I20260608 09:50:37.449949 29918 auto_leader_rebalancer.cc:451] All tables' leader rebalancing finished this round
I20260608 09:50:39.450867 29918 auto_leader_rebalancer.cc:140] leader rebalance for table test-workload
I20260608 09:50:39.452890 29918 auto_leader_rebalancer.cc:388] table: test-workload, leader rebalance finish, leader transfer count: 0
I20260608 09:50:39.453188 29918 auto_leader_rebalancer.cc:451] All tables' leader rebalancing finished this round
I20260608 09:50:40.387315 28185 file_cache.cc:492] Constructed file cache file cache with capacity 419430
W20260608 09:50:40.395210 30204 instance_detector.cc:116] could not retrieve AWS instance metadata: Network error: curl error: HTTP response code said error: The requested URL returned error: 404
W20260608 09:50:40.395470 30205 instance_detector.cc:116] could not retrieve Azure instance metadata: Network error: curl error: HTTP response code said error: The requested URL returned error: 404
W20260608 09:50:40.396984 30207 instance_detector.cc:116] could not retrieve OpenStack instance metadata: Network error: curl error: HTTP response code said error: The requested URL returned error: 404
I20260608 09:50:40.397943 28185 server_base.cc:1061] running on GCE node
I20260608 09:50:40.398859 28185 hybrid_clock.cc:584] initializing the hybrid clock with 'system_unsync' time source
W20260608 09:50:40.399114 28185 system_unsync_time.cc:38] NTP support is disabled. Clock error bounds will not be accurate. This configuration is not suitable for distributed clusters.
I20260608 09:50:40.399320 28185 hybrid_clock.cc:648] HybridClock initialized: now 1780912240399303 us; error 0 us; skew 500 ppm
I20260608 09:50:40.399919 28185 server_base.cc:861] Flag tcmalloc_max_total_thread_cache_bytes is not working since tcmalloc is not enabled.
I20260608 09:50:40.402725 28185 webserver.cc:533] Webserver started at http://127.27.134.68:46349/ using document root <none> and password file <none>
I20260608 09:50:40.403328 28185 fs_manager.cc:362] Metadata directory not provided
I20260608 09:50:40.403560 28185 fs_manager.cc:368] Using write-ahead log directory (fs_wal_dir) as metadata directory
I20260608 09:50:40.403895 28185 server_base.cc:909] This appears to be a new deployment of Kudu; creating new FS layout
I20260608 09:50:40.405315 28185 fs_manager.cc:1068] Generated new instance metadata in path /tmp/dist-test-taskmi5rJB/test-tmp/auto_rebalancer-test.0.AutoRebalancerTest.MovesScheduledIfAddTserver.1780912195024393-28185-0/minicluster-data/ts-3-root/instance:
uuid: "f0a92067aca44fcca1b01a0f63bc8dc1"
format_stamp: "Formatted at 2026-06-08 09:50:40 on dist-test-slave-jpc4"
I20260608 09:50:40.410532 28185 fs_manager.cc:696] Time spent creating directory manager: real 0.004s	user 0.001s	sys 0.003s
I20260608 09:50:40.414422 30212 log_block_manager.cc:4031] Time spent loading block containers with low live blocks: real 0.000s	user 0.000s	sys 0.000s
I20260608 09:50:40.415237 28185 fs_manager.cc:730] Time spent opening block manager: real 0.002s	user 0.004s	sys 0.000s
I20260608 09:50:40.415555 28185 fs_manager.cc:647] Opened local filesystem: /tmp/dist-test-taskmi5rJB/test-tmp/auto_rebalancer-test.0.AutoRebalancerTest.MovesScheduledIfAddTserver.1780912195024393-28185-0/minicluster-data/ts-3-root
uuid: "f0a92067aca44fcca1b01a0f63bc8dc1"
format_stamp: "Formatted at 2026-06-08 09:50:40 on dist-test-slave-jpc4"
I20260608 09:50:40.415856 28185 fs_report.cc:389] FS layout report
--------------------
wal directory: /tmp/dist-test-taskmi5rJB/test-tmp/auto_rebalancer-test.0.AutoRebalancerTest.MovesScheduledIfAddTserver.1780912195024393-28185-0/minicluster-data/ts-3-root
metadata directory: /tmp/dist-test-taskmi5rJB/test-tmp/auto_rebalancer-test.0.AutoRebalancerTest.MovesScheduledIfAddTserver.1780912195024393-28185-0/minicluster-data/ts-3-root
1 data directories: /tmp/dist-test-taskmi5rJB/test-tmp/auto_rebalancer-test.0.AutoRebalancerTest.MovesScheduledIfAddTserver.1780912195024393-28185-0/minicluster-data/ts-3-root/data
Total live blocks: 0
Total live bytes: 0
Total live bytes (after alignment): 0
Total number of LBM containers: 0 (0 full)
Did not check for missing blocks
Did not check for orphaned blocks
Total full LBM containers with extra space: 0 (0 repaired)
Total full LBM container extra space in bytes: 0 (0 repaired)
Total incomplete LBM containers: 0 (0 repaired)
Total LBM partial records: 0 (0 repaired)
Total corrupted LBM metadata records in RocksDB: 0 (0 repaired)
I20260608 09:50:40.438834 28185 rpc_server.cc:225] running with OpenSSL 1.1.1  11 Sep 2018
I20260608 09:50:40.440263 28185 kserver.cc:163] Server-wide thread pool size limit: 3276
I20260608 09:50:40.441908 28185 txn_system_client.cc:432] TxnSystemClient initialization is disabled...
I20260608 09:50:40.444447 28185 ts_tablet_manager.cc:585] Loaded tablet metadata (0 total tablets, 0 live tablets)
I20260608 09:50:40.444702 28185 ts_tablet_manager.cc:531] Time spent load tablet metadata: real 0.000s	user 0.000s	sys 0.000s
I20260608 09:50:40.444959 28185 ts_tablet_manager.cc:616] Registered 0 tablets
I20260608 09:50:40.445160 28185 ts_tablet_manager.cc:595] Time spent register tablets: real 0.000s	user 0.000s	sys 0.000s
I20260608 09:50:40.490422 28185 rpc_server.cc:307] RPC server started. Bound to: 127.27.134.68:35655
I20260608 09:50:40.490646 30274 acceptor_pool.cc:272] collecting diagnostics on the listening RPC socket 127.27.134.68:35655 every 8 connection(s)
I20260608 09:50:40.507486 30275 heartbeater.cc:344] Connected to a master server at 127.27.134.126:44817
I20260608 09:50:40.507937 30275 heartbeater.cc:461] Registering TS with master...
I20260608 09:50:40.508740 30275 heartbeater.cc:507] Master 127.27.134.126:44817 requested a full tablet report, sending...
I20260608 09:50:40.510883 29863 ts_manager.cc:194] Registered new tserver with Master: f0a92067aca44fcca1b01a0f63bc8dc1 (127.27.134.68:35655)
I20260608 09:50:40.512514 29863 master_service.cc:502] Signed X509 certificate for tserver {username='slave'} at 127.0.0.1:39460
I20260608 09:50:40.996250 29967 consensus_queue.cc:237] T 9dc2f0dcdacf49b7a8d503a49bf33c09 P e2b70fc3aeb642ca9c30de8653f44e34 [LEADER]: Queue going to LEADER mode. State: All replicated index: 0, Majority replicated index: 2, Committed index: 2, Last appended: 2.2, Last appended by leader: 1, Current term: 2, Majority size: 2, State: 0, Mode: LEADER, active raft config: opid_index: 3 OBSOLETE_local: false peers { permanent_uuid: "947184b32b1f4cc9a17bdca027f5a600" member_type: VOTER last_known_addr { host: "127.27.134.66" port: 35347 } attrs { replace: true } } peers { permanent_uuid: "e2b70fc3aeb642ca9c30de8653f44e34" member_type: VOTER last_known_addr { host: "127.27.134.65" port: 36517 } } peers { permanent_uuid: "5406a480a29046db879cd141f6ead1ed" member_type: VOTER last_known_addr { host: "127.27.134.67" port: 33235 } } peers { permanent_uuid: "f0a92067aca44fcca1b01a0f63bc8dc1" member_type: NON_VOTER last_known_addr { host: "127.27.134.68" port: 35655 } attrs { promote: true } }
I20260608 09:50:41.004206 30115 raft_consensus.cc:1275] T 9dc2f0dcdacf49b7a8d503a49bf33c09 P 5406a480a29046db879cd141f6ead1ed [term 2 FOLLOWER]: Refusing update from remote peer e2b70fc3aeb642ca9c30de8653f44e34: Log matching property violated. Preceding OpId in replica: term: 2 index: 2. Preceding OpId from leader: term: 2 index: 3. (index mismatch)
I20260608 09:50:41.006460 30203 consensus_queue.cc:1048] T 9dc2f0dcdacf49b7a8d503a49bf33c09 P e2b70fc3aeb642ca9c30de8653f44e34 [LEADER]: Connected to new peer: Peer: permanent_uuid: "5406a480a29046db879cd141f6ead1ed" member_type: VOTER last_known_addr { host: "127.27.134.67" port: 33235 }, Status: LMP_MISMATCH, Last received: 0.0, Next index: 3, Last known committed idx: 2, Time since last communication: 0.001s
I20260608 09:50:41.007369 30042 raft_consensus.cc:1275] T 9dc2f0dcdacf49b7a8d503a49bf33c09 P 947184b32b1f4cc9a17bdca027f5a600 [term 2 FOLLOWER]: Refusing update from remote peer e2b70fc3aeb642ca9c30de8653f44e34: Log matching property violated. Preceding OpId in replica: term: 2 index: 2. Preceding OpId from leader: term: 2 index: 3. (index mismatch)
I20260608 09:50:41.009917 30282 consensus_queue.cc:1048] T 9dc2f0dcdacf49b7a8d503a49bf33c09 P e2b70fc3aeb642ca9c30de8653f44e34 [LEADER]: Connected to new peer: Peer: permanent_uuid: "947184b32b1f4cc9a17bdca027f5a600" member_type: VOTER last_known_addr { host: "127.27.134.66" port: 35347 } attrs { replace: true }, Status: LMP_MISMATCH, Last received: 0.0, Next index: 3, Last known committed idx: 2, Time since last communication: 0.001s
I20260608 09:50:41.018287 30203 raft_consensus.cc:2955] T 9dc2f0dcdacf49b7a8d503a49bf33c09 P e2b70fc3aeb642ca9c30de8653f44e34 [term 2 LEADER]: Committing config change with OpId 2.3: config changed from index -1 to 3, NON_VOTER f0a92067aca44fcca1b01a0f63bc8dc1 (127.27.134.68) added. New config: { opid_index: 3 OBSOLETE_local: false peers { permanent_uuid: "947184b32b1f4cc9a17bdca027f5a600" member_type: VOTER last_known_addr { host: "127.27.134.66" port: 35347 } attrs { replace: true } } peers { permanent_uuid: "e2b70fc3aeb642ca9c30de8653f44e34" member_type: VOTER last_known_addr { host: "127.27.134.65" port: 36517 } } peers { permanent_uuid: "5406a480a29046db879cd141f6ead1ed" member_type: VOTER last_known_addr { host: "127.27.134.67" port: 33235 } } peers { permanent_uuid: "f0a92067aca44fcca1b01a0f63bc8dc1" member_type: NON_VOTER last_known_addr { host: "127.27.134.68" port: 35655 } attrs { promote: true } } }
I20260608 09:50:41.019255 30115 raft_consensus.cc:2955] T 9dc2f0dcdacf49b7a8d503a49bf33c09 P 5406a480a29046db879cd141f6ead1ed [term 2 FOLLOWER]: Committing config change with OpId 2.3: config changed from index -1 to 3, NON_VOTER f0a92067aca44fcca1b01a0f63bc8dc1 (127.27.134.68) added. New config: { opid_index: 3 OBSOLETE_local: false peers { permanent_uuid: "947184b32b1f4cc9a17bdca027f5a600" member_type: VOTER last_known_addr { host: "127.27.134.66" port: 35347 } attrs { replace: true } } peers { permanent_uuid: "e2b70fc3aeb642ca9c30de8653f44e34" member_type: VOTER last_known_addr { host: "127.27.134.65" port: 36517 } } peers { permanent_uuid: "5406a480a29046db879cd141f6ead1ed" member_type: VOTER last_known_addr { host: "127.27.134.67" port: 33235 } } peers { permanent_uuid: "f0a92067aca44fcca1b01a0f63bc8dc1" member_type: NON_VOTER last_known_addr { host: "127.27.134.68" port: 35655 } attrs { promote: true } } }
I20260608 09:50:41.022775 30042 raft_consensus.cc:2955] T 9dc2f0dcdacf49b7a8d503a49bf33c09 P 947184b32b1f4cc9a17bdca027f5a600 [term 2 FOLLOWER]: Committing config change with OpId 2.3: config changed from index -1 to 3, NON_VOTER f0a92067aca44fcca1b01a0f63bc8dc1 (127.27.134.68) added. New config: { opid_index: 3 OBSOLETE_local: false peers { permanent_uuid: "947184b32b1f4cc9a17bdca027f5a600" member_type: VOTER last_known_addr { host: "127.27.134.66" port: 35347 } attrs { replace: true } } peers { permanent_uuid: "e2b70fc3aeb642ca9c30de8653f44e34" member_type: VOTER last_known_addr { host: "127.27.134.65" port: 36517 } } peers { permanent_uuid: "5406a480a29046db879cd141f6ead1ed" member_type: VOTER last_known_addr { host: "127.27.134.67" port: 33235 } } peers { permanent_uuid: "f0a92067aca44fcca1b01a0f63bc8dc1" member_type: NON_VOTER last_known_addr { host: "127.27.134.68" port: 35655 } attrs { promote: true } } }
W20260608 09:50:41.024691 29930 consensus_peers.cc:597] T 9dc2f0dcdacf49b7a8d503a49bf33c09 P e2b70fc3aeb642ca9c30de8653f44e34 -> Peer f0a92067aca44fcca1b01a0f63bc8dc1 (127.27.134.68:35655): Couldn't send request to peer f0a92067aca44fcca1b01a0f63bc8dc1. Error code: TABLET_NOT_FOUND (6). Status: Not found: Tablet not found: 9dc2f0dcdacf49b7a8d503a49bf33c09. This is attempt 1: this message will repeat every 5th retry.
I20260608 09:50:41.035323 29863 catalog_manager.cc:5696] T 9dc2f0dcdacf49b7a8d503a49bf33c09 P e2b70fc3aeb642ca9c30de8653f44e34 reported cstate change: config changed from index -1 to 3, NON_VOTER f0a92067aca44fcca1b01a0f63bc8dc1 (127.27.134.68) added. New cstate: current_term: 2 leader_uuid: "e2b70fc3aeb642ca9c30de8653f44e34" committed_config { opid_index: 3 OBSOLETE_local: false peers { permanent_uuid: "947184b32b1f4cc9a17bdca027f5a600" member_type: VOTER last_known_addr { host: "127.27.134.66" port: 35347 } attrs { replace: true } health_report { overall_health: HEALTHY } } peers { permanent_uuid: "e2b70fc3aeb642ca9c30de8653f44e34" member_type: VOTER last_known_addr { host: "127.27.134.65" port: 36517 } health_report { overall_health: HEALTHY } } peers { permanent_uuid: "5406a480a29046db879cd141f6ead1ed" member_type: VOTER last_known_addr { host: "127.27.134.67" port: 33235 } health_report { overall_health: HEALTHY } } peers { permanent_uuid: "f0a92067aca44fcca1b01a0f63bc8dc1" member_type: NON_VOTER last_known_addr { host: "127.27.134.68" port: 35655 } attrs { promote: true } health_report { overall_health: UNKNOWN } } }
I20260608 09:50:41.454300 29918 auto_leader_rebalancer.cc:140] leader rebalance for table test-workload
I20260608 09:50:41.456444 29918 auto_leader_rebalancer.cc:388] table: test-workload, leader rebalance finish, leader transfer count: 0
I20260608 09:50:41.456830 29918 auto_leader_rebalancer.cc:451] All tables' leader rebalancing finished this round
I20260608 09:50:41.515269 30275 heartbeater.cc:499] Master 127.27.134.126:44817 was elected leader, sending a full tablet report...
I20260608 09:50:41.564237 30293 ts_tablet_manager.cc:933] T 9dc2f0dcdacf49b7a8d503a49bf33c09 P f0a92067aca44fcca1b01a0f63bc8dc1: Initiating tablet copy from peer e2b70fc3aeb642ca9c30de8653f44e34 (127.27.134.65:36517)
I20260608 09:50:41.566504 30293 tablet_copy_client.cc:323] T 9dc2f0dcdacf49b7a8d503a49bf33c09 P f0a92067aca44fcca1b01a0f63bc8dc1: tablet copy: Beginning tablet copy session from remote peer at address 127.27.134.65:36517
I20260608 09:50:41.581707 29977 tablet_copy_service.cc:140] P e2b70fc3aeb642ca9c30de8653f44e34: Received BeginTabletCopySession request for tablet 9dc2f0dcdacf49b7a8d503a49bf33c09 from peer f0a92067aca44fcca1b01a0f63bc8dc1 ({username='slave'} at 127.0.0.1:39390)
I20260608 09:50:41.582371 29977 tablet_copy_service.cc:161] P e2b70fc3aeb642ca9c30de8653f44e34: Beginning new tablet copy session on tablet 9dc2f0dcdacf49b7a8d503a49bf33c09 from peer f0a92067aca44fcca1b01a0f63bc8dc1 at {username='slave'} at 127.0.0.1:39390: session id = f0a92067aca44fcca1b01a0f63bc8dc1-9dc2f0dcdacf49b7a8d503a49bf33c09
I20260608 09:50:41.591310 29977 tablet_copy_source_session.cc:215] T 9dc2f0dcdacf49b7a8d503a49bf33c09 P e2b70fc3aeb642ca9c30de8653f44e34: Tablet Copy: opened 0 blocks and 1 log segments
I20260608 09:50:41.594704 30293 data_dirs.cc:400] Could only allocate 1 dirs of requested 3 for tablet 9dc2f0dcdacf49b7a8d503a49bf33c09. 1 dirs total, 0 dirs full, 0 dirs failed
I20260608 09:50:41.605530 30293 tablet_copy_client.cc:806] T 9dc2f0dcdacf49b7a8d503a49bf33c09 P f0a92067aca44fcca1b01a0f63bc8dc1: tablet copy: Starting download of 0 data blocks...
I20260608 09:50:41.606195 30293 tablet_copy_client.cc:670] T 9dc2f0dcdacf49b7a8d503a49bf33c09 P f0a92067aca44fcca1b01a0f63bc8dc1: tablet copy: Starting download of 1 WAL segments...
I20260608 09:50:41.610147 30293 tablet_copy_client.cc:538] T 9dc2f0dcdacf49b7a8d503a49bf33c09 P f0a92067aca44fcca1b01a0f63bc8dc1: tablet copy: Tablet Copy complete. Replacing tablet superblock.
I20260608 09:50:41.615880 30293 tablet_bootstrap.cc:492] T 9dc2f0dcdacf49b7a8d503a49bf33c09 P f0a92067aca44fcca1b01a0f63bc8dc1: Bootstrap starting.
I20260608 09:50:41.633792 30293 tablet_bootstrap.cc:492] T 9dc2f0dcdacf49b7a8d503a49bf33c09 P f0a92067aca44fcca1b01a0f63bc8dc1: Bootstrap replayed 1/1 log segments. Stats: ops{read=3 overwritten=0 applied=3 ignored=0} inserts{seen=0 ignored=0} mutations{seen=0 ignored=0} orphaned_commits=0. Pending: 0 replicates
I20260608 09:50:41.634492 30293 tablet_bootstrap.cc:492] T 9dc2f0dcdacf49b7a8d503a49bf33c09 P f0a92067aca44fcca1b01a0f63bc8dc1: Bootstrap complete.
I20260608 09:50:41.635046 30293 ts_tablet_manager.cc:1403] T 9dc2f0dcdacf49b7a8d503a49bf33c09 P f0a92067aca44fcca1b01a0f63bc8dc1: Time spent bootstrapping tablet: real 0.019s	user 0.019s	sys 0.000s
I20260608 09:50:41.637398 30293 raft_consensus.cc:359] T 9dc2f0dcdacf49b7a8d503a49bf33c09 P f0a92067aca44fcca1b01a0f63bc8dc1 [term 2 LEARNER]: Replica starting. Triggering 0 pending ops. Active config: opid_index: 3 OBSOLETE_local: false peers { permanent_uuid: "947184b32b1f4cc9a17bdca027f5a600" member_type: VOTER last_known_addr { host: "127.27.134.66" port: 35347 } attrs { replace: true } } peers { permanent_uuid: "e2b70fc3aeb642ca9c30de8653f44e34" member_type: VOTER last_known_addr { host: "127.27.134.65" port: 36517 } } peers { permanent_uuid: "5406a480a29046db879cd141f6ead1ed" member_type: VOTER last_known_addr { host: "127.27.134.67" port: 33235 } } peers { permanent_uuid: "f0a92067aca44fcca1b01a0f63bc8dc1" member_type: NON_VOTER last_known_addr { host: "127.27.134.68" port: 35655 } attrs { promote: true } }
I20260608 09:50:41.638065 30293 raft_consensus.cc:740] T 9dc2f0dcdacf49b7a8d503a49bf33c09 P f0a92067aca44fcca1b01a0f63bc8dc1 [term 2 LEARNER]: Becoming Follower/Learner. State: Replica: f0a92067aca44fcca1b01a0f63bc8dc1, State: Initialized, Role: LEARNER
I20260608 09:50:41.638624 30293 consensus_queue.cc:260] T 9dc2f0dcdacf49b7a8d503a49bf33c09 P f0a92067aca44fcca1b01a0f63bc8dc1 [NON_LEADER]: Queue going to NON_LEADER mode. State: All replicated index: 0, Majority replicated index: 0, Committed index: 3, Last appended: 2.3, Last appended by leader: 3, Current term: 0, Majority size: -1, State: 0, Mode: NON_LEADER, active raft config: opid_index: 3 OBSOLETE_local: false peers { permanent_uuid: "947184b32b1f4cc9a17bdca027f5a600" member_type: VOTER last_known_addr { host: "127.27.134.66" port: 35347 } attrs { replace: true } } peers { permanent_uuid: "e2b70fc3aeb642ca9c30de8653f44e34" member_type: VOTER last_known_addr { host: "127.27.134.65" port: 36517 } } peers { permanent_uuid: "5406a480a29046db879cd141f6ead1ed" member_type: VOTER last_known_addr { host: "127.27.134.67" port: 33235 } } peers { permanent_uuid: "f0a92067aca44fcca1b01a0f63bc8dc1" member_type: NON_VOTER last_known_addr { host: "127.27.134.68" port: 35655 } attrs { promote: true } }
I20260608 09:50:41.641374 30293 ts_tablet_manager.cc:1434] T 9dc2f0dcdacf49b7a8d503a49bf33c09 P f0a92067aca44fcca1b01a0f63bc8dc1: Time spent starting tablet: real 0.006s	user 0.002s	sys 0.004s
I20260608 09:50:41.643337 29977 tablet_copy_service.cc:342] P e2b70fc3aeb642ca9c30de8653f44e34: Request end of tablet copy session f0a92067aca44fcca1b01a0f63bc8dc1-9dc2f0dcdacf49b7a8d503a49bf33c09 received from {username='slave'} at 127.0.0.1:39390
I20260608 09:50:41.643748 29977 tablet_copy_service.cc:434] P e2b70fc3aeb642ca9c30de8653f44e34: ending tablet copy session f0a92067aca44fcca1b01a0f63bc8dc1-9dc2f0dcdacf49b7a8d503a49bf33c09 on tablet 9dc2f0dcdacf49b7a8d503a49bf33c09 with peer f0a92067aca44fcca1b01a0f63bc8dc1
I20260608 09:50:42.012460 30250 raft_consensus.cc:1217] T 9dc2f0dcdacf49b7a8d503a49bf33c09 P f0a92067aca44fcca1b01a0f63bc8dc1 [term 2 LEARNER]: Deduplicated request from leader. Original: 2.2->[2.3-2.3]   Dedup: 2.3->[]
I20260608 09:50:42.440346 30288 raft_consensus.cc:1064] T 9dc2f0dcdacf49b7a8d503a49bf33c09 P e2b70fc3aeb642ca9c30de8653f44e34: attempting to promote NON_VOTER f0a92067aca44fcca1b01a0f63bc8dc1 to VOTER
I20260608 09:50:42.442597 30288 consensus_queue.cc:237] T 9dc2f0dcdacf49b7a8d503a49bf33c09 P e2b70fc3aeb642ca9c30de8653f44e34 [LEADER]: Queue going to LEADER mode. State: All replicated index: 0, Majority replicated index: 3, Committed index: 3, Last appended: 2.3, Last appended by leader: 1, Current term: 2, Majority size: 3, State: 0, Mode: LEADER, active raft config: opid_index: 4 OBSOLETE_local: false peers { permanent_uuid: "947184b32b1f4cc9a17bdca027f5a600" member_type: VOTER last_known_addr { host: "127.27.134.66" port: 35347 } attrs { replace: true } } peers { permanent_uuid: "e2b70fc3aeb642ca9c30de8653f44e34" member_type: VOTER last_known_addr { host: "127.27.134.65" port: 36517 } } peers { permanent_uuid: "5406a480a29046db879cd141f6ead1ed" member_type: VOTER last_known_addr { host: "127.27.134.67" port: 33235 } } peers { permanent_uuid: "f0a92067aca44fcca1b01a0f63bc8dc1" member_type: VOTER last_known_addr { host: "127.27.134.68" port: 35655 } attrs { promote: false } }
I20260608 09:50:42.449314 30115 raft_consensus.cc:1275] T 9dc2f0dcdacf49b7a8d503a49bf33c09 P 5406a480a29046db879cd141f6ead1ed [term 2 FOLLOWER]: Refusing update from remote peer e2b70fc3aeb642ca9c30de8653f44e34: Log matching property violated. Preceding OpId in replica: term: 2 index: 3. Preceding OpId from leader: term: 2 index: 4. (index mismatch)
I20260608 09:50:42.449783 30250 raft_consensus.cc:1275] T 9dc2f0dcdacf49b7a8d503a49bf33c09 P f0a92067aca44fcca1b01a0f63bc8dc1 [term 2 LEARNER]: Refusing update from remote peer e2b70fc3aeb642ca9c30de8653f44e34: Log matching property violated. Preceding OpId in replica: term: 2 index: 3. Preceding OpId from leader: term: 2 index: 4. (index mismatch)
I20260608 09:50:42.450771 30042 raft_consensus.cc:1275] T 9dc2f0dcdacf49b7a8d503a49bf33c09 P 947184b32b1f4cc9a17bdca027f5a600 [term 2 FOLLOWER]: Refusing update from remote peer e2b70fc3aeb642ca9c30de8653f44e34: Log matching property violated. Preceding OpId in replica: term: 2 index: 3. Preceding OpId from leader: term: 2 index: 4. (index mismatch)
I20260608 09:50:42.451599 30300 consensus_queue.cc:1048] T 9dc2f0dcdacf49b7a8d503a49bf33c09 P e2b70fc3aeb642ca9c30de8653f44e34 [LEADER]: Connected to new peer: Peer: permanent_uuid: "5406a480a29046db879cd141f6ead1ed" member_type: VOTER last_known_addr { host: "127.27.134.67" port: 33235 }, Status: LMP_MISMATCH, Last received: 0.0, Next index: 4, Last known committed idx: 3, Time since last communication: 0.001s
I20260608 09:50:42.452472 30288 consensus_queue.cc:1048] T 9dc2f0dcdacf49b7a8d503a49bf33c09 P e2b70fc3aeb642ca9c30de8653f44e34 [LEADER]: Connected to new peer: Peer: permanent_uuid: "f0a92067aca44fcca1b01a0f63bc8dc1" member_type: VOTER last_known_addr { host: "127.27.134.68" port: 35655 } attrs { promote: false }, Status: LMP_MISMATCH, Last received: 0.0, Next index: 4, Last known committed idx: 3, Time since last communication: 0.000s
