I20260608 09:49:49.361531 15483 log_block_manager.cc:4031] Time spent loading block containers with low live blocks: real 0.000s	user 0.000s	sys 0.000s
I20260608 09:49:49.362241 13626 fs_manager.cc:730] Time spent opening block manager: real 0.002s	user 0.001s	sys 0.001s
I20260608 09:49:49.362542 13626 fs_manager.cc:647] Opened local filesystem: /tmp/dist-test-taskJ1LB5O/test-tmp/auto_rebalancer-test.0.AutoRebalancerTest.MovesScheduledIfAddTserver.1780912167892319-13626-0/minicluster-data/ts-2-root
uuid: "8b8f09794a554d3fabf5c64295f7cd31"
format_stamp: "Formatted at 2026-06-08 09:49:49 on dist-test-slave-81gm"
I20260608 09:49:49.362871 13626 fs_report.cc:389] FS layout report
--------------------
wal directory: /tmp/dist-test-taskJ1LB5O/test-tmp/auto_rebalancer-test.0.AutoRebalancerTest.MovesScheduledIfAddTserver.1780912167892319-13626-0/minicluster-data/ts-2-root
metadata directory: /tmp/dist-test-taskJ1LB5O/test-tmp/auto_rebalancer-test.0.AutoRebalancerTest.MovesScheduledIfAddTserver.1780912167892319-13626-0/minicluster-data/ts-2-root
1 data directories: /tmp/dist-test-taskJ1LB5O/test-tmp/auto_rebalancer-test.0.AutoRebalancerTest.MovesScheduledIfAddTserver.1780912167892319-13626-0/minicluster-data/ts-2-root/data
Total live blocks: 0
Total live bytes: 0
Total live bytes (after alignment): 0
Total number of LBM containers: 0 (0 full)
Did not check for missing blocks
Did not check for orphaned blocks
Total full LBM containers with extra space: 0 (0 repaired)
Total full LBM container extra space in bytes: 0 (0 repaired)
Total incomplete LBM containers: 0 (0 repaired)
Total LBM partial records: 0 (0 repaired)
Total corrupted LBM metadata records in RocksDB: 0 (0 repaired)
I20260608 09:49:49.378268 13626 rpc_server.cc:225] running with OpenSSL 1.1.1  11 Sep 2018
I20260608 09:49:49.379558 13626 kserver.cc:163] Server-wide thread pool size limit: 3276
I20260608 09:49:49.381057 13626 txn_system_client.cc:432] TxnSystemClient initialization is disabled...
I20260608 09:49:49.383445 13626 ts_tablet_manager.cc:585] Loaded tablet metadata (0 total tablets, 0 live tablets)
I20260608 09:49:49.383682 13626 ts_tablet_manager.cc:531] Time spent load tablet metadata: real 0.000s	user 0.000s	sys 0.000s
I20260608 09:49:49.383931 13626 ts_tablet_manager.cc:616] Registered 0 tablets
I20260608 09:49:49.384126 13626 ts_tablet_manager.cc:595] Time spent register tablets: real 0.000s	user 0.000s	sys 0.000s
I20260608 09:49:49.422477 13626 rpc_server.cc:307] RPC server started. Bound to: 127.13.78.131:35443
I20260608 09:49:49.422591 15545 acceptor_pool.cc:272] collecting diagnostics on the listening RPC socket 127.13.78.131:35443 every 8 connection(s)
I20260608 09:49:49.436441 15546 heartbeater.cc:344] Connected to a master server at 127.13.78.190:46053
I20260608 09:49:49.436775 15546 heartbeater.cc:461] Registering TS with master...
I20260608 09:49:49.437552 15546 heartbeater.cc:507] Master 127.13.78.190:46053 requested a full tablet report, sending...
I20260608 09:49:49.439607 15270 ts_manager.cc:194] Registered new tserver with Master: 8b8f09794a554d3fabf5c64295f7cd31 (127.13.78.131:35443)
I20260608 09:49:49.440543 13626 internal_mini_cluster.cc:371] 3 TS(s) registered with all masters after 0.014603979s
I20260608 09:49:49.441222 15270 master_service.cc:502] Signed X509 certificate for tserver {username='slave'} at 127.0.0.1:33510
I20260608 09:49:50.255661 15397 heartbeater.cc:499] Master 127.13.78.190:46053 was elected leader, sending a full tablet report...
I20260608 09:49:50.354387 15472 heartbeater.cc:499] Master 127.13.78.190:46053 was elected leader, sending a full tablet report...
I20260608 09:49:50.444150 15546 heartbeater.cc:499] Master 127.13.78.190:46053 was elected leader, sending a full tablet report...
I20260608 09:49:50.496336 15270 catalog_manager.cc:2282] Servicing CreateTable request from {username='slave'} at 127.0.0.1:33524:
name: "test-workload"
schema {
  columns {
    name: "key"
    type: INT32
    is_key: true
    is_nullable: false
    encoding: AUTO_ENCODING
    compression: DEFAULT_COMPRESSION
    cfile_block_size: 0
    immutable: false
  }
  columns {
    name: "int_val"
    type: INT32
    is_key: false
    is_nullable: false
    encoding: AUTO_ENCODING
    compression: DEFAULT_COMPRESSION
    cfile_block_size: 0
    immutable: false
  }
  columns {
    name: "string_val"
    type: STRING
    is_key: false
    is_nullable: true
    encoding: AUTO_ENCODING
    compression: DEFAULT_COMPRESSION
    cfile_block_size: 0
    immutable: false
  }
}
num_replicas: 3
split_rows_range_bounds {
  rows: "\004\001\000\377\377\377?""\004\001\000\377\377\377?"
  indirect_data: """"
}
partition_schema {
  range_schema {
    columns {
      name: "key"
    }
  }
}
W20260608 09:49:50.498482 15270 catalog_manager.cc:7076] The number of live tablet servers is not enough to re-replicate a tablet replica of the newly created table test-workload in case of a server failure: 4 tablet servers would be needed, 3 are available. Consider bringing up more tablet servers.
I20260608 09:49:50.545935 15511 tablet_service.cc:1511] Processing CreateTablet for tablet e19b999cd82e46439539bdc4e12d97dd (DEFAULT_TABLE table=test-workload [id=ae0c48880b1045ffb547ca680a678f44]), partition=RANGE (key) PARTITION VALUES < 1073741823
I20260608 09:49:50.546274 15510 tablet_service.cc:1511] Processing CreateTablet for tablet d4eaab2a161743209568b297baf88822 (DEFAULT_TABLE table=test-workload [id=ae0c48880b1045ffb547ca680a678f44]), partition=RANGE (key) PARTITION 1073741823 <= VALUES
I20260608 09:49:50.547565 15511 data_dirs.cc:400] Could only allocate 1 dirs of requested 3 for tablet e19b999cd82e46439539bdc4e12d97dd. 1 dirs total, 0 dirs full, 0 dirs failed
I20260608 09:49:50.550297 15510 data_dirs.cc:400] Could only allocate 1 dirs of requested 3 for tablet d4eaab2a161743209568b297baf88822. 1 dirs total, 0 dirs full, 0 dirs failed
I20260608 09:49:50.558429 15361 tablet_service.cc:1511] Processing CreateTablet for tablet d4eaab2a161743209568b297baf88822 (DEFAULT_TABLE table=test-workload [id=ae0c48880b1045ffb547ca680a678f44]), partition=RANGE (key) PARTITION 1073741823 <= VALUES
I20260608 09:49:50.558429 15362 tablet_service.cc:1511] Processing CreateTablet for tablet e19b999cd82e46439539bdc4e12d97dd (DEFAULT_TABLE table=test-workload [id=ae0c48880b1045ffb547ca680a678f44]), partition=RANGE (key) PARTITION VALUES < 1073741823
I20260608 09:49:50.560140 15361 data_dirs.cc:400] Could only allocate 1 dirs of requested 3 for tablet d4eaab2a161743209568b297baf88822. 1 dirs total, 0 dirs full, 0 dirs failed
I20260608 09:49:50.562422 15436 tablet_service.cc:1511] Processing CreateTablet for tablet d4eaab2a161743209568b297baf88822 (DEFAULT_TABLE table=test-workload [id=ae0c48880b1045ffb547ca680a678f44]), partition=RANGE (key) PARTITION 1073741823 <= VALUES
I20260608 09:49:50.563870 15436 data_dirs.cc:400] Could only allocate 1 dirs of requested 3 for tablet d4eaab2a161743209568b297baf88822. 1 dirs total, 0 dirs full, 0 dirs failed
I20260608 09:49:50.566226 15437 tablet_service.cc:1511] Processing CreateTablet for tablet e19b999cd82e46439539bdc4e12d97dd (DEFAULT_TABLE table=test-workload [id=ae0c48880b1045ffb547ca680a678f44]), partition=RANGE (key) PARTITION VALUES < 1073741823
I20260608 09:49:50.567811 15362 data_dirs.cc:400] Could only allocate 1 dirs of requested 3 for tablet e19b999cd82e46439539bdc4e12d97dd. 1 dirs total, 0 dirs full, 0 dirs failed
I20260608 09:49:50.571786 15566 tablet_bootstrap.cc:492] T e19b999cd82e46439539bdc4e12d97dd P 8b8f09794a554d3fabf5c64295f7cd31: Bootstrap starting.
I20260608 09:49:50.574993 15437 data_dirs.cc:400] Could only allocate 1 dirs of requested 3 for tablet e19b999cd82e46439539bdc4e12d97dd. 1 dirs total, 0 dirs full, 0 dirs failed
I20260608 09:49:50.581125 15566 tablet_bootstrap.cc:654] T e19b999cd82e46439539bdc4e12d97dd P 8b8f09794a554d3fabf5c64295f7cd31: Neither blocks nor log segments found. Creating new log.
I20260608 09:49:50.592427 15567 tablet_bootstrap.cc:492] T d4eaab2a161743209568b297baf88822 P 9f566cb4c66e4d919420b807338bd413: Bootstrap starting.
I20260608 09:49:50.598121 15569 tablet_bootstrap.cc:492] T d4eaab2a161743209568b297baf88822 P 18ae206e9ca74e9c96e1d56a1dbdd767: Bootstrap starting.
I20260608 09:49:50.599665 15566 tablet_bootstrap.cc:492] T e19b999cd82e46439539bdc4e12d97dd P 8b8f09794a554d3fabf5c64295f7cd31: No bootstrap required, opened a new log
I20260608 09:49:50.600103 15566 ts_tablet_manager.cc:1403] T e19b999cd82e46439539bdc4e12d97dd P 8b8f09794a554d3fabf5c64295f7cd31: Time spent bootstrapping tablet: real 0.029s	user 0.010s	sys 0.003s
I20260608 09:49:50.601394 15567 tablet_bootstrap.cc:654] T d4eaab2a161743209568b297baf88822 P 9f566cb4c66e4d919420b807338bd413: Neither blocks nor log segments found. Creating new log.
I20260608 09:49:50.602371 15566 raft_consensus.cc:359] T e19b999cd82e46439539bdc4e12d97dd P 8b8f09794a554d3fabf5c64295f7cd31 [term 0 FOLLOWER]: Replica starting. Triggering 0 pending ops. Active config: opid_index: -1 OBSOLETE_local: false peers { permanent_uuid: "8b8f09794a554d3fabf5c64295f7cd31" member_type: VOTER last_known_addr { host: "127.13.78.131" port: 35443 } } peers { permanent_uuid: "18ae206e9ca74e9c96e1d56a1dbdd767" member_type: VOTER last_known_addr { host: "127.13.78.130" port: 45499 } } peers { permanent_uuid: "9f566cb4c66e4d919420b807338bd413" member_type: VOTER last_known_addr { host: "127.13.78.129" port: 37797 } }
I20260608 09:49:50.603040 15566 raft_consensus.cc:385] T e19b999cd82e46439539bdc4e12d97dd P 8b8f09794a554d3fabf5c64295f7cd31 [term 0 FOLLOWER]: Consensus starting up: Expiring failure detector timer to make a prompt election more likely
I20260608 09:49:50.603295 15566 raft_consensus.cc:740] T e19b999cd82e46439539bdc4e12d97dd P 8b8f09794a554d3fabf5c64295f7cd31 [term 0 FOLLOWER]: Becoming Follower/Learner. State: Replica: 8b8f09794a554d3fabf5c64295f7cd31, State: Initialized, Role: FOLLOWER
I20260608 09:49:50.603998 15566 consensus_queue.cc:260] T e19b999cd82e46439539bdc4e12d97dd P 8b8f09794a554d3fabf5c64295f7cd31 [NON_LEADER]: Queue going to NON_LEADER mode. State: All replicated index: 0, Majority replicated index: 0, Committed index: 0, Last appended: 0.0, Last appended by leader: 0, Current term: 0, Majority size: -1, State: 0, Mode: NON_LEADER, active raft config: opid_index: -1 OBSOLETE_local: false peers { permanent_uuid: "8b8f09794a554d3fabf5c64295f7cd31" member_type: VOTER last_known_addr { host: "127.13.78.131" port: 35443 } } peers { permanent_uuid: "18ae206e9ca74e9c96e1d56a1dbdd767" member_type: VOTER last_known_addr { host: "127.13.78.130" port: 45499 } } peers { permanent_uuid: "9f566cb4c66e4d919420b807338bd413" member_type: VOTER last_known_addr { host: "127.13.78.129" port: 37797 } }
I20260608 09:49:50.605471 15569 tablet_bootstrap.cc:654] T d4eaab2a161743209568b297baf88822 P 18ae206e9ca74e9c96e1d56a1dbdd767: Neither blocks nor log segments found. Creating new log.
I20260608 09:49:50.606596 15566 ts_tablet_manager.cc:1434] T e19b999cd82e46439539bdc4e12d97dd P 8b8f09794a554d3fabf5c64295f7cd31: Time spent starting tablet: real 0.006s	user 0.004s	sys 0.003s
I20260608 09:49:50.607517 15567 tablet_bootstrap.cc:492] T d4eaab2a161743209568b297baf88822 P 9f566cb4c66e4d919420b807338bd413: No bootstrap required, opened a new log
I20260608 09:49:50.608012 15567 ts_tablet_manager.cc:1403] T d4eaab2a161743209568b297baf88822 P 9f566cb4c66e4d919420b807338bd413: Time spent bootstrapping tablet: real 0.016s	user 0.012s	sys 0.000s
I20260608 09:49:50.608431 15566 tablet_bootstrap.cc:492] T d4eaab2a161743209568b297baf88822 P 8b8f09794a554d3fabf5c64295f7cd31: Bootstrap starting.
I20260608 09:49:50.613286 15567 raft_consensus.cc:359] T d4eaab2a161743209568b297baf88822 P 9f566cb4c66e4d919420b807338bd413 [term 0 FOLLOWER]: Replica starting. Triggering 0 pending ops. Active config: opid_index: -1 OBSOLETE_local: false peers { permanent_uuid: "9f566cb4c66e4d919420b807338bd413" member_type: VOTER last_known_addr { host: "127.13.78.129" port: 37797 } } peers { permanent_uuid: "18ae206e9ca74e9c96e1d56a1dbdd767" member_type: VOTER last_known_addr { host: "127.13.78.130" port: 45499 } } peers { permanent_uuid: "8b8f09794a554d3fabf5c64295f7cd31" member_type: VOTER last_known_addr { host: "127.13.78.131" port: 35443 } }
I20260608 09:49:50.614032 15567 raft_consensus.cc:385] T d4eaab2a161743209568b297baf88822 P 9f566cb4c66e4d919420b807338bd413 [term 0 FOLLOWER]: Consensus starting up: Expiring failure detector timer to make a prompt election more likely
I20260608 09:49:50.614336 15567 raft_consensus.cc:740] T d4eaab2a161743209568b297baf88822 P 9f566cb4c66e4d919420b807338bd413 [term 0 FOLLOWER]: Becoming Follower/Learner. State: Replica: 9f566cb4c66e4d919420b807338bd413, State: Initialized, Role: FOLLOWER
I20260608 09:49:50.615212 15567 consensus_queue.cc:260] T d4eaab2a161743209568b297baf88822 P 9f566cb4c66e4d919420b807338bd413 [NON_LEADER]: Queue going to NON_LEADER mode. State: All replicated index: 0, Majority replicated index: 0, Committed index: 0, Last appended: 0.0, Last appended by leader: 0, Current term: 0, Majority size: -1, State: 0, Mode: NON_LEADER, active raft config: opid_index: -1 OBSOLETE_local: false peers { permanent_uuid: "9f566cb4c66e4d919420b807338bd413" member_type: VOTER last_known_addr { host: "127.13.78.129" port: 37797 } } peers { permanent_uuid: "18ae206e9ca74e9c96e1d56a1dbdd767" member_type: VOTER last_known_addr { host: "127.13.78.130" port: 45499 } } peers { permanent_uuid: "8b8f09794a554d3fabf5c64295f7cd31" member_type: VOTER last_known_addr { host: "127.13.78.131" port: 35443 } }
I20260608 09:49:50.616379 15566 tablet_bootstrap.cc:654] T d4eaab2a161743209568b297baf88822 P 8b8f09794a554d3fabf5c64295f7cd31: Neither blocks nor log segments found. Creating new log.
I20260608 09:49:50.624681 15567 ts_tablet_manager.cc:1434] T d4eaab2a161743209568b297baf88822 P 9f566cb4c66e4d919420b807338bd413: Time spent starting tablet: real 0.016s	user 0.013s	sys 0.000s
I20260608 09:49:50.625521 15569 tablet_bootstrap.cc:492] T d4eaab2a161743209568b297baf88822 P 18ae206e9ca74e9c96e1d56a1dbdd767: No bootstrap required, opened a new log
I20260608 09:49:50.626019 15567 tablet_bootstrap.cc:492] T e19b999cd82e46439539bdc4e12d97dd P 9f566cb4c66e4d919420b807338bd413: Bootstrap starting.
I20260608 09:49:50.626109 15569 ts_tablet_manager.cc:1403] T d4eaab2a161743209568b297baf88822 P 18ae206e9ca74e9c96e1d56a1dbdd767: Time spent bootstrapping tablet: real 0.028s	user 0.011s	sys 0.016s
I20260608 09:49:50.627565 15566 tablet_bootstrap.cc:492] T d4eaab2a161743209568b297baf88822 P 8b8f09794a554d3fabf5c64295f7cd31: No bootstrap required, opened a new log
I20260608 09:49:50.628100 15566 ts_tablet_manager.cc:1403] T d4eaab2a161743209568b297baf88822 P 8b8f09794a554d3fabf5c64295f7cd31: Time spent bootstrapping tablet: real 0.020s	user 0.012s	sys 0.005s
I20260608 09:49:50.629369 15569 raft_consensus.cc:359] T d4eaab2a161743209568b297baf88822 P 18ae206e9ca74e9c96e1d56a1dbdd767 [term 0 FOLLOWER]: Replica starting. Triggering 0 pending ops. Active config: opid_index: -1 OBSOLETE_local: false peers { permanent_uuid: "9f566cb4c66e4d919420b807338bd413" member_type: VOTER last_known_addr { host: "127.13.78.129" port: 37797 } } peers { permanent_uuid: "18ae206e9ca74e9c96e1d56a1dbdd767" member_type: VOTER last_known_addr { host: "127.13.78.130" port: 45499 } } peers { permanent_uuid: "8b8f09794a554d3fabf5c64295f7cd31" member_type: VOTER last_known_addr { host: "127.13.78.131" port: 35443 } }
I20260608 09:49:50.630124 15569 raft_consensus.cc:385] T d4eaab2a161743209568b297baf88822 P 18ae206e9ca74e9c96e1d56a1dbdd767 [term 0 FOLLOWER]: Consensus starting up: Expiring failure detector timer to make a prompt election more likely
I20260608 09:49:50.630537 15569 raft_consensus.cc:740] T d4eaab2a161743209568b297baf88822 P 18ae206e9ca74e9c96e1d56a1dbdd767 [term 0 FOLLOWER]: Becoming Follower/Learner. State: Replica: 18ae206e9ca74e9c96e1d56a1dbdd767, State: Initialized, Role: FOLLOWER
I20260608 09:49:50.631219 15566 raft_consensus.cc:359] T d4eaab2a161743209568b297baf88822 P 8b8f09794a554d3fabf5c64295f7cd31 [term 0 FOLLOWER]: Replica starting. Triggering 0 pending ops. Active config: opid_index: -1 OBSOLETE_local: false peers { permanent_uuid: "9f566cb4c66e4d919420b807338bd413" member_type: VOTER last_known_addr { host: "127.13.78.129" port: 37797 } } peers { permanent_uuid: "18ae206e9ca74e9c96e1d56a1dbdd767" member_type: VOTER last_known_addr { host: "127.13.78.130" port: 45499 } } peers { permanent_uuid: "8b8f09794a554d3fabf5c64295f7cd31" member_type: VOTER last_known_addr { host: "127.13.78.131" port: 35443 } }
I20260608 09:49:50.631417 15569 consensus_queue.cc:260] T d4eaab2a161743209568b297baf88822 P 18ae206e9ca74e9c96e1d56a1dbdd767 [NON_LEADER]: Queue going to NON_LEADER mode. State: All replicated index: 0, Majority replicated index: 0, Committed index: 0, Last appended: 0.0, Last appended by leader: 0, Current term: 0, Majority size: -1, State: 0, Mode: NON_LEADER, active raft config: opid_index: -1 OBSOLETE_local: false peers { permanent_uuid: "9f566cb4c66e4d919420b807338bd413" member_type: VOTER last_known_addr { host: "127.13.78.129" port: 37797 } } peers { permanent_uuid: "18ae206e9ca74e9c96e1d56a1dbdd767" member_type: VOTER last_known_addr { host: "127.13.78.130" port: 45499 } } peers { permanent_uuid: "8b8f09794a554d3fabf5c64295f7cd31" member_type: VOTER last_known_addr { host: "127.13.78.131" port: 35443 } }
I20260608 09:49:50.632090 15566 raft_consensus.cc:385] T d4eaab2a161743209568b297baf88822 P 8b8f09794a554d3fabf5c64295f7cd31 [term 0 FOLLOWER]: Consensus starting up: Expiring failure detector timer to make a prompt election more likely
I20260608 09:49:50.632509 15566 raft_consensus.cc:740] T d4eaab2a161743209568b297baf88822 P 8b8f09794a554d3fabf5c64295f7cd31 [term 0 FOLLOWER]: Becoming Follower/Learner. State: Replica: 8b8f09794a554d3fabf5c64295f7cd31, State: Initialized, Role: FOLLOWER
I20260608 09:49:50.633129 15567 tablet_bootstrap.cc:654] T e19b999cd82e46439539bdc4e12d97dd P 9f566cb4c66e4d919420b807338bd413: Neither blocks nor log segments found. Creating new log.
I20260608 09:49:50.633667 15566 consensus_queue.cc:260] T d4eaab2a161743209568b297baf88822 P 8b8f09794a554d3fabf5c64295f7cd31 [NON_LEADER]: Queue going to NON_LEADER mode. State: All replicated index: 0, Majority replicated index: 0, Committed index: 0, Last appended: 0.0, Last appended by leader: 0, Current term: 0, Majority size: -1, State: 0, Mode: NON_LEADER, active raft config: opid_index: -1 OBSOLETE_local: false peers { permanent_uuid: "9f566cb4c66e4d919420b807338bd413" member_type: VOTER last_known_addr { host: "127.13.78.129" port: 37797 } } peers { permanent_uuid: "18ae206e9ca74e9c96e1d56a1dbdd767" member_type: VOTER last_known_addr { host: "127.13.78.130" port: 45499 } } peers { permanent_uuid: "8b8f09794a554d3fabf5c64295f7cd31" member_type: VOTER last_known_addr { host: "127.13.78.131" port: 35443 } }
I20260608 09:49:50.637123 15566 ts_tablet_manager.cc:1434] T d4eaab2a161743209568b297baf88822 P 8b8f09794a554d3fabf5c64295f7cd31: Time spent starting tablet: real 0.009s	user 0.005s	sys 0.001s
I20260608 09:49:50.644192 15569 ts_tablet_manager.cc:1434] T d4eaab2a161743209568b297baf88822 P 18ae206e9ca74e9c96e1d56a1dbdd767: Time spent starting tablet: real 0.018s	user 0.010s	sys 0.006s
I20260608 09:49:50.644963 15567 tablet_bootstrap.cc:492] T e19b999cd82e46439539bdc4e12d97dd P 9f566cb4c66e4d919420b807338bd413: No bootstrap required, opened a new log
I20260608 09:49:50.645283 15569 tablet_bootstrap.cc:492] T e19b999cd82e46439539bdc4e12d97dd P 18ae206e9ca74e9c96e1d56a1dbdd767: Bootstrap starting.
I20260608 09:49:50.645494 15567 ts_tablet_manager.cc:1403] T e19b999cd82e46439539bdc4e12d97dd P 9f566cb4c66e4d919420b807338bd413: Time spent bootstrapping tablet: real 0.020s	user 0.013s	sys 0.004s
I20260608 09:49:50.648738 15567 raft_consensus.cc:359] T e19b999cd82e46439539bdc4e12d97dd P 9f566cb4c66e4d919420b807338bd413 [term 0 FOLLOWER]: Replica starting. Triggering 0 pending ops. Active config: opid_index: -1 OBSOLETE_local: false peers { permanent_uuid: "8b8f09794a554d3fabf5c64295f7cd31" member_type: VOTER last_known_addr { host: "127.13.78.131" port: 35443 } } peers { permanent_uuid: "18ae206e9ca74e9c96e1d56a1dbdd767" member_type: VOTER last_known_addr { host: "127.13.78.130" port: 45499 } } peers { permanent_uuid: "9f566cb4c66e4d919420b807338bd413" member_type: VOTER last_known_addr { host: "127.13.78.129" port: 37797 } }
I20260608 09:49:50.649513 15567 raft_consensus.cc:385] T e19b999cd82e46439539bdc4e12d97dd P 9f566cb4c66e4d919420b807338bd413 [term 0 FOLLOWER]: Consensus starting up: Expiring failure detector timer to make a prompt election more likely
I20260608 09:49:50.649832 15567 raft_consensus.cc:740] T e19b999cd82e46439539bdc4e12d97dd P 9f566cb4c66e4d919420b807338bd413 [term 0 FOLLOWER]: Becoming Follower/Learner. State: Replica: 9f566cb4c66e4d919420b807338bd413, State: Initialized, Role: FOLLOWER
I20260608 09:49:50.650635 15567 consensus_queue.cc:260] T e19b999cd82e46439539bdc4e12d97dd P 9f566cb4c66e4d919420b807338bd413 [NON_LEADER]: Queue going to NON_LEADER mode. State: All replicated index: 0, Majority replicated index: 0, Committed index: 0, Last appended: 0.0, Last appended by leader: 0, Current term: 0, Majority size: -1, State: 0, Mode: NON_LEADER, active raft config: opid_index: -1 OBSOLETE_local: false peers { permanent_uuid: "8b8f09794a554d3fabf5c64295f7cd31" member_type: VOTER last_known_addr { host: "127.13.78.131" port: 35443 } } peers { permanent_uuid: "18ae206e9ca74e9c96e1d56a1dbdd767" member_type: VOTER last_known_addr { host: "127.13.78.130" port: 45499 } } peers { permanent_uuid: "9f566cb4c66e4d919420b807338bd413" member_type: VOTER last_known_addr { host: "127.13.78.129" port: 37797 } }
I20260608 09:49:50.652463 15569 tablet_bootstrap.cc:654] T e19b999cd82e46439539bdc4e12d97dd P 18ae206e9ca74e9c96e1d56a1dbdd767: Neither blocks nor log segments found. Creating new log.
I20260608 09:49:50.652832 15567 ts_tablet_manager.cc:1434] T e19b999cd82e46439539bdc4e12d97dd P 9f566cb4c66e4d919420b807338bd413: Time spent starting tablet: real 0.007s	user 0.000s	sys 0.005s
I20260608 09:49:50.657632 15569 tablet_bootstrap.cc:492] T e19b999cd82e46439539bdc4e12d97dd P 18ae206e9ca74e9c96e1d56a1dbdd767: No bootstrap required, opened a new log
I20260608 09:49:50.658039 15569 ts_tablet_manager.cc:1403] T e19b999cd82e46439539bdc4e12d97dd P 18ae206e9ca74e9c96e1d56a1dbdd767: Time spent bootstrapping tablet: real 0.013s	user 0.007s	sys 0.003s
I20260608 09:49:50.660351 15569 raft_consensus.cc:359] T e19b999cd82e46439539bdc4e12d97dd P 18ae206e9ca74e9c96e1d56a1dbdd767 [term 0 FOLLOWER]: Replica starting. Triggering 0 pending ops. Active config: opid_index: -1 OBSOLETE_local: false peers { permanent_uuid: "8b8f09794a554d3fabf5c64295f7cd31" member_type: VOTER last_known_addr { host: "127.13.78.131" port: 35443 } } peers { permanent_uuid: "18ae206e9ca74e9c96e1d56a1dbdd767" member_type: VOTER last_known_addr { host: "127.13.78.130" port: 45499 } } peers { permanent_uuid: "9f566cb4c66e4d919420b807338bd413" member_type: VOTER last_known_addr { host: "127.13.78.129" port: 37797 } }
I20260608 09:49:50.661054 15569 raft_consensus.cc:385] T e19b999cd82e46439539bdc4e12d97dd P 18ae206e9ca74e9c96e1d56a1dbdd767 [term 0 FOLLOWER]: Consensus starting up: Expiring failure detector timer to make a prompt election more likely
I20260608 09:49:50.661355 15569 raft_consensus.cc:740] T e19b999cd82e46439539bdc4e12d97dd P 18ae206e9ca74e9c96e1d56a1dbdd767 [term 0 FOLLOWER]: Becoming Follower/Learner. State: Replica: 18ae206e9ca74e9c96e1d56a1dbdd767, State: Initialized, Role: FOLLOWER
I20260608 09:49:50.662129 15569 consensus_queue.cc:260] T e19b999cd82e46439539bdc4e12d97dd P 18ae206e9ca74e9c96e1d56a1dbdd767 [NON_LEADER]: Queue going to NON_LEADER mode. State: All replicated index: 0, Majority replicated index: 0, Committed index: 0, Last appended: 0.0, Last appended by leader: 0, Current term: 0, Majority size: -1, State: 0, Mode: NON_LEADER, active raft config: opid_index: -1 OBSOLETE_local: false peers { permanent_uuid: "8b8f09794a554d3fabf5c64295f7cd31" member_type: VOTER last_known_addr { host: "127.13.78.131" port: 35443 } } peers { permanent_uuid: "18ae206e9ca74e9c96e1d56a1dbdd767" member_type: VOTER last_known_addr { host: "127.13.78.130" port: 45499 } } peers { permanent_uuid: "9f566cb4c66e4d919420b807338bd413" member_type: VOTER last_known_addr { host: "127.13.78.129" port: 37797 } }
I20260608 09:49:50.664310 15569 ts_tablet_manager.cc:1434] T e19b999cd82e46439539bdc4e12d97dd P 18ae206e9ca74e9c96e1d56a1dbdd767: Time spent starting tablet: real 0.006s	user 0.007s	sys 0.000s
I20260608 09:49:50.684609 15575 raft_consensus.cc:493] T d4eaab2a161743209568b297baf88822 P 18ae206e9ca74e9c96e1d56a1dbdd767 [term 0 FOLLOWER]: Starting pre-election (no leader contacted us within the election timeout)
I20260608 09:49:50.685109 15575 raft_consensus.cc:515] T d4eaab2a161743209568b297baf88822 P 18ae206e9ca74e9c96e1d56a1dbdd767 [term 0 FOLLOWER]: Starting pre-election with config: opid_index: -1 OBSOLETE_local: false peers { permanent_uuid: "9f566cb4c66e4d919420b807338bd413" member_type: VOTER last_known_addr { host: "127.13.78.129" port: 37797 } } peers { permanent_uuid: "18ae206e9ca74e9c96e1d56a1dbdd767" member_type: VOTER last_known_addr { host: "127.13.78.130" port: 45499 } } peers { permanent_uuid: "8b8f09794a554d3fabf5c64295f7cd31" member_type: VOTER last_known_addr { host: "127.13.78.131" port: 35443 } }
I20260608 09:49:50.690922 15575 leader_election.cc:290] T d4eaab2a161743209568b297baf88822 P 18ae206e9ca74e9c96e1d56a1dbdd767 [CANDIDATE]: Term 1 pre-election: Requested pre-vote from peers 9f566cb4c66e4d919420b807338bd413 (127.13.78.129:37797), 8b8f09794a554d3fabf5c64295f7cd31 (127.13.78.131:35443)
I20260608 09:49:50.699853 15521 tablet_service.cc:1917] Received RequestConsensusVote() RPC: tablet_id: "d4eaab2a161743209568b297baf88822" candidate_uuid: "18ae206e9ca74e9c96e1d56a1dbdd767" candidate_term: 1 candidate_status { last_received { term: 0 index: 0 } } ignore_live_leader: false dest_uuid: "8b8f09794a554d3fabf5c64295f7cd31" is_pre_election: true
I20260608 09:49:50.699959 15372 tablet_service.cc:1917] Received RequestConsensusVote() RPC: tablet_id: "d4eaab2a161743209568b297baf88822" candidate_uuid: "18ae206e9ca74e9c96e1d56a1dbdd767" candidate_term: 1 candidate_status { last_received { term: 0 index: 0 } } ignore_live_leader: false dest_uuid: "9f566cb4c66e4d919420b807338bd413" is_pre_election: true
I20260608 09:49:50.700537 15521 raft_consensus.cc:2468] T d4eaab2a161743209568b297baf88822 P 8b8f09794a554d3fabf5c64295f7cd31 [term 0 FOLLOWER]: Leader pre-election vote request: Granting yes vote for candidate 18ae206e9ca74e9c96e1d56a1dbdd767 in term 0.
I20260608 09:49:50.700585 15372 raft_consensus.cc:2468] T d4eaab2a161743209568b297baf88822 P 9f566cb4c66e4d919420b807338bd413 [term 0 FOLLOWER]: Leader pre-election vote request: Granting yes vote for candidate 18ae206e9ca74e9c96e1d56a1dbdd767 in term 0.
I20260608 09:49:50.701846 15411 leader_election.cc:304] T d4eaab2a161743209568b297baf88822 P 18ae206e9ca74e9c96e1d56a1dbdd767 [CANDIDATE]: Term 1 pre-election: Election decided. Result: candidate won. Election summary: received 2 responses out of 3 voters: 2 yes votes; 0 no votes. yes voters: 18ae206e9ca74e9c96e1d56a1dbdd767, 8b8f09794a554d3fabf5c64295f7cd31; no voters: 
I20260608 09:49:50.702545 15575 raft_consensus.cc:2804] T d4eaab2a161743209568b297baf88822 P 18ae206e9ca74e9c96e1d56a1dbdd767 [term 0 FOLLOWER]: Leader pre-election won for term 1
I20260608 09:49:50.702905 15575 raft_consensus.cc:493] T d4eaab2a161743209568b297baf88822 P 18ae206e9ca74e9c96e1d56a1dbdd767 [term 0 FOLLOWER]: Starting leader election (no leader contacted us within the election timeout)
I20260608 09:49:50.703199 15575 raft_consensus.cc:3060] T d4eaab2a161743209568b297baf88822 P 18ae206e9ca74e9c96e1d56a1dbdd767 [term 0 FOLLOWER]: Advancing to term 1
I20260608 09:49:50.707823 15575 raft_consensus.cc:515] T d4eaab2a161743209568b297baf88822 P 18ae206e9ca74e9c96e1d56a1dbdd767 [term 1 FOLLOWER]: Starting leader election with config: opid_index: -1 OBSOLETE_local: false peers { permanent_uuid: "9f566cb4c66e4d919420b807338bd413" member_type: VOTER last_known_addr { host: "127.13.78.129" port: 37797 } } peers { permanent_uuid: "18ae206e9ca74e9c96e1d56a1dbdd767" member_type: VOTER last_known_addr { host: "127.13.78.130" port: 45499 } } peers { permanent_uuid: "8b8f09794a554d3fabf5c64295f7cd31" member_type: VOTER last_known_addr { host: "127.13.78.131" port: 35443 } }
I20260608 09:49:50.709055 15571 raft_consensus.cc:493] T e19b999cd82e46439539bdc4e12d97dd P 8b8f09794a554d3fabf5c64295f7cd31 [term 0 FOLLOWER]: Starting pre-election (no leader contacted us within the election timeout)
I20260608 09:49:50.709570 15575 leader_election.cc:290] T d4eaab2a161743209568b297baf88822 P 18ae206e9ca74e9c96e1d56a1dbdd767 [CANDIDATE]: Term 1 election: Requested vote from peers 9f566cb4c66e4d919420b807338bd413 (127.13.78.129:37797), 8b8f09794a554d3fabf5c64295f7cd31 (127.13.78.131:35443)
I20260608 09:49:50.709545 15571 raft_consensus.cc:515] T e19b999cd82e46439539bdc4e12d97dd P 8b8f09794a554d3fabf5c64295f7cd31 [term 0 FOLLOWER]: Starting pre-election with config: opid_index: -1 OBSOLETE_local: false peers { permanent_uuid: "8b8f09794a554d3fabf5c64295f7cd31" member_type: VOTER last_known_addr { host: "127.13.78.131" port: 35443 } } peers { permanent_uuid: "18ae206e9ca74e9c96e1d56a1dbdd767" member_type: VOTER last_known_addr { host: "127.13.78.130" port: 45499 } } peers { permanent_uuid: "9f566cb4c66e4d919420b807338bd413" member_type: VOTER last_known_addr { host: "127.13.78.129" port: 37797 } }
I20260608 09:49:50.710366 15372 tablet_service.cc:1917] Received RequestConsensusVote() RPC: tablet_id: "d4eaab2a161743209568b297baf88822" candidate_uuid: "18ae206e9ca74e9c96e1d56a1dbdd767" candidate_term: 1 candidate_status { last_received { term: 0 index: 0 } } ignore_live_leader: false dest_uuid: "9f566cb4c66e4d919420b807338bd413"
I20260608 09:49:50.710734 15521 tablet_service.cc:1917] Received RequestConsensusVote() RPC: tablet_id: "d4eaab2a161743209568b297baf88822" candidate_uuid: "18ae206e9ca74e9c96e1d56a1dbdd767" candidate_term: 1 candidate_status { last_received { term: 0 index: 0 } } ignore_live_leader: false dest_uuid: "8b8f09794a554d3fabf5c64295f7cd31"
I20260608 09:49:50.711002 15372 raft_consensus.cc:3060] T d4eaab2a161743209568b297baf88822 P 9f566cb4c66e4d919420b807338bd413 [term 0 FOLLOWER]: Advancing to term 1
I20260608 09:49:50.711215 15521 raft_consensus.cc:3060] T d4eaab2a161743209568b297baf88822 P 8b8f09794a554d3fabf5c64295f7cd31 [term 0 FOLLOWER]: Advancing to term 1
I20260608 09:49:50.712800 15571 leader_election.cc:290] T e19b999cd82e46439539bdc4e12d97dd P 8b8f09794a554d3fabf5c64295f7cd31 [CANDIDATE]: Term 1 pre-election: Requested pre-vote from peers 18ae206e9ca74e9c96e1d56a1dbdd767 (127.13.78.130:45499), 9f566cb4c66e4d919420b807338bd413 (127.13.78.129:37797)
I20260608 09:49:50.719517 15372 raft_consensus.cc:2468] T d4eaab2a161743209568b297baf88822 P 9f566cb4c66e4d919420b807338bd413 [term 1 FOLLOWER]: Leader election vote request: Granting yes vote for candidate 18ae206e9ca74e9c96e1d56a1dbdd767 in term 1.
I20260608 09:49:50.720969 15413 leader_election.cc:304] T d4eaab2a161743209568b297baf88822 P 18ae206e9ca74e9c96e1d56a1dbdd767 [CANDIDATE]: Term 1 election: Election decided. Result: candidate won. Election summary: received 2 responses out of 3 voters: 2 yes votes; 0 no votes. yes voters: 18ae206e9ca74e9c96e1d56a1dbdd767, 9f566cb4c66e4d919420b807338bd413; no voters: 
I20260608 09:49:50.721886 15521 raft_consensus.cc:2468] T d4eaab2a161743209568b297baf88822 P 8b8f09794a554d3fabf5c64295f7cd31 [term 1 FOLLOWER]: Leader election vote request: Granting yes vote for candidate 18ae206e9ca74e9c96e1d56a1dbdd767 in term 1.
I20260608 09:49:50.722709 15575 raft_consensus.cc:2804] T d4eaab2a161743209568b297baf88822 P 18ae206e9ca74e9c96e1d56a1dbdd767 [term 1 FOLLOWER]: Leader election won for term 1
I20260608 09:49:50.725577 15575 raft_consensus.cc:697] T d4eaab2a161743209568b297baf88822 P 18ae206e9ca74e9c96e1d56a1dbdd767 [term 1 LEADER]: Becoming Leader. State: Replica: 18ae206e9ca74e9c96e1d56a1dbdd767, State: Running, Role: LEADER
I20260608 09:49:50.726562 15575 consensus_queue.cc:237] T d4eaab2a161743209568b297baf88822 P 18ae206e9ca74e9c96e1d56a1dbdd767 [LEADER]: Queue going to LEADER mode. State: All replicated index: 0, Majority replicated index: 0, Committed index: 0, Last appended: 0.0, Last appended by leader: 0, Current term: 1, Majority size: 2, State: 0, Mode: LEADER, active raft config: opid_index: -1 OBSOLETE_local: false peers { permanent_uuid: "9f566cb4c66e4d919420b807338bd413" member_type: VOTER last_known_addr { host: "127.13.78.129" port: 37797 } } peers { permanent_uuid: "18ae206e9ca74e9c96e1d56a1dbdd767" member_type: VOTER last_known_addr { host: "127.13.78.130" port: 45499 } } peers { permanent_uuid: "8b8f09794a554d3fabf5c64295f7cd31" member_type: VOTER last_known_addr { host: "127.13.78.131" port: 35443 } }
I20260608 09:49:50.735641 15447 tablet_service.cc:1917] Received RequestConsensusVote() RPC: tablet_id: "e19b999cd82e46439539bdc4e12d97dd" candidate_uuid: "8b8f09794a554d3fabf5c64295f7cd31" candidate_term: 1 candidate_status { last_received { term: 0 index: 0 } } ignore_live_leader: false dest_uuid: "18ae206e9ca74e9c96e1d56a1dbdd767" is_pre_election: true
I20260608 09:49:50.736331 15447 raft_consensus.cc:2468] T e19b999cd82e46439539bdc4e12d97dd P 18ae206e9ca74e9c96e1d56a1dbdd767 [term 0 FOLLOWER]: Leader pre-election vote request: Granting yes vote for candidate 8b8f09794a554d3fabf5c64295f7cd31 in term 0.
I20260608 09:49:50.737555 15484 leader_election.cc:304] T e19b999cd82e46439539bdc4e12d97dd P 8b8f09794a554d3fabf5c64295f7cd31 [CANDIDATE]: Term 1 pre-election: Election decided. Result: candidate won. Election summary: received 2 responses out of 3 voters: 2 yes votes; 0 no votes. yes voters: 18ae206e9ca74e9c96e1d56a1dbdd767, 8b8f09794a554d3fabf5c64295f7cd31; no voters: 
I20260608 09:49:50.736742 15269 catalog_manager.cc:5696] T d4eaab2a161743209568b297baf88822 P 18ae206e9ca74e9c96e1d56a1dbdd767 reported cstate change: term changed from 0 to 1, leader changed from <none> to 18ae206e9ca74e9c96e1d56a1dbdd767 (127.13.78.130). New cstate: current_term: 1 leader_uuid: "18ae206e9ca74e9c96e1d56a1dbdd767" committed_config { opid_index: -1 OBSOLETE_local: false peers { permanent_uuid: "9f566cb4c66e4d919420b807338bd413" member_type: VOTER last_known_addr { host: "127.13.78.129" port: 37797 } health_report { overall_health: UNKNOWN } } peers { permanent_uuid: "18ae206e9ca74e9c96e1d56a1dbdd767" member_type: VOTER last_known_addr { host: "127.13.78.130" port: 45499 } health_report { overall_health: HEALTHY } } peers { permanent_uuid: "8b8f09794a554d3fabf5c64295f7cd31" member_type: VOTER last_known_addr { host: "127.13.78.131" port: 35443 } health_report { overall_health: UNKNOWN } } }
I20260608 09:49:50.737804 15372 tablet_service.cc:1917] Received RequestConsensusVote() RPC: tablet_id: "e19b999cd82e46439539bdc4e12d97dd" candidate_uuid: "8b8f09794a554d3fabf5c64295f7cd31" candidate_term: 1 candidate_status { last_received { term: 0 index: 0 } } ignore_live_leader: false dest_uuid: "9f566cb4c66e4d919420b807338bd413" is_pre_election: true
I20260608 09:49:50.738313 15571 raft_consensus.cc:2804] T e19b999cd82e46439539bdc4e12d97dd P 8b8f09794a554d3fabf5c64295f7cd31 [term 0 FOLLOWER]: Leader pre-election won for term 1
I20260608 09:49:50.738505 15372 raft_consensus.cc:2468] T e19b999cd82e46439539bdc4e12d97dd P 9f566cb4c66e4d919420b807338bd413 [term 0 FOLLOWER]: Leader pre-election vote request: Granting yes vote for candidate 8b8f09794a554d3fabf5c64295f7cd31 in term 0.
I20260608 09:49:50.738768 15571 raft_consensus.cc:493] T e19b999cd82e46439539bdc4e12d97dd P 8b8f09794a554d3fabf5c64295f7cd31 [term 0 FOLLOWER]: Starting leader election (no leader contacted us within the election timeout)
I20260608 09:49:50.739140 15571 raft_consensus.cc:3060] T e19b999cd82e46439539bdc4e12d97dd P 8b8f09794a554d3fabf5c64295f7cd31 [term 0 FOLLOWER]: Advancing to term 1
I20260608 09:49:50.745024 15571 raft_consensus.cc:515] T e19b999cd82e46439539bdc4e12d97dd P 8b8f09794a554d3fabf5c64295f7cd31 [term 1 FOLLOWER]: Starting leader election with config: opid_index: -1 OBSOLETE_local: false peers { permanent_uuid: "8b8f09794a554d3fabf5c64295f7cd31" member_type: VOTER last_known_addr { host: "127.13.78.131" port: 35443 } } peers { permanent_uuid: "18ae206e9ca74e9c96e1d56a1dbdd767" member_type: VOTER last_known_addr { host: "127.13.78.130" port: 45499 } } peers { permanent_uuid: "9f566cb4c66e4d919420b807338bd413" member_type: VOTER last_known_addr { host: "127.13.78.129" port: 37797 } }
I20260608 09:49:50.747143 15571 leader_election.cc:290] T e19b999cd82e46439539bdc4e12d97dd P 8b8f09794a554d3fabf5c64295f7cd31 [CANDIDATE]: Term 1 election: Requested vote from peers 18ae206e9ca74e9c96e1d56a1dbdd767 (127.13.78.130:45499), 9f566cb4c66e4d919420b807338bd413 (127.13.78.129:37797)
I20260608 09:49:50.748056 15372 tablet_service.cc:1917] Received RequestConsensusVote() RPC: tablet_id: "e19b999cd82e46439539bdc4e12d97dd" candidate_uuid: "8b8f09794a554d3fabf5c64295f7cd31" candidate_term: 1 candidate_status { last_received { term: 0 index: 0 } } ignore_live_leader: false dest_uuid: "9f566cb4c66e4d919420b807338bd413"
I20260608 09:49:50.748072 15447 tablet_service.cc:1917] Received RequestConsensusVote() RPC: tablet_id: "e19b999cd82e46439539bdc4e12d97dd" candidate_uuid: "8b8f09794a554d3fabf5c64295f7cd31" candidate_term: 1 candidate_status { last_received { term: 0 index: 0 } } ignore_live_leader: false dest_uuid: "18ae206e9ca74e9c96e1d56a1dbdd767"
I20260608 09:49:50.748595 15372 raft_consensus.cc:3060] T e19b999cd82e46439539bdc4e12d97dd P 9f566cb4c66e4d919420b807338bd413 [term 0 FOLLOWER]: Advancing to term 1
I20260608 09:49:50.748677 15447 raft_consensus.cc:3060] T e19b999cd82e46439539bdc4e12d97dd P 18ae206e9ca74e9c96e1d56a1dbdd767 [term 0 FOLLOWER]: Advancing to term 1
I20260608 09:49:50.752918 15372 raft_consensus.cc:2468] T e19b999cd82e46439539bdc4e12d97dd P 9f566cb4c66e4d919420b807338bd413 [term 1 FOLLOWER]: Leader election vote request: Granting yes vote for candidate 8b8f09794a554d3fabf5c64295f7cd31 in term 1.
I20260608 09:49:50.753422 15447 raft_consensus.cc:2468] T e19b999cd82e46439539bdc4e12d97dd P 18ae206e9ca74e9c96e1d56a1dbdd767 [term 1 FOLLOWER]: Leader election vote request: Granting yes vote for candidate 8b8f09794a554d3fabf5c64295f7cd31 in term 1.
I20260608 09:49:50.754012 15487 leader_election.cc:304] T e19b999cd82e46439539bdc4e12d97dd P 8b8f09794a554d3fabf5c64295f7cd31 [CANDIDATE]: Term 1 election: Election decided. Result: candidate won. Election summary: received 2 responses out of 3 voters: 2 yes votes; 0 no votes. yes voters: 8b8f09794a554d3fabf5c64295f7cd31, 9f566cb4c66e4d919420b807338bd413; no voters: 
I20260608 09:49:50.754853 15571 raft_consensus.cc:2804] T e19b999cd82e46439539bdc4e12d97dd P 8b8f09794a554d3fabf5c64295f7cd31 [term 1 FOLLOWER]: Leader election won for term 1
I20260608 09:49:50.755864 15571 raft_consensus.cc:697] T e19b999cd82e46439539bdc4e12d97dd P 8b8f09794a554d3fabf5c64295f7cd31 [term 1 LEADER]: Becoming Leader. State: Replica: 8b8f09794a554d3fabf5c64295f7cd31, State: Running, Role: LEADER
I20260608 09:49:50.756718 15571 consensus_queue.cc:237] T e19b999cd82e46439539bdc4e12d97dd P 8b8f09794a554d3fabf5c64295f7cd31 [LEADER]: Queue going to LEADER mode. State: All replicated index: 0, Majority replicated index: 0, Committed index: 0, Last appended: 0.0, Last appended by leader: 0, Current term: 1, Majority size: 2, State: 0, Mode: LEADER, active raft config: opid_index: -1 OBSOLETE_local: false peers { permanent_uuid: "8b8f09794a554d3fabf5c64295f7cd31" member_type: VOTER last_known_addr { host: "127.13.78.131" port: 35443 } } peers { permanent_uuid: "18ae206e9ca74e9c96e1d56a1dbdd767" member_type: VOTER last_known_addr { host: "127.13.78.130" port: 45499 } } peers { permanent_uuid: "9f566cb4c66e4d919420b807338bd413" member_type: VOTER last_known_addr { host: "127.13.78.129" port: 37797 } }
I20260608 09:49:50.764060 15269 catalog_manager.cc:5696] T e19b999cd82e46439539bdc4e12d97dd P 8b8f09794a554d3fabf5c64295f7cd31 reported cstate change: term changed from 0 to 1, leader changed from <none> to 8b8f09794a554d3fabf5c64295f7cd31 (127.13.78.131). New cstate: current_term: 1 leader_uuid: "8b8f09794a554d3fabf5c64295f7cd31" committed_config { opid_index: -1 OBSOLETE_local: false peers { permanent_uuid: "8b8f09794a554d3fabf5c64295f7cd31" member_type: VOTER last_known_addr { host: "127.13.78.131" port: 35443 } health_report { overall_health: HEALTHY } } peers { permanent_uuid: "18ae206e9ca74e9c96e1d56a1dbdd767" member_type: VOTER last_known_addr { host: "127.13.78.130" port: 45499 } health_report { overall_health: UNKNOWN } } peers { permanent_uuid: "9f566cb4c66e4d919420b807338bd413" member_type: VOTER last_known_addr { host: "127.13.78.129" port: 37797 } health_report { overall_health: UNKNOWN } } }
I20260608 09:49:51.047093 15323 auto_leader_rebalancer.cc:140] leader rebalance for table test-workload
I20260608 09:49:51.049875 15323 auto_leader_rebalancer.cc:388] table: test-workload, leader rebalance finish, leader transfer count: 0
I20260608 09:49:51.050216 15323 auto_leader_rebalancer.cc:451] All tables' leader rebalancing finished this round
I20260608 09:49:51.175503 15571 consensus_queue.cc:1048] T e19b999cd82e46439539bdc4e12d97dd P 8b8f09794a554d3fabf5c64295f7cd31 [LEADER]: Connected to new peer: Peer: permanent_uuid: "9f566cb4c66e4d919420b807338bd413" member_type: VOTER last_known_addr { host: "127.13.78.129" port: 37797 }, Status: LMP_MISMATCH, Last received: 0.0, Next index: 1, Last known committed idx: 0, Time since last communication: 0.000s
I20260608 09:49:51.188488 15571 consensus_queue.cc:1048] T e19b999cd82e46439539bdc4e12d97dd P 8b8f09794a554d3fabf5c64295f7cd31 [LEADER]: Connected to new peer: Peer: permanent_uuid: "18ae206e9ca74e9c96e1d56a1dbdd767" member_type: VOTER last_known_addr { host: "127.13.78.130" port: 45499 }, Status: LMP_MISMATCH, Last received: 0.0, Next index: 1, Last known committed idx: 0, Time since last communication: 0.000s
I20260608 09:49:51.193781 15582 consensus_queue.cc:1048] T d4eaab2a161743209568b297baf88822 P 18ae206e9ca74e9c96e1d56a1dbdd767 [LEADER]: Connected to new peer: Peer: permanent_uuid: "8b8f09794a554d3fabf5c64295f7cd31" member_type: VOTER last_known_addr { host: "127.13.78.131" port: 35443 }, Status: LMP_MISMATCH, Last received: 0.0, Next index: 1, Last known committed idx: 0, Time since last communication: 0.000s
I20260608 09:49:51.207991 15582 consensus_queue.cc:1048] T d4eaab2a161743209568b297baf88822 P 18ae206e9ca74e9c96e1d56a1dbdd767 [LEADER]: Connected to new peer: Peer: permanent_uuid: "9f566cb4c66e4d919420b807338bd413" member_type: VOTER last_known_addr { host: "127.13.78.129" port: 37797 }, Status: LMP_MISMATCH, Last received: 0.0, Next index: 1, Last known committed idx: 0, Time since last communication: 0.000s
I20260608 09:49:53.051115 15323 auto_leader_rebalancer.cc:140] leader rebalance for table test-workload
I20260608 09:49:53.053084 15323 auto_leader_rebalancer.cc:388] table: test-workload, leader rebalance finish, leader transfer count: 0
I20260608 09:49:53.053517 15323 auto_leader_rebalancer.cc:451] All tables' leader rebalancing finished this round
I20260608 09:49:55.054491 15323 auto_leader_rebalancer.cc:140] leader rebalance for table test-workload
I20260608 09:49:55.057156 15323 auto_leader_rebalancer.cc:388] table: test-workload, leader rebalance finish, leader transfer count: 0
I20260608 09:49:55.057510 15323 auto_leader_rebalancer.cc:451] All tables' leader rebalancing finished this round
I20260608 09:49:57.058420 15323 auto_leader_rebalancer.cc:140] leader rebalance for table test-workload
I20260608 09:49:57.060341 15323 auto_leader_rebalancer.cc:388] table: test-workload, leader rebalance finish, leader transfer count: 0
I20260608 09:49:57.060633 15323 auto_leader_rebalancer.cc:451] All tables' leader rebalancing finished this round
I20260608 09:49:59.061643 15323 auto_leader_rebalancer.cc:140] leader rebalance for table test-workload
I20260608 09:49:59.063843 15323 auto_leader_rebalancer.cc:388] table: test-workload, leader rebalance finish, leader transfer count: 0
I20260608 09:49:59.064133 15323 auto_leader_rebalancer.cc:451] All tables' leader rebalancing finished this round
I20260608 09:50:01.065209 15323 auto_leader_rebalancer.cc:140] leader rebalance for table test-workload
I20260608 09:50:01.067276 15323 auto_leader_rebalancer.cc:388] table: test-workload, leader rebalance finish, leader transfer count: 0
I20260608 09:50:01.067637 15323 auto_leader_rebalancer.cc:451] All tables' leader rebalancing finished this round
I20260608 09:50:01.872982 13626 file_cache.cc:492] Constructed file cache file cache with capacity 419430
W20260608 09:50:01.880915 15600 instance_detector.cc:116] could not retrieve AWS instance metadata: Network error: curl error: HTTP response code said error: The requested URL returned error: 404
W20260608 09:50:01.880918 15601 instance_detector.cc:116] could not retrieve Azure instance metadata: Network error: curl error: HTTP response code said error: The requested URL returned error: 404
W20260608 09:50:01.883258 15603 instance_detector.cc:116] could not retrieve OpenStack instance metadata: Network error: curl error: HTTP response code said error: The requested URL returned error: 404
I20260608 09:50:01.884847 13626 server_base.cc:1061] running on GCE node
I20260608 09:50:01.886835 13626 hybrid_clock.cc:584] initializing the hybrid clock with 'system_unsync' time source
W20260608 09:50:01.887045 13626 system_unsync_time.cc:38] NTP support is disabled. Clock error bounds will not be accurate. This configuration is not suitable for distributed clusters.
I20260608 09:50:01.887228 13626 hybrid_clock.cc:648] HybridClock initialized: now 1780912201887211 us; error 0 us; skew 500 ppm
I20260608 09:50:01.887784 13626 server_base.cc:861] Flag tcmalloc_max_total_thread_cache_bytes is not working since tcmalloc is not enabled.
I20260608 09:50:01.890375 13626 webserver.cc:533] Webserver started at http://127.13.78.132:34303/ using document root <none> and password file <none>
I20260608 09:50:01.890938 13626 fs_manager.cc:362] Metadata directory not provided
I20260608 09:50:01.891127 13626 fs_manager.cc:368] Using write-ahead log directory (fs_wal_dir) as metadata directory
I20260608 09:50:01.891373 13626 server_base.cc:909] This appears to be a new deployment of Kudu; creating new FS layout
I20260608 09:50:01.892697 13626 fs_manager.cc:1068] Generated new instance metadata in path /tmp/dist-test-taskJ1LB5O/test-tmp/auto_rebalancer-test.0.AutoRebalancerTest.MovesScheduledIfAddTserver.1780912167892319-13626-0/minicluster-data/ts-3-root/instance:
uuid: "ba6aaefba29441bdb4522f3c6c0f3612"
format_stamp: "Formatted at 2026-06-08 09:50:01 on dist-test-slave-81gm"
I20260608 09:50:01.897857 13626 fs_manager.cc:696] Time spent creating directory manager: real 0.005s	user 0.001s	sys 0.005s
I20260608 09:50:01.901423 15608 log_block_manager.cc:4031] Time spent loading block containers with low live blocks: real 0.000s	user 0.000s	sys 0.000s
I20260608 09:50:01.902196 13626 fs_manager.cc:730] Time spent opening block manager: real 0.002s	user 0.002s	sys 0.000s
I20260608 09:50:01.902449 13626 fs_manager.cc:647] Opened local filesystem: /tmp/dist-test-taskJ1LB5O/test-tmp/auto_rebalancer-test.0.AutoRebalancerTest.MovesScheduledIfAddTserver.1780912167892319-13626-0/minicluster-data/ts-3-root
uuid: "ba6aaefba29441bdb4522f3c6c0f3612"
format_stamp: "Formatted at 2026-06-08 09:50:01 on dist-test-slave-81gm"
I20260608 09:50:01.902760 13626 fs_report.cc:389] FS layout report
--------------------
wal directory: /tmp/dist-test-taskJ1LB5O/test-tmp/auto_rebalancer-test.0.AutoRebalancerTest.MovesScheduledIfAddTserver.1780912167892319-13626-0/minicluster-data/ts-3-root
metadata directory: /tmp/dist-test-taskJ1LB5O/test-tmp/auto_rebalancer-test.0.AutoRebalancerTest.MovesScheduledIfAddTserver.1780912167892319-13626-0/minicluster-data/ts-3-root
1 data directories: /tmp/dist-test-taskJ1LB5O/test-tmp/auto_rebalancer-test.0.AutoRebalancerTest.MovesScheduledIfAddTserver.1780912167892319-13626-0/minicluster-data/ts-3-root/data
Total live blocks: 0
Total live bytes: 0
Total live bytes (after alignment): 0
Total number of LBM containers: 0 (0 full)
Did not check for missing blocks
Did not check for orphaned blocks
Total full LBM containers with extra space: 0 (0 repaired)
Total full LBM container extra space in bytes: 0 (0 repaired)
Total incomplete LBM containers: 0 (0 repaired)
Total LBM partial records: 0 (0 repaired)
Total corrupted LBM metadata records in RocksDB: 0 (0 repaired)
I20260608 09:50:01.919005 13626 rpc_server.cc:225] running with OpenSSL 1.1.1  11 Sep 2018
I20260608 09:50:01.920280 13626 kserver.cc:163] Server-wide thread pool size limit: 3276
I20260608 09:50:01.921710 13626 txn_system_client.cc:432] TxnSystemClient initialization is disabled...
I20260608 09:50:01.924212 13626 ts_tablet_manager.cc:585] Loaded tablet metadata (0 total tablets, 0 live tablets)
I20260608 09:50:01.924415 13626 ts_tablet_manager.cc:531] Time spent load tablet metadata: real 0.000s	user 0.000s	sys 0.000s
I20260608 09:50:01.924672 13626 ts_tablet_manager.cc:616] Registered 0 tablets
I20260608 09:50:01.924853 13626 ts_tablet_manager.cc:595] Time spent register tablets: real 0.000s	user 0.000s	sys 0.000s
I20260608 09:50:01.969173 13626 rpc_server.cc:307] RPC server started. Bound to: 127.13.78.132:44583
I20260608 09:50:01.969327 15670 acceptor_pool.cc:272] collecting diagnostics on the listening RPC socket 127.13.78.132:44583 every 8 connection(s)
