I20260608 09:51:12.999063  9250 ts_tablet_manager.cc:1403] T 6e7770e5ae964e13bc4055816d6d6372 P b6954953271949a2a83dca54025e4f2f: Time spent bootstrapping tablet: real 0.047s	user 0.017s	sys 0.001s
I20260608 09:51:13.001956  9250 raft_consensus.cc:359] T 6e7770e5ae964e13bc4055816d6d6372 P b6954953271949a2a83dca54025e4f2f [term 0 FOLLOWER]: Replica starting. Triggering 0 pending ops. Active config: opid_index: -1 OBSOLETE_local: false peers { permanent_uuid: "b6954953271949a2a83dca54025e4f2f" member_type: VOTER last_known_addr { host: "127.4.121.131" port: 39735 } } peers { permanent_uuid: "9b93c3822f314226bd2626896b091e6c" member_type: VOTER last_known_addr { host: "127.4.121.129" port: 46613 } } peers { permanent_uuid: "29402bb7b6b94b5fac37f9abfdaa3cfb" member_type: VOTER last_known_addr { host: "127.4.121.130" port: 43669 } }
I20260608 09:51:13.002683  9250 raft_consensus.cc:385] T 6e7770e5ae964e13bc4055816d6d6372 P b6954953271949a2a83dca54025e4f2f [term 0 FOLLOWER]: Consensus starting up: Expiring failure detector timer to make a prompt election more likely
I20260608 09:51:13.002962  9250 raft_consensus.cc:740] T 6e7770e5ae964e13bc4055816d6d6372 P b6954953271949a2a83dca54025e4f2f [term 0 FOLLOWER]: Becoming Follower/Learner. State: Replica: b6954953271949a2a83dca54025e4f2f, State: Initialized, Role: FOLLOWER
I20260608 09:51:13.004020  9250 consensus_queue.cc:260] T 6e7770e5ae964e13bc4055816d6d6372 P b6954953271949a2a83dca54025e4f2f [NON_LEADER]: Queue going to NON_LEADER mode. State: All replicated index: 0, Majority replicated index: 0, Committed index: 0, Last appended: 0.0, Last appended by leader: 0, Current term: 0, Majority size: -1, State: 0, Mode: NON_LEADER, active raft config: opid_index: -1 OBSOLETE_local: false peers { permanent_uuid: "b6954953271949a2a83dca54025e4f2f" member_type: VOTER last_known_addr { host: "127.4.121.131" port: 39735 } } peers { permanent_uuid: "9b93c3822f314226bd2626896b091e6c" member_type: VOTER last_known_addr { host: "127.4.121.129" port: 46613 } } peers { permanent_uuid: "29402bb7b6b94b5fac37f9abfdaa3cfb" member_type: VOTER last_known_addr { host: "127.4.121.130" port: 43669 } }
I20260608 09:51:13.006814  9250 ts_tablet_manager.cc:1434] T 6e7770e5ae964e13bc4055816d6d6372 P b6954953271949a2a83dca54025e4f2f: Time spent starting tablet: real 0.007s	user 0.003s	sys 0.003s
I20260608 09:51:13.007920  9250 tablet_bootstrap.cc:492] T af2c9511fd9642359968b3574d5e4efc P b6954953271949a2a83dca54025e4f2f: Bootstrap starting.
I20260608 09:51:13.015316  9250 tablet_bootstrap.cc:654] T af2c9511fd9642359968b3574d5e4efc P b6954953271949a2a83dca54025e4f2f: Neither blocks nor log segments found. Creating new log.
I20260608 09:51:13.017766  9251 tablet_bootstrap.cc:654] T fd689f5ffe484e70b20eac38a35dc35d P 9b93c3822f314226bd2626896b091e6c: Neither blocks nor log segments found. Creating new log.
I20260608 09:51:13.027339  9250 tablet_bootstrap.cc:492] T af2c9511fd9642359968b3574d5e4efc P b6954953271949a2a83dca54025e4f2f: No bootstrap required, opened a new log
I20260608 09:51:13.028017  9250 ts_tablet_manager.cc:1403] T af2c9511fd9642359968b3574d5e4efc P b6954953271949a2a83dca54025e4f2f: Time spent bootstrapping tablet: real 0.020s	user 0.004s	sys 0.014s
I20260608 09:51:13.027976  8954 catalog_manager.cc:5696] T fd689f5ffe484e70b20eac38a35dc35d P 29402bb7b6b94b5fac37f9abfdaa3cfb reported cstate change: term changed from 0 to 1, leader changed from <none> to 29402bb7b6b94b5fac37f9abfdaa3cfb (127.4.121.130). New cstate: current_term: 1 leader_uuid: "29402bb7b6b94b5fac37f9abfdaa3cfb" committed_config { opid_index: -1 OBSOLETE_local: false peers { permanent_uuid: "9b93c3822f314226bd2626896b091e6c" member_type: VOTER last_known_addr { host: "127.4.121.129" port: 46613 } health_report { overall_health: UNKNOWN } } peers { permanent_uuid: "29402bb7b6b94b5fac37f9abfdaa3cfb" member_type: VOTER last_known_addr { host: "127.4.121.130" port: 43669 } health_report { overall_health: HEALTHY } } peers { permanent_uuid: "b6954953271949a2a83dca54025e4f2f" member_type: VOTER last_known_addr { host: "127.4.121.131" port: 39735 } health_report { overall_health: UNKNOWN } } }
I20260608 09:51:13.031606  9250 raft_consensus.cc:359] T af2c9511fd9642359968b3574d5e4efc P b6954953271949a2a83dca54025e4f2f [term 0 FOLLOWER]: Replica starting. Triggering 0 pending ops. Active config: opid_index: -1 OBSOLETE_local: false peers { permanent_uuid: "9b93c3822f314226bd2626896b091e6c" member_type: VOTER last_known_addr { host: "127.4.121.129" port: 46613 } } peers { permanent_uuid: "29402bb7b6b94b5fac37f9abfdaa3cfb" member_type: VOTER last_known_addr { host: "127.4.121.130" port: 43669 } } peers { permanent_uuid: "b6954953271949a2a83dca54025e4f2f" member_type: VOTER last_known_addr { host: "127.4.121.131" port: 39735 } }
I20260608 09:51:13.032414  9250 raft_consensus.cc:385] T af2c9511fd9642359968b3574d5e4efc P b6954953271949a2a83dca54025e4f2f [term 0 FOLLOWER]: Consensus starting up: Expiring failure detector timer to make a prompt election more likely
I20260608 09:51:13.032743  9250 raft_consensus.cc:740] T af2c9511fd9642359968b3574d5e4efc P b6954953271949a2a83dca54025e4f2f [term 0 FOLLOWER]: Becoming Follower/Learner. State: Replica: b6954953271949a2a83dca54025e4f2f, State: Initialized, Role: FOLLOWER
I20260608 09:51:13.035012  9250 consensus_queue.cc:260] T af2c9511fd9642359968b3574d5e4efc P b6954953271949a2a83dca54025e4f2f [NON_LEADER]: Queue going to NON_LEADER mode. State: All replicated index: 0, Majority replicated index: 0, Committed index: 0, Last appended: 0.0, Last appended by leader: 0, Current term: 0, Majority size: -1, State: 0, Mode: NON_LEADER, active raft config: opid_index: -1 OBSOLETE_local: false peers { permanent_uuid: "9b93c3822f314226bd2626896b091e6c" member_type: VOTER last_known_addr { host: "127.4.121.129" port: 46613 } } peers { permanent_uuid: "29402bb7b6b94b5fac37f9abfdaa3cfb" member_type: VOTER last_known_addr { host: "127.4.121.130" port: 43669 } } peers { permanent_uuid: "b6954953271949a2a83dca54025e4f2f" member_type: VOTER last_known_addr { host: "127.4.121.131" port: 39735 } }
I20260608 09:51:13.035754  9251 tablet_bootstrap.cc:492] T fd689f5ffe484e70b20eac38a35dc35d P 9b93c3822f314226bd2626896b091e6c: No bootstrap required, opened a new log
I20260608 09:51:13.036235  9251 ts_tablet_manager.cc:1403] T fd689f5ffe484e70b20eac38a35dc35d P 9b93c3822f314226bd2626896b091e6c: Time spent bootstrapping tablet: real 0.041s	user 0.007s	sys 0.004s
I20260608 09:51:13.037539  9250 ts_tablet_manager.cc:1434] T af2c9511fd9642359968b3574d5e4efc P b6954953271949a2a83dca54025e4f2f: Time spent starting tablet: real 0.009s	user 0.006s	sys 0.000s
I20260608 09:51:13.038497  9250 tablet_bootstrap.cc:492] T ddfa192326584574b607a71650cc79f1 P b6954953271949a2a83dca54025e4f2f: Bootstrap starting.
I20260608 09:51:13.038932  9251 raft_consensus.cc:359] T fd689f5ffe484e70b20eac38a35dc35d P 9b93c3822f314226bd2626896b091e6c [term 0 FOLLOWER]: Replica starting. Triggering 0 pending ops. Active config: opid_index: -1 OBSOLETE_local: false peers { permanent_uuid: "9b93c3822f314226bd2626896b091e6c" member_type: VOTER last_known_addr { host: "127.4.121.129" port: 46613 } } peers { permanent_uuid: "29402bb7b6b94b5fac37f9abfdaa3cfb" member_type: VOTER last_known_addr { host: "127.4.121.130" port: 43669 } } peers { permanent_uuid: "b6954953271949a2a83dca54025e4f2f" member_type: VOTER last_known_addr { host: "127.4.121.131" port: 39735 } }
I20260608 09:51:13.039671  9251 raft_consensus.cc:385] T fd689f5ffe484e70b20eac38a35dc35d P 9b93c3822f314226bd2626896b091e6c [term 0 FOLLOWER]: Consensus starting up: Expiring failure detector timer to make a prompt election more likely
I20260608 09:51:13.039923  9251 raft_consensus.cc:740] T fd689f5ffe484e70b20eac38a35dc35d P 9b93c3822f314226bd2626896b091e6c [term 0 FOLLOWER]: Becoming Follower/Learner. State: Replica: 9b93c3822f314226bd2626896b091e6c, State: Initialized, Role: FOLLOWER
I20260608 09:51:13.040725  9251 consensus_queue.cc:260] T fd689f5ffe484e70b20eac38a35dc35d P 9b93c3822f314226bd2626896b091e6c [NON_LEADER]: Queue going to NON_LEADER mode. State: All replicated index: 0, Majority replicated index: 0, Committed index: 0, Last appended: 0.0, Last appended by leader: 0, Current term: 0, Majority size: -1, State: 0, Mode: NON_LEADER, active raft config: opid_index: -1 OBSOLETE_local: false peers { permanent_uuid: "9b93c3822f314226bd2626896b091e6c" member_type: VOTER last_known_addr { host: "127.4.121.129" port: 46613 } } peers { permanent_uuid: "29402bb7b6b94b5fac37f9abfdaa3cfb" member_type: VOTER last_known_addr { host: "127.4.121.130" port: 43669 } } peers { permanent_uuid: "b6954953271949a2a83dca54025e4f2f" member_type: VOTER last_known_addr { host: "127.4.121.131" port: 39735 } }
I20260608 09:51:13.041548  9254 tablet_bootstrap.cc:492] T a4a199f8332546cbb359f8729e9f4c8c P 29402bb7b6b94b5fac37f9abfdaa3cfb: No bootstrap required, opened a new log
I20260608 09:51:13.042024  9254 ts_tablet_manager.cc:1403] T a4a199f8332546cbb359f8729e9f4c8c P 29402bb7b6b94b5fac37f9abfdaa3cfb: Time spent bootstrapping tablet: real 0.061s	user 0.015s	sys 0.029s
I20260608 09:51:13.045081  9250 tablet_bootstrap.cc:654] T ddfa192326584574b607a71650cc79f1 P b6954953271949a2a83dca54025e4f2f: Neither blocks nor log segments found. Creating new log.
I20260608 09:51:13.044813  9254 raft_consensus.cc:359] T a4a199f8332546cbb359f8729e9f4c8c P 29402bb7b6b94b5fac37f9abfdaa3cfb [term 0 FOLLOWER]: Replica starting. Triggering 0 pending ops. Active config: opid_index: -1 OBSOLETE_local: false peers { permanent_uuid: "9b93c3822f314226bd2626896b091e6c" member_type: VOTER last_known_addr { host: "127.4.121.129" port: 46613 } } peers { permanent_uuid: "29402bb7b6b94b5fac37f9abfdaa3cfb" member_type: VOTER last_known_addr { host: "127.4.121.130" port: 43669 } } peers { permanent_uuid: "b6954953271949a2a83dca54025e4f2f" member_type: VOTER last_known_addr { host: "127.4.121.131" port: 39735 } }
I20260608 09:51:13.045466  9254 raft_consensus.cc:385] T a4a199f8332546cbb359f8729e9f4c8c P 29402bb7b6b94b5fac37f9abfdaa3cfb [term 0 FOLLOWER]: Consensus starting up: Expiring failure detector timer to make a prompt election more likely
I20260608 09:51:13.046164  9254 raft_consensus.cc:740] T a4a199f8332546cbb359f8729e9f4c8c P 29402bb7b6b94b5fac37f9abfdaa3cfb [term 0 FOLLOWER]: Becoming Follower/Learner. State: Replica: 29402bb7b6b94b5fac37f9abfdaa3cfb, State: Initialized, Role: FOLLOWER
I20260608 09:51:13.046940  9254 consensus_queue.cc:260] T a4a199f8332546cbb359f8729e9f4c8c P 29402bb7b6b94b5fac37f9abfdaa3cfb [NON_LEADER]: Queue going to NON_LEADER mode. State: All replicated index: 0, Majority replicated index: 0, Committed index: 0, Last appended: 0.0, Last appended by leader: 0, Current term: 0, Majority size: -1, State: 0, Mode: NON_LEADER, active raft config: opid_index: -1 OBSOLETE_local: false peers { permanent_uuid: "9b93c3822f314226bd2626896b091e6c" member_type: VOTER last_known_addr { host: "127.4.121.129" port: 46613 } } peers { permanent_uuid: "29402bb7b6b94b5fac37f9abfdaa3cfb" member_type: VOTER last_known_addr { host: "127.4.121.130" port: 43669 } } peers { permanent_uuid: "b6954953271949a2a83dca54025e4f2f" member_type: VOTER last_known_addr { host: "127.4.121.131" port: 39735 } }
I20260608 09:51:13.050127  9281 raft_consensus.cc:493] T 6e7770e5ae964e13bc4055816d6d6372 P b6954953271949a2a83dca54025e4f2f [term 0 FOLLOWER]: Starting pre-election (no leader contacted us within the election timeout)
I20260608 09:51:13.050776  9251 ts_tablet_manager.cc:1434] T fd689f5ffe484e70b20eac38a35dc35d P 9b93c3822f314226bd2626896b091e6c: Time spent starting tablet: real 0.014s	user 0.003s	sys 0.003s
I20260608 09:51:13.050621  9281 raft_consensus.cc:515] T 6e7770e5ae964e13bc4055816d6d6372 P b6954953271949a2a83dca54025e4f2f [term 0 FOLLOWER]: Starting pre-election with config: opid_index: -1 OBSOLETE_local: false peers { permanent_uuid: "b6954953271949a2a83dca54025e4f2f" member_type: VOTER last_known_addr { host: "127.4.121.131" port: 39735 } } peers { permanent_uuid: "9b93c3822f314226bd2626896b091e6c" member_type: VOTER last_known_addr { host: "127.4.121.129" port: 46613 } } peers { permanent_uuid: "29402bb7b6b94b5fac37f9abfdaa3cfb" member_type: VOTER last_known_addr { host: "127.4.121.130" port: 43669 } }
I20260608 09:51:13.052240  9254 ts_tablet_manager.cc:1434] T a4a199f8332546cbb359f8729e9f4c8c P 29402bb7b6b94b5fac37f9abfdaa3cfb: Time spent starting tablet: real 0.010s	user 0.008s	sys 0.000s
I20260608 09:51:13.052946  9281 leader_election.cc:290] T 6e7770e5ae964e13bc4055816d6d6372 P b6954953271949a2a83dca54025e4f2f [CANDIDATE]: Term 1 pre-election: Requested pre-vote from peers 9b93c3822f314226bd2626896b091e6c (127.4.121.129:46613), 29402bb7b6b94b5fac37f9abfdaa3cfb (127.4.121.130:43669)
I20260608 09:51:13.053256  9254 tablet_bootstrap.cc:492] T 75f3bf541cc84f768580ea72f64796f6 P 29402bb7b6b94b5fac37f9abfdaa3cfb: Bootstrap starting.
I20260608 09:51:13.054464  9251 tablet_bootstrap.cc:492] T ddfa192326584574b607a71650cc79f1 P 9b93c3822f314226bd2626896b091e6c: Bootstrap starting.
I20260608 09:51:13.054680  9056 tablet_service.cc:1917] Received RequestConsensusVote() RPC: tablet_id: "6e7770e5ae964e13bc4055816d6d6372" candidate_uuid: "b6954953271949a2a83dca54025e4f2f" candidate_term: 1 candidate_status { last_received { term: 0 index: 0 } } ignore_live_leader: false dest_uuid: "9b93c3822f314226bd2626896b091e6c" is_pre_election: true
I20260608 09:51:13.058145  9130 tablet_service.cc:1917] Received RequestConsensusVote() RPC: tablet_id: "6e7770e5ae964e13bc4055816d6d6372" candidate_uuid: "b6954953271949a2a83dca54025e4f2f" candidate_term: 1 candidate_status { last_received { term: 0 index: 0 } } ignore_live_leader: false dest_uuid: "29402bb7b6b94b5fac37f9abfdaa3cfb" is_pre_election: true
I20260608 09:51:13.058988  9130 raft_consensus.cc:2393] T 6e7770e5ae964e13bc4055816d6d6372 P 29402bb7b6b94b5fac37f9abfdaa3cfb [term 1 FOLLOWER]: Leader pre-election vote request: Denying vote to candidate b6954953271949a2a83dca54025e4f2f in current term 1: Already voted for candidate 9b93c3822f314226bd2626896b091e6c in this term.
I20260608 09:51:13.059911  9254 tablet_bootstrap.cc:654] T 75f3bf541cc84f768580ea72f64796f6 P 29402bb7b6b94b5fac37f9abfdaa3cfb: Neither blocks nor log segments found. Creating new log.
I20260608 09:51:13.060508  9171 leader_election.cc:304] T 6e7770e5ae964e13bc4055816d6d6372 P b6954953271949a2a83dca54025e4f2f [CANDIDATE]: Term 1 pre-election: Election decided. Result: candidate lost. Election summary: received 3 responses out of 3 voters: 1 yes votes; 2 no votes. yes voters: b6954953271949a2a83dca54025e4f2f; no voters: 29402bb7b6b94b5fac37f9abfdaa3cfb, 9b93c3822f314226bd2626896b091e6c
I20260608 09:51:13.060986  9251 tablet_bootstrap.cc:654] T ddfa192326584574b607a71650cc79f1 P 9b93c3822f314226bd2626896b091e6c: Neither blocks nor log segments found. Creating new log.
I20260608 09:51:13.062408  9259 raft_consensus.cc:493] T a4a199f8332546cbb359f8729e9f4c8c P 29402bb7b6b94b5fac37f9abfdaa3cfb [term 0 FOLLOWER]: Starting pre-election (no leader contacted us within the election timeout)
I20260608 09:51:13.062922  9259 raft_consensus.cc:515] T a4a199f8332546cbb359f8729e9f4c8c P 29402bb7b6b94b5fac37f9abfdaa3cfb [term 0 FOLLOWER]: Starting pre-election with config: opid_index: -1 OBSOLETE_local: false peers { permanent_uuid: "9b93c3822f314226bd2626896b091e6c" member_type: VOTER last_known_addr { host: "127.4.121.129" port: 46613 } } peers { permanent_uuid: "29402bb7b6b94b5fac37f9abfdaa3cfb" member_type: VOTER last_known_addr { host: "127.4.121.130" port: 43669 } } peers { permanent_uuid: "b6954953271949a2a83dca54025e4f2f" member_type: VOTER last_known_addr { host: "127.4.121.131" port: 39735 } }
I20260608 09:51:13.065441  9259 leader_election.cc:290] T a4a199f8332546cbb359f8729e9f4c8c P 29402bb7b6b94b5fac37f9abfdaa3cfb [CANDIDATE]: Term 1 pre-election: Requested pre-vote from peers 9b93c3822f314226bd2626896b091e6c (127.4.121.129:46613), b6954953271949a2a83dca54025e4f2f (127.4.121.131:39735)
I20260608 09:51:13.061836  9281 raft_consensus.cc:3060] T 6e7770e5ae964e13bc4055816d6d6372 P b6954953271949a2a83dca54025e4f2f [term 0 FOLLOWER]: Advancing to term 1
I20260608 09:51:13.066834  9056 tablet_service.cc:1917] Received RequestConsensusVote() RPC: tablet_id: "a4a199f8332546cbb359f8729e9f4c8c" candidate_uuid: "29402bb7b6b94b5fac37f9abfdaa3cfb" candidate_term: 1 candidate_status { last_received { term: 0 index: 0 } } ignore_live_leader: false dest_uuid: "9b93c3822f314226bd2626896b091e6c" is_pre_election: true
I20260608 09:51:13.067816  9056 raft_consensus.cc:2393] T a4a199f8332546cbb359f8729e9f4c8c P 9b93c3822f314226bd2626896b091e6c [term 1 FOLLOWER]: Leader pre-election vote request: Denying vote to candidate 29402bb7b6b94b5fac37f9abfdaa3cfb in current term 1: Already voted for candidate b6954953271949a2a83dca54025e4f2f in this term.
I20260608 09:51:13.069069  9250 tablet_bootstrap.cc:492] T ddfa192326584574b607a71650cc79f1 P b6954953271949a2a83dca54025e4f2f: No bootstrap required, opened a new log
I20260608 09:51:13.069573  9250 ts_tablet_manager.cc:1403] T ddfa192326584574b607a71650cc79f1 P b6954953271949a2a83dca54025e4f2f: Time spent bootstrapping tablet: real 0.031s	user 0.012s	sys 0.004s
I20260608 09:51:13.070606  9205 tablet_service.cc:1917] Received RequestConsensusVote() RPC: tablet_id: "a4a199f8332546cbb359f8729e9f4c8c" candidate_uuid: "29402bb7b6b94b5fac37f9abfdaa3cfb" candidate_term: 1 candidate_status { last_received { term: 0 index: 0 } } ignore_live_leader: false dest_uuid: "b6954953271949a2a83dca54025e4f2f" is_pre_election: true
I20260608 09:51:13.072564  9250 raft_consensus.cc:359] T ddfa192326584574b607a71650cc79f1 P b6954953271949a2a83dca54025e4f2f [term 0 FOLLOWER]: Replica starting. Triggering 0 pending ops. Active config: opid_index: -1 OBSOLETE_local: false peers { permanent_uuid: "9b93c3822f314226bd2626896b091e6c" member_type: VOTER last_known_addr { host: "127.4.121.129" port: 46613 } } peers { permanent_uuid: "29402bb7b6b94b5fac37f9abfdaa3cfb" member_type: VOTER last_known_addr { host: "127.4.121.130" port: 43669 } } peers { permanent_uuid: "b6954953271949a2a83dca54025e4f2f" member_type: VOTER last_known_addr { host: "127.4.121.131" port: 39735 } }
I20260608 09:51:13.073233  9250 raft_consensus.cc:385] T ddfa192326584574b607a71650cc79f1 P b6954953271949a2a83dca54025e4f2f [term 0 FOLLOWER]: Consensus starting up: Expiring failure detector timer to make a prompt election more likely
I20260608 09:51:13.072412  9096 leader_election.cc:304] T a4a199f8332546cbb359f8729e9f4c8c P 29402bb7b6b94b5fac37f9abfdaa3cfb [CANDIDATE]: Term 1 pre-election: Election decided. Result: candidate lost. Election summary: received 3 responses out of 3 voters: 1 yes votes; 2 no votes. yes voters: 29402bb7b6b94b5fac37f9abfdaa3cfb; no voters: 9b93c3822f314226bd2626896b091e6c, b6954953271949a2a83dca54025e4f2f
I20260608 09:51:13.074276  9259 raft_consensus.cc:3060] T a4a199f8332546cbb359f8729e9f4c8c P 29402bb7b6b94b5fac37f9abfdaa3cfb [term 0 FOLLOWER]: Advancing to term 1
I20260608 09:51:13.077538  9290 raft_consensus.cc:493] T 75f3bf541cc84f768580ea72f64796f6 P 9b93c3822f314226bd2626896b091e6c [term 0 FOLLOWER]: Starting pre-election (no leader contacted us within the election timeout)
I20260608 09:51:13.078060  9281 raft_consensus.cc:2749] T 6e7770e5ae964e13bc4055816d6d6372 P b6954953271949a2a83dca54025e4f2f [term 1 FOLLOWER]: Leader pre-election lost for term 1. Reason: could not achieve majority
I20260608 09:51:13.078050  9290 raft_consensus.cc:515] T 75f3bf541cc84f768580ea72f64796f6 P 9b93c3822f314226bd2626896b091e6c [term 0 FOLLOWER]: Starting pre-election with config: opid_index: -1 OBSOLETE_local: false peers { permanent_uuid: "9b93c3822f314226bd2626896b091e6c" member_type: VOTER last_known_addr { host: "127.4.121.129" port: 46613 } } peers { permanent_uuid: "29402bb7b6b94b5fac37f9abfdaa3cfb" member_type: VOTER last_known_addr { host: "127.4.121.130" port: 43669 } } peers { permanent_uuid: "b6954953271949a2a83dca54025e4f2f" member_type: VOTER last_known_addr { host: "127.4.121.131" port: 39735 } }
I20260608 09:51:13.080382  9250 raft_consensus.cc:740] T ddfa192326584574b607a71650cc79f1 P b6954953271949a2a83dca54025e4f2f [term 0 FOLLOWER]: Becoming Follower/Learner. State: Replica: b6954953271949a2a83dca54025e4f2f, State: Initialized, Role: FOLLOWER
I20260608 09:51:13.081246  9259 raft_consensus.cc:2749] T a4a199f8332546cbb359f8729e9f4c8c P 29402bb7b6b94b5fac37f9abfdaa3cfb [term 1 FOLLOWER]: Leader pre-election lost for term 1. Reason: could not achieve majority
I20260608 09:51:13.081346  9130 tablet_service.cc:1917] Received RequestConsensusVote() RPC: tablet_id: "75f3bf541cc84f768580ea72f64796f6" candidate_uuid: "9b93c3822f314226bd2626896b091e6c" candidate_term: 1 candidate_status { last_received { term: 0 index: 0 } } ignore_live_leader: false dest_uuid: "29402bb7b6b94b5fac37f9abfdaa3cfb" is_pre_election: true
I20260608 09:51:13.081729  9205 tablet_service.cc:1917] Received RequestConsensusVote() RPC: tablet_id: "75f3bf541cc84f768580ea72f64796f6" candidate_uuid: "9b93c3822f314226bd2626896b091e6c" candidate_term: 1 candidate_status { last_received { term: 0 index: 0 } } ignore_live_leader: false dest_uuid: "b6954953271949a2a83dca54025e4f2f" is_pre_election: true
I20260608 09:51:13.081259  9250 consensus_queue.cc:260] T ddfa192326584574b607a71650cc79f1 P b6954953271949a2a83dca54025e4f2f [NON_LEADER]: Queue going to NON_LEADER mode. State: All replicated index: 0, Majority replicated index: 0, Committed index: 0, Last appended: 0.0, Last appended by leader: 0, Current term: 0, Majority size: -1, State: 0, Mode: NON_LEADER, active raft config: opid_index: -1 OBSOLETE_local: false peers { permanent_uuid: "9b93c3822f314226bd2626896b091e6c" member_type: VOTER last_known_addr { host: "127.4.121.129" port: 46613 } } peers { permanent_uuid: "29402bb7b6b94b5fac37f9abfdaa3cfb" member_type: VOTER last_known_addr { host: "127.4.121.130" port: 43669 } } peers { permanent_uuid: "b6954953271949a2a83dca54025e4f2f" member_type: VOTER last_known_addr { host: "127.4.121.131" port: 39735 } }
I20260608 09:51:13.082334  9205 raft_consensus.cc:2468] T 75f3bf541cc84f768580ea72f64796f6 P b6954953271949a2a83dca54025e4f2f [term 0 FOLLOWER]: Leader pre-election vote request: Granting yes vote for candidate 9b93c3822f314226bd2626896b091e6c in term 0.
W20260608 09:51:13.083184  9022 leader_election.cc:343] T 75f3bf541cc84f768580ea72f64796f6 P 9b93c3822f314226bd2626896b091e6c [CANDIDATE]: Term 1 pre-election: Tablet error from VoteRequest() call to peer 29402bb7b6b94b5fac37f9abfdaa3cfb (127.4.121.130:43669): Illegal state: must be running to vote when last-logged opid is not known
I20260608 09:51:13.083789  9250 ts_tablet_manager.cc:1434] T ddfa192326584574b607a71650cc79f1 P b6954953271949a2a83dca54025e4f2f: Time spent starting tablet: real 0.014s	user 0.006s	sys 0.000s
I20260608 09:51:13.084185  9290 leader_election.cc:290] T 75f3bf541cc84f768580ea72f64796f6 P 9b93c3822f314226bd2626896b091e6c [CANDIDATE]: Term 1 pre-election: Requested pre-vote from peers 29402bb7b6b94b5fac37f9abfdaa3cfb (127.4.121.130:43669), b6954953271949a2a83dca54025e4f2f (127.4.121.131:39735)
I20260608 09:51:13.083920  9021 leader_election.cc:304] T 75f3bf541cc84f768580ea72f64796f6 P 9b93c3822f314226bd2626896b091e6c [CANDIDATE]: Term 1 pre-election: Election decided. Result: candidate won. Election summary: received 3 responses out of 3 voters: 2 yes votes; 1 no votes. yes voters: 9b93c3822f314226bd2626896b091e6c, b6954953271949a2a83dca54025e4f2f; no voters: 29402bb7b6b94b5fac37f9abfdaa3cfb
I20260608 09:51:13.084815  9250 tablet_bootstrap.cc:492] T f73916c145eb42dab9c0d1bc4c2f2d75 P b6954953271949a2a83dca54025e4f2f: Bootstrap starting.
I20260608 09:51:13.085261  9254 tablet_bootstrap.cc:492] T 75f3bf541cc84f768580ea72f64796f6 P 29402bb7b6b94b5fac37f9abfdaa3cfb: No bootstrap required, opened a new log
I20260608 09:51:13.085628  9290 raft_consensus.cc:2804] T 75f3bf541cc84f768580ea72f64796f6 P 9b93c3822f314226bd2626896b091e6c [term 0 FOLLOWER]: Leader pre-election won for term 1
I20260608 09:51:13.085722  9254 ts_tablet_manager.cc:1403] T 75f3bf541cc84f768580ea72f64796f6 P 29402bb7b6b94b5fac37f9abfdaa3cfb: Time spent bootstrapping tablet: real 0.033s	user 0.016s	sys 0.002s
I20260608 09:51:13.086067  9290 raft_consensus.cc:493] T 75f3bf541cc84f768580ea72f64796f6 P 9b93c3822f314226bd2626896b091e6c [term 0 FOLLOWER]: Starting leader election (no leader contacted us within the election timeout)
I20260608 09:51:13.086454  9290 raft_consensus.cc:3060] T 75f3bf541cc84f768580ea72f64796f6 P 9b93c3822f314226bd2626896b091e6c [term 0 FOLLOWER]: Advancing to term 1
I20260608 09:51:13.088699  9254 raft_consensus.cc:359] T 75f3bf541cc84f768580ea72f64796f6 P 29402bb7b6b94b5fac37f9abfdaa3cfb [term 0 FOLLOWER]: Replica starting. Triggering 0 pending ops. Active config: opid_index: -1 OBSOLETE_local: false peers { permanent_uuid: "9b93c3822f314226bd2626896b091e6c" member_type: VOTER last_known_addr { host: "127.4.121.129" port: 46613 } } peers { permanent_uuid: "29402bb7b6b94b5fac37f9abfdaa3cfb" member_type: VOTER last_known_addr { host: "127.4.121.130" port: 43669 } } peers { permanent_uuid: "b6954953271949a2a83dca54025e4f2f" member_type: VOTER last_known_addr { host: "127.4.121.131" port: 39735 } }
I20260608 09:51:13.089394  9254 raft_consensus.cc:385] T 75f3bf541cc84f768580ea72f64796f6 P 29402bb7b6b94b5fac37f9abfdaa3cfb [term 0 FOLLOWER]: Consensus starting up: Expiring failure detector timer to make a prompt election more likely
I20260608 09:51:13.089663  9254 raft_consensus.cc:740] T 75f3bf541cc84f768580ea72f64796f6 P 29402bb7b6b94b5fac37f9abfdaa3cfb [term 0 FOLLOWER]: Becoming Follower/Learner. State: Replica: 29402bb7b6b94b5fac37f9abfdaa3cfb, State: Initialized, Role: FOLLOWER
I20260608 09:51:13.090497  9254 consensus_queue.cc:260] T 75f3bf541cc84f768580ea72f64796f6 P 29402bb7b6b94b5fac37f9abfdaa3cfb [NON_LEADER]: Queue going to NON_LEADER mode. State: All replicated index: 0, Majority replicated index: 0, Committed index: 0, Last appended: 0.0, Last appended by leader: 0, Current term: 0, Majority size: -1, State: 0, Mode: NON_LEADER, active raft config: opid_index: -1 OBSOLETE_local: false peers { permanent_uuid: "9b93c3822f314226bd2626896b091e6c" member_type: VOTER last_known_addr { host: "127.4.121.129" port: 46613 } } peers { permanent_uuid: "29402bb7b6b94b5fac37f9abfdaa3cfb" member_type: VOTER last_known_addr { host: "127.4.121.130" port: 43669 } } peers { permanent_uuid: "b6954953271949a2a83dca54025e4f2f" member_type: VOTER last_known_addr { host: "127.4.121.131" port: 39735 } }
I20260608 09:51:13.091329  9250 tablet_bootstrap.cc:654] T f73916c145eb42dab9c0d1bc4c2f2d75 P b6954953271949a2a83dca54025e4f2f: Neither blocks nor log segments found. Creating new log.
I20260608 09:51:13.094554  9290 raft_consensus.cc:515] T 75f3bf541cc84f768580ea72f64796f6 P 9b93c3822f314226bd2626896b091e6c [term 1 FOLLOWER]: Starting leader election with config: opid_index: -1 OBSOLETE_local: false peers { permanent_uuid: "9b93c3822f314226bd2626896b091e6c" member_type: VOTER last_known_addr { host: "127.4.121.129" port: 46613 } } peers { permanent_uuid: "29402bb7b6b94b5fac37f9abfdaa3cfb" member_type: VOTER last_known_addr { host: "127.4.121.130" port: 43669 } } peers { permanent_uuid: "b6954953271949a2a83dca54025e4f2f" member_type: VOTER last_known_addr { host: "127.4.121.131" port: 39735 } }
I20260608 09:51:13.095975  9254 ts_tablet_manager.cc:1434] T 75f3bf541cc84f768580ea72f64796f6 P 29402bb7b6b94b5fac37f9abfdaa3cfb: Time spent starting tablet: real 0.010s	user 0.006s	sys 0.000s
I20260608 09:51:13.096982  9254 tablet_bootstrap.cc:492] T af2c9511fd9642359968b3574d5e4efc P 29402bb7b6b94b5fac37f9abfdaa3cfb: Bootstrap starting.
I20260608 09:51:13.098423  9130 tablet_service.cc:1917] Received RequestConsensusVote() RPC: tablet_id: "75f3bf541cc84f768580ea72f64796f6" candidate_uuid: "9b93c3822f314226bd2626896b091e6c" candidate_term: 1 candidate_status { last_received { term: 0 index: 0 } } ignore_live_leader: false dest_uuid: "29402bb7b6b94b5fac37f9abfdaa3cfb"
I20260608 09:51:13.099001  9130 raft_consensus.cc:3060] T 75f3bf541cc84f768580ea72f64796f6 P 29402bb7b6b94b5fac37f9abfdaa3cfb [term 0 FOLLOWER]: Advancing to term 1
I20260608 09:51:13.102923  9254 tablet_bootstrap.cc:654] T af2c9511fd9642359968b3574d5e4efc P 29402bb7b6b94b5fac37f9abfdaa3cfb: Neither blocks nor log segments found. Creating new log.
I20260608 09:51:13.106678  9250 tablet_bootstrap.cc:492] T f73916c145eb42dab9c0d1bc4c2f2d75 P b6954953271949a2a83dca54025e4f2f: No bootstrap required, opened a new log
I20260608 09:51:13.107187  9250 ts_tablet_manager.cc:1403] T f73916c145eb42dab9c0d1bc4c2f2d75 P b6954953271949a2a83dca54025e4f2f: Time spent bootstrapping tablet: real 0.023s	user 0.012s	sys 0.005s
I20260608 09:51:13.107144  9130 raft_consensus.cc:2468] T 75f3bf541cc84f768580ea72f64796f6 P 29402bb7b6b94b5fac37f9abfdaa3cfb [term 1 FOLLOWER]: Leader election vote request: Granting yes vote for candidate 9b93c3822f314226bd2626896b091e6c in term 1.
I20260608 09:51:13.108280  9254 tablet_bootstrap.cc:492] T af2c9511fd9642359968b3574d5e4efc P 29402bb7b6b94b5fac37f9abfdaa3cfb: No bootstrap required, opened a new log
I20260608 09:51:13.108729  9254 ts_tablet_manager.cc:1403] T af2c9511fd9642359968b3574d5e4efc P 29402bb7b6b94b5fac37f9abfdaa3cfb: Time spent bootstrapping tablet: real 0.012s	user 0.009s	sys 0.000s
I20260608 09:51:13.109970  9250 raft_consensus.cc:359] T f73916c145eb42dab9c0d1bc4c2f2d75 P b6954953271949a2a83dca54025e4f2f [term 0 FOLLOWER]: Replica starting. Triggering 0 pending ops. Active config: opid_index: -1 OBSOLETE_local: false peers { permanent_uuid: "9b93c3822f314226bd2626896b091e6c" member_type: VOTER last_known_addr { host: "127.4.121.129" port: 46613 } } peers { permanent_uuid: "29402bb7b6b94b5fac37f9abfdaa3cfb" member_type: VOTER last_known_addr { host: "127.4.121.130" port: 43669 } } peers { permanent_uuid: "b6954953271949a2a83dca54025e4f2f" member_type: VOTER last_known_addr { host: "127.4.121.131" port: 39735 } }
I20260608 09:51:13.110625  9250 raft_consensus.cc:385] T f73916c145eb42dab9c0d1bc4c2f2d75 P b6954953271949a2a83dca54025e4f2f [term 0 FOLLOWER]: Consensus starting up: Expiring failure detector timer to make a prompt election more likely
I20260608 09:51:13.110874  9250 raft_consensus.cc:740] T f73916c145eb42dab9c0d1bc4c2f2d75 P b6954953271949a2a83dca54025e4f2f [term 0 FOLLOWER]: Becoming Follower/Learner. State: Replica: b6954953271949a2a83dca54025e4f2f, State: Initialized, Role: FOLLOWER
I20260608 09:51:13.110836  9022 leader_election.cc:304] T 75f3bf541cc84f768580ea72f64796f6 P 9b93c3822f314226bd2626896b091e6c [CANDIDATE]: Term 1 election: Election decided. Result: candidate won. Election summary: received 2 responses out of 3 voters: 2 yes votes; 0 no votes. yes voters: 29402bb7b6b94b5fac37f9abfdaa3cfb, 9b93c3822f314226bd2626896b091e6c; no voters: 
I20260608 09:51:13.111865  9257 raft_consensus.cc:2804] T 75f3bf541cc84f768580ea72f64796f6 P 9b93c3822f314226bd2626896b091e6c [term 1 FOLLOWER]: Leader election won for term 1
I20260608 09:51:13.111976  9250 consensus_queue.cc:260] T f73916c145eb42dab9c0d1bc4c2f2d75 P b6954953271949a2a83dca54025e4f2f [NON_LEADER]: Queue going to NON_LEADER mode. State: All replicated index: 0, Majority replicated index: 0, Committed index: 0, Last appended: 0.0, Last appended by leader: 0, Current term: 0, Majority size: -1, State: 0, Mode: NON_LEADER, active raft config: opid_index: -1 OBSOLETE_local: false peers { permanent_uuid: "9b93c3822f314226bd2626896b091e6c" member_type: VOTER last_known_addr { host: "127.4.121.129" port: 46613 } } peers { permanent_uuid: "29402bb7b6b94b5fac37f9abfdaa3cfb" member_type: VOTER last_known_addr { host: "127.4.121.130" port: 43669 } } peers { permanent_uuid: "b6954953271949a2a83dca54025e4f2f" member_type: VOTER last_known_addr { host: "127.4.121.131" port: 39735 } }
I20260608 09:51:13.112437  9257 raft_consensus.cc:697] T 75f3bf541cc84f768580ea72f64796f6 P 9b93c3822f314226bd2626896b091e6c [term 1 LEADER]: Becoming Leader. State: Replica: 9b93c3822f314226bd2626896b091e6c, State: Running, Role: LEADER
I20260608 09:51:13.113333  9257 consensus_queue.cc:237] T 75f3bf541cc84f768580ea72f64796f6 P 9b93c3822f314226bd2626896b091e6c [LEADER]: Queue going to LEADER mode. State: All replicated index: 0, Majority replicated index: 0, Committed index: 0, Last appended: 0.0, Last appended by leader: 0, Current term: 1, Majority size: 2, State: 0, Mode: LEADER, active raft config: opid_index: -1 OBSOLETE_local: false peers { permanent_uuid: "9b93c3822f314226bd2626896b091e6c" member_type: VOTER last_known_addr { host: "127.4.121.129" port: 46613 } } peers { permanent_uuid: "29402bb7b6b94b5fac37f9abfdaa3cfb" member_type: VOTER last_known_addr { host: "127.4.121.130" port: 43669 } } peers { permanent_uuid: "b6954953271949a2a83dca54025e4f2f" member_type: VOTER last_known_addr { host: "127.4.121.131" port: 39735 } }
I20260608 09:51:13.115038  9205 tablet_service.cc:1917] Received RequestConsensusVote() RPC: tablet_id: "75f3bf541cc84f768580ea72f64796f6" candidate_uuid: "9b93c3822f314226bd2626896b091e6c" candidate_term: 1 candidate_status { last_received { term: 0 index: 0 } } ignore_live_leader: false dest_uuid: "b6954953271949a2a83dca54025e4f2f"
I20260608 09:51:13.115675  9205 raft_consensus.cc:3060] T 75f3bf541cc84f768580ea72f64796f6 P b6954953271949a2a83dca54025e4f2f [term 0 FOLLOWER]: Advancing to term 1
I20260608 09:51:13.116822  9250 ts_tablet_manager.cc:1434] T f73916c145eb42dab9c0d1bc4c2f2d75 P b6954953271949a2a83dca54025e4f2f: Time spent starting tablet: real 0.009s	user 0.006s	sys 0.000s
I20260608 09:51:13.118060  9250 tablet_bootstrap.cc:492] T ec4d258bf65440738de03f69c6d71190 P b6954953271949a2a83dca54025e4f2f: Bootstrap starting.
I20260608 09:51:13.111307  9254 raft_consensus.cc:359] T af2c9511fd9642359968b3574d5e4efc P 29402bb7b6b94b5fac37f9abfdaa3cfb [term 0 FOLLOWER]: Replica starting. Triggering 0 pending ops. Active config: opid_index: -1 OBSOLETE_local: false peers { permanent_uuid: "9b93c3822f314226bd2626896b091e6c" member_type: VOTER last_known_addr { host: "127.4.121.129" port: 46613 } } peers { permanent_uuid: "29402bb7b6b94b5fac37f9abfdaa3cfb" member_type: VOTER last_known_addr { host: "127.4.121.130" port: 43669 } } peers { permanent_uuid: "b6954953271949a2a83dca54025e4f2f" member_type: VOTER last_known_addr { host: "127.4.121.131" port: 39735 } }
I20260608 09:51:13.119460  9259 raft_consensus.cc:493] T fc5c6e5357aa48309529b91a1f248853 P 29402bb7b6b94b5fac37f9abfdaa3cfb [term 0 FOLLOWER]: Starting pre-election (no leader contacted us within the election timeout)
I20260608 09:51:13.119613  9254 raft_consensus.cc:385] T af2c9511fd9642359968b3574d5e4efc P 29402bb7b6b94b5fac37f9abfdaa3cfb [term 0 FOLLOWER]: Consensus starting up: Expiring failure detector timer to make a prompt election more likely
I20260608 09:51:13.120225  9254 raft_consensus.cc:740] T af2c9511fd9642359968b3574d5e4efc P 29402bb7b6b94b5fac37f9abfdaa3cfb [term 0 FOLLOWER]: Becoming Follower/Learner. State: Replica: 29402bb7b6b94b5fac37f9abfdaa3cfb, State: Initialized, Role: FOLLOWER
I20260608 09:51:13.120033  9259 raft_consensus.cc:515] T fc5c6e5357aa48309529b91a1f248853 P 29402bb7b6b94b5fac37f9abfdaa3cfb [term 0 FOLLOWER]: Starting pre-election with config: opid_index: -1 OBSOLETE_local: false peers { permanent_uuid: "9b93c3822f314226bd2626896b091e6c" member_type: VOTER last_known_addr { host: "127.4.121.129" port: 46613 } } peers { permanent_uuid: "29402bb7b6b94b5fac37f9abfdaa3cfb" member_type: VOTER last_known_addr { host: "127.4.121.130" port: 43669 } } peers { permanent_uuid: "b6954953271949a2a83dca54025e4f2f" member_type: VOTER last_known_addr { host: "127.4.121.131" port: 39735 } }
I20260608 09:51:13.121682  9254 consensus_queue.cc:260] T af2c9511fd9642359968b3574d5e4efc P 29402bb7b6b94b5fac37f9abfdaa3cfb [NON_LEADER]: Queue going to NON_LEADER mode. State: All replicated index: 0, Majority replicated index: 0, Committed index: 0, Last appended: 0.0, Last appended by leader: 0, Current term: 0, Majority size: -1, State: 0, Mode: NON_LEADER, active raft config: opid_index: -1 OBSOLETE_local: false peers { permanent_uuid: "9b93c3822f314226bd2626896b091e6c" member_type: VOTER last_known_addr { host: "127.4.121.129" port: 46613 } } peers { permanent_uuid: "29402bb7b6b94b5fac37f9abfdaa3cfb" member_type: VOTER last_known_addr { host: "127.4.121.130" port: 43669 } } peers { permanent_uuid: "b6954953271949a2a83dca54025e4f2f" member_type: VOTER last_known_addr { host: "127.4.121.131" port: 39735 } }
I20260608 09:51:13.122319  9259 leader_election.cc:290] T fc5c6e5357aa48309529b91a1f248853 P 29402bb7b6b94b5fac37f9abfdaa3cfb [CANDIDATE]: Term 1 pre-election: Requested pre-vote from peers 9b93c3822f314226bd2626896b091e6c (127.4.121.129:46613), b6954953271949a2a83dca54025e4f2f (127.4.121.131:39735)
I20260608 09:51:13.124426  9056 tablet_service.cc:1917] Received RequestConsensusVote() RPC: tablet_id: "fc5c6e5357aa48309529b91a1f248853" candidate_uuid: "29402bb7b6b94b5fac37f9abfdaa3cfb" candidate_term: 1 candidate_status { last_received { term: 0 index: 0 } } ignore_live_leader: false dest_uuid: "9b93c3822f314226bd2626896b091e6c" is_pre_election: true
I20260608 09:51:13.125036  9250 tablet_bootstrap.cc:654] T ec4d258bf65440738de03f69c6d71190 P b6954953271949a2a83dca54025e4f2f: Neither blocks nor log segments found. Creating new log.
I20260608 09:51:13.125231  9056 raft_consensus.cc:2468] T fc5c6e5357aa48309529b91a1f248853 P 9b93c3822f314226bd2626896b091e6c [term 0 FOLLOWER]: Leader pre-election vote request: Granting yes vote for candidate 29402bb7b6b94b5fac37f9abfdaa3cfb in term 0.
I20260608 09:51:13.125157  9203 tablet_service.cc:1917] Received RequestConsensusVote() RPC: tablet_id: "fc5c6e5357aa48309529b91a1f248853" candidate_uuid: "29402bb7b6b94b5fac37f9abfdaa3cfb" candidate_term: 1 candidate_status { last_received { term: 0 index: 0 } } ignore_live_leader: false dest_uuid: "b6954953271949a2a83dca54025e4f2f" is_pre_election: true
I20260608 09:51:13.126421  9203 raft_consensus.cc:2468] T fc5c6e5357aa48309529b91a1f248853 P b6954953271949a2a83dca54025e4f2f [term 0 FOLLOWER]: Leader pre-election vote request: Granting yes vote for candidate 29402bb7b6b94b5fac37f9abfdaa3cfb in term 0.
I20260608 09:51:13.127027  9094 leader_election.cc:304] T fc5c6e5357aa48309529b91a1f248853 P 29402bb7b6b94b5fac37f9abfdaa3cfb [CANDIDATE]: Term 1 pre-election: Election decided. Result: candidate won. Election summary: received 2 responses out of 3 voters: 2 yes votes; 0 no votes. yes voters: 29402bb7b6b94b5fac37f9abfdaa3cfb, 9b93c3822f314226bd2626896b091e6c; no voters: 
I20260608 09:51:13.127955  9259 raft_consensus.cc:2804] T fc5c6e5357aa48309529b91a1f248853 P 29402bb7b6b94b5fac37f9abfdaa3cfb [term 0 FOLLOWER]: Leader pre-election won for term 1
I20260608 09:51:13.128335  9259 raft_consensus.cc:493] T fc5c6e5357aa48309529b91a1f248853 P 29402bb7b6b94b5fac37f9abfdaa3cfb [term 0 FOLLOWER]: Starting leader election (no leader contacted us within the election timeout)
I20260608 09:51:13.128670  9259 raft_consensus.cc:3060] T fc5c6e5357aa48309529b91a1f248853 P 29402bb7b6b94b5fac37f9abfdaa3cfb [term 0 FOLLOWER]: Advancing to term 1
I20260608 09:51:13.132234  9205 raft_consensus.cc:2468] T 75f3bf541cc84f768580ea72f64796f6 P b6954953271949a2a83dca54025e4f2f [term 1 FOLLOWER]: Leader election vote request: Granting yes vote for candidate 9b93c3822f314226bd2626896b091e6c in term 1.
I20260608 09:51:13.133981  9290 leader_election.cc:290] T 75f3bf541cc84f768580ea72f64796f6 P 9b93c3822f314226bd2626896b091e6c [CANDIDATE]: Term 1 election: Requested vote from peers 29402bb7b6b94b5fac37f9abfdaa3cfb (127.4.121.130:43669), b6954953271949a2a83dca54025e4f2f (127.4.121.131:39735)
I20260608 09:51:13.134028  9287 raft_consensus.cc:493] T 7e6ab467ab9b4b0bbfd66c476a24bdfa P 9b93c3822f314226bd2626896b091e6c [term 0 FOLLOWER]: Starting pre-election (no leader contacted us within the election timeout)
I20260608 09:51:13.134980  9287 raft_consensus.cc:515] T 7e6ab467ab9b4b0bbfd66c476a24bdfa P 9b93c3822f314226bd2626896b091e6c [term 0 FOLLOWER]: Starting pre-election with config: opid_index: -1 OBSOLETE_local: false peers { permanent_uuid: "9b93c3822f314226bd2626896b091e6c" member_type: VOTER last_known_addr { host: "127.4.121.129" port: 46613 } } peers { permanent_uuid: "29402bb7b6b94b5fac37f9abfdaa3cfb" member_type: VOTER last_known_addr { host: "127.4.121.130" port: 43669 } } peers { permanent_uuid: "b6954953271949a2a83dca54025e4f2f" member_type: VOTER last_known_addr { host: "127.4.121.131" port: 39735 } }
I20260608 09:51:13.136814  9251 tablet_bootstrap.cc:492] T ddfa192326584574b607a71650cc79f1 P 9b93c3822f314226bd2626896b091e6c: No bootstrap required, opened a new log
I20260608 09:51:13.137290  9251 ts_tablet_manager.cc:1403] T ddfa192326584574b607a71650cc79f1 P 9b93c3822f314226bd2626896b091e6c: Time spent bootstrapping tablet: real 0.083s	user 0.012s	sys 0.003s
I20260608 09:51:13.139050  9205 tablet_service.cc:1917] Received RequestConsensusVote() RPC: tablet_id: "7e6ab467ab9b4b0bbfd66c476a24bdfa" candidate_uuid: "9b93c3822f314226bd2626896b091e6c" candidate_term: 1 candidate_status { last_received { term: 0 index: 0 } } ignore_live_leader: false dest_uuid: "b6954953271949a2a83dca54025e4f2f" is_pre_election: true
I20260608 09:51:13.139529  9130 tablet_service.cc:1917] Received RequestConsensusVote() RPC: tablet_id: "7e6ab467ab9b4b0bbfd66c476a24bdfa" candidate_uuid: "9b93c3822f314226bd2626896b091e6c" candidate_term: 1 candidate_status { last_received { term: 0 index: 0 } } ignore_live_leader: false dest_uuid: "29402bb7b6b94b5fac37f9abfdaa3cfb" is_pre_election: true
I20260608 09:51:13.140260  9251 raft_consensus.cc:359] T ddfa192326584574b607a71650cc79f1 P 9b93c3822f314226bd2626896b091e6c [term 0 FOLLOWER]: Replica starting. Triggering 0 pending ops. Active config: opid_index: -1 OBSOLETE_local: false peers { permanent_uuid: "9b93c3822f314226bd2626896b091e6c" member_type: VOTER last_known_addr { host: "127.4.121.129" port: 46613 } } peers { permanent_uuid: "29402bb7b6b94b5fac37f9abfdaa3cfb" member_type: VOTER last_known_addr { host: "127.4.121.130" port: 43669 } } peers { permanent_uuid: "b6954953271949a2a83dca54025e4f2f" member_type: VOTER last_known_addr { host: "127.4.121.131" port: 39735 } }
I20260608 09:51:13.140938  9251 raft_consensus.cc:385] T ddfa192326584574b607a71650cc79f1 P 9b93c3822f314226bd2626896b091e6c [term 0 FOLLOWER]: Consensus starting up: Expiring failure detector timer to make a prompt election more likely
I20260608 09:51:13.141036  9130 raft_consensus.cc:2393] T 7e6ab467ab9b4b0bbfd66c476a24bdfa P 29402bb7b6b94b5fac37f9abfdaa3cfb [term 1 FOLLOWER]: Leader pre-election vote request: Denying vote to candidate 9b93c3822f314226bd2626896b091e6c in current term 1: Already voted for candidate b6954953271949a2a83dca54025e4f2f in this term.
I20260608 09:51:13.141225  9250 tablet_bootstrap.cc:492] T ec4d258bf65440738de03f69c6d71190 P b6954953271949a2a83dca54025e4f2f: No bootstrap required, opened a new log
I20260608 09:51:13.125445  9254 ts_tablet_manager.cc:1434] T af2c9511fd9642359968b3574d5e4efc P 29402bb7b6b94b5fac37f9abfdaa3cfb: Time spent starting tablet: real 0.016s	user 0.007s	sys 0.000s
I20260608 09:51:13.141794  9250 ts_tablet_manager.cc:1403] T ec4d258bf65440738de03f69c6d71190 P b6954953271949a2a83dca54025e4f2f: Time spent bootstrapping tablet: real 0.024s	user 0.013s	sys 0.004s
I20260608 09:51:13.142474  9254 tablet_bootstrap.cc:492] T ddfa192326584574b607a71650cc79f1 P 29402bb7b6b94b5fac37f9abfdaa3cfb: Bootstrap starting.
I20260608 09:51:13.142217  9022 leader_election.cc:304] T 7e6ab467ab9b4b0bbfd66c476a24bdfa P 9b93c3822f314226bd2626896b091e6c [CANDIDATE]: Term 1 pre-election: Election decided. Result: candidate lost. Election summary: received 3 responses out of 3 voters: 1 yes votes; 2 no votes. yes voters: 9b93c3822f314226bd2626896b091e6c; no voters: 29402bb7b6b94b5fac37f9abfdaa3cfb, b6954953271949a2a83dca54025e4f2f
I20260608 09:51:13.137336  9287 leader_election.cc:290] T 7e6ab467ab9b4b0bbfd66c476a24bdfa P 9b93c3822f314226bd2626896b091e6c [CANDIDATE]: Term 1 pre-election: Requested pre-vote from peers 29402bb7b6b94b5fac37f9abfdaa3cfb (127.4.121.130:43669), b6954953271949a2a83dca54025e4f2f (127.4.121.131:39735)
I20260608 09:51:13.143920  9287 raft_consensus.cc:3060] T 7e6ab467ab9b4b0bbfd66c476a24bdfa P 9b93c3822f314226bd2626896b091e6c [term 0 FOLLOWER]: Advancing to term 1
I20260608 09:51:13.144685  9250 raft_consensus.cc:359] T ec4d258bf65440738de03f69c6d71190 P b6954953271949a2a83dca54025e4f2f [term 0 FOLLOWER]: Replica starting. Triggering 0 pending ops. Active config: opid_index: -1 OBSOLETE_local: false peers { permanent_uuid: "9b93c3822f314226bd2626896b091e6c" member_type: VOTER last_known_addr { host: "127.4.121.129" port: 46613 } } peers { permanent_uuid: "29402bb7b6b94b5fac37f9abfdaa3cfb" member_type: VOTER last_known_addr { host: "127.4.121.130" port: 43669 } } peers { permanent_uuid: "b6954953271949a2a83dca54025e4f2f" member_type: VOTER last_known_addr { host: "127.4.121.131" port: 39735 } }
I20260608 09:51:13.145359  9250 raft_consensus.cc:385] T ec4d258bf65440738de03f69c6d71190 P b6954953271949a2a83dca54025e4f2f [term 0 FOLLOWER]: Consensus starting up: Expiring failure detector timer to make a prompt election more likely
I20260608 09:51:13.145625  9250 raft_consensus.cc:740] T ec4d258bf65440738de03f69c6d71190 P b6954953271949a2a83dca54025e4f2f [term 0 FOLLOWER]: Becoming Follower/Learner. State: Replica: b6954953271949a2a83dca54025e4f2f, State: Initialized, Role: FOLLOWER
I20260608 09:51:13.146401  9250 consensus_queue.cc:260] T ec4d258bf65440738de03f69c6d71190 P b6954953271949a2a83dca54025e4f2f [NON_LEADER]: Queue going to NON_LEADER mode. State: All replicated index: 0, Majority replicated index: 0, Committed index: 0, Last appended: 0.0, Last appended by leader: 0, Current term: 0, Majority size: -1, State: 0, Mode: NON_LEADER, active raft config: opid_index: -1 OBSOLETE_local: false peers { permanent_uuid: "9b93c3822f314226bd2626896b091e6c" member_type: VOTER last_known_addr { host: "127.4.121.129" port: 46613 } } peers { permanent_uuid: "29402bb7b6b94b5fac37f9abfdaa3cfb" member_type: VOTER last_known_addr { host: "127.4.121.130" port: 43669 } } peers { permanent_uuid: "b6954953271949a2a83dca54025e4f2f" member_type: VOTER last_known_addr { host: "127.4.121.131" port: 39735 } }
I20260608 09:51:13.148550  9254 tablet_bootstrap.cc:654] T ddfa192326584574b607a71650cc79f1 P 29402bb7b6b94b5fac37f9abfdaa3cfb: Neither blocks nor log segments found. Creating new log.
I20260608 09:51:13.141237  9251 raft_consensus.cc:740] T ddfa192326584574b607a71650cc79f1 P 9b93c3822f314226bd2626896b091e6c [term 0 FOLLOWER]: Becoming Follower/Learner. State: Replica: 9b93c3822f314226bd2626896b091e6c, State: Initialized, Role: FOLLOWER
I20260608 09:51:13.151919  9250 ts_tablet_manager.cc:1434] T ec4d258bf65440738de03f69c6d71190 P b6954953271949a2a83dca54025e4f2f: Time spent starting tablet: real 0.010s	user 0.007s	sys 0.000s
I20260608 09:51:13.151850  9251 consensus_queue.cc:260] T ddfa192326584574b607a71650cc79f1 P 9b93c3822f314226bd2626896b091e6c [NON_LEADER]: Queue going to NON_LEADER mode. State: All replicated index: 0, Majority replicated index: 0, Committed index: 0, Last appended: 0.0, Last appended by leader: 0, Current term: 0, Majority size: -1, State: 0, Mode: NON_LEADER, active raft config: opid_index: -1 OBSOLETE_local: false peers { permanent_uuid: "9b93c3822f314226bd2626896b091e6c" member_type: VOTER last_known_addr { host: "127.4.121.129" port: 46613 } } peers { permanent_uuid: "29402bb7b6b94b5fac37f9abfdaa3cfb" member_type: VOTER last_known_addr { host: "127.4.121.130" port: 43669 } } peers { permanent_uuid: "b6954953271949a2a83dca54025e4f2f" member_type: VOTER last_known_addr { host: "127.4.121.131" port: 39735 } }
I20260608 09:51:13.153131  9259 raft_consensus.cc:515] T fc5c6e5357aa48309529b91a1f248853 P 29402bb7b6b94b5fac37f9abfdaa3cfb [term 1 FOLLOWER]: Starting leader election with config: opid_index: -1 OBSOLETE_local: false peers { permanent_uuid: "9b93c3822f314226bd2626896b091e6c" member_type: VOTER last_known_addr { host: "127.4.121.129" port: 46613 } } peers { permanent_uuid: "29402bb7b6b94b5fac37f9abfdaa3cfb" member_type: VOTER last_known_addr { host: "127.4.121.130" port: 43669 } } peers { permanent_uuid: "b6954953271949a2a83dca54025e4f2f" member_type: VOTER last_known_addr { host: "127.4.121.131" port: 39735 } }
I20260608 09:51:13.154088  9251 ts_tablet_manager.cc:1434] T ddfa192326584574b607a71650cc79f1 P 9b93c3822f314226bd2626896b091e6c: Time spent starting tablet: real 0.016s	user 0.006s	sys 0.001s
I20260608 09:51:13.155083  9251 tablet_bootstrap.cc:492] T f73916c145eb42dab9c0d1bc4c2f2d75 P 9b93c3822f314226bd2626896b091e6c: Bootstrap starting.
I20260608 09:51:13.155550  9287 raft_consensus.cc:2749] T 7e6ab467ab9b4b0bbfd66c476a24bdfa P 9b93c3822f314226bd2626896b091e6c [term 1 FOLLOWER]: Leader pre-election lost for term 1. Reason: could not achieve majority
I20260608 09:51:13.156209  9056 tablet_service.cc:1917] Received RequestConsensusVote() RPC: tablet_id: "fc5c6e5357aa48309529b91a1f248853" candidate_uuid: "29402bb7b6b94b5fac37f9abfdaa3cfb" candidate_term: 1 candidate_status { last_received { term: 0 index: 0 } } ignore_live_leader: false dest_uuid: "9b93c3822f314226bd2626896b091e6c"
I20260608 09:51:13.156795  9056 raft_consensus.cc:3060] T fc5c6e5357aa48309529b91a1f248853 P 9b93c3822f314226bd2626896b091e6c [term 0 FOLLOWER]: Advancing to term 1
