I20260608 09:50:37.474946 15793 ts_tablet_manager.cc:616] Registered 0 tablets
I20260608 09:50:37.475142 15793 ts_tablet_manager.cc:595] Time spent register tablets: real 0.000s	user 0.000s	sys 0.000s
I20260608 09:50:37.520781 15793 rpc_server.cc:307] RPC server started. Bound to: 127.15.108.65:37095
I20260608 09:50:37.520931 18507 acceptor_pool.cc:272] collecting diagnostics on the listening RPC socket 127.15.108.65:37095 every 8 connection(s)
I20260608 09:50:37.526801 15793 file_cache.cc:492] Constructed file cache file cache with capacity 419430
W20260608 09:50:37.535351 18512 instance_detector.cc:116] could not retrieve AWS instance metadata: Network error: curl error: HTTP response code said error: The requested URL returned error: 404
W20260608 09:50:37.538137 18513 instance_detector.cc:116] could not retrieve Azure instance metadata: Network error: curl error: HTTP response code said error: The requested URL returned error: 404
W20260608 09:50:37.540376 18515 instance_detector.cc:116] could not retrieve OpenStack instance metadata: Network error: curl error: HTTP response code said error: The requested URL returned error: 404
I20260608 09:50:37.541049 15793 server_base.cc:1061] running on GCE node
I20260608 09:50:37.542001 15793 hybrid_clock.cc:584] initializing the hybrid clock with 'system_unsync' time source
W20260608 09:50:37.542202 15793 system_unsync_time.cc:38] NTP support is disabled. Clock error bounds will not be accurate. This configuration is not suitable for distributed clusters.
I20260608 09:50:37.542335 15793 hybrid_clock.cc:648] HybridClock initialized: now 1780912237542323 us; error 0 us; skew 500 ppm
I20260608 09:50:37.542935 15793 server_base.cc:861] Flag tcmalloc_max_total_thread_cache_bytes is not working since tcmalloc is not enabled.
I20260608 09:50:37.545933 15793 webserver.cc:533] Webserver started at http://127.15.108.66:43325/ using document root <none> and password file <none>
I20260608 09:50:37.546603 15793 fs_manager.cc:362] Metadata directory not provided
I20260608 09:50:37.546855 15793 fs_manager.cc:368] Using write-ahead log directory (fs_wal_dir) as metadata directory
I20260608 09:50:37.547191 15793 server_base.cc:909] This appears to be a new deployment of Kudu; creating new FS layout
I20260608 09:50:37.547572 18508 heartbeater.cc:344] Connected to a master server at 127.15.108.126:45865
I20260608 09:50:37.548004 18508 heartbeater.cc:461] Registering TS with master...
I20260608 09:50:37.548672 15793 fs_manager.cc:1068] Generated new instance metadata in path /tmp/dist-test-taskYmOYmx/test-tmp/auto_rebalancer-test.0.AutoRebalancerTest.RangeAwareBuildClusterInfoGroupsByRange.1780912155269296-15793-0/minicluster-data/ts-1-root/instance:
uuid: "c01b83ad03bf41c48f52f95189b101aa"
format_stamp: "Formatted at 2026-06-08 09:50:37 on dist-test-slave-zdgq"
I20260608 09:50:37.548799 18508 heartbeater.cc:507] Master 127.15.108.126:45865 requested a full tablet report, sending...
I20260608 09:50:37.551692 18381 ts_manager.cc:194] Registered new tserver with Master: 5604bf0d1afa424692c145cc985df92e (127.15.108.65:37095)
I20260608 09:50:37.554442 18381 master_service.cc:502] Signed X509 certificate for tserver {username='slave'} at 127.0.0.1:44360
I20260608 09:50:37.555244 15793 fs_manager.cc:696] Time spent creating directory manager: real 0.006s	user 0.007s	sys 0.002s
I20260608 09:50:37.559494 18520 log_block_manager.cc:4031] Time spent loading block containers with low live blocks: real 0.000s	user 0.000s	sys 0.000s
I20260608 09:50:37.560405 15793 fs_manager.cc:730] Time spent opening block manager: real 0.003s	user 0.001s	sys 0.000s
I20260608 09:50:37.560738 15793 fs_manager.cc:647] Opened local filesystem: /tmp/dist-test-taskYmOYmx/test-tmp/auto_rebalancer-test.0.AutoRebalancerTest.RangeAwareBuildClusterInfoGroupsByRange.1780912155269296-15793-0/minicluster-data/ts-1-root
uuid: "c01b83ad03bf41c48f52f95189b101aa"
format_stamp: "Formatted at 2026-06-08 09:50:37 on dist-test-slave-zdgq"
I20260608 09:50:37.561020 15793 fs_report.cc:389] FS layout report
--------------------
wal directory: /tmp/dist-test-taskYmOYmx/test-tmp/auto_rebalancer-test.0.AutoRebalancerTest.RangeAwareBuildClusterInfoGroupsByRange.1780912155269296-15793-0/minicluster-data/ts-1-root
metadata directory: /tmp/dist-test-taskYmOYmx/test-tmp/auto_rebalancer-test.0.AutoRebalancerTest.RangeAwareBuildClusterInfoGroupsByRange.1780912155269296-15793-0/minicluster-data/ts-1-root
1 data directories: /tmp/dist-test-taskYmOYmx/test-tmp/auto_rebalancer-test.0.AutoRebalancerTest.RangeAwareBuildClusterInfoGroupsByRange.1780912155269296-15793-0/minicluster-data/ts-1-root/data
Total live blocks: 0
Total live bytes: 0
Total live bytes (after alignment): 0
Total number of LBM containers: 0 (0 full)
Did not check for missing blocks
Did not check for orphaned blocks
Total full LBM containers with extra space: 0 (0 repaired)
Total full LBM container extra space in bytes: 0 (0 repaired)
Total incomplete LBM containers: 0 (0 repaired)
Total LBM partial records: 0 (0 repaired)
Total corrupted LBM metadata records in RocksDB: 0 (0 repaired)
I20260608 09:50:37.583693 15793 rpc_server.cc:225] running with OpenSSL 1.1.1  11 Sep 2018
I20260608 09:50:37.585000 15793 kserver.cc:163] Server-wide thread pool size limit: 3276
I20260608 09:50:37.586584 15793 txn_system_client.cc:432] TxnSystemClient initialization is disabled...
I20260608 09:50:37.589053 15793 ts_tablet_manager.cc:585] Loaded tablet metadata (0 total tablets, 0 live tablets)
I20260608 09:50:37.589293 15793 ts_tablet_manager.cc:531] Time spent load tablet metadata: real 0.000s	user 0.000s	sys 0.000s
I20260608 09:50:37.589598 15793 ts_tablet_manager.cc:616] Registered 0 tablets
I20260608 09:50:37.589795 15793 ts_tablet_manager.cc:595] Time spent register tablets: real 0.000s	user 0.000s	sys 0.000s
I20260608 09:50:37.634122 15793 rpc_server.cc:307] RPC server started. Bound to: 127.15.108.66:40627
I20260608 09:50:37.634238 18582 acceptor_pool.cc:272] collecting diagnostics on the listening RPC socket 127.15.108.66:40627 every 8 connection(s)
I20260608 09:50:37.639674 15793 file_cache.cc:492] Constructed file cache file cache with capacity 419430
W20260608 09:50:37.647939 18586 instance_detector.cc:116] could not retrieve AWS instance metadata: Network error: curl error: HTTP response code said error: The requested URL returned error: 404
W20260608 09:50:37.650885 18587 instance_detector.cc:116] could not retrieve Azure instance metadata: Network error: curl error: HTTP response code said error: The requested URL returned error: 404
W20260608 09:50:37.653391 18589 instance_detector.cc:116] could not retrieve OpenStack instance metadata: Network error: curl error: HTTP response code said error: The requested URL returned error: 404
I20260608 09:50:37.654436 15793 server_base.cc:1061] running on GCE node
I20260608 09:50:37.655341 18583 heartbeater.cc:344] Connected to a master server at 127.15.108.126:45865
I20260608 09:50:37.655521 15793 hybrid_clock.cc:584] initializing the hybrid clock with 'system_unsync' time source
I20260608 09:50:37.655753 18583 heartbeater.cc:461] Registering TS with master...
W20260608 09:50:37.655845 15793 system_unsync_time.cc:38] NTP support is disabled. Clock error bounds will not be accurate. This configuration is not suitable for distributed clusters.
I20260608 09:50:37.656196 15793 hybrid_clock.cc:648] HybridClock initialized: now 1780912237656173 us; error 0 us; skew 500 ppm
I20260608 09:50:37.656785 18583 heartbeater.cc:507] Master 127.15.108.126:45865 requested a full tablet report, sending...
I20260608 09:50:37.656881 15793 server_base.cc:861] Flag tcmalloc_max_total_thread_cache_bytes is not working since tcmalloc is not enabled.
I20260608 09:50:37.659441 18381 ts_manager.cc:194] Registered new tserver with Master: c01b83ad03bf41c48f52f95189b101aa (127.15.108.66:40627)
I20260608 09:50:37.659825 15793 webserver.cc:533] Webserver started at http://127.15.108.67:37127/ using document root <none> and password file <none>
I20260608 09:50:37.660383 15793 fs_manager.cc:362] Metadata directory not provided
I20260608 09:50:37.660609 15793 fs_manager.cc:368] Using write-ahead log directory (fs_wal_dir) as metadata directory
I20260608 09:50:37.660892 15793 server_base.cc:909] This appears to be a new deployment of Kudu; creating new FS layout
I20260608 09:50:37.661155 18381 master_service.cc:502] Signed X509 certificate for tserver {username='slave'} at 127.0.0.1:44374
I20260608 09:50:37.662360 15793 fs_manager.cc:1068] Generated new instance metadata in path /tmp/dist-test-taskYmOYmx/test-tmp/auto_rebalancer-test.0.AutoRebalancerTest.RangeAwareBuildClusterInfoGroupsByRange.1780912155269296-15793-0/minicluster-data/ts-2-root/instance:
uuid: "b6de519e0add4ec4adcd85e90a5803c7"
format_stamp: "Formatted at 2026-06-08 09:50:37 on dist-test-slave-zdgq"
I20260608 09:50:37.667641 15793 fs_manager.cc:696] Time spent creating directory manager: real 0.005s	user 0.000s	sys 0.005s
I20260608 09:50:37.671515 18594 log_block_manager.cc:4031] Time spent loading block containers with low live blocks: real 0.000s	user 0.000s	sys 0.000s
I20260608 09:50:37.672467 15793 fs_manager.cc:730] Time spent opening block manager: real 0.003s	user 0.001s	sys 0.000s
I20260608 09:50:37.672821 15793 fs_manager.cc:647] Opened local filesystem: /tmp/dist-test-taskYmOYmx/test-tmp/auto_rebalancer-test.0.AutoRebalancerTest.RangeAwareBuildClusterInfoGroupsByRange.1780912155269296-15793-0/minicluster-data/ts-2-root
uuid: "b6de519e0add4ec4adcd85e90a5803c7"
format_stamp: "Formatted at 2026-06-08 09:50:37 on dist-test-slave-zdgq"
I20260608 09:50:37.673175 15793 fs_report.cc:389] FS layout report
--------------------
wal directory: /tmp/dist-test-taskYmOYmx/test-tmp/auto_rebalancer-test.0.AutoRebalancerTest.RangeAwareBuildClusterInfoGroupsByRange.1780912155269296-15793-0/minicluster-data/ts-2-root
metadata directory: /tmp/dist-test-taskYmOYmx/test-tmp/auto_rebalancer-test.0.AutoRebalancerTest.RangeAwareBuildClusterInfoGroupsByRange.1780912155269296-15793-0/minicluster-data/ts-2-root
1 data directories: /tmp/dist-test-taskYmOYmx/test-tmp/auto_rebalancer-test.0.AutoRebalancerTest.RangeAwareBuildClusterInfoGroupsByRange.1780912155269296-15793-0/minicluster-data/ts-2-root/data
Total live blocks: 0
Total live bytes: 0
Total live bytes (after alignment): 0
Total number of LBM containers: 0 (0 full)
Did not check for missing blocks
Did not check for orphaned blocks
Total full LBM containers with extra space: 0 (0 repaired)
Total full LBM container extra space in bytes: 0 (0 repaired)
Total incomplete LBM containers: 0 (0 repaired)
Total LBM partial records: 0 (0 repaired)
Total corrupted LBM metadata records in RocksDB: 0 (0 repaired)
I20260608 09:50:37.697662 15793 rpc_server.cc:225] running with OpenSSL 1.1.1  11 Sep 2018
I20260608 09:50:37.698992 15793 kserver.cc:163] Server-wide thread pool size limit: 3276
I20260608 09:50:37.700642 15793 txn_system_client.cc:432] TxnSystemClient initialization is disabled...
I20260608 09:50:37.703279 15793 ts_tablet_manager.cc:585] Loaded tablet metadata (0 total tablets, 0 live tablets)
I20260608 09:50:37.703529 15793 ts_tablet_manager.cc:531] Time spent load tablet metadata: real 0.000s	user 0.000s	sys 0.000s
I20260608 09:50:37.703797 15793 ts_tablet_manager.cc:616] Registered 0 tablets
I20260608 09:50:37.704005 15793 ts_tablet_manager.cc:595] Time spent register tablets: real 0.000s	user 0.000s	sys 0.000s
I20260608 09:50:37.747859 15793 rpc_server.cc:307] RPC server started. Bound to: 127.15.108.67:33371
I20260608 09:50:37.747990 18656 acceptor_pool.cc:272] collecting diagnostics on the listening RPC socket 127.15.108.67:33371 every 8 connection(s)
I20260608 09:50:37.763731 18657 heartbeater.cc:344] Connected to a master server at 127.15.108.126:45865
I20260608 09:50:37.764163 18657 heartbeater.cc:461] Registering TS with master...
I20260608 09:50:37.765035 18657 heartbeater.cc:507] Master 127.15.108.126:45865 requested a full tablet report, sending...
I20260608 09:50:37.767288 18381 ts_manager.cc:194] Registered new tserver with Master: b6de519e0add4ec4adcd85e90a5803c7 (127.15.108.67:33371)
I20260608 09:50:37.767445 15793 internal_mini_cluster.cc:371] 3 TS(s) registered with all masters after 0.015907571s
I20260608 09:50:37.768898 18381 master_service.cc:502] Signed X509 certificate for tserver {username='slave'} at 127.0.0.1:44382
I20260608 09:50:38.557690 18508 heartbeater.cc:499] Master 127.15.108.126:45865 was elected leader, sending a full tablet report...
I20260608 09:50:38.664188 18583 heartbeater.cc:499] Master 127.15.108.126:45865 was elected leader, sending a full tablet report...
I20260608 09:50:38.771864 18657 heartbeater.cc:499] Master 127.15.108.126:45865 was elected leader, sending a full tablet report...
I20260608 09:50:38.826704 18381 catalog_manager.cc:2282] Servicing CreateTable request from {username='slave'} at 127.0.0.1:44390:
name: "range_aware_auto_rebalancer_test"
schema {
  columns {
    name: "key"
    type: INT32
    is_key: true
    is_nullable: false
    encoding: AUTO_ENCODING
    compression: DEFAULT_COMPRESSION
    cfile_block_size: 0
    immutable: false
  }
}
num_replicas: 3
split_rows_range_bounds {
  rows: "\006\001\000\000\000\000\007\001\n\000\000\000\006\001\n\000\000\000\007\001\024\000\000\000""\006\001\000\000\000\000\007\001\n\000\000\000\006\001\n\000\000\000\007\001\024\000\000\000"
  indirect_data: """"
}
partition_schema {
  hash_schema {
    columns {
      name: "key"
    }
    num_buckets: 2
    seed: 0
  }
  range_schema {
    columns {
      name: "key"
    }
  }
}
W20260608 09:50:38.829788 18381 catalog_manager.cc:7076] The number of live tablet servers is not enough to re-replicate a tablet replica of the newly created table range_aware_auto_rebalancer_test in case of a server failure: 4 tablet servers would be needed, 3 are available. Consider bringing up more tablet servers.
I20260608 09:50:38.912775 18548 tablet_service.cc:1511] Processing CreateTablet for tablet 394ccfebd49d48c09f478d7751d9b209 (DEFAULT_TABLE table=range_aware_auto_rebalancer_test [id=408e82d22d564975beacbca04b0e4227]), partition=HASH (key) PARTITION 0, RANGE (key) PARTITION 0 <= VALUES < 10
I20260608 09:50:38.914517 18548 data_dirs.cc:400] Could only allocate 1 dirs of requested 3 for tablet 394ccfebd49d48c09f478d7751d9b209. 1 dirs total, 0 dirs full, 0 dirs failed
I20260608 09:50:38.913918 18546 tablet_service.cc:1511] Processing CreateTablet for tablet 7a89878f595a4521887c327d03ac0358 (DEFAULT_TABLE table=range_aware_auto_rebalancer_test [id=408e82d22d564975beacbca04b0e4227]), partition=HASH (key) PARTITION 1, RANGE (key) PARTITION 0 <= VALUES < 10
I20260608 09:50:38.915661 18546 data_dirs.cc:400] Could only allocate 1 dirs of requested 3 for tablet 7a89878f595a4521887c327d03ac0358. 1 dirs total, 0 dirs full, 0 dirs failed
I20260608 09:50:38.916765 18547 tablet_service.cc:1511] Processing CreateTablet for tablet 80660bff39d14a0d84e167e60186f166 (DEFAULT_TABLE table=range_aware_auto_rebalancer_test [id=408e82d22d564975beacbca04b0e4227]), partition=HASH (key) PARTITION 0, RANGE (key) PARTITION 10 <= VALUES < 20
I20260608 09:50:38.918423 18547 data_dirs.cc:400] Could only allocate 1 dirs of requested 3 for tablet 80660bff39d14a0d84e167e60186f166. 1 dirs total, 0 dirs full, 0 dirs failed
I20260608 09:50:38.926107 18545 tablet_service.cc:1511] Processing CreateTablet for tablet c51191e31ed842b78024bb1dec7e6dfb (DEFAULT_TABLE table=range_aware_auto_rebalancer_test [id=408e82d22d564975beacbca04b0e4227]), partition=HASH (key) PARTITION 1, RANGE (key) PARTITION 10 <= VALUES < 20
I20260608 09:50:38.927815 18545 data_dirs.cc:400] Could only allocate 1 dirs of requested 3 for tablet c51191e31ed842b78024bb1dec7e6dfb. 1 dirs total, 0 dirs full, 0 dirs failed
I20260608 09:50:38.930840 18620 tablet_service.cc:1511] Processing CreateTablet for tablet 7a89878f595a4521887c327d03ac0358 (DEFAULT_TABLE table=range_aware_auto_rebalancer_test [id=408e82d22d564975beacbca04b0e4227]), partition=HASH (key) PARTITION 1, RANGE (key) PARTITION 0 <= VALUES < 10
I20260608 09:50:38.932565 18620 data_dirs.cc:400] Could only allocate 1 dirs of requested 3 for tablet 7a89878f595a4521887c327d03ac0358. 1 dirs total, 0 dirs full, 0 dirs failed
I20260608 09:50:38.934867 18619 tablet_service.cc:1511] Processing CreateTablet for tablet c51191e31ed842b78024bb1dec7e6dfb (DEFAULT_TABLE table=range_aware_auto_rebalancer_test [id=408e82d22d564975beacbca04b0e4227]), partition=HASH (key) PARTITION 1, RANGE (key) PARTITION 10 <= VALUES < 20
I20260608 09:50:38.936503 18619 data_dirs.cc:400] Could only allocate 1 dirs of requested 3 for tablet c51191e31ed842b78024bb1dec7e6dfb. 1 dirs total, 0 dirs full, 0 dirs failed
I20260608 09:50:38.938503 18473 tablet_service.cc:1511] Processing CreateTablet for tablet 394ccfebd49d48c09f478d7751d9b209 (DEFAULT_TABLE table=range_aware_auto_rebalancer_test [id=408e82d22d564975beacbca04b0e4227]), partition=HASH (key) PARTITION 0, RANGE (key) PARTITION 0 <= VALUES < 10
I20260608 09:50:38.938822 18622 tablet_service.cc:1511] Processing CreateTablet for tablet 394ccfebd49d48c09f478d7751d9b209 (DEFAULT_TABLE table=range_aware_auto_rebalancer_test [id=408e82d22d564975beacbca04b0e4227]), partition=HASH (key) PARTITION 0, RANGE (key) PARTITION 0 <= VALUES < 10
I20260608 09:50:38.940222 18473 data_dirs.cc:400] Could only allocate 1 dirs of requested 3 for tablet 394ccfebd49d48c09f478d7751d9b209. 1 dirs total, 0 dirs full, 0 dirs failed
I20260608 09:50:38.929193 18621 tablet_service.cc:1511] Processing CreateTablet for tablet 80660bff39d14a0d84e167e60186f166 (DEFAULT_TABLE table=range_aware_auto_rebalancer_test [id=408e82d22d564975beacbca04b0e4227]), partition=HASH (key) PARTITION 0, RANGE (key) PARTITION 10 <= VALUES < 20
I20260608 09:50:38.940222 18622 data_dirs.cc:400] Could only allocate 1 dirs of requested 3 for tablet 394ccfebd49d48c09f478d7751d9b209. 1 dirs total, 0 dirs full, 0 dirs failed
I20260608 09:50:38.945883 18621 data_dirs.cc:400] Could only allocate 1 dirs of requested 3 for tablet 80660bff39d14a0d84e167e60186f166. 1 dirs total, 0 dirs full, 0 dirs failed
I20260608 09:50:38.967528 18472 tablet_service.cc:1511] Processing CreateTablet for tablet 80660bff39d14a0d84e167e60186f166 (DEFAULT_TABLE table=range_aware_auto_rebalancer_test [id=408e82d22d564975beacbca04b0e4227]), partition=HASH (key) PARTITION 0, RANGE (key) PARTITION 10 <= VALUES < 20
I20260608 09:50:38.969224 18472 data_dirs.cc:400] Could only allocate 1 dirs of requested 3 for tablet 80660bff39d14a0d84e167e60186f166. 1 dirs total, 0 dirs full, 0 dirs failed
I20260608 09:50:38.977433 18471 tablet_service.cc:1511] Processing CreateTablet for tablet 7a89878f595a4521887c327d03ac0358 (DEFAULT_TABLE table=range_aware_auto_rebalancer_test [id=408e82d22d564975beacbca04b0e4227]), partition=HASH (key) PARTITION 1, RANGE (key) PARTITION 0 <= VALUES < 10
I20260608 09:50:38.981684 18470 tablet_service.cc:1511] Processing CreateTablet for tablet c51191e31ed842b78024bb1dec7e6dfb (DEFAULT_TABLE table=range_aware_auto_rebalancer_test [id=408e82d22d564975beacbca04b0e4227]), partition=HASH (key) PARTITION 1, RANGE (key) PARTITION 10 <= VALUES < 20
I20260608 09:50:38.979944 18471 data_dirs.cc:400] Could only allocate 1 dirs of requested 3 for tablet 7a89878f595a4521887c327d03ac0358. 1 dirs total, 0 dirs full, 0 dirs failed
I20260608 09:50:38.989969 18470 data_dirs.cc:400] Could only allocate 1 dirs of requested 3 for tablet c51191e31ed842b78024bb1dec7e6dfb. 1 dirs total, 0 dirs full, 0 dirs failed
I20260608 09:50:38.995167 18677 tablet_bootstrap.cc:492] T 394ccfebd49d48c09f478d7751d9b209 P c01b83ad03bf41c48f52f95189b101aa: Bootstrap starting.
I20260608 09:50:38.997437 18678 tablet_bootstrap.cc:492] T 80660bff39d14a0d84e167e60186f166 P b6de519e0add4ec4adcd85e90a5803c7: Bootstrap starting.
I20260608 09:50:39.010401 18678 tablet_bootstrap.cc:654] T 80660bff39d14a0d84e167e60186f166 P b6de519e0add4ec4adcd85e90a5803c7: Neither blocks nor log segments found. Creating new log.
I20260608 09:50:39.015470 18677 tablet_bootstrap.cc:654] T 394ccfebd49d48c09f478d7751d9b209 P c01b83ad03bf41c48f52f95189b101aa: Neither blocks nor log segments found. Creating new log.
I20260608 09:50:39.018894 18679 tablet_bootstrap.cc:492] T 394ccfebd49d48c09f478d7751d9b209 P 5604bf0d1afa424692c145cc985df92e: Bootstrap starting.
I20260608 09:50:39.024358 18677 tablet_bootstrap.cc:492] T 394ccfebd49d48c09f478d7751d9b209 P c01b83ad03bf41c48f52f95189b101aa: No bootstrap required, opened a new log
I20260608 09:50:39.025126 18677 ts_tablet_manager.cc:1403] T 394ccfebd49d48c09f478d7751d9b209 P c01b83ad03bf41c48f52f95189b101aa: Time spent bootstrapping tablet: real 0.031s	user 0.006s	sys 0.007s
I20260608 09:50:39.026041 18679 tablet_bootstrap.cc:654] T 394ccfebd49d48c09f478d7751d9b209 P 5604bf0d1afa424692c145cc985df92e: Neither blocks nor log segments found. Creating new log.
I20260608 09:50:39.028968 18677 raft_consensus.cc:359] T 394ccfebd49d48c09f478d7751d9b209 P c01b83ad03bf41c48f52f95189b101aa [term 0 FOLLOWER]: Replica starting. Triggering 0 pending ops. Active config: opid_index: -1 OBSOLETE_local: false peers { permanent_uuid: "b6de519e0add4ec4adcd85e90a5803c7" member_type: VOTER last_known_addr { host: "127.15.108.67" port: 33371 } } peers { permanent_uuid: "c01b83ad03bf41c48f52f95189b101aa" member_type: VOTER last_known_addr { host: "127.15.108.66" port: 40627 } } peers { permanent_uuid: "5604bf0d1afa424692c145cc985df92e" member_type: VOTER last_known_addr { host: "127.15.108.65" port: 37095 } }
I20260608 09:50:39.029870 18678 tablet_bootstrap.cc:492] T 80660bff39d14a0d84e167e60186f166 P b6de519e0add4ec4adcd85e90a5803c7: No bootstrap required, opened a new log
I20260608 09:50:39.029847 18677 raft_consensus.cc:385] T 394ccfebd49d48c09f478d7751d9b209 P c01b83ad03bf41c48f52f95189b101aa [term 0 FOLLOWER]: Consensus starting up: Expiring failure detector timer to make a prompt election more likely
I20260608 09:50:39.030395 18677 raft_consensus.cc:740] T 394ccfebd49d48c09f478d7751d9b209 P c01b83ad03bf41c48f52f95189b101aa [term 0 FOLLOWER]: Becoming Follower/Learner. State: Replica: c01b83ad03bf41c48f52f95189b101aa, State: Initialized, Role: FOLLOWER
I20260608 09:50:39.030535 18678 ts_tablet_manager.cc:1403] T 80660bff39d14a0d84e167e60186f166 P b6de519e0add4ec4adcd85e90a5803c7: Time spent bootstrapping tablet: real 0.034s	user 0.015s	sys 0.004s
I20260608 09:50:39.031947 18679 tablet_bootstrap.cc:492] T 394ccfebd49d48c09f478d7751d9b209 P 5604bf0d1afa424692c145cc985df92e: No bootstrap required, opened a new log
I20260608 09:50:39.031356 18677 consensus_queue.cc:260] T 394ccfebd49d48c09f478d7751d9b209 P c01b83ad03bf41c48f52f95189b101aa [NON_LEADER]: Queue going to NON_LEADER mode. State: All replicated index: 0, Majority replicated index: 0, Committed index: 0, Last appended: 0.0, Last appended by leader: 0, Current term: 0, Majority size: -1, State: 0, Mode: NON_LEADER, active raft config: opid_index: -1 OBSOLETE_local: false peers { permanent_uuid: "b6de519e0add4ec4adcd85e90a5803c7" member_type: VOTER last_known_addr { host: "127.15.108.67" port: 33371 } } peers { permanent_uuid: "c01b83ad03bf41c48f52f95189b101aa" member_type: VOTER last_known_addr { host: "127.15.108.66" port: 40627 } } peers { permanent_uuid: "5604bf0d1afa424692c145cc985df92e" member_type: VOTER last_known_addr { host: "127.15.108.65" port: 37095 } }
I20260608 09:50:39.032445 18679 ts_tablet_manager.cc:1403] T 394ccfebd49d48c09f478d7751d9b209 P 5604bf0d1afa424692c145cc985df92e: Time spent bootstrapping tablet: real 0.014s	user 0.005s	sys 0.006s
I20260608 09:50:39.033869 18678 raft_consensus.cc:359] T 80660bff39d14a0d84e167e60186f166 P b6de519e0add4ec4adcd85e90a5803c7 [term 0 FOLLOWER]: Replica starting. Triggering 0 pending ops. Active config: opid_index: -1 OBSOLETE_local: false peers { permanent_uuid: "5604bf0d1afa424692c145cc985df92e" member_type: VOTER last_known_addr { host: "127.15.108.65" port: 37095 } } peers { permanent_uuid: "c01b83ad03bf41c48f52f95189b101aa" member_type: VOTER last_known_addr { host: "127.15.108.66" port: 40627 } } peers { permanent_uuid: "b6de519e0add4ec4adcd85e90a5803c7" member_type: VOTER last_known_addr { host: "127.15.108.67" port: 33371 } }
I20260608 09:50:39.034654 18678 raft_consensus.cc:385] T 80660bff39d14a0d84e167e60186f166 P b6de519e0add4ec4adcd85e90a5803c7 [term 0 FOLLOWER]: Consensus starting up: Expiring failure detector timer to make a prompt election more likely
I20260608 09:50:39.034832 18677 ts_tablet_manager.cc:1434] T 394ccfebd49d48c09f478d7751d9b209 P c01b83ad03bf41c48f52f95189b101aa: Time spent starting tablet: real 0.009s	user 0.005s	sys 0.003s
I20260608 09:50:39.034991 18678 raft_consensus.cc:740] T 80660bff39d14a0d84e167e60186f166 P b6de519e0add4ec4adcd85e90a5803c7 [term 0 FOLLOWER]: Becoming Follower/Learner. State: Replica: b6de519e0add4ec4adcd85e90a5803c7, State: Initialized, Role: FOLLOWER
I20260608 09:50:39.036085 18677 tablet_bootstrap.cc:492] T 7a89878f595a4521887c327d03ac0358 P c01b83ad03bf41c48f52f95189b101aa: Bootstrap starting.
I20260608 09:50:39.036136 18679 raft_consensus.cc:359] T 394ccfebd49d48c09f478d7751d9b209 P 5604bf0d1afa424692c145cc985df92e [term 0 FOLLOWER]: Replica starting. Triggering 0 pending ops. Active config: opid_index: -1 OBSOLETE_local: false peers { permanent_uuid: "b6de519e0add4ec4adcd85e90a5803c7" member_type: VOTER last_known_addr { host: "127.15.108.67" port: 33371 } } peers { permanent_uuid: "c01b83ad03bf41c48f52f95189b101aa" member_type: VOTER last_known_addr { host: "127.15.108.66" port: 40627 } } peers { permanent_uuid: "5604bf0d1afa424692c145cc985df92e" member_type: VOTER last_known_addr { host: "127.15.108.65" port: 37095 } }
I20260608 09:50:39.037015 18679 raft_consensus.cc:385] T 394ccfebd49d48c09f478d7751d9b209 P 5604bf0d1afa424692c145cc985df92e [term 0 FOLLOWER]: Consensus starting up: Expiring failure detector timer to make a prompt election more likely
I20260608 09:50:39.036734 18678 consensus_queue.cc:260] T 80660bff39d14a0d84e167e60186f166 P b6de519e0add4ec4adcd85e90a5803c7 [NON_LEADER]: Queue going to NON_LEADER mode. State: All replicated index: 0, Majority replicated index: 0, Committed index: 0, Last appended: 0.0, Last appended by leader: 0, Current term: 0, Majority size: -1, State: 0, Mode: NON_LEADER, active raft config: opid_index: -1 OBSOLETE_local: false peers { permanent_uuid: "5604bf0d1afa424692c145cc985df92e" member_type: VOTER last_known_addr { host: "127.15.108.65" port: 37095 } } peers { permanent_uuid: "c01b83ad03bf41c48f52f95189b101aa" member_type: VOTER last_known_addr { host: "127.15.108.66" port: 40627 } } peers { permanent_uuid: "b6de519e0add4ec4adcd85e90a5803c7" member_type: VOTER last_known_addr { host: "127.15.108.67" port: 33371 } }
I20260608 09:50:39.037338 18679 raft_consensus.cc:740] T 394ccfebd49d48c09f478d7751d9b209 P 5604bf0d1afa424692c145cc985df92e [term 0 FOLLOWER]: Becoming Follower/Learner. State: Replica: 5604bf0d1afa424692c145cc985df92e, State: Initialized, Role: FOLLOWER
I20260608 09:50:39.038353 18679 consensus_queue.cc:260] T 394ccfebd49d48c09f478d7751d9b209 P 5604bf0d1afa424692c145cc985df92e [NON_LEADER]: Queue going to NON_LEADER mode. State: All replicated index: 0, Majority replicated index: 0, Committed index: 0, Last appended: 0.0, Last appended by leader: 0, Current term: 0, Majority size: -1, State: 0, Mode: NON_LEADER, active raft config: opid_index: -1 OBSOLETE_local: false peers { permanent_uuid: "b6de519e0add4ec4adcd85e90a5803c7" member_type: VOTER last_known_addr { host: "127.15.108.67" port: 33371 } } peers { permanent_uuid: "c01b83ad03bf41c48f52f95189b101aa" member_type: VOTER last_known_addr { host: "127.15.108.66" port: 40627 } } peers { permanent_uuid: "5604bf0d1afa424692c145cc985df92e" member_type: VOTER last_known_addr { host: "127.15.108.65" port: 37095 } }
I20260608 09:50:39.047200 18677 tablet_bootstrap.cc:654] T 7a89878f595a4521887c327d03ac0358 P c01b83ad03bf41c48f52f95189b101aa: Neither blocks nor log segments found. Creating new log.
I20260608 09:50:39.047241 18678 ts_tablet_manager.cc:1434] T 80660bff39d14a0d84e167e60186f166 P b6de519e0add4ec4adcd85e90a5803c7: Time spent starting tablet: real 0.016s	user 0.013s	sys 0.000s
I20260608 09:50:39.055590 18677 tablet_bootstrap.cc:492] T 7a89878f595a4521887c327d03ac0358 P c01b83ad03bf41c48f52f95189b101aa: No bootstrap required, opened a new log
I20260608 09:50:39.056545 18677 ts_tablet_manager.cc:1403] T 7a89878f595a4521887c327d03ac0358 P c01b83ad03bf41c48f52f95189b101aa: Time spent bootstrapping tablet: real 0.021s	user 0.018s	sys 0.000s
I20260608 09:50:39.055749 18678 tablet_bootstrap.cc:492] T c51191e31ed842b78024bb1dec7e6dfb P b6de519e0add4ec4adcd85e90a5803c7: Bootstrap starting.
I20260608 09:50:39.060173 18677 raft_consensus.cc:359] T 7a89878f595a4521887c327d03ac0358 P c01b83ad03bf41c48f52f95189b101aa [term 0 FOLLOWER]: Replica starting. Triggering 0 pending ops. Active config: opid_index: -1 OBSOLETE_local: false peers { permanent_uuid: "5604bf0d1afa424692c145cc985df92e" member_type: VOTER last_known_addr { host: "127.15.108.65" port: 37095 } } peers { permanent_uuid: "c01b83ad03bf41c48f52f95189b101aa" member_type: VOTER last_known_addr { host: "127.15.108.66" port: 40627 } } peers { permanent_uuid: "b6de519e0add4ec4adcd85e90a5803c7" member_type: VOTER last_known_addr { host: "127.15.108.67" port: 33371 } }
I20260608 09:50:39.061085 18677 raft_consensus.cc:385] T 7a89878f595a4521887c327d03ac0358 P c01b83ad03bf41c48f52f95189b101aa [term 0 FOLLOWER]: Consensus starting up: Expiring failure detector timer to make a prompt election more likely
I20260608 09:50:39.061445 18677 raft_consensus.cc:740] T 7a89878f595a4521887c327d03ac0358 P c01b83ad03bf41c48f52f95189b101aa [term 0 FOLLOWER]: Becoming Follower/Learner. State: Replica: c01b83ad03bf41c48f52f95189b101aa, State: Initialized, Role: FOLLOWER
I20260608 09:50:39.062762 18679 ts_tablet_manager.cc:1434] T 394ccfebd49d48c09f478d7751d9b209 P 5604bf0d1afa424692c145cc985df92e: Time spent starting tablet: real 0.030s	user 0.009s	sys 0.017s
I20260608 09:50:39.062461 18677 consensus_queue.cc:260] T 7a89878f595a4521887c327d03ac0358 P c01b83ad03bf41c48f52f95189b101aa [NON_LEADER]: Queue going to NON_LEADER mode. State: All replicated index: 0, Majority replicated index: 0, Committed index: 0, Last appended: 0.0, Last appended by leader: 0, Current term: 0, Majority size: -1, State: 0, Mode: NON_LEADER, active raft config: opid_index: -1 OBSOLETE_local: false peers { permanent_uuid: "5604bf0d1afa424692c145cc985df92e" member_type: VOTER last_known_addr { host: "127.15.108.65" port: 37095 } } peers { permanent_uuid: "c01b83ad03bf41c48f52f95189b101aa" member_type: VOTER last_known_addr { host: "127.15.108.66" port: 40627 } } peers { permanent_uuid: "b6de519e0add4ec4adcd85e90a5803c7" member_type: VOTER last_known_addr { host: "127.15.108.67" port: 33371 } }
I20260608 09:50:39.064898 18683 raft_consensus.cc:493] T 7a89878f595a4521887c327d03ac0358 P c01b83ad03bf41c48f52f95189b101aa [term 0 FOLLOWER]: Starting pre-election (no leader contacted us within the election timeout)
I20260608 09:50:39.065026 18677 ts_tablet_manager.cc:1434] T 7a89878f595a4521887c327d03ac0358 P c01b83ad03bf41c48f52f95189b101aa: Time spent starting tablet: real 0.008s	user 0.005s	sys 0.000s
I20260608 09:50:39.065474 18683 raft_consensus.cc:515] T 7a89878f595a4521887c327d03ac0358 P c01b83ad03bf41c48f52f95189b101aa [term 0 FOLLOWER]: Starting pre-election with config: opid_index: -1 OBSOLETE_local: false peers { permanent_uuid: "5604bf0d1afa424692c145cc985df92e" member_type: VOTER last_known_addr { host: "127.15.108.65" port: 37095 } } peers { permanent_uuid: "c01b83ad03bf41c48f52f95189b101aa" member_type: VOTER last_known_addr { host: "127.15.108.66" port: 40627 } } peers { permanent_uuid: "b6de519e0add4ec4adcd85e90a5803c7" member_type: VOTER last_known_addr { host: "127.15.108.67" port: 33371 } }
I20260608 09:50:39.066272 18677 tablet_bootstrap.cc:492] T 80660bff39d14a0d84e167e60186f166 P c01b83ad03bf41c48f52f95189b101aa: Bootstrap starting.
I20260608 09:50:39.067083 18678 tablet_bootstrap.cc:654] T c51191e31ed842b78024bb1dec7e6dfb P b6de519e0add4ec4adcd85e90a5803c7: Neither blocks nor log segments found. Creating new log.
I20260608 09:50:39.068799 18683 leader_election.cc:290] T 7a89878f595a4521887c327d03ac0358 P c01b83ad03bf41c48f52f95189b101aa [CANDIDATE]: Term 1 pre-election: Requested pre-vote from peers 5604bf0d1afa424692c145cc985df92e (127.15.108.65:37095), b6de519e0add4ec4adcd85e90a5803c7 (127.15.108.67:33371)
I20260608 09:50:39.069546 18679 tablet_bootstrap.cc:492] T 80660bff39d14a0d84e167e60186f166 P 5604bf0d1afa424692c145cc985df92e: Bootstrap starting.
I20260608 09:50:39.075037 18677 tablet_bootstrap.cc:654] T 80660bff39d14a0d84e167e60186f166 P c01b83ad03bf41c48f52f95189b101aa: Neither blocks nor log segments found. Creating new log.
I20260608 09:50:39.081306 18679 tablet_bootstrap.cc:654] T 80660bff39d14a0d84e167e60186f166 P 5604bf0d1afa424692c145cc985df92e: Neither blocks nor log segments found. Creating new log.
I20260608 09:50:39.081602 18678 tablet_bootstrap.cc:492] T c51191e31ed842b78024bb1dec7e6dfb P b6de519e0add4ec4adcd85e90a5803c7: No bootstrap required, opened a new log
I20260608 09:50:39.082393 18678 ts_tablet_manager.cc:1403] T c51191e31ed842b78024bb1dec7e6dfb P b6de519e0add4ec4adcd85e90a5803c7: Time spent bootstrapping tablet: real 0.027s	user 0.013s	sys 0.007s
I20260608 09:50:39.087157 18678 raft_consensus.cc:359] T c51191e31ed842b78024bb1dec7e6dfb P b6de519e0add4ec4adcd85e90a5803c7 [term 0 FOLLOWER]: Replica starting. Triggering 0 pending ops. Active config: opid_index: -1 OBSOLETE_local: false peers { permanent_uuid: "5604bf0d1afa424692c145cc985df92e" member_type: VOTER last_known_addr { host: "127.15.108.65" port: 37095 } } peers { permanent_uuid: "c01b83ad03bf41c48f52f95189b101aa" member_type: VOTER last_known_addr { host: "127.15.108.66" port: 40627 } } peers { permanent_uuid: "b6de519e0add4ec4adcd85e90a5803c7" member_type: VOTER last_known_addr { host: "127.15.108.67" port: 33371 } }
I20260608 09:50:39.088260 18678 raft_consensus.cc:385] T c51191e31ed842b78024bb1dec7e6dfb P b6de519e0add4ec4adcd85e90a5803c7 [term 0 FOLLOWER]: Consensus starting up: Expiring failure detector timer to make a prompt election more likely
I20260608 09:50:39.088662 18678 raft_consensus.cc:740] T c51191e31ed842b78024bb1dec7e6dfb P b6de519e0add4ec4adcd85e90a5803c7 [term 0 FOLLOWER]: Becoming Follower/Learner. State: Replica: b6de519e0add4ec4adcd85e90a5803c7, State: Initialized, Role: FOLLOWER
I20260608 09:50:39.089965 18678 consensus_queue.cc:260] T c51191e31ed842b78024bb1dec7e6dfb P b6de519e0add4ec4adcd85e90a5803c7 [NON_LEADER]: Queue going to NON_LEADER mode. State: All replicated index: 0, Majority replicated index: 0, Committed index: 0, Last appended: 0.0, Last appended by leader: 0, Current term: 0, Majority size: -1, State: 0, Mode: NON_LEADER, active raft config: opid_index: -1 OBSOLETE_local: false peers { permanent_uuid: "5604bf0d1afa424692c145cc985df92e" member_type: VOTER last_known_addr { host: "127.15.108.65" port: 37095 } } peers { permanent_uuid: "c01b83ad03bf41c48f52f95189b101aa" member_type: VOTER last_known_addr { host: "127.15.108.66" port: 40627 } } peers { permanent_uuid: "b6de519e0add4ec4adcd85e90a5803c7" member_type: VOTER last_known_addr { host: "127.15.108.67" port: 33371 } }
I20260608 09:50:39.097461 18678 ts_tablet_manager.cc:1434] T c51191e31ed842b78024bb1dec7e6dfb P b6de519e0add4ec4adcd85e90a5803c7: Time spent starting tablet: real 0.015s	user 0.004s	sys 0.005s
I20260608 09:50:39.099098 18678 tablet_bootstrap.cc:492] T 394ccfebd49d48c09f478d7751d9b209 P b6de519e0add4ec4adcd85e90a5803c7: Bootstrap starting.
I20260608 09:50:39.101298 18684 raft_consensus.cc:493] T c51191e31ed842b78024bb1dec7e6dfb P b6de519e0add4ec4adcd85e90a5803c7 [term 0 FOLLOWER]: Starting pre-election (no leader contacted us within the election timeout)
I20260608 09:50:39.102154 18684 raft_consensus.cc:515] T c51191e31ed842b78024bb1dec7e6dfb P b6de519e0add4ec4adcd85e90a5803c7 [term 0 FOLLOWER]: Starting pre-election with config: opid_index: -1 OBSOLETE_local: false peers { permanent_uuid: "5604bf0d1afa424692c145cc985df92e" member_type: VOTER last_known_addr { host: "127.15.108.65" port: 37095 } } peers { permanent_uuid: "c01b83ad03bf41c48f52f95189b101aa" member_type: VOTER last_known_addr { host: "127.15.108.66" port: 40627 } } peers { permanent_uuid: "b6de519e0add4ec4adcd85e90a5803c7" member_type: VOTER last_known_addr { host: "127.15.108.67" port: 33371 } }
I20260608 09:50:39.108141 18684 leader_election.cc:290] T c51191e31ed842b78024bb1dec7e6dfb P b6de519e0add4ec4adcd85e90a5803c7 [CANDIDATE]: Term 1 pre-election: Requested pre-vote from peers 5604bf0d1afa424692c145cc985df92e (127.15.108.65:37095), c01b83ad03bf41c48f52f95189b101aa (127.15.108.66:40627)
I20260608 09:50:39.122154 18678 tablet_bootstrap.cc:654] T 394ccfebd49d48c09f478d7751d9b209 P b6de519e0add4ec4adcd85e90a5803c7: Neither blocks nor log segments found. Creating new log.
W20260608 09:50:39.140702 18584 tablet.cc:2404] T 394ccfebd49d48c09f478d7751d9b209 P c01b83ad03bf41c48f52f95189b101aa: Can't schedule compaction. Clean time has not been advanced past its initial value.
I20260608 09:50:39.155797 18677 tablet_bootstrap.cc:492] T 80660bff39d14a0d84e167e60186f166 P c01b83ad03bf41c48f52f95189b101aa: No bootstrap required, opened a new log
I20260608 09:50:39.156481 18677 ts_tablet_manager.cc:1403] T 80660bff39d14a0d84e167e60186f166 P c01b83ad03bf41c48f52f95189b101aa: Time spent bootstrapping tablet: real 0.090s	user 0.036s	sys 0.049s
I20260608 09:50:39.157963 18483 tablet_service.cc:1917] Received RequestConsensusVote() RPC: tablet_id: "7a89878f595a4521887c327d03ac0358" candidate_uuid: "c01b83ad03bf41c48f52f95189b101aa" candidate_term: 1 candidate_status { last_received { term: 0 index: 0 } } ignore_live_leader: false dest_uuid: "5604bf0d1afa424692c145cc985df92e" is_pre_election: true
W20260608 09:50:39.161383 18521 leader_election.cc:343] T 7a89878f595a4521887c327d03ac0358 P c01b83ad03bf41c48f52f95189b101aa [CANDIDATE]: Term 1 pre-election: Tablet error from VoteRequest() call to peer 5604bf0d1afa424692c145cc985df92e (127.15.108.65:37095): Illegal state: must be running to vote when last-logged opid is not known
I20260608 09:50:39.165230 18678 tablet_bootstrap.cc:492] T 394ccfebd49d48c09f478d7751d9b209 P b6de519e0add4ec4adcd85e90a5803c7: No bootstrap required, opened a new log
I20260608 09:50:39.165870 18678 ts_tablet_manager.cc:1403] T 394ccfebd49d48c09f478d7751d9b209 P b6de519e0add4ec4adcd85e90a5803c7: Time spent bootstrapping tablet: real 0.067s	user 0.020s	sys 0.001s
I20260608 09:50:39.171032 18677 raft_consensus.cc:359] T 80660bff39d14a0d84e167e60186f166 P c01b83ad03bf41c48f52f95189b101aa [term 0 FOLLOWER]: Replica starting. Triggering 0 pending ops. Active config: opid_index: -1 OBSOLETE_local: false peers { permanent_uuid: "5604bf0d1afa424692c145cc985df92e" member_type: VOTER last_known_addr { host: "127.15.108.65" port: 37095 } } peers { permanent_uuid: "c01b83ad03bf41c48f52f95189b101aa" member_type: VOTER last_known_addr { host: "127.15.108.66" port: 40627 } } peers { permanent_uuid: "b6de519e0add4ec4adcd85e90a5803c7" member_type: VOTER last_known_addr { host: "127.15.108.67" port: 33371 } }
I20260608 09:50:39.172055 18677 raft_consensus.cc:385] T 80660bff39d14a0d84e167e60186f166 P c01b83ad03bf41c48f52f95189b101aa [term 0 FOLLOWER]: Consensus starting up: Expiring failure detector timer to make a prompt election more likely
I20260608 09:50:39.172549 18677 raft_consensus.cc:740] T 80660bff39d14a0d84e167e60186f166 P c01b83ad03bf41c48f52f95189b101aa [term 0 FOLLOWER]: Becoming Follower/Learner. State: Replica: c01b83ad03bf41c48f52f95189b101aa, State: Initialized, Role: FOLLOWER
I20260608 09:50:39.174005 18677 consensus_queue.cc:260] T 80660bff39d14a0d84e167e60186f166 P c01b83ad03bf41c48f52f95189b101aa [NON_LEADER]: Queue going to NON_LEADER mode. State: All replicated index: 0, Majority replicated index: 0, Committed index: 0, Last appended: 0.0, Last appended by leader: 0, Current term: 0, Majority size: -1, State: 0, Mode: NON_LEADER, active raft config: opid_index: -1 OBSOLETE_local: false peers { permanent_uuid: "5604bf0d1afa424692c145cc985df92e" member_type: VOTER last_known_addr { host: "127.15.108.65" port: 37095 } } peers { permanent_uuid: "c01b83ad03bf41c48f52f95189b101aa" member_type: VOTER last_known_addr { host: "127.15.108.66" port: 40627 } } peers { permanent_uuid: "b6de519e0add4ec4adcd85e90a5803c7" member_type: VOTER last_known_addr { host: "127.15.108.67" port: 33371 } }
I20260608 09:50:39.174618 18678 raft_consensus.cc:359] T 394ccfebd49d48c09f478d7751d9b209 P b6de519e0add4ec4adcd85e90a5803c7 [term 0 FOLLOWER]: Replica starting. Triggering 0 pending ops. Active config: opid_index: -1 OBSOLETE_local: false peers { permanent_uuid: "b6de519e0add4ec4adcd85e90a5803c7" member_type: VOTER last_known_addr { host: "127.15.108.67" port: 33371 } } peers { permanent_uuid: "c01b83ad03bf41c48f52f95189b101aa" member_type: VOTER last_known_addr { host: "127.15.108.66" port: 40627 } } peers { permanent_uuid: "5604bf0d1afa424692c145cc985df92e" member_type: VOTER last_known_addr { host: "127.15.108.65" port: 37095 } }
I20260608 09:50:39.175523 18678 raft_consensus.cc:385] T 394ccfebd49d48c09f478d7751d9b209 P b6de519e0add4ec4adcd85e90a5803c7 [term 0 FOLLOWER]: Consensus starting up: Expiring failure detector timer to make a prompt election more likely
I20260608 09:50:39.175884 18678 raft_consensus.cc:740] T 394ccfebd49d48c09f478d7751d9b209 P b6de519e0add4ec4adcd85e90a5803c7 [term 0 FOLLOWER]: Becoming Follower/Learner. State: Replica: b6de519e0add4ec4adcd85e90a5803c7, State: Initialized, Role: FOLLOWER
I20260608 09:50:39.175885 18632 tablet_service.cc:1917] Received RequestConsensusVote() RPC: tablet_id: "7a89878f595a4521887c327d03ac0358" candidate_uuid: "c01b83ad03bf41c48f52f95189b101aa" candidate_term: 1 candidate_status { last_received { term: 0 index: 0 } } ignore_live_leader: false dest_uuid: "b6de519e0add4ec4adcd85e90a5803c7" is_pre_election: true
I20260608 09:50:39.177060 18678 consensus_queue.cc:260] T 394ccfebd49d48c09f478d7751d9b209 P b6de519e0add4ec4adcd85e90a5803c7 [NON_LEADER]: Queue going to NON_LEADER mode. State: All replicated index: 0, Majority replicated index: 0, Committed index: 0, Last appended: 0.0, Last appended by leader: 0, Current term: 0, Majority size: -1, State: 0, Mode: NON_LEADER, active raft config: opid_index: -1 OBSOLETE_local: false peers { permanent_uuid: "b6de519e0add4ec4adcd85e90a5803c7" member_type: VOTER last_known_addr { host: "127.15.108.67" port: 33371 } } peers { permanent_uuid: "c01b83ad03bf41c48f52f95189b101aa" member_type: VOTER last_known_addr { host: "127.15.108.66" port: 40627 } } peers { permanent_uuid: "5604bf0d1afa424692c145cc985df92e" member_type: VOTER last_known_addr { host: "127.15.108.65" port: 37095 } }
I20260608 09:50:39.177955 18679 tablet_bootstrap.cc:492] T 80660bff39d14a0d84e167e60186f166 P 5604bf0d1afa424692c145cc985df92e: No bootstrap required, opened a new log
I20260608 09:50:39.178552 18679 ts_tablet_manager.cc:1403] T 80660bff39d14a0d84e167e60186f166 P 5604bf0d1afa424692c145cc985df92e: Time spent bootstrapping tablet: real 0.114s	user 0.034s	sys 0.048s
I20260608 09:50:39.179523 18678 ts_tablet_manager.cc:1434] T 394ccfebd49d48c09f478d7751d9b209 P b6de519e0add4ec4adcd85e90a5803c7: Time spent starting tablet: real 0.013s	user 0.007s	sys 0.000s
I20260608 09:50:39.179443 18483 tablet_service.cc:1917] Received RequestConsensusVote() RPC: tablet_id: "c51191e31ed842b78024bb1dec7e6dfb" candidate_uuid: "b6de519e0add4ec4adcd85e90a5803c7" candidate_term: 1 candidate_status { last_received { term: 0 index: 0 } } ignore_live_leader: false dest_uuid: "5604bf0d1afa424692c145cc985df92e" is_pre_election: true
W20260608 09:50:39.179584 18521 leader_election.cc:343] T 7a89878f595a4521887c327d03ac0358 P c01b83ad03bf41c48f52f95189b101aa [CANDIDATE]: Term 1 pre-election: Tablet error from VoteRequest() call to peer b6de519e0add4ec4adcd85e90a5803c7 (127.15.108.67:33371): Illegal state: must be running to vote when last-logged opid is not known
I20260608 09:50:39.180289 18521 leader_election.cc:304] T 7a89878f595a4521887c327d03ac0358 P c01b83ad03bf41c48f52f95189b101aa [CANDIDATE]: Term 1 pre-election: Election decided. Result: candidate lost. Election summary: received 3 responses out of 3 voters: 1 yes votes; 2 no votes. yes voters: c01b83ad03bf41c48f52f95189b101aa; no voters: 5604bf0d1afa424692c145cc985df92e, b6de519e0add4ec4adcd85e90a5803c7
I20260608 09:50:39.181237 18683 raft_consensus.cc:2749] T 7a89878f595a4521887c327d03ac0358 P c01b83ad03bf41c48f52f95189b101aa [term 0 FOLLOWER]: Leader pre-election lost for term 1. Reason: could not achieve majority
W20260608 09:50:39.183168 18595 leader_election.cc:343] T c51191e31ed842b78024bb1dec7e6dfb P b6de519e0add4ec4adcd85e90a5803c7 [CANDIDATE]: Term 1 pre-election: Tablet error from VoteRequest() call to peer 5604bf0d1afa424692c145cc985df92e (127.15.108.65:37095): Illegal state: must be running to vote when last-logged opid is not known
I20260608 09:50:39.184321 18679 raft_consensus.cc:359] T 80660bff39d14a0d84e167e60186f166 P 5604bf0d1afa424692c145cc985df92e [term 0 FOLLOWER]: Replica starting. Triggering 0 pending ops. Active config: opid_index: -1 OBSOLETE_local: false peers { permanent_uuid: "5604bf0d1afa424692c145cc985df92e" member_type: VOTER last_known_addr { host: "127.15.108.65" port: 37095 } } peers { permanent_uuid: "c01b83ad03bf41c48f52f95189b101aa" member_type: VOTER last_known_addr { host: "127.15.108.66" port: 40627 } } peers { permanent_uuid: "b6de519e0add4ec4adcd85e90a5803c7" member_type: VOTER last_known_addr { host: "127.15.108.67" port: 33371 } }
I20260608 09:50:39.185137 18679 raft_consensus.cc:385] T 80660bff39d14a0d84e167e60186f166 P 5604bf0d1afa424692c145cc985df92e [term 0 FOLLOWER]: Consensus starting up: Expiring failure detector timer to make a prompt election more likely
I20260608 09:50:39.185614 18679 raft_consensus.cc:740] T 80660bff39d14a0d84e167e60186f166 P 5604bf0d1afa424692c145cc985df92e [term 0 FOLLOWER]: Becoming Follower/Learner. State: Replica: 5604bf0d1afa424692c145cc985df92e, State: Initialized, Role: FOLLOWER
I20260608 09:50:39.185204 18677 ts_tablet_manager.cc:1434] T 80660bff39d14a0d84e167e60186f166 P c01b83ad03bf41c48f52f95189b101aa: Time spent starting tablet: real 0.026s	user 0.007s	sys 0.001s
I20260608 09:50:39.186547 18679 consensus_queue.cc:260] T 80660bff39d14a0d84e167e60186f166 P 5604bf0d1afa424692c145cc985df92e [NON_LEADER]: Queue going to NON_LEADER mode. State: All replicated index: 0, Majority replicated index: 0, Committed index: 0, Last appended: 0.0, Last appended by leader: 0, Current term: 0, Majority size: -1, State: 0, Mode: NON_LEADER, active raft config: opid_index: -1 OBSOLETE_local: false peers { permanent_uuid: "5604bf0d1afa424692c145cc985df92e" member_type: VOTER last_known_addr { host: "127.15.108.65" port: 37095 } } peers { permanent_uuid: "c01b83ad03bf41c48f52f95189b101aa" member_type: VOTER last_known_addr { host: "127.15.108.66" port: 40627 } } peers { permanent_uuid: "b6de519e0add4ec4adcd85e90a5803c7" member_type: VOTER last_known_addr { host: "127.15.108.67" port: 33371 } }
I20260608 09:50:39.188342 18677 tablet_bootstrap.cc:492] T c51191e31ed842b78024bb1dec7e6dfb P c01b83ad03bf41c48f52f95189b101aa: Bootstrap starting.
I20260608 09:50:39.190544 18678 tablet_bootstrap.cc:492] T 7a89878f595a4521887c327d03ac0358 P b6de519e0add4ec4adcd85e90a5803c7: Bootstrap starting.
I20260608 09:50:39.191515 18558 tablet_service.cc:1917] Received RequestConsensusVote() RPC: tablet_id: "c51191e31ed842b78024bb1dec7e6dfb" candidate_uuid: "b6de519e0add4ec4adcd85e90a5803c7" candidate_term: 1 candidate_status { last_received { term: 0 index: 0 } } ignore_live_leader: false dest_uuid: "c01b83ad03bf41c48f52f95189b101aa" is_pre_election: true
W20260608 09:50:39.193796 18595 leader_election.cc:343] T c51191e31ed842b78024bb1dec7e6dfb P b6de519e0add4ec4adcd85e90a5803c7 [CANDIDATE]: Term 1 pre-election: Tablet error from VoteRequest() call to peer c01b83ad03bf41c48f52f95189b101aa (127.15.108.66:40627): Illegal state: must be running to vote when last-logged opid is not known
I20260608 09:50:39.194396 18595 leader_election.cc:304] T c51191e31ed842b78024bb1dec7e6dfb P b6de519e0add4ec4adcd85e90a5803c7 [CANDIDATE]: Term 1 pre-election: Election decided. Result: candidate lost. Election summary: received 3 responses out of 3 voters: 1 yes votes; 2 no votes. yes voters: b6de519e0add4ec4adcd85e90a5803c7; no voters: 5604bf0d1afa424692c145cc985df92e, c01b83ad03bf41c48f52f95189b101aa
I20260608 09:50:39.195395 18684 raft_consensus.cc:2749] T c51191e31ed842b78024bb1dec7e6dfb P b6de519e0add4ec4adcd85e90a5803c7 [term 0 FOLLOWER]: Leader pre-election lost for term 1. Reason: could not achieve majority
I20260608 09:50:39.195675 18679 ts_tablet_manager.cc:1434] T 80660bff39d14a0d84e167e60186f166 P 5604bf0d1afa424692c145cc985df92e: Time spent starting tablet: real 0.017s	user 0.007s	sys 0.000s
I20260608 09:50:39.196660 18677 tablet_bootstrap.cc:654] T c51191e31ed842b78024bb1dec7e6dfb P c01b83ad03bf41c48f52f95189b101aa: Neither blocks nor log segments found. Creating new log.
I20260608 09:50:39.197990 18679 tablet_bootstrap.cc:492] T 7a89878f595a4521887c327d03ac0358 P 5604bf0d1afa424692c145cc985df92e: Bootstrap starting.
I20260608 09:50:39.205665 18678 tablet_bootstrap.cc:654] T 7a89878f595a4521887c327d03ac0358 P b6de519e0add4ec4adcd85e90a5803c7: Neither blocks nor log segments found. Creating new log.
I20260608 09:50:39.208855 18679 tablet_bootstrap.cc:654] T 7a89878f595a4521887c327d03ac0358 P 5604bf0d1afa424692c145cc985df92e: Neither blocks nor log segments found. Creating new log.
