I20260608 09:50:30.326489 15521 raft_consensus.cc:385] T 7030d08f93ef4440b2327713aa435d43 P befcaef18d3648fea8b9c44bc709bdf4 [term 0 FOLLOWER]: Consensus starting up: Expiring failure detector timer to make a prompt election more likely
I20260608 09:50:30.330224 15531 raft_consensus.cc:2749] T 4a5fafb08a5241aca5804c6a40f0ce4f P befcaef18d3648fea8b9c44bc709bdf4 [term 1 FOLLOWER]: Leader pre-election lost for term 1. Reason: could not achieve majority
I20260608 09:50:30.342506 15521 raft_consensus.cc:740] T 7030d08f93ef4440b2327713aa435d43 P befcaef18d3648fea8b9c44bc709bdf4 [term 0 FOLLOWER]: Becoming Follower/Learner. State: Replica: befcaef18d3648fea8b9c44bc709bdf4, State: Initialized, Role: FOLLOWER
I20260608 09:50:30.328215 15523 ts_tablet_manager.cc:1434] T 25f16e68e2cd4967a1ef79bf0c051c91 P 4cfb7dcb733c45148ef7da6585083add: Time spent starting tablet: real 0.012s	user 0.006s	sys 0.000s
I20260608 09:50:30.343698 15521 consensus_queue.cc:260] T 7030d08f93ef4440b2327713aa435d43 P befcaef18d3648fea8b9c44bc709bdf4 [NON_LEADER]: Queue going to NON_LEADER mode. State: All replicated index: 0, Majority replicated index: 0, Committed index: 0, Last appended: 0.0, Last appended by leader: 0, Current term: 0, Majority size: -1, State: 0, Mode: NON_LEADER, active raft config: opid_index: -1 OBSOLETE_local: false peers { permanent_uuid: "befcaef18d3648fea8b9c44bc709bdf4" member_type: VOTER last_known_addr { host: "127.11.234.68" port: 36683 } } peers { permanent_uuid: "15db53a219d1459cbc8006c4b4cd6b62" member_type: VOTER last_known_addr { host: "127.11.234.67" port: 35639 } } peers { permanent_uuid: "4cfb7dcb733c45148ef7da6585083add" member_type: VOTER last_known_addr { host: "127.11.234.65" port: 38333 } }
I20260608 09:50:30.350071 15521 ts_tablet_manager.cc:1434] T 7030d08f93ef4440b2327713aa435d43 P befcaef18d3648fea8b9c44bc709bdf4: Time spent starting tablet: real 0.029s	user 0.010s	sys 0.000s
I20260608 09:50:30.351153 15521 tablet_bootstrap.cc:492] T fa8a53da2bc54147a2e9953d4a6cc597 P befcaef18d3648fea8b9c44bc709bdf4: Bootstrap starting.
W20260608 09:50:30.355017 15057 catalog_manager.cc:4809] Async tablet task AlterTable RPC for tablet 48aa56ee9de44bb8ac4dcbc850d0b3c3 (table range_aware_rebalance_new_range [id=73fd04aa0c3e4c8eafea795543f5161b], current schema version=0) failed: Not found: failed to reset TS proxy: No leader found: Tablet 48aa56ee9de44bb8ac4dcbc850d0b3c3 consensus state has no leader
I20260608 09:50:30.358441 15521 tablet_bootstrap.cc:654] T fa8a53da2bc54147a2e9953d4a6cc597 P befcaef18d3648fea8b9c44bc709bdf4: Neither blocks nor log segments found. Creating new log.
I20260608 09:50:30.376405 15521 tablet_bootstrap.cc:492] T fa8a53da2bc54147a2e9953d4a6cc597 P befcaef18d3648fea8b9c44bc709bdf4: No bootstrap required, opened a new log
I20260608 09:50:30.376863 15521 ts_tablet_manager.cc:1403] T fa8a53da2bc54147a2e9953d4a6cc597 P befcaef18d3648fea8b9c44bc709bdf4: Time spent bootstrapping tablet: real 0.026s	user 0.006s	sys 0.011s
I20260608 09:50:30.379165 15521 raft_consensus.cc:359] T fa8a53da2bc54147a2e9953d4a6cc597 P befcaef18d3648fea8b9c44bc709bdf4 [term 0 FOLLOWER]: Replica starting. Triggering 0 pending ops. Active config: opid_index: -1 OBSOLETE_local: false peers { permanent_uuid: "496e311fad614fd3a200644bfc0c0505" member_type: VOTER last_known_addr { host: "127.11.234.66" port: 40925 } } peers { permanent_uuid: "befcaef18d3648fea8b9c44bc709bdf4" member_type: VOTER last_known_addr { host: "127.11.234.68" port: 36683 } } peers { permanent_uuid: "15db53a219d1459cbc8006c4b4cd6b62" member_type: VOTER last_known_addr { host: "127.11.234.67" port: 35639 } }
I20260608 09:50:30.379711 15521 raft_consensus.cc:385] T fa8a53da2bc54147a2e9953d4a6cc597 P befcaef18d3648fea8b9c44bc709bdf4 [term 0 FOLLOWER]: Consensus starting up: Expiring failure detector timer to make a prompt election more likely
I20260608 09:50:30.379959 15521 raft_consensus.cc:740] T fa8a53da2bc54147a2e9953d4a6cc597 P befcaef18d3648fea8b9c44bc709bdf4 [term 0 FOLLOWER]: Becoming Follower/Learner. State: Replica: befcaef18d3648fea8b9c44bc709bdf4, State: Initialized, Role: FOLLOWER
I20260608 09:50:30.380692 15521 consensus_queue.cc:260] T fa8a53da2bc54147a2e9953d4a6cc597 P befcaef18d3648fea8b9c44bc709bdf4 [NON_LEADER]: Queue going to NON_LEADER mode. State: All replicated index: 0, Majority replicated index: 0, Committed index: 0, Last appended: 0.0, Last appended by leader: 0, Current term: 0, Majority size: -1, State: 0, Mode: NON_LEADER, active raft config: opid_index: -1 OBSOLETE_local: false peers { permanent_uuid: "496e311fad614fd3a200644bfc0c0505" member_type: VOTER last_known_addr { host: "127.11.234.66" port: 40925 } } peers { permanent_uuid: "befcaef18d3648fea8b9c44bc709bdf4" member_type: VOTER last_known_addr { host: "127.11.234.68" port: 36683 } } peers { permanent_uuid: "15db53a219d1459cbc8006c4b4cd6b62" member_type: VOTER last_known_addr { host: "127.11.234.67" port: 35639 } }
I20260608 09:50:30.382448 15521 ts_tablet_manager.cc:1434] T fa8a53da2bc54147a2e9953d4a6cc597 P befcaef18d3648fea8b9c44bc709bdf4: Time spent starting tablet: real 0.005s	user 0.003s	sys 0.000s
I20260608 09:50:30.383306 15521 tablet_bootstrap.cc:492] T 48aa56ee9de44bb8ac4dcbc850d0b3c3 P befcaef18d3648fea8b9c44bc709bdf4: Bootstrap starting.
I20260608 09:50:30.389338 15521 tablet_bootstrap.cc:654] T 48aa56ee9de44bb8ac4dcbc850d0b3c3 P befcaef18d3648fea8b9c44bc709bdf4: Neither blocks nor log segments found. Creating new log.
I20260608 09:50:30.393564 15521 tablet_bootstrap.cc:492] T 48aa56ee9de44bb8ac4dcbc850d0b3c3 P befcaef18d3648fea8b9c44bc709bdf4: No bootstrap required, opened a new log
I20260608 09:50:30.394063 15521 ts_tablet_manager.cc:1403] T 48aa56ee9de44bb8ac4dcbc850d0b3c3 P befcaef18d3648fea8b9c44bc709bdf4: Time spent bootstrapping tablet: real 0.011s	user 0.005s	sys 0.004s
I20260608 09:50:30.396301 15521 raft_consensus.cc:359] T 48aa56ee9de44bb8ac4dcbc850d0b3c3 P befcaef18d3648fea8b9c44bc709bdf4 [term 0 FOLLOWER]: Replica starting. Triggering 0 pending ops. Active config: opid_index: -1 OBSOLETE_local: false peers { permanent_uuid: "4cfb7dcb733c45148ef7da6585083add" member_type: VOTER last_known_addr { host: "127.11.234.65" port: 38333 } } peers { permanent_uuid: "befcaef18d3648fea8b9c44bc709bdf4" member_type: VOTER last_known_addr { host: "127.11.234.68" port: 36683 } } peers { permanent_uuid: "15db53a219d1459cbc8006c4b4cd6b62" member_type: VOTER last_known_addr { host: "127.11.234.67" port: 35639 } }
I20260608 09:50:30.396828 15521 raft_consensus.cc:385] T 48aa56ee9de44bb8ac4dcbc850d0b3c3 P befcaef18d3648fea8b9c44bc709bdf4 [term 0 FOLLOWER]: Consensus starting up: Expiring failure detector timer to make a prompt election more likely
I20260608 09:50:30.397090 15521 raft_consensus.cc:740] T 48aa56ee9de44bb8ac4dcbc850d0b3c3 P befcaef18d3648fea8b9c44bc709bdf4 [term 0 FOLLOWER]: Becoming Follower/Learner. State: Replica: befcaef18d3648fea8b9c44bc709bdf4, State: Initialized, Role: FOLLOWER
I20260608 09:50:30.397707 15521 consensus_queue.cc:260] T 48aa56ee9de44bb8ac4dcbc850d0b3c3 P befcaef18d3648fea8b9c44bc709bdf4 [NON_LEADER]: Queue going to NON_LEADER mode. State: All replicated index: 0, Majority replicated index: 0, Committed index: 0, Last appended: 0.0, Last appended by leader: 0, Current term: 0, Majority size: -1, State: 0, Mode: NON_LEADER, active raft config: opid_index: -1 OBSOLETE_local: false peers { permanent_uuid: "4cfb7dcb733c45148ef7da6585083add" member_type: VOTER last_known_addr { host: "127.11.234.65" port: 38333 } } peers { permanent_uuid: "befcaef18d3648fea8b9c44bc709bdf4" member_type: VOTER last_known_addr { host: "127.11.234.68" port: 36683 } } peers { permanent_uuid: "15db53a219d1459cbc8006c4b4cd6b62" member_type: VOTER last_known_addr { host: "127.11.234.67" port: 35639 } }
I20260608 09:50:30.399442 15521 ts_tablet_manager.cc:1434] T 48aa56ee9de44bb8ac4dcbc850d0b3c3 P befcaef18d3648fea8b9c44bc709bdf4: Time spent starting tablet: real 0.005s	user 0.003s	sys 0.003s
I20260608 09:50:30.400437 15521 tablet_bootstrap.cc:492] T 25f16e68e2cd4967a1ef79bf0c051c91 P befcaef18d3648fea8b9c44bc709bdf4: Bootstrap starting.
I20260608 09:50:30.405830 15521 tablet_bootstrap.cc:654] T 25f16e68e2cd4967a1ef79bf0c051c91 P befcaef18d3648fea8b9c44bc709bdf4: Neither blocks nor log segments found. Creating new log.
I20260608 09:50:30.409953 15521 tablet_bootstrap.cc:492] T 25f16e68e2cd4967a1ef79bf0c051c91 P befcaef18d3648fea8b9c44bc709bdf4: No bootstrap required, opened a new log
I20260608 09:50:30.410423 15521 ts_tablet_manager.cc:1403] T 25f16e68e2cd4967a1ef79bf0c051c91 P befcaef18d3648fea8b9c44bc709bdf4: Time spent bootstrapping tablet: real 0.010s	user 0.004s	sys 0.004s
I20260608 09:50:30.412282 15403 consensus_queue.cc:1048] T 4a5fafb08a5241aca5804c6a40f0ce4f P 15db53a219d1459cbc8006c4b4cd6b62 [LEADER]: Connected to new peer: Peer: permanent_uuid: "befcaef18d3648fea8b9c44bc709bdf4" member_type: VOTER last_known_addr { host: "127.11.234.68" port: 36683 }, Status: LMP_MISMATCH, Last received: 0.0, Next index: 1, Last known committed idx: 0, Time since last communication: 0.000s
I20260608 09:50:30.412792 15521 raft_consensus.cc:359] T 25f16e68e2cd4967a1ef79bf0c051c91 P befcaef18d3648fea8b9c44bc709bdf4 [term 0 FOLLOWER]: Replica starting. Triggering 0 pending ops. Active config: opid_index: -1 OBSOLETE_local: false peers { permanent_uuid: "496e311fad614fd3a200644bfc0c0505" member_type: VOTER last_known_addr { host: "127.11.234.66" port: 40925 } } peers { permanent_uuid: "befcaef18d3648fea8b9c44bc709bdf4" member_type: VOTER last_known_addr { host: "127.11.234.68" port: 36683 } } peers { permanent_uuid: "4cfb7dcb733c45148ef7da6585083add" member_type: VOTER last_known_addr { host: "127.11.234.65" port: 38333 } }
I20260608 09:50:30.413323 15521 raft_consensus.cc:385] T 25f16e68e2cd4967a1ef79bf0c051c91 P befcaef18d3648fea8b9c44bc709bdf4 [term 0 FOLLOWER]: Consensus starting up: Expiring failure detector timer to make a prompt election more likely
I20260608 09:50:30.413595 15521 raft_consensus.cc:740] T 25f16e68e2cd4967a1ef79bf0c051c91 P befcaef18d3648fea8b9c44bc709bdf4 [term 0 FOLLOWER]: Becoming Follower/Learner. State: Replica: befcaef18d3648fea8b9c44bc709bdf4, State: Initialized, Role: FOLLOWER
I20260608 09:50:30.414306 15521 consensus_queue.cc:260] T 25f16e68e2cd4967a1ef79bf0c051c91 P befcaef18d3648fea8b9c44bc709bdf4 [NON_LEADER]: Queue going to NON_LEADER mode. State: All replicated index: 0, Majority replicated index: 0, Committed index: 0, Last appended: 0.0, Last appended by leader: 0, Current term: 0, Majority size: -1, State: 0, Mode: NON_LEADER, active raft config: opid_index: -1 OBSOLETE_local: false peers { permanent_uuid: "496e311fad614fd3a200644bfc0c0505" member_type: VOTER last_known_addr { host: "127.11.234.66" port: 40925 } } peers { permanent_uuid: "befcaef18d3648fea8b9c44bc709bdf4" member_type: VOTER last_known_addr { host: "127.11.234.68" port: 36683 } } peers { permanent_uuid: "4cfb7dcb733c45148ef7da6585083add" member_type: VOTER last_known_addr { host: "127.11.234.65" port: 38333 } }
I20260608 09:50:30.416725 15521 ts_tablet_manager.cc:1434] T 25f16e68e2cd4967a1ef79bf0c051c91 P befcaef18d3648fea8b9c44bc709bdf4: Time spent starting tablet: real 0.006s	user 0.005s	sys 0.000s
I20260608 09:50:30.428871 15380 consensus_queue.cc:1048] T 4a5fafb08a5241aca5804c6a40f0ce4f P 15db53a219d1459cbc8006c4b4cd6b62 [LEADER]: Connected to new peer: Peer: permanent_uuid: "496e311fad614fd3a200644bfc0c0505" member_type: VOTER last_known_addr { host: "127.11.234.66" port: 40925 }, Status: LMP_MISMATCH, Last received: 0.0, Next index: 1, Last known committed idx: 0, Time since last communication: 0.000s
I20260608 09:50:30.564131 15486 raft_consensus.cc:3060] T 7030d08f93ef4440b2327713aa435d43 P befcaef18d3648fea8b9c44bc709bdf4 [term 0 FOLLOWER]: Advancing to term 1
I20260608 09:50:30.569972 15485 raft_consensus.cc:3060] T fa8a53da2bc54147a2e9953d4a6cc597 P befcaef18d3648fea8b9c44bc709bdf4 [term 0 FOLLOWER]: Advancing to term 1
I20260608 09:50:30.571202 15577 consensus_queue.cc:1048] T 7030d08f93ef4440b2327713aa435d43 P 15db53a219d1459cbc8006c4b4cd6b62 [LEADER]: Connected to new peer: Peer: permanent_uuid: "befcaef18d3648fea8b9c44bc709bdf4" member_type: VOTER last_known_addr { host: "127.11.234.68" port: 36683 }, Status: LMP_MISMATCH, Last received: 0.0, Next index: 1, Last known committed idx: 0, Time since last communication: 0.000s
I20260608 09:50:30.577746 15396 consensus_queue.cc:1048] T fa8a53da2bc54147a2e9953d4a6cc597 P 496e311fad614fd3a200644bfc0c0505 [LEADER]: Connected to new peer: Peer: permanent_uuid: "befcaef18d3648fea8b9c44bc709bdf4" member_type: VOTER last_known_addr { host: "127.11.234.68" port: 36683 }, Status: LMP_MISMATCH, Last received: 0.0, Next index: 1, Last known committed idx: 0, Time since last communication: 0.000s
I20260608 09:50:30.581151 15396 raft_consensus.cc:493] T 25f16e68e2cd4967a1ef79bf0c051c91 P 496e311fad614fd3a200644bfc0c0505 [term 0 FOLLOWER]: Starting pre-election (no leader contacted us within the election timeout)
I20260608 09:50:30.581712 15396 raft_consensus.cc:515] T 25f16e68e2cd4967a1ef79bf0c051c91 P 496e311fad614fd3a200644bfc0c0505 [term 0 FOLLOWER]: Starting pre-election with config: opid_index: -1 OBSOLETE_local: false peers { permanent_uuid: "496e311fad614fd3a200644bfc0c0505" member_type: VOTER last_known_addr { host: "127.11.234.66" port: 40925 } } peers { permanent_uuid: "befcaef18d3648fea8b9c44bc709bdf4" member_type: VOTER last_known_addr { host: "127.11.234.68" port: 36683 } } peers { permanent_uuid: "4cfb7dcb733c45148ef7da6585083add" member_type: VOTER last_known_addr { host: "127.11.234.65" port: 38333 } }
I20260608 09:50:30.583920 15396 leader_election.cc:290] T 25f16e68e2cd4967a1ef79bf0c051c91 P 496e311fad614fd3a200644bfc0c0505 [CANDIDATE]: Term 1 pre-election: Requested pre-vote from peers befcaef18d3648fea8b9c44bc709bdf4 (127.11.234.68:36683), 4cfb7dcb733c45148ef7da6585083add (127.11.234.65:38333)
I20260608 09:50:30.584093 15403 consensus_queue.cc:1048] T 7030d08f93ef4440b2327713aa435d43 P 15db53a219d1459cbc8006c4b4cd6b62 [LEADER]: Connected to new peer: Peer: permanent_uuid: "4cfb7dcb733c45148ef7da6585083add" member_type: VOTER last_known_addr { host: "127.11.234.65" port: 38333 }, Status: LMP_MISMATCH, Last received: 0.0, Next index: 1, Last known committed idx: 0, Time since last communication: 0.000s
I20260608 09:50:30.585204 15172 tablet_service.cc:1917] Received RequestConsensusVote() RPC: tablet_id: "25f16e68e2cd4967a1ef79bf0c051c91" candidate_uuid: "496e311fad614fd3a200644bfc0c0505" candidate_term: 1 candidate_status { last_received { term: 0 index: 0 } } ignore_live_leader: false dest_uuid: "4cfb7dcb733c45148ef7da6585083add" is_pre_election: true
I20260608 09:50:30.585873 15172 raft_consensus.cc:2468] T 25f16e68e2cd4967a1ef79bf0c051c91 P 4cfb7dcb733c45148ef7da6585083add [term 0 FOLLOWER]: Leader pre-election vote request: Granting yes vote for candidate 496e311fad614fd3a200644bfc0c0505 in term 0.
I20260608 09:50:30.586225 15484 tablet_service.cc:1917] Received RequestConsensusVote() RPC: tablet_id: "25f16e68e2cd4967a1ef79bf0c051c91" candidate_uuid: "496e311fad614fd3a200644bfc0c0505" candidate_term: 1 candidate_status { last_received { term: 0 index: 0 } } ignore_live_leader: false dest_uuid: "befcaef18d3648fea8b9c44bc709bdf4" is_pre_election: true
I20260608 09:50:30.586992 15484 raft_consensus.cc:2468] T 25f16e68e2cd4967a1ef79bf0c051c91 P befcaef18d3648fea8b9c44bc709bdf4 [term 0 FOLLOWER]: Leader pre-election vote request: Granting yes vote for candidate 496e311fad614fd3a200644bfc0c0505 in term 0.
I20260608 09:50:30.588052 15214 leader_election.cc:304] T 25f16e68e2cd4967a1ef79bf0c051c91 P 496e311fad614fd3a200644bfc0c0505 [CANDIDATE]: Term 1 pre-election: Election decided. Result: candidate won. Election summary: received 2 responses out of 3 voters: 2 yes votes; 0 no votes. yes voters: 496e311fad614fd3a200644bfc0c0505, 4cfb7dcb733c45148ef7da6585083add; no voters: 
I20260608 09:50:30.589033 15396 raft_consensus.cc:2804] T 25f16e68e2cd4967a1ef79bf0c051c91 P 496e311fad614fd3a200644bfc0c0505 [term 0 FOLLOWER]: Leader pre-election won for term 1
I20260608 09:50:30.589504 15396 raft_consensus.cc:493] T 25f16e68e2cd4967a1ef79bf0c051c91 P 496e311fad614fd3a200644bfc0c0505 [term 0 FOLLOWER]: Starting leader election (no leader contacted us within the election timeout)
I20260608 09:50:30.589576 15520 raft_consensus.cc:493] T 25f16e68e2cd4967a1ef79bf0c051c91 P 4cfb7dcb733c45148ef7da6585083add [term 0 FOLLOWER]: Starting pre-election (no leader contacted us within the election timeout)
I20260608 09:50:30.589913 15396 raft_consensus.cc:3060] T 25f16e68e2cd4967a1ef79bf0c051c91 P 496e311fad614fd3a200644bfc0c0505 [term 0 FOLLOWER]: Advancing to term 1
I20260608 09:50:30.591012 15520 raft_consensus.cc:515] T 25f16e68e2cd4967a1ef79bf0c051c91 P 4cfb7dcb733c45148ef7da6585083add [term 0 FOLLOWER]: Starting pre-election with config: opid_index: -1 OBSOLETE_local: false peers { permanent_uuid: "496e311fad614fd3a200644bfc0c0505" member_type: VOTER last_known_addr { host: "127.11.234.66" port: 40925 } } peers { permanent_uuid: "befcaef18d3648fea8b9c44bc709bdf4" member_type: VOTER last_known_addr { host: "127.11.234.68" port: 36683 } } peers { permanent_uuid: "4cfb7dcb733c45148ef7da6585083add" member_type: VOTER last_known_addr { host: "127.11.234.65" port: 38333 } }
I20260608 09:50:30.597755 15396 raft_consensus.cc:515] T 25f16e68e2cd4967a1ef79bf0c051c91 P 496e311fad614fd3a200644bfc0c0505 [term 1 FOLLOWER]: Starting leader election with config: opid_index: -1 OBSOLETE_local: false peers { permanent_uuid: "496e311fad614fd3a200644bfc0c0505" member_type: VOTER last_known_addr { host: "127.11.234.66" port: 40925 } } peers { permanent_uuid: "befcaef18d3648fea8b9c44bc709bdf4" member_type: VOTER last_known_addr { host: "127.11.234.68" port: 36683 } } peers { permanent_uuid: "4cfb7dcb733c45148ef7da6585083add" member_type: VOTER last_known_addr { host: "127.11.234.65" port: 38333 } }
I20260608 09:50:30.599629 15520 leader_election.cc:290] T 25f16e68e2cd4967a1ef79bf0c051c91 P 4cfb7dcb733c45148ef7da6585083add [CANDIDATE]: Term 1 pre-election: Requested pre-vote from peers 496e311fad614fd3a200644bfc0c0505 (127.11.234.66:40925), befcaef18d3648fea8b9c44bc709bdf4 (127.11.234.68:36683)
I20260608 09:50:30.601141 15396 leader_election.cc:290] T 25f16e68e2cd4967a1ef79bf0c051c91 P 496e311fad614fd3a200644bfc0c0505 [CANDIDATE]: Term 1 election: Requested vote from peers befcaef18d3648fea8b9c44bc709bdf4 (127.11.234.68:36683), 4cfb7dcb733c45148ef7da6585083add (127.11.234.65:38333)
I20260608 09:50:30.602063 15172 tablet_service.cc:1917] Received RequestConsensusVote() RPC: tablet_id: "25f16e68e2cd4967a1ef79bf0c051c91" candidate_uuid: "496e311fad614fd3a200644bfc0c0505" candidate_term: 1 candidate_status { last_received { term: 0 index: 0 } } ignore_live_leader: false dest_uuid: "4cfb7dcb733c45148ef7da6585083add"
I20260608 09:50:30.603843 15172 raft_consensus.cc:3060] T 25f16e68e2cd4967a1ef79bf0c051c91 P 4cfb7dcb733c45148ef7da6585083add [term 0 FOLLOWER]: Advancing to term 1
I20260608 09:50:30.604526 15486 tablet_service.cc:1917] Received RequestConsensusVote() RPC: tablet_id: "25f16e68e2cd4967a1ef79bf0c051c91" candidate_uuid: "4cfb7dcb733c45148ef7da6585083add" candidate_term: 1 candidate_status { last_received { term: 0 index: 0 } } ignore_live_leader: false dest_uuid: "befcaef18d3648fea8b9c44bc709bdf4" is_pre_election: true
I20260608 09:50:30.604723 15247 tablet_service.cc:1917] Received RequestConsensusVote() RPC: tablet_id: "25f16e68e2cd4967a1ef79bf0c051c91" candidate_uuid: "4cfb7dcb733c45148ef7da6585083add" candidate_term: 1 candidate_status { last_received { term: 0 index: 0 } } ignore_live_leader: false dest_uuid: "496e311fad614fd3a200644bfc0c0505" is_pre_election: true
I20260608 09:50:30.605206 15486 raft_consensus.cc:2468] T 25f16e68e2cd4967a1ef79bf0c051c91 P befcaef18d3648fea8b9c44bc709bdf4 [term 0 FOLLOWER]: Leader pre-election vote request: Granting yes vote for candidate 4cfb7dcb733c45148ef7da6585083add in term 0.
I20260608 09:50:30.605580 15247 raft_consensus.cc:2393] T 25f16e68e2cd4967a1ef79bf0c051c91 P 496e311fad614fd3a200644bfc0c0505 [term 1 FOLLOWER]: Leader pre-election vote request: Denying vote to candidate 4cfb7dcb733c45148ef7da6585083add in current term 1: Already voted for candidate 496e311fad614fd3a200644bfc0c0505 in this term.
I20260608 09:50:30.610867 15138 leader_election.cc:304] T 25f16e68e2cd4967a1ef79bf0c051c91 P 4cfb7dcb733c45148ef7da6585083add [CANDIDATE]: Term 1 pre-election: Election decided. Result: candidate won. Election summary: received 3 responses out of 3 voters: 2 yes votes; 1 no votes. yes voters: 4cfb7dcb733c45148ef7da6585083add, befcaef18d3648fea8b9c44bc709bdf4; no voters: 496e311fad614fd3a200644bfc0c0505
I20260608 09:50:30.613585 15485 tablet_service.cc:1917] Received RequestConsensusVote() RPC: tablet_id: "25f16e68e2cd4967a1ef79bf0c051c91" candidate_uuid: "496e311fad614fd3a200644bfc0c0505" candidate_term: 1 candidate_status { last_received { term: 0 index: 0 } } ignore_live_leader: false dest_uuid: "befcaef18d3648fea8b9c44bc709bdf4"
I20260608 09:50:30.614233 15554 consensus_queue.cc:1048] T fa8a53da2bc54147a2e9953d4a6cc597 P 496e311fad614fd3a200644bfc0c0505 [LEADER]: Connected to new peer: Peer: permanent_uuid: "15db53a219d1459cbc8006c4b4cd6b62" member_type: VOTER last_known_addr { host: "127.11.234.67" port: 35639 }, Status: LMP_MISMATCH, Last received: 0.0, Next index: 1, Last known committed idx: 0, Time since last communication: 0.000s
I20260608 09:50:30.615429 15172 raft_consensus.cc:2468] T 25f16e68e2cd4967a1ef79bf0c051c91 P 4cfb7dcb733c45148ef7da6585083add [term 1 FOLLOWER]: Leader election vote request: Granting yes vote for candidate 496e311fad614fd3a200644bfc0c0505 in term 1.
I20260608 09:50:30.616400 15520 raft_consensus.cc:2764] T 25f16e68e2cd4967a1ef79bf0c051c91 P 4cfb7dcb733c45148ef7da6585083add [term 1 FOLLOWER]: Leader pre-election decision vote started in defunct term 0: won
I20260608 09:50:30.617708 15214 leader_election.cc:304] T 25f16e68e2cd4967a1ef79bf0c051c91 P 496e311fad614fd3a200644bfc0c0505 [CANDIDATE]: Term 1 election: Election decided. Result: candidate won. Election summary: received 2 responses out of 3 voters: 2 yes votes; 0 no votes. yes voters: 496e311fad614fd3a200644bfc0c0505, 4cfb7dcb733c45148ef7da6585083add; no voters: 
I20260608 09:50:30.619088 15554 raft_consensus.cc:2804] T 25f16e68e2cd4967a1ef79bf0c051c91 P 496e311fad614fd3a200644bfc0c0505 [term 1 FOLLOWER]: Leader election won for term 1
I20260608 09:50:30.619714 15554 raft_consensus.cc:697] T 25f16e68e2cd4967a1ef79bf0c051c91 P 496e311fad614fd3a200644bfc0c0505 [term 1 LEADER]: Becoming Leader. State: Replica: 496e311fad614fd3a200644bfc0c0505, State: Running, Role: LEADER
I20260608 09:50:30.620648 15554 consensus_queue.cc:237] T 25f16e68e2cd4967a1ef79bf0c051c91 P 496e311fad614fd3a200644bfc0c0505 [LEADER]: Queue going to LEADER mode. State: All replicated index: 0, Majority replicated index: 0, Committed index: 0, Last appended: 0.0, Last appended by leader: 0, Current term: 1, Majority size: 2, State: 0, Mode: LEADER, active raft config: opid_index: -1 OBSOLETE_local: false peers { permanent_uuid: "496e311fad614fd3a200644bfc0c0505" member_type: VOTER last_known_addr { host: "127.11.234.66" port: 40925 } } peers { permanent_uuid: "befcaef18d3648fea8b9c44bc709bdf4" member_type: VOTER last_known_addr { host: "127.11.234.68" port: 36683 } } peers { permanent_uuid: "4cfb7dcb733c45148ef7da6585083add" member_type: VOTER last_known_addr { host: "127.11.234.65" port: 38333 } }
I20260608 09:50:30.614260 15485 raft_consensus.cc:3060] T 25f16e68e2cd4967a1ef79bf0c051c91 P befcaef18d3648fea8b9c44bc709bdf4 [term 0 FOLLOWER]: Advancing to term 1
I20260608 09:50:30.633953 15485 raft_consensus.cc:2468] T 25f16e68e2cd4967a1ef79bf0c051c91 P befcaef18d3648fea8b9c44bc709bdf4 [term 1 FOLLOWER]: Leader election vote request: Granting yes vote for candidate 496e311fad614fd3a200644bfc0c0505 in term 1.
I20260608 09:50:30.633553 15069 catalog_manager.cc:5696] T 25f16e68e2cd4967a1ef79bf0c051c91 P 496e311fad614fd3a200644bfc0c0505 reported cstate change: term changed from 0 to 1, leader changed from <none> to 496e311fad614fd3a200644bfc0c0505 (127.11.234.66). New cstate: current_term: 1 leader_uuid: "496e311fad614fd3a200644bfc0c0505" committed_config { opid_index: -1 OBSOLETE_local: false peers { permanent_uuid: "496e311fad614fd3a200644bfc0c0505" member_type: VOTER last_known_addr { host: "127.11.234.66" port: 40925 } health_report { overall_health: HEALTHY } } peers { permanent_uuid: "befcaef18d3648fea8b9c44bc709bdf4" member_type: VOTER last_known_addr { host: "127.11.234.68" port: 36683 } health_report { overall_health: UNKNOWN } } peers { permanent_uuid: "4cfb7dcb733c45148ef7da6585083add" member_type: VOTER last_known_addr { host: "127.11.234.65" port: 38333 } health_report { overall_health: UNKNOWN } } }
I20260608 09:50:30.667845 15485 raft_consensus.cc:3060] T 6b3a6fd1bf4d4244b2e6a3514ec8e0f4 P befcaef18d3648fea8b9c44bc709bdf4 [term 0 FOLLOWER]: Advancing to term 1
I20260608 09:50:30.675037 15554 consensus_queue.cc:1048] T 6b3a6fd1bf4d4244b2e6a3514ec8e0f4 P 496e311fad614fd3a200644bfc0c0505 [LEADER]: Connected to new peer: Peer: permanent_uuid: "befcaef18d3648fea8b9c44bc709bdf4" member_type: VOTER last_known_addr { host: "127.11.234.68" port: 36683 }, Status: LMP_MISMATCH, Last received: 0.0, Next index: 1, Last known committed idx: 0, Time since last communication: 0.000s
I20260608 09:50:30.676925 15571 raft_consensus.cc:493] T 48aa56ee9de44bb8ac4dcbc850d0b3c3 P befcaef18d3648fea8b9c44bc709bdf4 [term 0 FOLLOWER]: Starting pre-election (no leader contacted us within the election timeout)
I20260608 09:50:30.677493 15571 raft_consensus.cc:515] T 48aa56ee9de44bb8ac4dcbc850d0b3c3 P befcaef18d3648fea8b9c44bc709bdf4 [term 0 FOLLOWER]: Starting pre-election with config: opid_index: -1 OBSOLETE_local: false peers { permanent_uuid: "4cfb7dcb733c45148ef7da6585083add" member_type: VOTER last_known_addr { host: "127.11.234.65" port: 38333 } } peers { permanent_uuid: "befcaef18d3648fea8b9c44bc709bdf4" member_type: VOTER last_known_addr { host: "127.11.234.68" port: 36683 } } peers { permanent_uuid: "15db53a219d1459cbc8006c4b4cd6b62" member_type: VOTER last_known_addr { host: "127.11.234.67" port: 35639 } }
I20260608 09:50:30.681528 15320 tablet_service.cc:1917] Received RequestConsensusVote() RPC: tablet_id: "48aa56ee9de44bb8ac4dcbc850d0b3c3" candidate_uuid: "befcaef18d3648fea8b9c44bc709bdf4" candidate_term: 1 candidate_status { last_received { term: 0 index: 0 } } ignore_live_leader: false dest_uuid: "15db53a219d1459cbc8006c4b4cd6b62" is_pre_election: true
I20260608 09:50:30.681757 15571 leader_election.cc:290] T 48aa56ee9de44bb8ac4dcbc850d0b3c3 P befcaef18d3648fea8b9c44bc709bdf4 [CANDIDATE]: Term 1 pre-election: Requested pre-vote from peers 4cfb7dcb733c45148ef7da6585083add (127.11.234.65:38333), 15db53a219d1459cbc8006c4b4cd6b62 (127.11.234.67:35639)
I20260608 09:50:30.682209 15320 raft_consensus.cc:2468] T 48aa56ee9de44bb8ac4dcbc850d0b3c3 P 15db53a219d1459cbc8006c4b4cd6b62 [term 0 FOLLOWER]: Leader pre-election vote request: Granting yes vote for candidate befcaef18d3648fea8b9c44bc709bdf4 in term 0.
I20260608 09:50:30.682575 15172 tablet_service.cc:1917] Received RequestConsensusVote() RPC: tablet_id: "48aa56ee9de44bb8ac4dcbc850d0b3c3" candidate_uuid: "befcaef18d3648fea8b9c44bc709bdf4" candidate_term: 1 candidate_status { last_received { term: 0 index: 0 } } ignore_live_leader: false dest_uuid: "4cfb7dcb733c45148ef7da6585083add" is_pre_election: true
I20260608 09:50:30.683223 15172 raft_consensus.cc:2468] T 48aa56ee9de44bb8ac4dcbc850d0b3c3 P 4cfb7dcb733c45148ef7da6585083add [term 0 FOLLOWER]: Leader pre-election vote request: Granting yes vote for candidate befcaef18d3648fea8b9c44bc709bdf4 in term 0.
I20260608 09:50:30.683387 15451 leader_election.cc:304] T 48aa56ee9de44bb8ac4dcbc850d0b3c3 P befcaef18d3648fea8b9c44bc709bdf4 [CANDIDATE]: Term 1 pre-election: Election decided. Result: candidate won. Election summary: received 2 responses out of 3 voters: 2 yes votes; 0 no votes. yes voters: 15db53a219d1459cbc8006c4b4cd6b62, befcaef18d3648fea8b9c44bc709bdf4; no voters: 
I20260608 09:50:30.684216 15571 raft_consensus.cc:2804] T 48aa56ee9de44bb8ac4dcbc850d0b3c3 P befcaef18d3648fea8b9c44bc709bdf4 [term 0 FOLLOWER]: Leader pre-election won for term 1
I20260608 09:50:30.686164 15571 raft_consensus.cc:493] T 48aa56ee9de44bb8ac4dcbc850d0b3c3 P befcaef18d3648fea8b9c44bc709bdf4 [term 0 FOLLOWER]: Starting leader election (no leader contacted us within the election timeout)
I20260608 09:50:30.686625 15571 raft_consensus.cc:3060] T 48aa56ee9de44bb8ac4dcbc850d0b3c3 P befcaef18d3648fea8b9c44bc709bdf4 [term 0 FOLLOWER]: Advancing to term 1
I20260608 09:50:30.690955 15401 consensus_queue.cc:1048] T 6b3a6fd1bf4d4244b2e6a3514ec8e0f4 P 496e311fad614fd3a200644bfc0c0505 [LEADER]: Connected to new peer: Peer: permanent_uuid: "4cfb7dcb733c45148ef7da6585083add" member_type: VOTER last_known_addr { host: "127.11.234.65" port: 38333 }, Status: LMP_MISMATCH, Last received: 0.0, Next index: 1, Last known committed idx: 0, Time since last communication: 0.000s
I20260608 09:50:30.694000 15571 raft_consensus.cc:515] T 48aa56ee9de44bb8ac4dcbc850d0b3c3 P befcaef18d3648fea8b9c44bc709bdf4 [term 1 FOLLOWER]: Starting leader election with config: opid_index: -1 OBSOLETE_local: false peers { permanent_uuid: "4cfb7dcb733c45148ef7da6585083add" member_type: VOTER last_known_addr { host: "127.11.234.65" port: 38333 } } peers { permanent_uuid: "befcaef18d3648fea8b9c44bc709bdf4" member_type: VOTER last_known_addr { host: "127.11.234.68" port: 36683 } } peers { permanent_uuid: "15db53a219d1459cbc8006c4b4cd6b62" member_type: VOTER last_known_addr { host: "127.11.234.67" port: 35639 } }
I20260608 09:50:30.697719 15571 leader_election.cc:290] T 48aa56ee9de44bb8ac4dcbc850d0b3c3 P befcaef18d3648fea8b9c44bc709bdf4 [CANDIDATE]: Term 1 election: Requested vote from peers 4cfb7dcb733c45148ef7da6585083add (127.11.234.65:38333), 15db53a219d1459cbc8006c4b4cd6b62 (127.11.234.67:35639)
I20260608 09:50:30.697877 15170 tablet_service.cc:1917] Received RequestConsensusVote() RPC: tablet_id: "48aa56ee9de44bb8ac4dcbc850d0b3c3" candidate_uuid: "befcaef18d3648fea8b9c44bc709bdf4" candidate_term: 1 candidate_status { last_received { term: 0 index: 0 } } ignore_live_leader: false dest_uuid: "4cfb7dcb733c45148ef7da6585083add"
I20260608 09:50:30.698527 15170 raft_consensus.cc:3060] T 48aa56ee9de44bb8ac4dcbc850d0b3c3 P 4cfb7dcb733c45148ef7da6585083add [term 0 FOLLOWER]: Advancing to term 1
I20260608 09:50:30.702121 15320 tablet_service.cc:1917] Received RequestConsensusVote() RPC: tablet_id: "48aa56ee9de44bb8ac4dcbc850d0b3c3" candidate_uuid: "befcaef18d3648fea8b9c44bc709bdf4" candidate_term: 1 candidate_status { last_received { term: 0 index: 0 } } ignore_live_leader: false dest_uuid: "15db53a219d1459cbc8006c4b4cd6b62"
I20260608 09:50:30.702773 15320 raft_consensus.cc:3060] T 48aa56ee9de44bb8ac4dcbc850d0b3c3 P 15db53a219d1459cbc8006c4b4cd6b62 [term 0 FOLLOWER]: Advancing to term 1
I20260608 09:50:30.704968 15170 raft_consensus.cc:2468] T 48aa56ee9de44bb8ac4dcbc850d0b3c3 P 4cfb7dcb733c45148ef7da6585083add [term 1 FOLLOWER]: Leader election vote request: Granting yes vote for candidate befcaef18d3648fea8b9c44bc709bdf4 in term 1.
I20260608 09:50:30.706307 15452 leader_election.cc:304] T 48aa56ee9de44bb8ac4dcbc850d0b3c3 P befcaef18d3648fea8b9c44bc709bdf4 [CANDIDATE]: Term 1 election: Election decided. Result: candidate won. Election summary: received 2 responses out of 3 voters: 2 yes votes; 0 no votes. yes voters: 4cfb7dcb733c45148ef7da6585083add, befcaef18d3648fea8b9c44bc709bdf4; no voters: 
I20260608 09:50:30.707231 15571 raft_consensus.cc:2804] T 48aa56ee9de44bb8ac4dcbc850d0b3c3 P befcaef18d3648fea8b9c44bc709bdf4 [term 1 FOLLOWER]: Leader election won for term 1
I20260608 09:50:30.707744 15571 raft_consensus.cc:697] T 48aa56ee9de44bb8ac4dcbc850d0b3c3 P befcaef18d3648fea8b9c44bc709bdf4 [term 1 LEADER]: Becoming Leader. State: Replica: befcaef18d3648fea8b9c44bc709bdf4, State: Running, Role: LEADER
I20260608 09:50:30.708664 15320 raft_consensus.cc:2468] T 48aa56ee9de44bb8ac4dcbc850d0b3c3 P 15db53a219d1459cbc8006c4b4cd6b62 [term 1 FOLLOWER]: Leader election vote request: Granting yes vote for candidate befcaef18d3648fea8b9c44bc709bdf4 in term 1.
I20260608 09:50:30.709046 15571 consensus_queue.cc:237] T 48aa56ee9de44bb8ac4dcbc850d0b3c3 P befcaef18d3648fea8b9c44bc709bdf4 [LEADER]: Queue going to LEADER mode. State: All replicated index: 0, Majority replicated index: 0, Committed index: 0, Last appended: 0.0, Last appended by leader: 0, Current term: 1, Majority size: 2, State: 0, Mode: LEADER, active raft config: opid_index: -1 OBSOLETE_local: false peers { permanent_uuid: "4cfb7dcb733c45148ef7da6585083add" member_type: VOTER last_known_addr { host: "127.11.234.65" port: 38333 } } peers { permanent_uuid: "befcaef18d3648fea8b9c44bc709bdf4" member_type: VOTER last_known_addr { host: "127.11.234.68" port: 36683 } } peers { permanent_uuid: "15db53a219d1459cbc8006c4b4cd6b62" member_type: VOTER last_known_addr { host: "127.11.234.67" port: 35639 } }
I20260608 09:50:30.716746 15069 catalog_manager.cc:5696] T 48aa56ee9de44bb8ac4dcbc850d0b3c3 P befcaef18d3648fea8b9c44bc709bdf4 reported cstate change: term changed from 0 to 1, leader changed from <none> to befcaef18d3648fea8b9c44bc709bdf4 (127.11.234.68). New cstate: current_term: 1 leader_uuid: "befcaef18d3648fea8b9c44bc709bdf4" committed_config { opid_index: -1 OBSOLETE_local: false peers { permanent_uuid: "4cfb7dcb733c45148ef7da6585083add" member_type: VOTER last_known_addr { host: "127.11.234.65" port: 38333 } health_report { overall_health: UNKNOWN } } peers { permanent_uuid: "befcaef18d3648fea8b9c44bc709bdf4" member_type: VOTER last_known_addr { host: "127.11.234.68" port: 36683 } health_report { overall_health: HEALTHY } } peers { permanent_uuid: "15db53a219d1459cbc8006c4b4cd6b62" member_type: VOTER last_known_addr { host: "127.11.234.67" port: 35639 } health_report { overall_health: UNKNOWN } } }
I20260608 09:50:31.098445 15401 consensus_queue.cc:1048] T 25f16e68e2cd4967a1ef79bf0c051c91 P 496e311fad614fd3a200644bfc0c0505 [LEADER]: Connected to new peer: Peer: permanent_uuid: "befcaef18d3648fea8b9c44bc709bdf4" member_type: VOTER last_known_addr { host: "127.11.234.68" port: 36683 }, Status: LMP_MISMATCH, Last received: 0.0, Next index: 1, Last known committed idx: 0, Time since last communication: 0.000s
I20260608 09:50:31.113808 15554 consensus_queue.cc:1048] T 25f16e68e2cd4967a1ef79bf0c051c91 P 496e311fad614fd3a200644bfc0c0505 [LEADER]: Connected to new peer: Peer: permanent_uuid: "4cfb7dcb733c45148ef7da6585083add" member_type: VOTER last_known_addr { host: "127.11.234.65" port: 38333 }, Status: LMP_MISMATCH, Last received: 0.0, Next index: 1, Last known committed idx: 0, Time since last communication: 0.000s
I20260608 09:50:31.184701 15247 consensus_queue.cc:237] T 183fb059142149f5b69e5008ba12783d P 496e311fad614fd3a200644bfc0c0505 [LEADER]: Queue going to LEADER mode. State: All replicated index: 0, Majority replicated index: 1, Committed index: 1, Last appended: 1.1, Last appended by leader: 0, Current term: 1, Majority size: 2, State: 0, Mode: LEADER, active raft config: opid_index: 2 OBSOLETE_local: false peers { permanent_uuid: "4cfb7dcb733c45148ef7da6585083add" member_type: VOTER last_known_addr { host: "127.11.234.65" port: 38333 } attrs { replace: true } } peers { permanent_uuid: "496e311fad614fd3a200644bfc0c0505" member_type: VOTER last_known_addr { host: "127.11.234.66" port: 40925 } } peers { permanent_uuid: "15db53a219d1459cbc8006c4b4cd6b62" member_type: VOTER last_known_addr { host: "127.11.234.67" port: 35639 } } peers { permanent_uuid: "befcaef18d3648fea8b9c44bc709bdf4" member_type: NON_VOTER last_known_addr { host: "127.11.234.68" port: 36683 } attrs { promote: true } }
I20260608 09:50:31.191238 15170 raft_consensus.cc:1275] T 183fb059142149f5b69e5008ba12783d P 4cfb7dcb733c45148ef7da6585083add [term 1 FOLLOWER]: Refusing update from remote peer 496e311fad614fd3a200644bfc0c0505: Log matching property violated. Preceding OpId in replica: term: 1 index: 1. Preceding OpId from leader: term: 1 index: 2. (index mismatch)
I20260608 09:50:31.191681 15320 raft_consensus.cc:1275] T 183fb059142149f5b69e5008ba12783d P 15db53a219d1459cbc8006c4b4cd6b62 [term 1 FOLLOWER]: Refusing update from remote peer 496e311fad614fd3a200644bfc0c0505: Log matching property violated. Preceding OpId in replica: term: 1 index: 1. Preceding OpId from leader: term: 1 index: 2. (index mismatch)
W20260608 09:50:31.191586 15213 consensus_peers.cc:597] T 183fb059142149f5b69e5008ba12783d P 496e311fad614fd3a200644bfc0c0505 -> Peer befcaef18d3648fea8b9c44bc709bdf4 (127.11.234.68:36683): Couldn't send request to peer befcaef18d3648fea8b9c44bc709bdf4. Error code: TABLET_NOT_FOUND (6). Status: Not found: Tablet not found: 183fb059142149f5b69e5008ba12783d. This is attempt 1: this message will repeat every 5th retry.
I20260608 09:50:31.192632 15401 consensus_queue.cc:1048] T 183fb059142149f5b69e5008ba12783d P 496e311fad614fd3a200644bfc0c0505 [LEADER]: Connected to new peer: Peer: permanent_uuid: "4cfb7dcb733c45148ef7da6585083add" member_type: VOTER last_known_addr { host: "127.11.234.65" port: 38333 } attrs { replace: true }, Status: LMP_MISMATCH, Last received: 0.0, Next index: 2, Last known committed idx: 1, Time since last communication: 0.001s
I20260608 09:50:31.193845 15554 consensus_queue.cc:1048] T 183fb059142149f5b69e5008ba12783d P 496e311fad614fd3a200644bfc0c0505 [LEADER]: Connected to new peer: Peer: permanent_uuid: "15db53a219d1459cbc8006c4b4cd6b62" member_type: VOTER last_known_addr { host: "127.11.234.67" port: 35639 }, Status: LMP_MISMATCH, Last received: 0.0, Next index: 2, Last known committed idx: 1, Time since last communication: 0.000s
I20260608 09:50:31.202303 15571 consensus_queue.cc:1048] T 48aa56ee9de44bb8ac4dcbc850d0b3c3 P befcaef18d3648fea8b9c44bc709bdf4 [LEADER]: Connected to new peer: Peer: permanent_uuid: "4cfb7dcb733c45148ef7da6585083add" member_type: VOTER last_known_addr { host: "127.11.234.65" port: 38333 }, Status: LMP_MISMATCH, Last received: 0.0, Next index: 1, Last known committed idx: 0, Time since last communication: 0.000s
I20260608 09:50:31.202683 15401 raft_consensus.cc:2955] T 183fb059142149f5b69e5008ba12783d P 496e311fad614fd3a200644bfc0c0505 [term 1 LEADER]: Committing config change with OpId 1.2: config changed from index -1 to 2, NON_VOTER befcaef18d3648fea8b9c44bc709bdf4 (127.11.234.68) added. New config: { opid_index: 2 OBSOLETE_local: false peers { permanent_uuid: "4cfb7dcb733c45148ef7da6585083add" member_type: VOTER last_known_addr { host: "127.11.234.65" port: 38333 } attrs { replace: true } } peers { permanent_uuid: "496e311fad614fd3a200644bfc0c0505" member_type: VOTER last_known_addr { host: "127.11.234.66" port: 40925 } } peers { permanent_uuid: "15db53a219d1459cbc8006c4b4cd6b62" member_type: VOTER last_known_addr { host: "127.11.234.67" port: 35639 } } peers { permanent_uuid: "befcaef18d3648fea8b9c44bc709bdf4" member_type: NON_VOTER last_known_addr { host: "127.11.234.68" port: 36683 } attrs { promote: true } } }
I20260608 09:50:31.205106 15320 raft_consensus.cc:2955] T 183fb059142149f5b69e5008ba12783d P 15db53a219d1459cbc8006c4b4cd6b62 [term 1 FOLLOWER]: Committing config change with OpId 1.2: config changed from index -1 to 2, NON_VOTER befcaef18d3648fea8b9c44bc709bdf4 (127.11.234.68) added. New config: { opid_index: 2 OBSOLETE_local: false peers { permanent_uuid: "4cfb7dcb733c45148ef7da6585083add" member_type: VOTER last_known_addr { host: "127.11.234.65" port: 38333 } attrs { replace: true } } peers { permanent_uuid: "496e311fad614fd3a200644bfc0c0505" member_type: VOTER last_known_addr { host: "127.11.234.66" port: 40925 } } peers { permanent_uuid: "15db53a219d1459cbc8006c4b4cd6b62" member_type: VOTER last_known_addr { host: "127.11.234.67" port: 35639 } } peers { permanent_uuid: "befcaef18d3648fea8b9c44bc709bdf4" member_type: NON_VOTER last_known_addr { host: "127.11.234.68" port: 36683 } attrs { promote: true } } }
I20260608 09:50:31.206483 15172 raft_consensus.cc:2955] T 183fb059142149f5b69e5008ba12783d P 4cfb7dcb733c45148ef7da6585083add [term 1 FOLLOWER]: Committing config change with OpId 1.2: config changed from index -1 to 2, NON_VOTER befcaef18d3648fea8b9c44bc709bdf4 (127.11.234.68) added. New config: { opid_index: 2 OBSOLETE_local: false peers { permanent_uuid: "4cfb7dcb733c45148ef7da6585083add" member_type: VOTER last_known_addr { host: "127.11.234.65" port: 38333 } attrs { replace: true } } peers { permanent_uuid: "496e311fad614fd3a200644bfc0c0505" member_type: VOTER last_known_addr { host: "127.11.234.66" port: 40925 } } peers { permanent_uuid: "15db53a219d1459cbc8006c4b4cd6b62" member_type: VOTER last_known_addr { host: "127.11.234.67" port: 35639 } } peers { permanent_uuid: "befcaef18d3648fea8b9c44bc709bdf4" member_type: NON_VOTER last_known_addr { host: "127.11.234.68" port: 36683 } attrs { promote: true } } }
I20260608 09:50:31.224236 15069 catalog_manager.cc:5696] T 183fb059142149f5b69e5008ba12783d P 496e311fad614fd3a200644bfc0c0505 reported cstate change: config changed from index -1 to 2, NON_VOTER befcaef18d3648fea8b9c44bc709bdf4 (127.11.234.68) added. New cstate: current_term: 1 leader_uuid: "496e311fad614fd3a200644bfc0c0505" committed_config { opid_index: 2 OBSOLETE_local: false peers { permanent_uuid: "4cfb7dcb733c45148ef7da6585083add" member_type: VOTER last_known_addr { host: "127.11.234.65" port: 38333 } attrs { replace: true } health_report { overall_health: HEALTHY } } peers { permanent_uuid: "496e311fad614fd3a200644bfc0c0505" member_type: VOTER last_known_addr { host: "127.11.234.66" port: 40925 } health_report { overall_health: HEALTHY } } peers { permanent_uuid: "15db53a219d1459cbc8006c4b4cd6b62" member_type: VOTER last_known_addr { host: "127.11.234.67" port: 35639 } health_report { overall_health: HEALTHY } } peers { permanent_uuid: "befcaef18d3648fea8b9c44bc709bdf4" member_type: NON_VOTER last_known_addr { host: "127.11.234.68" port: 36683 } attrs { promote: true } health_report { overall_health: UNKNOWN } } }
I20260608 09:50:31.268128 15597 consensus_queue.cc:1048] T 48aa56ee9de44bb8ac4dcbc850d0b3c3 P befcaef18d3648fea8b9c44bc709bdf4 [LEADER]: Connected to new peer: Peer: permanent_uuid: "15db53a219d1459cbc8006c4b4cd6b62" member_type: VOTER last_known_addr { host: "127.11.234.67" port: 35639 }, Status: LMP_MISMATCH, Last received: 0.0, Next index: 1, Last known committed idx: 0, Time since last communication: 0.001s
I20260608 09:50:31.289078 15322 consensus_queue.cc:237] T 16774e665bcd46969867b04b3f32574e P 15db53a219d1459cbc8006c4b4cd6b62 [LEADER]: Queue going to LEADER mode. State: All replicated index: 0, Majority replicated index: 1, Committed index: 1, Last appended: 1.1, Last appended by leader: 0, Current term: 1, Majority size: 2, State: 0, Mode: LEADER, active raft config: opid_index: 2 OBSOLETE_local: false peers { permanent_uuid: "4cfb7dcb733c45148ef7da6585083add" member_type: VOTER last_known_addr { host: "127.11.234.65" port: 38333 } } peers { permanent_uuid: "496e311fad614fd3a200644bfc0c0505" member_type: VOTER last_known_addr { host: "127.11.234.66" port: 40925 } attrs { replace: true } } peers { permanent_uuid: "15db53a219d1459cbc8006c4b4cd6b62" member_type: VOTER last_known_addr { host: "127.11.234.67" port: 35639 } } peers { permanent_uuid: "befcaef18d3648fea8b9c44bc709bdf4" member_type: NON_VOTER last_known_addr { host: "127.11.234.68" port: 36683 } attrs { promote: true } }
I20260608 09:50:31.310994 15247 raft_consensus.cc:1275] T 16774e665bcd46969867b04b3f32574e P 496e311fad614fd3a200644bfc0c0505 [term 1 FOLLOWER]: Refusing update from remote peer 15db53a219d1459cbc8006c4b4cd6b62: Log matching property violated. Preceding OpId in replica: term: 1 index: 1. Preceding OpId from leader: term: 1 index: 2. (index mismatch)
I20260608 09:50:31.311722 15170 raft_consensus.cc:1275] T 16774e665bcd46969867b04b3f32574e P 4cfb7dcb733c45148ef7da6585083add [term 1 FOLLOWER]: Refusing update from remote peer 15db53a219d1459cbc8006c4b4cd6b62: Log matching property violated. Preceding OpId in replica: term: 1 index: 1. Preceding OpId from leader: term: 1 index: 2. (index mismatch)
I20260608 09:50:31.312704 15380 consensus_queue.cc:1048] T 16774e665bcd46969867b04b3f32574e P 15db53a219d1459cbc8006c4b4cd6b62 [LEADER]: Connected to new peer: Peer: permanent_uuid: "496e311fad614fd3a200644bfc0c0505" member_type: VOTER last_known_addr { host: "127.11.234.66" port: 40925 } attrs { replace: true }, Status: LMP_MISMATCH, Last received: 0.0, Next index: 2, Last known committed idx: 1, Time since last communication: 0.000s
W20260608 09:50:31.313666 15287 consensus_peers.cc:597] T 16774e665bcd46969867b04b3f32574e P 15db53a219d1459cbc8006c4b4cd6b62 -> Peer befcaef18d3648fea8b9c44bc709bdf4 (127.11.234.68:36683): Couldn't send request to peer befcaef18d3648fea8b9c44bc709bdf4. Error code: TABLET_NOT_FOUND (6). Status: Not found: Tablet not found: 16774e665bcd46969867b04b3f32574e. This is attempt 1: this message will repeat every 5th retry.
I20260608 09:50:31.314239 15577 consensus_queue.cc:1048] T 16774e665bcd46969867b04b3f32574e P 15db53a219d1459cbc8006c4b4cd6b62 [LEADER]: Connected to new peer: Peer: permanent_uuid: "4cfb7dcb733c45148ef7da6585083add" member_type: VOTER last_known_addr { host: "127.11.234.65" port: 38333 }, Status: LMP_MISMATCH, Last received: 0.0, Next index: 2, Last known committed idx: 1, Time since last communication: 0.000s
I20260608 09:50:31.322378 15380 raft_consensus.cc:2955] T 16774e665bcd46969867b04b3f32574e P 15db53a219d1459cbc8006c4b4cd6b62 [term 1 LEADER]: Committing config change with OpId 1.2: config changed from index -1 to 2, NON_VOTER befcaef18d3648fea8b9c44bc709bdf4 (127.11.234.68) added. New config: { opid_index: 2 OBSOLETE_local: false peers { permanent_uuid: "4cfb7dcb733c45148ef7da6585083add" member_type: VOTER last_known_addr { host: "127.11.234.65" port: 38333 } } peers { permanent_uuid: "496e311fad614fd3a200644bfc0c0505" member_type: VOTER last_known_addr { host: "127.11.234.66" port: 40925 } attrs { replace: true } } peers { permanent_uuid: "15db53a219d1459cbc8006c4b4cd6b62" member_type: VOTER last_known_addr { host: "127.11.234.67" port: 35639 } } peers { permanent_uuid: "befcaef18d3648fea8b9c44bc709bdf4" member_type: NON_VOTER last_known_addr { host: "127.11.234.68" port: 36683 } attrs { promote: true } } }
I20260608 09:50:31.324589 15247 raft_consensus.cc:2955] T 16774e665bcd46969867b04b3f32574e P 496e311fad614fd3a200644bfc0c0505 [term 1 FOLLOWER]: Committing config change with OpId 1.2: config changed from index -1 to 2, NON_VOTER befcaef18d3648fea8b9c44bc709bdf4 (127.11.234.68) added. New config: { opid_index: 2 OBSOLETE_local: false peers { permanent_uuid: "4cfb7dcb733c45148ef7da6585083add" member_type: VOTER last_known_addr { host: "127.11.234.65" port: 38333 } } peers { permanent_uuid: "496e311fad614fd3a200644bfc0c0505" member_type: VOTER last_known_addr { host: "127.11.234.66" port: 40925 } attrs { replace: true } } peers { permanent_uuid: "15db53a219d1459cbc8006c4b4cd6b62" member_type: VOTER last_known_addr { host: "127.11.234.67" port: 35639 } } peers { permanent_uuid: "befcaef18d3648fea8b9c44bc709bdf4" member_type: NON_VOTER last_known_addr { host: "127.11.234.68" port: 36683 } attrs { promote: true } } }
I20260608 09:50:31.325263 15170 raft_consensus.cc:2955] T 16774e665bcd46969867b04b3f32574e P 4cfb7dcb733c45148ef7da6585083add [term 1 FOLLOWER]: Committing config change with OpId 1.2: config changed from index -1 to 2, NON_VOTER befcaef18d3648fea8b9c44bc709bdf4 (127.11.234.68) added. New config: { opid_index: 2 OBSOLETE_local: false peers { permanent_uuid: "4cfb7dcb733c45148ef7da6585083add" member_type: VOTER last_known_addr { host: "127.11.234.65" port: 38333 } } peers { permanent_uuid: "496e311fad614fd3a200644bfc0c0505" member_type: VOTER last_known_addr { host: "127.11.234.66" port: 40925 } attrs { replace: true } } peers { permanent_uuid: "15db53a219d1459cbc8006c4b4cd6b62" member_type: VOTER last_known_addr { host: "127.11.234.67" port: 35639 } } peers { permanent_uuid: "befcaef18d3648fea8b9c44bc709bdf4" member_type: NON_VOTER last_known_addr { host: "127.11.234.68" port: 36683 } attrs { promote: true } } }
I20260608 09:50:31.338254 15068 catalog_manager.cc:5696] T 16774e665bcd46969867b04b3f32574e P 15db53a219d1459cbc8006c4b4cd6b62 reported cstate change: config changed from index -1 to 2, NON_VOTER befcaef18d3648fea8b9c44bc709bdf4 (127.11.234.68) added. New cstate: current_term: 1 leader_uuid: "15db53a219d1459cbc8006c4b4cd6b62" committed_config { opid_index: 2 OBSOLETE_local: false peers { permanent_uuid: "4cfb7dcb733c45148ef7da6585083add" member_type: VOTER last_known_addr { host: "127.11.234.65" port: 38333 } health_report { overall_health: HEALTHY } } peers { permanent_uuid: "496e311fad614fd3a200644bfc0c0505" member_type: VOTER last_known_addr { host: "127.11.234.66" port: 40925 } attrs { replace: true } health_report { overall_health: HEALTHY } } peers { permanent_uuid: "15db53a219d1459cbc8006c4b4cd6b62" member_type: VOTER last_known_addr { host: "127.11.234.67" port: 35639 } health_report { overall_health: HEALTHY } } peers { permanent_uuid: "befcaef18d3648fea8b9c44bc709bdf4" member_type: NON_VOTER last_known_addr { host: "127.11.234.68" port: 36683 } attrs { promote: true } health_report { overall_health: UNKNOWN } } }
