I20260608 09:50:29.894337 23492 raft_consensus.cc:740] T f8784bc2048f4859bcad39d31e3665f1 P bce99a3578344423bd95c0e826c3837f [term 1 LEADER]: Becoming Follower/Learner. State: Replica: bce99a3578344423bd95c0e826c3837f, State: Running, Role: LEADER
I20260608 09:50:29.895475 23492 consensus_queue.cc:260] T f8784bc2048f4859bcad39d31e3665f1 P bce99a3578344423bd95c0e826c3837f [NON_LEADER]: Queue going to NON_LEADER mode. State: All replicated index: 0, Majority replicated index: 1, Committed index: 1, Last appended: 1.1, Last appended by leader: 1, Current term: 1, Majority size: -1, State: 0, Mode: NON_LEADER, active raft config: opid_index: -1 OBSOLETE_local: false peers { permanent_uuid: "32f697891b4846e88b38a62a5a5fab1f" member_type: VOTER last_known_addr { host: "127.19.117.195" port: 43191 } } peers { permanent_uuid: "29f4c9710b7d493290d46170c7417e02" member_type: VOTER last_known_addr { host: "127.19.117.196" port: 33719 } } peers { permanent_uuid: "bce99a3578344423bd95c0e826c3837f" member_type: VOTER last_known_addr { host: "127.19.117.193" port: 34597 } }
I20260608 09:50:29.897882 23492 raft_consensus.cc:3060] T f8784bc2048f4859bcad39d31e3665f1 P bce99a3578344423bd95c0e826c3837f [term 1 FOLLOWER]: Advancing to term 2
I20260608 09:50:29.905761 22817 catalog_manager.cc:5696] T 9ae8bb72107a47eeb9fd629937c731ea P 8d0357a9249c4040a5ea5bfd06d8c673 reported cstate change: term changed from 1 to 2, leader changed from 32f697891b4846e88b38a62a5a5fab1f (127.19.117.195) to 8d0357a9249c4040a5ea5bfd06d8c673 (127.19.117.194). New cstate: current_term: 2 leader_uuid: "8d0357a9249c4040a5ea5bfd06d8c673" committed_config { opid_index: -1 OBSOLETE_local: false peers { permanent_uuid: "32f697891b4846e88b38a62a5a5fab1f" member_type: VOTER last_known_addr { host: "127.19.117.195" port: 43191 } health_report { overall_health: UNKNOWN } } peers { permanent_uuid: "29f4c9710b7d493290d46170c7417e02" member_type: VOTER last_known_addr { host: "127.19.117.196" port: 33719 } health_report { overall_health: UNKNOWN } } peers { permanent_uuid: "8d0357a9249c4040a5ea5bfd06d8c673" member_type: VOTER last_known_addr { host: "127.19.117.194" port: 34165 } health_report { overall_health: HEALTHY } } }
I20260608 09:50:29.964102 22996 raft_consensus.cc:1240] T ca60e93d02944b9eb130fb59565e5f03 P 8d0357a9249c4040a5ea5bfd06d8c673 [term 2 FOLLOWER]: Rejecting Update request from peer 32f697891b4846e88b38a62a5a5fab1f for earlier term 1. Current term is 2. Ops: []
I20260608 09:50:29.965555 23485 consensus_queue.cc:1059] T ca60e93d02944b9eb130fb59565e5f03 P 32f697891b4846e88b38a62a5a5fab1f [LEADER]: Peer responded invalid term: Peer: permanent_uuid: "8d0357a9249c4040a5ea5bfd06d8c673" member_type: VOTER last_known_addr { host: "127.19.117.194" port: 34165 }, Status: INVALID_TERM, Last received: 1.4, Next index: 5, Last known committed idx: 4, Time since last communication: 0.000s
I20260608 09:50:29.966540 23482 raft_consensus.cc:3055] T ca60e93d02944b9eb130fb59565e5f03 P 32f697891b4846e88b38a62a5a5fab1f [term 1 LEADER]: Stepping down as leader of term 1
I20260608 09:50:29.966856 23482 raft_consensus.cc:740] T ca60e93d02944b9eb130fb59565e5f03 P 32f697891b4846e88b38a62a5a5fab1f [term 1 LEADER]: Becoming Follower/Learner. State: Replica: 32f697891b4846e88b38a62a5a5fab1f, State: Running, Role: LEADER
I20260608 09:50:29.967597 23482 consensus_queue.cc:260] T ca60e93d02944b9eb130fb59565e5f03 P 32f697891b4846e88b38a62a5a5fab1f [NON_LEADER]: Queue going to NON_LEADER mode. State: All replicated index: 0, Majority replicated index: 4, Committed index: 4, Last appended: 1.4, Last appended by leader: 4, Current term: 1, Majority size: -1, State: 0, Mode: NON_LEADER, active raft config: opid_index: 4 OBSOLETE_local: false peers { permanent_uuid: "8d0357a9249c4040a5ea5bfd06d8c673" member_type: VOTER last_known_addr { host: "127.19.117.194" port: 34165 } } peers { permanent_uuid: "32f697891b4846e88b38a62a5a5fab1f" member_type: VOTER last_known_addr { host: "127.19.117.195" port: 43191 } } peers { permanent_uuid: "29f4c9710b7d493290d46170c7417e02" member_type: VOTER last_known_addr { host: "127.19.117.196" port: 33719 } attrs { promote: false } }
I20260608 09:50:29.968549 23482 raft_consensus.cc:3060] T ca60e93d02944b9eb130fb59565e5f03 P 32f697891b4846e88b38a62a5a5fab1f [term 1 FOLLOWER]: Advancing to term 2
I20260608 09:50:30.042866 23511 ts_tablet_manager.cc:933] T c22207c43a1a41cdb485c6a663016fe3 P 29f4c9710b7d493290d46170c7417e02: Initiating tablet copy from peer 8d0357a9249c4040a5ea5bfd06d8c673 (127.19.117.194:34165)
I20260608 09:50:30.045092 23511 tablet_copy_client.cc:323] T c22207c43a1a41cdb485c6a663016fe3 P 29f4c9710b7d493290d46170c7417e02: tablet copy: Beginning tablet copy session from remote peer at address 127.19.117.194:34165
I20260608 09:50:30.046742 23006 tablet_copy_service.cc:140] P 8d0357a9249c4040a5ea5bfd06d8c673: Received BeginTabletCopySession request for tablet c22207c43a1a41cdb485c6a663016fe3 from peer 29f4c9710b7d493290d46170c7417e02 ({username='slave'} at 127.0.0.1:59198)
I20260608 09:50:30.047307 23006 tablet_copy_service.cc:161] P 8d0357a9249c4040a5ea5bfd06d8c673: Beginning new tablet copy session on tablet c22207c43a1a41cdb485c6a663016fe3 from peer 29f4c9710b7d493290d46170c7417e02 at {username='slave'} at 127.0.0.1:59198: session id = 29f4c9710b7d493290d46170c7417e02-c22207c43a1a41cdb485c6a663016fe3
I20260608 09:50:30.055325 23006 tablet_copy_source_session.cc:215] T c22207c43a1a41cdb485c6a663016fe3 P 8d0357a9249c4040a5ea5bfd06d8c673: Tablet Copy: opened 0 blocks and 1 log segments
I20260608 09:50:30.058663 23511 data_dirs.cc:400] Could only allocate 1 dirs of requested 3 for tablet c22207c43a1a41cdb485c6a663016fe3. 1 dirs total, 0 dirs full, 0 dirs failed
I20260608 09:50:30.070514 23511 tablet_copy_client.cc:806] T c22207c43a1a41cdb485c6a663016fe3 P 29f4c9710b7d493290d46170c7417e02: tablet copy: Starting download of 0 data blocks...
I20260608 09:50:30.071058 23511 tablet_copy_client.cc:670] T c22207c43a1a41cdb485c6a663016fe3 P 29f4c9710b7d493290d46170c7417e02: tablet copy: Starting download of 1 WAL segments...
I20260608 09:50:30.075323 23511 tablet_copy_client.cc:538] T c22207c43a1a41cdb485c6a663016fe3 P 29f4c9710b7d493290d46170c7417e02: tablet copy: Tablet Copy complete. Replacing tablet superblock.
I20260608 09:50:30.081497 23511 tablet_bootstrap.cc:492] T c22207c43a1a41cdb485c6a663016fe3 P 29f4c9710b7d493290d46170c7417e02: Bootstrap starting.
I20260608 09:50:30.102371 23511 tablet_bootstrap.cc:492] T c22207c43a1a41cdb485c6a663016fe3 P 29f4c9710b7d493290d46170c7417e02: Bootstrap replayed 1/1 log segments. Stats: ops{read=2 overwritten=0 applied=2 ignored=0} inserts{seen=0 ignored=0} mutations{seen=0 ignored=0} orphaned_commits=0. Pending: 0 replicates
I20260608 09:50:30.103340 23511 tablet_bootstrap.cc:492] T c22207c43a1a41cdb485c6a663016fe3 P 29f4c9710b7d493290d46170c7417e02: Bootstrap complete.
I20260608 09:50:30.103986 23511 ts_tablet_manager.cc:1403] T c22207c43a1a41cdb485c6a663016fe3 P 29f4c9710b7d493290d46170c7417e02: Time spent bootstrapping tablet: real 0.023s	user 0.011s	sys 0.011s
I20260608 09:50:30.107434 23511 raft_consensus.cc:359] T c22207c43a1a41cdb485c6a663016fe3 P 29f4c9710b7d493290d46170c7417e02 [term 1 LEARNER]: Replica starting. Triggering 0 pending ops. Active config: opid_index: 2 OBSOLETE_local: false peers { permanent_uuid: "bce99a3578344423bd95c0e826c3837f" member_type: VOTER last_known_addr { host: "127.19.117.193" port: 34597 } } peers { permanent_uuid: "8d0357a9249c4040a5ea5bfd06d8c673" member_type: VOTER last_known_addr { host: "127.19.117.194" port: 34165 } } peers { permanent_uuid: "32f697891b4846e88b38a62a5a5fab1f" member_type: VOTER last_known_addr { host: "127.19.117.195" port: 43191 } attrs { replace: true } } peers { permanent_uuid: "29f4c9710b7d493290d46170c7417e02" member_type: NON_VOTER last_known_addr { host: "127.19.117.196" port: 33719 } attrs { promote: true } }
I20260608 09:50:30.108273 23511 raft_consensus.cc:740] T c22207c43a1a41cdb485c6a663016fe3 P 29f4c9710b7d493290d46170c7417e02 [term 1 LEARNER]: Becoming Follower/Learner. State: Replica: 29f4c9710b7d493290d46170c7417e02, State: Initialized, Role: LEARNER
I20260608 09:50:30.108933 23511 consensus_queue.cc:260] T c22207c43a1a41cdb485c6a663016fe3 P 29f4c9710b7d493290d46170c7417e02 [NON_LEADER]: Queue going to NON_LEADER mode. State: All replicated index: 0, Majority replicated index: 0, Committed index: 2, Last appended: 1.2, Last appended by leader: 2, Current term: 0, Majority size: -1, State: 0, Mode: NON_LEADER, active raft config: opid_index: 2 OBSOLETE_local: false peers { permanent_uuid: "bce99a3578344423bd95c0e826c3837f" member_type: VOTER last_known_addr { host: "127.19.117.193" port: 34597 } } peers { permanent_uuid: "8d0357a9249c4040a5ea5bfd06d8c673" member_type: VOTER last_known_addr { host: "127.19.117.194" port: 34165 } } peers { permanent_uuid: "32f697891b4846e88b38a62a5a5fab1f" member_type: VOTER last_known_addr { host: "127.19.117.195" port: 43191 } attrs { replace: true } } peers { permanent_uuid: "29f4c9710b7d493290d46170c7417e02" member_type: NON_VOTER last_known_addr { host: "127.19.117.196" port: 33719 } attrs { promote: true } }
I20260608 09:50:30.111459 23511 ts_tablet_manager.cc:1434] T c22207c43a1a41cdb485c6a663016fe3 P 29f4c9710b7d493290d46170c7417e02: Time spent starting tablet: real 0.007s	user 0.000s	sys 0.008s
I20260608 09:50:30.113229 23006 tablet_copy_service.cc:342] P 8d0357a9249c4040a5ea5bfd06d8c673: Request end of tablet copy session 29f4c9710b7d493290d46170c7417e02-c22207c43a1a41cdb485c6a663016fe3 received from {username='slave'} at 127.0.0.1:59198
I20260608 09:50:30.113678 23006 tablet_copy_service.cc:434] P 8d0357a9249c4040a5ea5bfd06d8c673: ending tablet copy session 29f4c9710b7d493290d46170c7417e02-c22207c43a1a41cdb485c6a663016fe3 on tablet c22207c43a1a41cdb485c6a663016fe3 with peer 29f4c9710b7d493290d46170c7417e02
I20260608 09:50:30.161789 22919 raft_consensus.cc:1275] T 9944d0eb707e4026ac13a2198e3b708b P bce99a3578344423bd95c0e826c3837f [term 3 FOLLOWER]: Refusing update from remote peer 8d0357a9249c4040a5ea5bfd06d8c673: Log matching property violated. Preceding OpId in replica: term: 2 index: 2. Preceding OpId from leader: term: 3 index: 3. (index mismatch)
I20260608 09:50:30.163065 23488 consensus_queue.cc:1048] T 9944d0eb707e4026ac13a2198e3b708b P 8d0357a9249c4040a5ea5bfd06d8c673 [LEADER]: Connected to new peer: Peer: permanent_uuid: "bce99a3578344423bd95c0e826c3837f" member_type: VOTER last_known_addr { host: "127.19.117.193" port: 34597 }, Status: LMP_MISMATCH, Last received: 0.0, Next index: 3, Last known committed idx: 2, Time since last communication: 0.000s
I20260608 09:50:30.174093 23214 raft_consensus.cc:1275] T 9944d0eb707e4026ac13a2198e3b708b P 29f4c9710b7d493290d46170c7417e02 [term 3 FOLLOWER]: Refusing update from remote peer 8d0357a9249c4040a5ea5bfd06d8c673: Log matching property violated. Preceding OpId in replica: term: 2 index: 2. Preceding OpId from leader: term: 3 index: 3. (index mismatch)
I20260608 09:50:30.178736 23490 consensus_queue.cc:1048] T 9944d0eb707e4026ac13a2198e3b708b P 8d0357a9249c4040a5ea5bfd06d8c673 [LEADER]: Connected to new peer: Peer: permanent_uuid: "29f4c9710b7d493290d46170c7417e02" member_type: VOTER last_known_addr { host: "127.19.117.196" port: 33719 }, Status: LMP_MISMATCH, Last received: 0.0, Next index: 3, Last known committed idx: 2, Time since last communication: 0.000s
I20260608 09:50:30.192709 23214 raft_consensus.cc:1275] T 60000b2ece154f91aa31623a21ccfb13 P 29f4c9710b7d493290d46170c7417e02 [term 2 FOLLOWER]: Refusing update from remote peer bce99a3578344423bd95c0e826c3837f: Log matching property violated. Preceding OpId in replica: term: 1 index: 4. Preceding OpId from leader: term: 2 index: 5. (index mismatch)
I20260608 09:50:30.194689 23492 consensus_queue.cc:1048] T 60000b2ece154f91aa31623a21ccfb13 P bce99a3578344423bd95c0e826c3837f [LEADER]: Connected to new peer: Peer: permanent_uuid: "29f4c9710b7d493290d46170c7417e02" member_type: VOTER last_known_addr { host: "127.19.117.196" port: 33719 } attrs { promote: false }, Status: LMP_MISMATCH, Last received: 0.0, Next index: 5, Last known committed idx: 4, Time since last communication: 0.000s
I20260608 09:50:30.205925 23066 raft_consensus.cc:1275] T 60000b2ece154f91aa31623a21ccfb13 P 32f697891b4846e88b38a62a5a5fab1f [term 2 FOLLOWER]: Refusing update from remote peer bce99a3578344423bd95c0e826c3837f: Log matching property violated. Preceding OpId in replica: term: 1 index: 4. Preceding OpId from leader: term: 2 index: 5. (index mismatch)
I20260608 09:50:30.207991 23486 consensus_queue.cc:1048] T 60000b2ece154f91aa31623a21ccfb13 P bce99a3578344423bd95c0e826c3837f [LEADER]: Connected to new peer: Peer: permanent_uuid: "32f697891b4846e88b38a62a5a5fab1f" member_type: VOTER last_known_addr { host: "127.19.117.195" port: 43191 }, Status: LMP_MISMATCH, Last received: 0.0, Next index: 5, Last known committed idx: 4, Time since last communication: 0.000s
I20260608 09:50:30.253829 23066 raft_consensus.cc:1275] T 9ae8bb72107a47eeb9fd629937c731ea P 32f697891b4846e88b38a62a5a5fab1f [term 2 FOLLOWER]: Refusing update from remote peer 8d0357a9249c4040a5ea5bfd06d8c673: Log matching property violated. Preceding OpId in replica: term: 1 index: 1. Preceding OpId from leader: term: 2 index: 2. (index mismatch)
I20260608 09:50:30.260605 23488 consensus_queue.cc:1048] T 9ae8bb72107a47eeb9fd629937c731ea P 8d0357a9249c4040a5ea5bfd06d8c673 [LEADER]: Connected to new peer: Peer: permanent_uuid: "32f697891b4846e88b38a62a5a5fab1f" member_type: VOTER last_known_addr { host: "127.19.117.195" port: 43191 }, Status: LMP_MISMATCH, Last received: 0.0, Next index: 2, Last known committed idx: 1, Time since last communication: 0.000s
I20260608 09:50:30.273687 23214 raft_consensus.cc:1275] T 9ae8bb72107a47eeb9fd629937c731ea P 29f4c9710b7d493290d46170c7417e02 [term 2 FOLLOWER]: Refusing update from remote peer 8d0357a9249c4040a5ea5bfd06d8c673: Log matching property violated. Preceding OpId in replica: term: 1 index: 1. Preceding OpId from leader: term: 2 index: 2. (index mismatch)
I20260608 09:50:30.275146 23488 consensus_queue.cc:1048] T 9ae8bb72107a47eeb9fd629937c731ea P 8d0357a9249c4040a5ea5bfd06d8c673 [LEADER]: Connected to new peer: Peer: permanent_uuid: "29f4c9710b7d493290d46170c7417e02" member_type: VOTER last_known_addr { host: "127.19.117.196" port: 33719 }, Status: LMP_MISMATCH, Last received: 0.0, Next index: 2, Last known committed idx: 1, Time since last communication: 0.000s
I20260608 09:50:30.285357 23215 raft_consensus.cc:3060] T e024ad0135694b24812ab8131a32ed46 P 29f4c9710b7d493290d46170c7417e02 [term 1 FOLLOWER]: Advancing to term 2
I20260608 09:50:30.293174 23215 raft_consensus.cc:1275] T e024ad0135694b24812ab8131a32ed46 P 29f4c9710b7d493290d46170c7417e02 [term 2 FOLLOWER]: Refusing update from remote peer 8d0357a9249c4040a5ea5bfd06d8c673: Log matching property violated. Preceding OpId in replica: term: 1 index: 4. Preceding OpId from leader: term: 2 index: 5. (index mismatch)
I20260608 09:50:30.294754 23488 consensus_queue.cc:1048] T e024ad0135694b24812ab8131a32ed46 P 8d0357a9249c4040a5ea5bfd06d8c673 [LEADER]: Connected to new peer: Peer: permanent_uuid: "29f4c9710b7d493290d46170c7417e02" member_type: VOTER last_known_addr { host: "127.19.117.196" port: 33719 } attrs { promote: false }, Status: LMP_MISMATCH, Last received: 0.0, Next index: 5, Last known committed idx: 4, Time since last communication: 0.000s
I20260608 09:50:30.305411 22919 raft_consensus.cc:1275] T e024ad0135694b24812ab8131a32ed46 P bce99a3578344423bd95c0e826c3837f [term 2 FOLLOWER]: Refusing update from remote peer 8d0357a9249c4040a5ea5bfd06d8c673: Log matching property violated. Preceding OpId in replica: term: 1 index: 4. Preceding OpId from leader: term: 2 index: 5. (index mismatch)
I20260608 09:50:30.306900 23488 consensus_queue.cc:1048] T e024ad0135694b24812ab8131a32ed46 P 8d0357a9249c4040a5ea5bfd06d8c673 [LEADER]: Connected to new peer: Peer: permanent_uuid: "bce99a3578344423bd95c0e826c3837f" member_type: VOTER last_known_addr { host: "127.19.117.193" port: 34597 }, Status: LMP_MISMATCH, Last received: 0.0, Next index: 5, Last known committed idx: 4, Time since last communication: 0.000s
I20260608 09:50:30.520967 23215 raft_consensus.cc:1217] T c22207c43a1a41cdb485c6a663016fe3 P 29f4c9710b7d493290d46170c7417e02 [term 1 LEARNER]: Deduplicated request from leader. Original: 1.1->[1.2-1.2]   Dedup: 1.2->[]
W20260608 09:50:30.568218 23241 debug-util.cc:398] Leaking SignalData structure 0x7b08000db9a0 after lost signal to thread 19930
W20260608 09:50:30.569424 23241 debug-util.cc:398] Leaking SignalData structure 0x7b08000d50a0 after lost signal to thread 22853
W20260608 09:50:30.570672 23241 debug-util.cc:398] Leaking SignalData structure 0x7b0800123640 after lost signal to thread 22945
W20260608 09:50:30.571764 23241 debug-util.cc:398] Leaking SignalData structure 0x7b08000ee420 after lost signal to thread 23020
W20260608 09:50:30.572911 23241 debug-util.cc:398] Leaking SignalData structure 0x7b080024dee0 after lost signal to thread 23094
W20260608 09:50:30.574047 23241 debug-util.cc:398] Leaking SignalData structure 0x7b08001e33a0 after lost signal to thread 23244
I20260608 09:50:31.103221 23488 raft_consensus.cc:1064] T c22207c43a1a41cdb485c6a663016fe3 P 8d0357a9249c4040a5ea5bfd06d8c673: attempting to promote NON_VOTER 29f4c9710b7d493290d46170c7417e02 to VOTER
I20260608 09:50:31.107065 23488 consensus_queue.cc:237] T c22207c43a1a41cdb485c6a663016fe3 P 8d0357a9249c4040a5ea5bfd06d8c673 [LEADER]: Queue going to LEADER mode. State: All replicated index: 0, Majority replicated index: 2, Committed index: 2, Last appended: 1.2, Last appended by leader: 0, Current term: 1, Majority size: 3, State: 0, Mode: LEADER, active raft config: opid_index: 3 OBSOLETE_local: false peers { permanent_uuid: "bce99a3578344423bd95c0e826c3837f" member_type: VOTER last_known_addr { host: "127.19.117.193" port: 34597 } } peers { permanent_uuid: "8d0357a9249c4040a5ea5bfd06d8c673" member_type: VOTER last_known_addr { host: "127.19.117.194" port: 34165 } } peers { permanent_uuid: "32f697891b4846e88b38a62a5a5fab1f" member_type: VOTER last_known_addr { host: "127.19.117.195" port: 43191 } attrs { replace: true } } peers { permanent_uuid: "29f4c9710b7d493290d46170c7417e02" member_type: VOTER last_known_addr { host: "127.19.117.196" port: 33719 } attrs { promote: false } }
I20260608 09:50:31.119547 23215 raft_consensus.cc:1275] T c22207c43a1a41cdb485c6a663016fe3 P 29f4c9710b7d493290d46170c7417e02 [term 1 LEARNER]: Refusing update from remote peer 8d0357a9249c4040a5ea5bfd06d8c673: Log matching property violated. Preceding OpId in replica: term: 1 index: 2. Preceding OpId from leader: term: 1 index: 3. (index mismatch)
I20260608 09:50:31.120692 23066 raft_consensus.cc:1275] T c22207c43a1a41cdb485c6a663016fe3 P 32f697891b4846e88b38a62a5a5fab1f [term 1 FOLLOWER]: Refusing update from remote peer 8d0357a9249c4040a5ea5bfd06d8c673: Log matching property violated. Preceding OpId in replica: term: 1 index: 2. Preceding OpId from leader: term: 1 index: 3. (index mismatch)
I20260608 09:50:31.121354 23499 consensus_queue.cc:1048] T c22207c43a1a41cdb485c6a663016fe3 P 8d0357a9249c4040a5ea5bfd06d8c673 [LEADER]: Connected to new peer: Peer: permanent_uuid: "29f4c9710b7d493290d46170c7417e02" member_type: VOTER last_known_addr { host: "127.19.117.196" port: 33719 } attrs { promote: false }, Status: LMP_MISMATCH, Last received: 0.0, Next index: 3, Last known committed idx: 2, Time since last communication: 0.000s
I20260608 09:50:31.122398 23500 consensus_queue.cc:1048] T c22207c43a1a41cdb485c6a663016fe3 P 8d0357a9249c4040a5ea5bfd06d8c673 [LEADER]: Connected to new peer: Peer: permanent_uuid: "32f697891b4846e88b38a62a5a5fab1f" member_type: VOTER last_known_addr { host: "127.19.117.195" port: 43191 } attrs { replace: true }, Status: LMP_MISMATCH, Last received: 0.0, Next index: 3, Last known committed idx: 2, Time since last communication: 0.000s
I20260608 09:50:31.126389 22920 raft_consensus.cc:1275] T c22207c43a1a41cdb485c6a663016fe3 P bce99a3578344423bd95c0e826c3837f [term 1 FOLLOWER]: Refusing update from remote peer 8d0357a9249c4040a5ea5bfd06d8c673: Log matching property violated. Preceding OpId in replica: term: 1 index: 2. Preceding OpId from leader: term: 1 index: 3. (index mismatch)
I20260608 09:50:31.136647 23500 consensus_queue.cc:1048] T c22207c43a1a41cdb485c6a663016fe3 P 8d0357a9249c4040a5ea5bfd06d8c673 [LEADER]: Connected to new peer: Peer: permanent_uuid: "bce99a3578344423bd95c0e826c3837f" member_type: VOTER last_known_addr { host: "127.19.117.193" port: 34597 }, Status: LMP_MISMATCH, Last received: 0.0, Next index: 3, Last known committed idx: 2, Time since last communication: 0.000s
I20260608 09:50:31.168990 22919 raft_consensus.cc:2955] T c22207c43a1a41cdb485c6a663016fe3 P bce99a3578344423bd95c0e826c3837f [term 1 FOLLOWER]: Committing config change with OpId 1.3: config changed from index 2 to 3, 29f4c9710b7d493290d46170c7417e02 (127.19.117.196) changed from NON_VOTER to VOTER. New config: { opid_index: 3 OBSOLETE_local: false peers { permanent_uuid: "bce99a3578344423bd95c0e826c3837f" member_type: VOTER last_known_addr { host: "127.19.117.193" port: 34597 } } peers { permanent_uuid: "8d0357a9249c4040a5ea5bfd06d8c673" member_type: VOTER last_known_addr { host: "127.19.117.194" port: 34165 } } peers { permanent_uuid: "32f697891b4846e88b38a62a5a5fab1f" member_type: VOTER last_known_addr { host: "127.19.117.195" port: 43191 } attrs { replace: true } } peers { permanent_uuid: "29f4c9710b7d493290d46170c7417e02" member_type: VOTER last_known_addr { host: "127.19.117.196" port: 33719 } attrs { promote: false } } }
I20260608 09:50:31.176757 23537 raft_consensus.cc:2955] T c22207c43a1a41cdb485c6a663016fe3 P 8d0357a9249c4040a5ea5bfd06d8c673 [term 1 LEADER]: Committing config change with OpId 1.3: config changed from index 2 to 3, 29f4c9710b7d493290d46170c7417e02 (127.19.117.196) changed from NON_VOTER to VOTER. New config: { opid_index: 3 OBSOLETE_local: false peers { permanent_uuid: "bce99a3578344423bd95c0e826c3837f" member_type: VOTER last_known_addr { host: "127.19.117.193" port: 34597 } } peers { permanent_uuid: "8d0357a9249c4040a5ea5bfd06d8c673" member_type: VOTER last_known_addr { host: "127.19.117.194" port: 34165 } } peers { permanent_uuid: "32f697891b4846e88b38a62a5a5fab1f" member_type: VOTER last_known_addr { host: "127.19.117.195" port: 43191 } attrs { replace: true } } peers { permanent_uuid: "29f4c9710b7d493290d46170c7417e02" member_type: VOTER last_known_addr { host: "127.19.117.196" port: 33719 } attrs { promote: false } } }
I20260608 09:50:31.190259 23067 raft_consensus.cc:2955] T c22207c43a1a41cdb485c6a663016fe3 P 32f697891b4846e88b38a62a5a5fab1f [term 1 FOLLOWER]: Committing config change with OpId 1.3: config changed from index 2 to 3, 29f4c9710b7d493290d46170c7417e02 (127.19.117.196) changed from NON_VOTER to VOTER. New config: { opid_index: 3 OBSOLETE_local: false peers { permanent_uuid: "bce99a3578344423bd95c0e826c3837f" member_type: VOTER last_known_addr { host: "127.19.117.193" port: 34597 } } peers { permanent_uuid: "8d0357a9249c4040a5ea5bfd06d8c673" member_type: VOTER last_known_addr { host: "127.19.117.194" port: 34165 } } peers { permanent_uuid: "32f697891b4846e88b38a62a5a5fab1f" member_type: VOTER last_known_addr { host: "127.19.117.195" port: 43191 } attrs { replace: true } } peers { permanent_uuid: "29f4c9710b7d493290d46170c7417e02" member_type: VOTER last_known_addr { host: "127.19.117.196" port: 33719 } attrs { promote: false } } }
I20260608 09:50:31.224097 22819 catalog_manager.cc:5696] T c22207c43a1a41cdb485c6a663016fe3 P bce99a3578344423bd95c0e826c3837f reported cstate change: config changed from index 2 to 3, 29f4c9710b7d493290d46170c7417e02 (127.19.117.196) changed from NON_VOTER to VOTER. New cstate: current_term: 1 leader_uuid: "8d0357a9249c4040a5ea5bfd06d8c673" committed_config { opid_index: 3 OBSOLETE_local: false peers { permanent_uuid: "bce99a3578344423bd95c0e826c3837f" member_type: VOTER last_known_addr { host: "127.19.117.193" port: 34597 } } peers { permanent_uuid: "8d0357a9249c4040a5ea5bfd06d8c673" member_type: VOTER last_known_addr { host: "127.19.117.194" port: 34165 } } peers { permanent_uuid: "32f697891b4846e88b38a62a5a5fab1f" member_type: VOTER last_known_addr { host: "127.19.117.195" port: 43191 } attrs { replace: true } } peers { permanent_uuid: "29f4c9710b7d493290d46170c7417e02" member_type: VOTER last_known_addr { host: "127.19.117.196" port: 33719 } attrs { promote: false } } }
I20260608 09:50:31.235780 23215 raft_consensus.cc:2955] T c22207c43a1a41cdb485c6a663016fe3 P 29f4c9710b7d493290d46170c7417e02 [term 1 FOLLOWER]: Committing config change with OpId 1.3: config changed from index 2 to 3, 29f4c9710b7d493290d46170c7417e02 (127.19.117.196) changed from NON_VOTER to VOTER. New config: { opid_index: 3 OBSOLETE_local: false peers { permanent_uuid: "bce99a3578344423bd95c0e826c3837f" member_type: VOTER last_known_addr { host: "127.19.117.193" port: 34597 } } peers { permanent_uuid: "8d0357a9249c4040a5ea5bfd06d8c673" member_type: VOTER last_known_addr { host: "127.19.117.194" port: 34165 } } peers { permanent_uuid: "32f697891b4846e88b38a62a5a5fab1f" member_type: VOTER last_known_addr { host: "127.19.117.195" port: 43191 } attrs { replace: true } } peers { permanent_uuid: "29f4c9710b7d493290d46170c7417e02" member_type: VOTER last_known_addr { host: "127.19.117.196" port: 33719 } attrs { promote: false } } }
I20260608 09:50:31.278990 22996 consensus_queue.cc:237] T c22207c43a1a41cdb485c6a663016fe3 P 8d0357a9249c4040a5ea5bfd06d8c673 [LEADER]: Queue going to LEADER mode. State: All replicated index: 0, Majority replicated index: 3, Committed index: 3, Last appended: 1.3, Last appended by leader: 0, Current term: 1, Majority size: 2, State: 0, Mode: LEADER, active raft config: opid_index: 4 OBSOLETE_local: false peers { permanent_uuid: "bce99a3578344423bd95c0e826c3837f" member_type: VOTER last_known_addr { host: "127.19.117.193" port: 34597 } } peers { permanent_uuid: "8d0357a9249c4040a5ea5bfd06d8c673" member_type: VOTER last_known_addr { host: "127.19.117.194" port: 34165 } } peers { permanent_uuid: "29f4c9710b7d493290d46170c7417e02" member_type: VOTER last_known_addr { host: "127.19.117.196" port: 33719 } attrs { promote: false } }
I20260608 09:50:31.284837 23215 raft_consensus.cc:1275] T c22207c43a1a41cdb485c6a663016fe3 P 29f4c9710b7d493290d46170c7417e02 [term 1 FOLLOWER]: Refusing update from remote peer 8d0357a9249c4040a5ea5bfd06d8c673: Log matching property violated. Preceding OpId in replica: term: 1 index: 3. Preceding OpId from leader: term: 1 index: 4. (index mismatch)
I20260608 09:50:31.285990 22920 raft_consensus.cc:1275] T c22207c43a1a41cdb485c6a663016fe3 P bce99a3578344423bd95c0e826c3837f [term 1 FOLLOWER]: Refusing update from remote peer 8d0357a9249c4040a5ea5bfd06d8c673: Log matching property violated. Preceding OpId in replica: term: 1 index: 3. Preceding OpId from leader: term: 1 index: 4. (index mismatch)
I20260608 09:50:31.287111 23533 consensus_queue.cc:1048] T c22207c43a1a41cdb485c6a663016fe3 P 8d0357a9249c4040a5ea5bfd06d8c673 [LEADER]: Connected to new peer: Peer: permanent_uuid: "29f4c9710b7d493290d46170c7417e02" member_type: VOTER last_known_addr { host: "127.19.117.196" port: 33719 } attrs { promote: false }, Status: LMP_MISMATCH, Last received: 0.0, Next index: 4, Last known committed idx: 3, Time since last communication: 0.000s
I20260608 09:50:31.288828 23533 consensus_queue.cc:1048] T c22207c43a1a41cdb485c6a663016fe3 P 8d0357a9249c4040a5ea5bfd06d8c673 [LEADER]: Connected to new peer: Peer: permanent_uuid: "bce99a3578344423bd95c0e826c3837f" member_type: VOTER last_known_addr { host: "127.19.117.193" port: 34597 }, Status: LMP_MISMATCH, Last received: 0.0, Next index: 4, Last known committed idx: 3, Time since last communication: 0.000s
I20260608 09:50:31.295903 23499 raft_consensus.cc:2955] T c22207c43a1a41cdb485c6a663016fe3 P 8d0357a9249c4040a5ea5bfd06d8c673 [term 1 LEADER]: Committing config change with OpId 1.4: config changed from index 3 to 4, VOTER 32f697891b4846e88b38a62a5a5fab1f (127.19.117.195) evicted. New config: { opid_index: 4 OBSOLETE_local: false peers { permanent_uuid: "bce99a3578344423bd95c0e826c3837f" member_type: VOTER last_known_addr { host: "127.19.117.193" port: 34597 } } peers { permanent_uuid: "8d0357a9249c4040a5ea5bfd06d8c673" member_type: VOTER last_known_addr { host: "127.19.117.194" port: 34165 } } peers { permanent_uuid: "29f4c9710b7d493290d46170c7417e02" member_type: VOTER last_known_addr { host: "127.19.117.196" port: 33719 } attrs { promote: false } } }
I20260608 09:50:31.297634 23215 raft_consensus.cc:2955] T c22207c43a1a41cdb485c6a663016fe3 P 29f4c9710b7d493290d46170c7417e02 [term 1 FOLLOWER]: Committing config change with OpId 1.4: config changed from index 3 to 4, VOTER 32f697891b4846e88b38a62a5a5fab1f (127.19.117.195) evicted. New config: { opid_index: 4 OBSOLETE_local: false peers { permanent_uuid: "bce99a3578344423bd95c0e826c3837f" member_type: VOTER last_known_addr { host: "127.19.117.193" port: 34597 } } peers { permanent_uuid: "8d0357a9249c4040a5ea5bfd06d8c673" member_type: VOTER last_known_addr { host: "127.19.117.194" port: 34165 } } peers { permanent_uuid: "29f4c9710b7d493290d46170c7417e02" member_type: VOTER last_known_addr { host: "127.19.117.196" port: 33719 } attrs { promote: false } } }
I20260608 09:50:31.307520 22920 raft_consensus.cc:2955] T c22207c43a1a41cdb485c6a663016fe3 P bce99a3578344423bd95c0e826c3837f [term 1 FOLLOWER]: Committing config change with OpId 1.4: config changed from index 3 to 4, VOTER 32f697891b4846e88b38a62a5a5fab1f (127.19.117.195) evicted. New config: { opid_index: 4 OBSOLETE_local: false peers { permanent_uuid: "bce99a3578344423bd95c0e826c3837f" member_type: VOTER last_known_addr { host: "127.19.117.193" port: 34597 } } peers { permanent_uuid: "8d0357a9249c4040a5ea5bfd06d8c673" member_type: VOTER last_known_addr { host: "127.19.117.194" port: 34165 } } peers { permanent_uuid: "29f4c9710b7d493290d46170c7417e02" member_type: VOTER last_known_addr { host: "127.19.117.196" port: 33719 } attrs { promote: false } } }
I20260608 09:50:31.318179 22816 catalog_manager.cc:5696] T c22207c43a1a41cdb485c6a663016fe3 P 29f4c9710b7d493290d46170c7417e02 reported cstate change: config changed from index 3 to 4, VOTER 32f697891b4846e88b38a62a5a5fab1f (127.19.117.195) evicted. New cstate: current_term: 1 leader_uuid: "8d0357a9249c4040a5ea5bfd06d8c673" committed_config { opid_index: 4 OBSOLETE_local: false peers { permanent_uuid: "bce99a3578344423bd95c0e826c3837f" member_type: VOTER last_known_addr { host: "127.19.117.193" port: 34597 } } peers { permanent_uuid: "8d0357a9249c4040a5ea5bfd06d8c673" member_type: VOTER last_known_addr { host: "127.19.117.194" port: 34165 } } peers { permanent_uuid: "29f4c9710b7d493290d46170c7417e02" member_type: VOTER last_known_addr { host: "127.19.117.196" port: 33719 } attrs { promote: false } } }
I20260608 09:50:31.325809 22805 catalog_manager.cc:5209] ChangeConfig:REMOVE_PEER RPC for tablet c22207c43a1a41cdb485c6a663016fe3 with cas_config_opid_index 3: ChangeConfig:REMOVE_PEER succeeded (attempt 1)
I20260608 09:50:31.334862 23055 tablet_service.cc:1558] Processing DeleteTablet for tablet c22207c43a1a41cdb485c6a663016fe3 with delete_type TABLET_DATA_TOMBSTONED (TS 32f697891b4846e88b38a62a5a5fab1f not found in new config with opid_index 4) from {username='slave'} at 127.0.0.1:58554
I20260608 09:50:31.337471 23543 tablet_replica.cc:333] T c22207c43a1a41cdb485c6a663016fe3 P 32f697891b4846e88b38a62a5a5fab1f: stopping tablet replica
I20260608 09:50:31.338268 23543 raft_consensus.cc:2243] T c22207c43a1a41cdb485c6a663016fe3 P 32f697891b4846e88b38a62a5a5fab1f [term 1 FOLLOWER]: Raft consensus shutting down.
I20260608 09:50:31.338897 23543 raft_consensus.cc:2272] T c22207c43a1a41cdb485c6a663016fe3 P 32f697891b4846e88b38a62a5a5fab1f [term 1 FOLLOWER]: Raft consensus is shut down!
I20260608 09:50:31.342285 23543 ts_tablet_manager.cc:1916] T c22207c43a1a41cdb485c6a663016fe3 P 32f697891b4846e88b38a62a5a5fab1f: Deleting tablet data with delete state TABLET_DATA_TOMBSTONED
I20260608 09:50:31.345002 23482 raft_consensus.cc:493] T ca60e93d02944b9eb130fb59565e5f03 P 32f697891b4846e88b38a62a5a5fab1f [term 2 FOLLOWER]: Starting pre-election (no leader contacted us within the election timeout)
I20260608 09:50:31.345528 23482 raft_consensus.cc:515] T ca60e93d02944b9eb130fb59565e5f03 P 32f697891b4846e88b38a62a5a5fab1f [term 2 FOLLOWER]: Starting pre-election with config: opid_index: 4 OBSOLETE_local: false peers { permanent_uuid: "8d0357a9249c4040a5ea5bfd06d8c673" member_type: VOTER last_known_addr { host: "127.19.117.194" port: 34165 } } peers { permanent_uuid: "32f697891b4846e88b38a62a5a5fab1f" member_type: VOTER last_known_addr { host: "127.19.117.195" port: 43191 } } peers { permanent_uuid: "29f4c9710b7d493290d46170c7417e02" member_type: VOTER last_known_addr { host: "127.19.117.196" port: 33719 } attrs { promote: false } }
I20260608 09:50:31.347743 23482 leader_election.cc:290] T ca60e93d02944b9eb130fb59565e5f03 P 32f697891b4846e88b38a62a5a5fab1f [CANDIDATE]: Term 3 pre-election: Requested pre-vote from peers 8d0357a9249c4040a5ea5bfd06d8c673 (127.19.117.194:34165), 29f4c9710b7d493290d46170c7417e02 (127.19.117.196:33719)
I20260608 09:50:31.348920 22994 tablet_service.cc:1917] Received RequestConsensusVote() RPC: tablet_id: "ca60e93d02944b9eb130fb59565e5f03" candidate_uuid: "32f697891b4846e88b38a62a5a5fab1f" candidate_term: 3 candidate_status { last_received { term: 1 index: 4 } } ignore_live_leader: false dest_uuid: "8d0357a9249c4040a5ea5bfd06d8c673" is_pre_election: true
I20260608 09:50:31.349677 22994 raft_consensus.cc:2468] T ca60e93d02944b9eb130fb59565e5f03 P 8d0357a9249c4040a5ea5bfd06d8c673 [term 2 FOLLOWER]: Leader pre-election vote request: Granting yes vote for candidate 32f697891b4846e88b38a62a5a5fab1f in term 2.
I20260608 09:50:31.350769 23035 leader_election.cc:304] T ca60e93d02944b9eb130fb59565e5f03 P 32f697891b4846e88b38a62a5a5fab1f [CANDIDATE]: Term 3 pre-election: Election decided. Result: candidate won. Election summary: received 2 responses out of 3 voters: 2 yes votes; 0 no votes. yes voters: 32f697891b4846e88b38a62a5a5fab1f, 8d0357a9249c4040a5ea5bfd06d8c673; no voters: 
I20260608 09:50:31.351467 23482 raft_consensus.cc:2804] T ca60e93d02944b9eb130fb59565e5f03 P 32f697891b4846e88b38a62a5a5fab1f [term 2 FOLLOWER]: Leader pre-election won for term 3
I20260608 09:50:31.351383 23215 tablet_service.cc:1917] Received RequestConsensusVote() RPC: tablet_id: "ca60e93d02944b9eb130fb59565e5f03" candidate_uuid: "32f697891b4846e88b38a62a5a5fab1f" candidate_term: 3 candidate_status { last_received { term: 1 index: 4 } } ignore_live_leader: false dest_uuid: "29f4c9710b7d493290d46170c7417e02" is_pre_election: true
I20260608 09:50:31.351977 23482 raft_consensus.cc:493] T ca60e93d02944b9eb130fb59565e5f03 P 32f697891b4846e88b38a62a5a5fab1f [term 2 FOLLOWER]: Starting leader election (no leader contacted us within the election timeout)
I20260608 09:50:31.352375 23482 raft_consensus.cc:3060] T ca60e93d02944b9eb130fb59565e5f03 P 32f697891b4846e88b38a62a5a5fab1f [term 2 FOLLOWER]: Advancing to term 3
I20260608 09:50:31.352370 23215 raft_consensus.cc:2468] T ca60e93d02944b9eb130fb59565e5f03 P 29f4c9710b7d493290d46170c7417e02 [term 1 FOLLOWER]: Leader pre-election vote request: Granting yes vote for candidate 32f697891b4846e88b38a62a5a5fab1f in term 1.
I20260608 09:50:31.359457 23543 ts_tablet_manager.cc:1929] T c22207c43a1a41cdb485c6a663016fe3 P 32f697891b4846e88b38a62a5a5fab1f: tablet deleted with delete type TABLET_DATA_TOMBSTONED: last-logged OpId 1.3
I20260608 09:50:31.359417 23482 raft_consensus.cc:515] T ca60e93d02944b9eb130fb59565e5f03 P 32f697891b4846e88b38a62a5a5fab1f [term 3 FOLLOWER]: Starting leader election with config: opid_index: 4 OBSOLETE_local: false peers { permanent_uuid: "8d0357a9249c4040a5ea5bfd06d8c673" member_type: VOTER last_known_addr { host: "127.19.117.194" port: 34165 } } peers { permanent_uuid: "32f697891b4846e88b38a62a5a5fab1f" member_type: VOTER last_known_addr { host: "127.19.117.195" port: 43191 } } peers { permanent_uuid: "29f4c9710b7d493290d46170c7417e02" member_type: VOTER last_known_addr { host: "127.19.117.196" port: 33719 } attrs { promote: false } }
I20260608 09:50:31.360024 23543 log.cc:1199] T c22207c43a1a41cdb485c6a663016fe3 P 32f697891b4846e88b38a62a5a5fab1f: Deleting WAL directory at /tmp/dist-test-taskVr17mO/test-tmp/auto_rebalancer-test.0.AutoRebalancerTest.RangeAwareRebalancesNewRangeReplicas.1780912140770658-19927-0/minicluster-data/ts-2-root/wals/c22207c43a1a41cdb485c6a663016fe3
I20260608 09:50:31.361915 22804 catalog_manager.cc:5027] TS 32f697891b4846e88b38a62a5a5fab1f (127.19.117.195:43191): tablet c22207c43a1a41cdb485c6a663016fe3 (table range_aware_rebalance_new_range [id=c6caa2ff2a014ee3ac63645735ee9242]) successfully deleted
I20260608 09:50:31.362332 23482 leader_election.cc:290] T ca60e93d02944b9eb130fb59565e5f03 P 32f697891b4846e88b38a62a5a5fab1f [CANDIDATE]: Term 3 election: Requested vote from peers 8d0357a9249c4040a5ea5bfd06d8c673 (127.19.117.194:34165), 29f4c9710b7d493290d46170c7417e02 (127.19.117.196:33719)
I20260608 09:50:31.362457 22994 tablet_service.cc:1917] Received RequestConsensusVote() RPC: tablet_id: "ca60e93d02944b9eb130fb59565e5f03" candidate_uuid: "32f697891b4846e88b38a62a5a5fab1f" candidate_term: 3 candidate_status { last_received { term: 1 index: 4 } } ignore_live_leader: false dest_uuid: "8d0357a9249c4040a5ea5bfd06d8c673"
I20260608 09:50:31.363001 22994 raft_consensus.cc:3060] T ca60e93d02944b9eb130fb59565e5f03 P 8d0357a9249c4040a5ea5bfd06d8c673 [term 2 FOLLOWER]: Advancing to term 3
I20260608 09:50:31.363867 23215 tablet_service.cc:1917] Received RequestConsensusVote() RPC: tablet_id: "ca60e93d02944b9eb130fb59565e5f03" candidate_uuid: "32f697891b4846e88b38a62a5a5fab1f" candidate_term: 3 candidate_status { last_received { term: 1 index: 4 } } ignore_live_leader: false dest_uuid: "29f4c9710b7d493290d46170c7417e02"
I20260608 09:50:31.364503 23215 raft_consensus.cc:3060] T ca60e93d02944b9eb130fb59565e5f03 P 29f4c9710b7d493290d46170c7417e02 [term 1 FOLLOWER]: Advancing to term 3
I20260608 09:50:31.367352 22994 raft_consensus.cc:2468] T ca60e93d02944b9eb130fb59565e5f03 P 8d0357a9249c4040a5ea5bfd06d8c673 [term 3 FOLLOWER]: Leader election vote request: Granting yes vote for candidate 32f697891b4846e88b38a62a5a5fab1f in term 3.
I20260608 09:50:31.368387 23035 leader_election.cc:304] T ca60e93d02944b9eb130fb59565e5f03 P 32f697891b4846e88b38a62a5a5fab1f [CANDIDATE]: Term 3 election: Election decided. Result: candidate won. Election summary: received 2 responses out of 3 voters: 2 yes votes; 0 no votes. yes voters: 32f697891b4846e88b38a62a5a5fab1f, 8d0357a9249c4040a5ea5bfd06d8c673; no voters: 
I20260608 09:50:31.369129 23482 raft_consensus.cc:2804] T ca60e93d02944b9eb130fb59565e5f03 P 32f697891b4846e88b38a62a5a5fab1f [term 3 FOLLOWER]: Leader election won for term 3
I20260608 09:50:31.370308 23482 raft_consensus.cc:697] T ca60e93d02944b9eb130fb59565e5f03 P 32f697891b4846e88b38a62a5a5fab1f [term 3 LEADER]: Becoming Leader. State: Replica: 32f697891b4846e88b38a62a5a5fab1f, State: Running, Role: LEADER
I20260608 09:50:31.371217 23482 consensus_queue.cc:237] T ca60e93d02944b9eb130fb59565e5f03 P 32f697891b4846e88b38a62a5a5fab1f [LEADER]: Queue going to LEADER mode. State: All replicated index: 0, Majority replicated index: 4, Committed index: 4, Last appended: 1.4, Last appended by leader: 4, Current term: 3, Majority size: 2, State: 0, Mode: LEADER, active raft config: opid_index: 4 OBSOLETE_local: false peers { permanent_uuid: "8d0357a9249c4040a5ea5bfd06d8c673" member_type: VOTER last_known_addr { host: "127.19.117.194" port: 34165 } } peers { permanent_uuid: "32f697891b4846e88b38a62a5a5fab1f" member_type: VOTER last_known_addr { host: "127.19.117.195" port: 43191 } } peers { permanent_uuid: "29f4c9710b7d493290d46170c7417e02" member_type: VOTER last_known_addr { host: "127.19.117.196" port: 33719 } attrs { promote: false } }
I20260608 09:50:31.372287 23215 raft_consensus.cc:2468] T ca60e93d02944b9eb130fb59565e5f03 P 29f4c9710b7d493290d46170c7417e02 [term 3 FOLLOWER]: Leader election vote request: Granting yes vote for candidate 32f697891b4846e88b38a62a5a5fab1f in term 3.
I20260608 09:50:31.379072 22817 catalog_manager.cc:5696] T ca60e93d02944b9eb130fb59565e5f03 P 32f697891b4846e88b38a62a5a5fab1f reported cstate change: term changed from 1 to 3. New cstate: current_term: 3 leader_uuid: "32f697891b4846e88b38a62a5a5fab1f" committed_config { opid_index: 4 OBSOLETE_local: false peers { permanent_uuid: "8d0357a9249c4040a5ea5bfd06d8c673" member_type: VOTER last_known_addr { host: "127.19.117.194" port: 34165 } health_report { overall_health: UNKNOWN } } peers { permanent_uuid: "32f697891b4846e88b38a62a5a5fab1f" member_type: VOTER last_known_addr { host: "127.19.117.195" port: 43191 } health_report { overall_health: HEALTHY } } peers { permanent_uuid: "29f4c9710b7d493290d46170c7417e02" member_type: VOTER last_known_addr { host: "127.19.117.196" port: 33719 } attrs { promote: false } health_report { overall_health: UNKNOWN } } }
I20260608 09:50:31.525769 23482 raft_consensus.cc:493] T f8784bc2048f4859bcad39d31e3665f1 P 32f697891b4846e88b38a62a5a5fab1f [term 1 FOLLOWER]: Starting pre-election (detected failure of leader bce99a3578344423bd95c0e826c3837f)
I20260608 09:50:31.527406 23482 raft_consensus.cc:515] T f8784bc2048f4859bcad39d31e3665f1 P 32f697891b4846e88b38a62a5a5fab1f [term 1 FOLLOWER]: Starting pre-election with config: opid_index: -1 OBSOLETE_local: false peers { permanent_uuid: "32f697891b4846e88b38a62a5a5fab1f" member_type: VOTER last_known_addr { host: "127.19.117.195" port: 43191 } } peers { permanent_uuid: "29f4c9710b7d493290d46170c7417e02" member_type: VOTER last_known_addr { host: "127.19.117.196" port: 33719 } } peers { permanent_uuid: "bce99a3578344423bd95c0e826c3837f" member_type: VOTER last_known_addr { host: "127.19.117.193" port: 34597 } }
I20260608 09:50:31.534474 23215 tablet_service.cc:1917] Received RequestConsensusVote() RPC: tablet_id: "f8784bc2048f4859bcad39d31e3665f1" candidate_uuid: "32f697891b4846e88b38a62a5a5fab1f" candidate_term: 2 candidate_status { last_received { term: 1 index: 1 } } ignore_live_leader: false dest_uuid: "29f4c9710b7d493290d46170c7417e02" is_pre_election: true
I20260608 09:50:31.536196 23215 raft_consensus.cc:2393] T f8784bc2048f4859bcad39d31e3665f1 P 29f4c9710b7d493290d46170c7417e02 [term 2 FOLLOWER]: Leader pre-election vote request: Denying vote to candidate 32f697891b4846e88b38a62a5a5fab1f in current term 2: Already voted for candidate 29f4c9710b7d493290d46170c7417e02 in this term.
I20260608 09:50:31.536660 23482 leader_election.cc:290] T f8784bc2048f4859bcad39d31e3665f1 P 32f697891b4846e88b38a62a5a5fab1f [CANDIDATE]: Term 2 pre-election: Requested pre-vote from peers 29f4c9710b7d493290d46170c7417e02 (127.19.117.196:33719), bce99a3578344423bd95c0e826c3837f (127.19.117.193:34597)
I20260608 09:50:31.538736 22920 tablet_service.cc:1917] Received RequestConsensusVote() RPC: tablet_id: "f8784bc2048f4859bcad39d31e3665f1" candidate_uuid: "32f697891b4846e88b38a62a5a5fab1f" candidate_term: 2 candidate_status { last_received { term: 1 index: 1 } } ignore_live_leader: false dest_uuid: "bce99a3578344423bd95c0e826c3837f" is_pre_election: true
I20260608 09:50:31.539714 22920 raft_consensus.cc:2468] T f8784bc2048f4859bcad39d31e3665f1 P bce99a3578344423bd95c0e826c3837f [term 2 FOLLOWER]: Leader pre-election vote request: Granting yes vote for candidate 32f697891b4846e88b38a62a5a5fab1f in term 2.
I20260608 09:50:31.542179 23033 leader_election.cc:304] T f8784bc2048f4859bcad39d31e3665f1 P 32f697891b4846e88b38a62a5a5fab1f [CANDIDATE]: Term 2 pre-election: Election decided. Result: candidate won. Election summary: received 3 responses out of 3 voters: 2 yes votes; 1 no votes. yes voters: 32f697891b4846e88b38a62a5a5fab1f, bce99a3578344423bd95c0e826c3837f; no voters: 29f4c9710b7d493290d46170c7417e02
I20260608 09:50:31.543283 23482 raft_consensus.cc:2804] T f8784bc2048f4859bcad39d31e3665f1 P 32f697891b4846e88b38a62a5a5fab1f [term 1 FOLLOWER]: Leader pre-election won for term 2
I20260608 09:50:31.543640 23482 raft_consensus.cc:493] T f8784bc2048f4859bcad39d31e3665f1 P 32f697891b4846e88b38a62a5a5fab1f [term 1 FOLLOWER]: Starting leader election (detected failure of leader bce99a3578344423bd95c0e826c3837f)
I20260608 09:50:31.543967 23482 raft_consensus.cc:3060] T f8784bc2048f4859bcad39d31e3665f1 P 32f697891b4846e88b38a62a5a5fab1f [term 1 FOLLOWER]: Advancing to term 2
I20260608 09:50:31.551189 23482 raft_consensus.cc:515] T f8784bc2048f4859bcad39d31e3665f1 P 32f697891b4846e88b38a62a5a5fab1f [term 2 FOLLOWER]: Starting leader election with config: opid_index: -1 OBSOLETE_local: false peers { permanent_uuid: "32f697891b4846e88b38a62a5a5fab1f" member_type: VOTER last_known_addr { host: "127.19.117.195" port: 43191 } } peers { permanent_uuid: "29f4c9710b7d493290d46170c7417e02" member_type: VOTER last_known_addr { host: "127.19.117.196" port: 33719 } } peers { permanent_uuid: "bce99a3578344423bd95c0e826c3837f" member_type: VOTER last_known_addr { host: "127.19.117.193" port: 34597 } }
I20260608 09:50:31.553196 23482 leader_election.cc:290] T f8784bc2048f4859bcad39d31e3665f1 P 32f697891b4846e88b38a62a5a5fab1f [CANDIDATE]: Term 2 election: Requested vote from peers 29f4c9710b7d493290d46170c7417e02 (127.19.117.196:33719), bce99a3578344423bd95c0e826c3837f (127.19.117.193:34597)
I20260608 09:50:31.554402 22920 tablet_service.cc:1917] Received RequestConsensusVote() RPC: tablet_id: "f8784bc2048f4859bcad39d31e3665f1" candidate_uuid: "32f697891b4846e88b38a62a5a5fab1f" candidate_term: 2 candidate_status { last_received { term: 1 index: 1 } } ignore_live_leader: false dest_uuid: "bce99a3578344423bd95c0e826c3837f"
I20260608 09:50:31.554322 23215 tablet_service.cc:1917] Received RequestConsensusVote() RPC: tablet_id: "f8784bc2048f4859bcad39d31e3665f1" candidate_uuid: "32f697891b4846e88b38a62a5a5fab1f" candidate_term: 2 candidate_status { last_received { term: 1 index: 1 } } ignore_live_leader: false dest_uuid: "29f4c9710b7d493290d46170c7417e02"
I20260608 09:50:31.555377 23215 raft_consensus.cc:2393] T f8784bc2048f4859bcad39d31e3665f1 P 29f4c9710b7d493290d46170c7417e02 [term 2 FOLLOWER]: Leader election vote request: Denying vote to candidate 32f697891b4846e88b38a62a5a5fab1f in current term 2: Already voted for candidate 29f4c9710b7d493290d46170c7417e02 in this term.
I20260608 09:50:31.560230 22920 raft_consensus.cc:2468] T f8784bc2048f4859bcad39d31e3665f1 P bce99a3578344423bd95c0e826c3837f [term 2 FOLLOWER]: Leader election vote request: Granting yes vote for candidate 32f697891b4846e88b38a62a5a5fab1f in term 2.
I20260608 09:50:31.561254 23033 leader_election.cc:304] T f8784bc2048f4859bcad39d31e3665f1 P 32f697891b4846e88b38a62a5a5fab1f [CANDIDATE]: Term 2 election: Election decided. Result: candidate won. Election summary: received 3 responses out of 3 voters: 2 yes votes; 1 no votes. yes voters: 32f697891b4846e88b38a62a5a5fab1f, bce99a3578344423bd95c0e826c3837f; no voters: 29f4c9710b7d493290d46170c7417e02
I20260608 09:50:31.562223 23482 raft_consensus.cc:2804] T f8784bc2048f4859bcad39d31e3665f1 P 32f697891b4846e88b38a62a5a5fab1f [term 2 FOLLOWER]: Leader election won for term 2
I20260608 09:50:31.562661 23482 raft_consensus.cc:697] T f8784bc2048f4859bcad39d31e3665f1 P 32f697891b4846e88b38a62a5a5fab1f [term 2 LEADER]: Becoming Leader. State: Replica: 32f697891b4846e88b38a62a5a5fab1f, State: Running, Role: LEADER
I20260608 09:50:31.564141 23482 consensus_queue.cc:237] T f8784bc2048f4859bcad39d31e3665f1 P 32f697891b4846e88b38a62a5a5fab1f [LEADER]: Queue going to LEADER mode. State: All replicated index: 0, Majority replicated index: 1, Committed index: 1, Last appended: 1.1, Last appended by leader: 1, Current term: 2, Majority size: 2, State: 0, Mode: LEADER, active raft config: opid_index: -1 OBSOLETE_local: false peers { permanent_uuid: "32f697891b4846e88b38a62a5a5fab1f" member_type: VOTER last_known_addr { host: "127.19.117.195" port: 43191 } } peers { permanent_uuid: "29f4c9710b7d493290d46170c7417e02" member_type: VOTER last_known_addr { host: "127.19.117.196" port: 33719 } } peers { permanent_uuid: "bce99a3578344423bd95c0e826c3837f" member_type: VOTER last_known_addr { host: "127.19.117.193" port: 34597 } }
I20260608 09:50:31.576686 22817 catalog_manager.cc:5696] T f8784bc2048f4859bcad39d31e3665f1 P 32f697891b4846e88b38a62a5a5fab1f reported cstate change: term changed from 1 to 2, leader changed from bce99a3578344423bd95c0e826c3837f (127.19.117.193) to 32f697891b4846e88b38a62a5a5fab1f (127.19.117.195). New cstate: current_term: 2 leader_uuid: "32f697891b4846e88b38a62a5a5fab1f" committed_config { opid_index: -1 OBSOLETE_local: false peers { permanent_uuid: "32f697891b4846e88b38a62a5a5fab1f" member_type: VOTER last_known_addr { host: "127.19.117.195" port: 43191 } health_report { overall_health: HEALTHY } } peers { permanent_uuid: "29f4c9710b7d493290d46170c7417e02" member_type: VOTER last_known_addr { host: "127.19.117.196" port: 33719 } health_report { overall_health: UNKNOWN } } peers { permanent_uuid: "bce99a3578344423bd95c0e826c3837f" member_type: VOTER last_known_addr { host: "127.19.117.193" port: 34597 } health_report { overall_health: UNKNOWN } } }
I20260608 09:50:31.770115 19927 tablet_server.cc:179] TabletServer@127.19.117.193:0 shutting down...
W20260608 09:50:31.773775 22959 proxy.cc:239] Call had error, refreshing address and retrying: Remote error: Service unavailable: service kudu.consensus.ConsensusService not registered on TabletServer
