I20260608 09:50:11.545138 29585 tablet_service.cc:1917] Received RequestConsensusVote() RPC: tablet_id: "eb037fd94a55400593ee2207bd6dea5b" candidate_uuid: "c064c2428a00414ab1fcea0612940da5" candidate_term: 2 candidate_status { last_received { term: 1 index: 1 } } ignore_live_leader: true dest_uuid: "7ec9fcc4560c4e84a842ab68cbaf40b6"
I20260608 09:50:11.545866 29585 raft_consensus.cc:3055] T eb037fd94a55400593ee2207bd6dea5b P 7ec9fcc4560c4e84a842ab68cbaf40b6 [term 1 LEADER]: Stepping down as leader of term 1
I20260608 09:50:11.546238 29585 raft_consensus.cc:740] T eb037fd94a55400593ee2207bd6dea5b P 7ec9fcc4560c4e84a842ab68cbaf40b6 [term 1 LEADER]: Becoming Follower/Learner. State: Replica: 7ec9fcc4560c4e84a842ab68cbaf40b6, State: Running, Role: LEADER
I20260608 09:50:11.547171 29585 consensus_queue.cc:260] T eb037fd94a55400593ee2207bd6dea5b P 7ec9fcc4560c4e84a842ab68cbaf40b6 [NON_LEADER]: Queue going to NON_LEADER mode. State: All replicated index: 0, Majority replicated index: 1, Committed index: 1, Last appended: 1.1, Last appended by leader: 1, Current term: 1, Majority size: -1, State: 0, Mode: NON_LEADER, active raft config: opid_index: -1 OBSOLETE_local: false peers { permanent_uuid: "7ec9fcc4560c4e84a842ab68cbaf40b6" member_type: VOTER last_known_addr { host: "127.25.251.65" port: 33573 } } peers { permanent_uuid: "ec8ecff8833b4eadaf38d7ab0eadb318" member_type: VOTER last_known_addr { host: "127.25.251.66" port: 45409 } } peers { permanent_uuid: "c064c2428a00414ab1fcea0612940da5" member_type: VOTER last_known_addr { host: "127.25.251.67" port: 35491 } }
I20260608 09:50:11.548499 29585 raft_consensus.cc:3060] T eb037fd94a55400593ee2207bd6dea5b P 7ec9fcc4560c4e84a842ab68cbaf40b6 [term 1 FOLLOWER]: Advancing to term 2
I20260608 09:50:11.555482 29585 raft_consensus.cc:2468] T eb037fd94a55400593ee2207bd6dea5b P 7ec9fcc4560c4e84a842ab68cbaf40b6 [term 2 FOLLOWER]: Leader election vote request: Granting yes vote for candidate c064c2428a00414ab1fcea0612940da5 in term 2.
I20260608 09:50:11.556145 29662 raft_consensus.cc:3060] T eb037fd94a55400593ee2207bd6dea5b P ec8ecff8833b4eadaf38d7ab0eadb318 [term 1 FOLLOWER]: Advancing to term 2
I20260608 09:50:11.556876 29699 leader_election.cc:304] T eb037fd94a55400593ee2207bd6dea5b P c064c2428a00414ab1fcea0612940da5 [CANDIDATE]: Term 2 election: Election decided. Result: candidate won. Election summary: received 2 responses out of 3 voters: 2 yes votes; 0 no votes. yes voters: 7ec9fcc4560c4e84a842ab68cbaf40b6, c064c2428a00414ab1fcea0612940da5; no voters: 
I20260608 09:50:11.557891 30050 raft_consensus.cc:2804] T eb037fd94a55400593ee2207bd6dea5b P c064c2428a00414ab1fcea0612940da5 [term 2 FOLLOWER]: Leader election won for term 2
I20260608 09:50:11.558416 30050 raft_consensus.cc:697] T eb037fd94a55400593ee2207bd6dea5b P c064c2428a00414ab1fcea0612940da5 [term 2 LEADER]: Becoming Leader. State: Replica: c064c2428a00414ab1fcea0612940da5, State: Running, Role: LEADER
I20260608 09:50:11.559234 30050 consensus_queue.cc:237] T eb037fd94a55400593ee2207bd6dea5b P c064c2428a00414ab1fcea0612940da5 [LEADER]: Queue going to LEADER mode. State: All replicated index: 0, Majority replicated index: 1, Committed index: 1, Last appended: 1.1, Last appended by leader: 1, Current term: 2, Majority size: 2, State: 0, Mode: LEADER, active raft config: opid_index: -1 OBSOLETE_local: false peers { permanent_uuid: "7ec9fcc4560c4e84a842ab68cbaf40b6" member_type: VOTER last_known_addr { host: "127.25.251.65" port: 33573 } } peers { permanent_uuid: "ec8ecff8833b4eadaf38d7ab0eadb318" member_type: VOTER last_known_addr { host: "127.25.251.66" port: 45409 } } peers { permanent_uuid: "c064c2428a00414ab1fcea0612940da5" member_type: VOTER last_known_addr { host: "127.25.251.67" port: 35491 } }
I20260608 09:50:11.561642 29662 raft_consensus.cc:2468] T eb037fd94a55400593ee2207bd6dea5b P ec8ecff8833b4eadaf38d7ab0eadb318 [term 2 FOLLOWER]: Leader election vote request: Granting yes vote for candidate c064c2428a00414ab1fcea0612940da5 in term 2.
I20260608 09:50:11.569455 29485 catalog_manager.cc:5696] T eb037fd94a55400593ee2207bd6dea5b P c064c2428a00414ab1fcea0612940da5 reported cstate change: term changed from 1 to 2, leader changed from 7ec9fcc4560c4e84a842ab68cbaf40b6 (127.25.251.65) to c064c2428a00414ab1fcea0612940da5 (127.25.251.67). New cstate: current_term: 2 leader_uuid: "c064c2428a00414ab1fcea0612940da5" committed_config { opid_index: -1 OBSOLETE_local: false peers { permanent_uuid: "7ec9fcc4560c4e84a842ab68cbaf40b6" member_type: VOTER last_known_addr { host: "127.25.251.65" port: 33573 } health_report { overall_health: UNKNOWN } } peers { permanent_uuid: "ec8ecff8833b4eadaf38d7ab0eadb318" member_type: VOTER last_known_addr { host: "127.25.251.66" port: 45409 } health_report { overall_health: UNKNOWN } } peers { permanent_uuid: "c064c2428a00414ab1fcea0612940da5" member_type: VOTER last_known_addr { host: "127.25.251.67" port: 35491 } health_report { overall_health: HEALTHY } } }
I20260608 09:50:11.683818 29790 raft_consensus.cc:1064] T a1e4a87e2543485881d1c2616b212863 P ec8ecff8833b4eadaf38d7ab0eadb318: attempting to promote NON_VOTER 67b41be12ffd47c79db3c1a27c149940 to VOTER
I20260608 09:50:11.686280 29790 consensus_queue.cc:237] T a1e4a87e2543485881d1c2616b212863 P ec8ecff8833b4eadaf38d7ab0eadb318 [LEADER]: Queue going to LEADER mode. State: All replicated index: 0, Majority replicated index: 2, Committed index: 2, Last appended: 1.2, Last appended by leader: 0, Current term: 1, Majority size: 3, State: 0, Mode: LEADER, active raft config: opid_index: 3 OBSOLETE_local: false peers { permanent_uuid: "ec8ecff8833b4eadaf38d7ab0eadb318" member_type: VOTER last_known_addr { host: "127.25.251.66" port: 45409 } } peers { permanent_uuid: "7ec9fcc4560c4e84a842ab68cbaf40b6" member_type: VOTER last_known_addr { host: "127.25.251.65" port: 33573 } attrs { replace: true } } peers { permanent_uuid: "c064c2428a00414ab1fcea0612940da5" member_type: VOTER last_known_addr { host: "127.25.251.67" port: 35491 } } peers { permanent_uuid: "67b41be12ffd47c79db3c1a27c149940" member_type: VOTER last_known_addr { host: "127.25.251.68" port: 46179 } attrs { promote: false } }
I20260608 09:50:11.693284 29735 raft_consensus.cc:1275] T a1e4a87e2543485881d1c2616b212863 P c064c2428a00414ab1fcea0612940da5 [term 1 FOLLOWER]: Refusing update from remote peer ec8ecff8833b4eadaf38d7ab0eadb318: Log matching property violated. Preceding OpId in replica: term: 1 index: 2. Preceding OpId from leader: term: 1 index: 3. (index mismatch)
I20260608 09:50:11.693332 29886 raft_consensus.cc:1275] T a1e4a87e2543485881d1c2616b212863 P 67b41be12ffd47c79db3c1a27c149940 [term 1 LEARNER]: Refusing update from remote peer ec8ecff8833b4eadaf38d7ab0eadb318: Log matching property violated. Preceding OpId in replica: term: 1 index: 2. Preceding OpId from leader: term: 1 index: 3. (index mismatch)
I20260608 09:50:11.695014 29585 raft_consensus.cc:1275] T a1e4a87e2543485881d1c2616b212863 P 7ec9fcc4560c4e84a842ab68cbaf40b6 [term 1 FOLLOWER]: Refusing update from remote peer ec8ecff8833b4eadaf38d7ab0eadb318: Log matching property violated. Preceding OpId in replica: term: 1 index: 2. Preceding OpId from leader: term: 1 index: 3. (index mismatch)
I20260608 09:50:11.695010 29790 consensus_queue.cc:1048] T a1e4a87e2543485881d1c2616b212863 P ec8ecff8833b4eadaf38d7ab0eadb318 [LEADER]: Connected to new peer: Peer: permanent_uuid: "c064c2428a00414ab1fcea0612940da5" member_type: VOTER last_known_addr { host: "127.25.251.67" port: 35491 }, Status: LMP_MISMATCH, Last received: 0.0, Next index: 3, Last known committed idx: 2, Time since last communication: 0.001s
I20260608 09:50:11.697585 29790 consensus_queue.cc:1048] T a1e4a87e2543485881d1c2616b212863 P ec8ecff8833b4eadaf38d7ab0eadb318 [LEADER]: Connected to new peer: Peer: permanent_uuid: "7ec9fcc4560c4e84a842ab68cbaf40b6" member_type: VOTER last_known_addr { host: "127.25.251.65" port: 33573 } attrs { replace: true }, Status: LMP_MISMATCH, Last received: 0.0, Next index: 3, Last known committed idx: 2, Time since last communication: 0.011s
I20260608 09:50:11.709481 29998 consensus_queue.cc:1048] T a1e4a87e2543485881d1c2616b212863 P ec8ecff8833b4eadaf38d7ab0eadb318 [LEADER]: Connected to new peer: Peer: permanent_uuid: "67b41be12ffd47c79db3c1a27c149940" member_type: VOTER last_known_addr { host: "127.25.251.68" port: 46179 } attrs { promote: false }, Status: LMP_MISMATCH, Last received: 0.0, Next index: 3, Last known committed idx: 2, Time since last communication: 0.001s
I20260608 09:50:11.721519 29998 raft_consensus.cc:2955] T a1e4a87e2543485881d1c2616b212863 P ec8ecff8833b4eadaf38d7ab0eadb318 [term 1 LEADER]: Committing config change with OpId 1.3: config changed from index 2 to 3, 67b41be12ffd47c79db3c1a27c149940 (127.25.251.68) changed from NON_VOTER to VOTER. New config: { opid_index: 3 OBSOLETE_local: false peers { permanent_uuid: "ec8ecff8833b4eadaf38d7ab0eadb318" member_type: VOTER last_known_addr { host: "127.25.251.66" port: 45409 } } peers { permanent_uuid: "7ec9fcc4560c4e84a842ab68cbaf40b6" member_type: VOTER last_known_addr { host: "127.25.251.65" port: 33573 } attrs { replace: true } } peers { permanent_uuid: "c064c2428a00414ab1fcea0612940da5" member_type: VOTER last_known_addr { host: "127.25.251.67" port: 35491 } } peers { permanent_uuid: "67b41be12ffd47c79db3c1a27c149940" member_type: VOTER last_known_addr { host: "127.25.251.68" port: 46179 } attrs { promote: false } } }
I20260608 09:50:11.724012 29585 raft_consensus.cc:2955] T a1e4a87e2543485881d1c2616b212863 P 7ec9fcc4560c4e84a842ab68cbaf40b6 [term 1 FOLLOWER]: Committing config change with OpId 1.3: config changed from index 2 to 3, 67b41be12ffd47c79db3c1a27c149940 (127.25.251.68) changed from NON_VOTER to VOTER. New config: { opid_index: 3 OBSOLETE_local: false peers { permanent_uuid: "ec8ecff8833b4eadaf38d7ab0eadb318" member_type: VOTER last_known_addr { host: "127.25.251.66" port: 45409 } } peers { permanent_uuid: "7ec9fcc4560c4e84a842ab68cbaf40b6" member_type: VOTER last_known_addr { host: "127.25.251.65" port: 33573 } attrs { replace: true } } peers { permanent_uuid: "c064c2428a00414ab1fcea0612940da5" member_type: VOTER last_known_addr { host: "127.25.251.67" port: 35491 } } peers { permanent_uuid: "67b41be12ffd47c79db3c1a27c149940" member_type: VOTER last_known_addr { host: "127.25.251.68" port: 46179 } attrs { promote: false } } }
I20260608 09:50:11.729882 29886 raft_consensus.cc:2955] T a1e4a87e2543485881d1c2616b212863 P 67b41be12ffd47c79db3c1a27c149940 [term 1 FOLLOWER]: Committing config change with OpId 1.3: config changed from index 2 to 3, 67b41be12ffd47c79db3c1a27c149940 (127.25.251.68) changed from NON_VOTER to VOTER. New config: { opid_index: 3 OBSOLETE_local: false peers { permanent_uuid: "ec8ecff8833b4eadaf38d7ab0eadb318" member_type: VOTER last_known_addr { host: "127.25.251.66" port: 45409 } } peers { permanent_uuid: "7ec9fcc4560c4e84a842ab68cbaf40b6" member_type: VOTER last_known_addr { host: "127.25.251.65" port: 33573 } attrs { replace: true } } peers { permanent_uuid: "c064c2428a00414ab1fcea0612940da5" member_type: VOTER last_known_addr { host: "127.25.251.67" port: 35491 } } peers { permanent_uuid: "67b41be12ffd47c79db3c1a27c149940" member_type: VOTER last_known_addr { host: "127.25.251.68" port: 46179 } attrs { promote: false } } }
I20260608 09:50:11.733337 29735 raft_consensus.cc:2955] T a1e4a87e2543485881d1c2616b212863 P c064c2428a00414ab1fcea0612940da5 [term 1 FOLLOWER]: Committing config change with OpId 1.3: config changed from index 2 to 3, 67b41be12ffd47c79db3c1a27c149940 (127.25.251.68) changed from NON_VOTER to VOTER. New config: { opid_index: 3 OBSOLETE_local: false peers { permanent_uuid: "ec8ecff8833b4eadaf38d7ab0eadb318" member_type: VOTER last_known_addr { host: "127.25.251.66" port: 45409 } } peers { permanent_uuid: "7ec9fcc4560c4e84a842ab68cbaf40b6" member_type: VOTER last_known_addr { host: "127.25.251.65" port: 33573 } attrs { replace: true } } peers { permanent_uuid: "c064c2428a00414ab1fcea0612940da5" member_type: VOTER last_known_addr { host: "127.25.251.67" port: 35491 } } peers { permanent_uuid: "67b41be12ffd47c79db3c1a27c149940" member_type: VOTER last_known_addr { host: "127.25.251.68" port: 46179 } attrs { promote: false } } }
I20260608 09:50:11.735524 29485 catalog_manager.cc:5696] T a1e4a87e2543485881d1c2616b212863 P ec8ecff8833b4eadaf38d7ab0eadb318 reported cstate change: config changed from index 2 to 3, 67b41be12ffd47c79db3c1a27c149940 (127.25.251.68) changed from NON_VOTER to VOTER. New cstate: current_term: 1 leader_uuid: "ec8ecff8833b4eadaf38d7ab0eadb318" committed_config { opid_index: 3 OBSOLETE_local: false peers { permanent_uuid: "ec8ecff8833b4eadaf38d7ab0eadb318" member_type: VOTER last_known_addr { host: "127.25.251.66" port: 45409 } health_report { overall_health: HEALTHY } } peers { permanent_uuid: "7ec9fcc4560c4e84a842ab68cbaf40b6" member_type: VOTER last_known_addr { host: "127.25.251.65" port: 33573 } attrs { replace: true } health_report { overall_health: HEALTHY } } peers { permanent_uuid: "c064c2428a00414ab1fcea0612940da5" member_type: VOTER last_known_addr { host: "127.25.251.67" port: 35491 } health_report { overall_health: HEALTHY } } peers { permanent_uuid: "67b41be12ffd47c79db3c1a27c149940" member_type: VOTER last_known_addr { host: "127.25.251.68" port: 46179 } attrs { promote: false } health_report { overall_health: HEALTHY } } }
I20260608 09:50:11.743351 29662 raft_consensus.cc:1275] T 3366d0ba684e46a780cf9942351e7173 P ec8ecff8833b4eadaf38d7ab0eadb318 [term 2 FOLLOWER]: Refusing update from remote peer c064c2428a00414ab1fcea0612940da5: Log matching property violated. Preceding OpId in replica: term: 1 index: 2. Preceding OpId from leader: term: 2 index: 3. (index mismatch)
I20260608 09:50:11.748152 29973 consensus_queue.cc:1048] T 3366d0ba684e46a780cf9942351e7173 P c064c2428a00414ab1fcea0612940da5 [LEADER]: Connected to new peer: Peer: permanent_uuid: "ec8ecff8833b4eadaf38d7ab0eadb318" member_type: VOTER last_known_addr { host: "127.25.251.66" port: 45409 }, Status: LMP_MISMATCH, Last received: 0.0, Next index: 3, Last known committed idx: 2, Time since last communication: 0.000s
I20260608 09:50:11.758546 29661 consensus_queue.cc:237] T a1e4a87e2543485881d1c2616b212863 P ec8ecff8833b4eadaf38d7ab0eadb318 [LEADER]: Queue going to LEADER mode. State: All replicated index: 0, Majority replicated index: 3, Committed index: 3, Last appended: 1.3, Last appended by leader: 0, Current term: 1, Majority size: 2, State: 0, Mode: LEADER, active raft config: opid_index: 4 OBSOLETE_local: false peers { permanent_uuid: "ec8ecff8833b4eadaf38d7ab0eadb318" member_type: VOTER last_known_addr { host: "127.25.251.66" port: 45409 } } peers { permanent_uuid: "c064c2428a00414ab1fcea0612940da5" member_type: VOTER last_known_addr { host: "127.25.251.67" port: 35491 } } peers { permanent_uuid: "67b41be12ffd47c79db3c1a27c149940" member_type: VOTER last_known_addr { host: "127.25.251.68" port: 46179 } attrs { promote: false } }
I20260608 09:50:11.771896 29886 raft_consensus.cc:1275] T a1e4a87e2543485881d1c2616b212863 P 67b41be12ffd47c79db3c1a27c149940 [term 1 FOLLOWER]: Refusing update from remote peer ec8ecff8833b4eadaf38d7ab0eadb318: Log matching property violated. Preceding OpId in replica: term: 1 index: 3. Preceding OpId from leader: term: 1 index: 4. (index mismatch)
I20260608 09:50:11.773697 29790 consensus_queue.cc:1048] T a1e4a87e2543485881d1c2616b212863 P ec8ecff8833b4eadaf38d7ab0eadb318 [LEADER]: Connected to new peer: Peer: permanent_uuid: "67b41be12ffd47c79db3c1a27c149940" member_type: VOTER last_known_addr { host: "127.25.251.68" port: 46179 } attrs { promote: false }, Status: LMP_MISMATCH, Last received: 0.0, Next index: 4, Last known committed idx: 3, Time since last communication: 0.001s
I20260608 09:50:11.773324 29735 raft_consensus.cc:1275] T a1e4a87e2543485881d1c2616b212863 P c064c2428a00414ab1fcea0612940da5 [term 1 FOLLOWER]: Refusing update from remote peer ec8ecff8833b4eadaf38d7ab0eadb318: Log matching property violated. Preceding OpId in replica: term: 1 index: 3. Preceding OpId from leader: term: 1 index: 4. (index mismatch)
I20260608 09:50:11.779616 29998 consensus_queue.cc:1048] T a1e4a87e2543485881d1c2616b212863 P ec8ecff8833b4eadaf38d7ab0eadb318 [LEADER]: Connected to new peer: Peer: permanent_uuid: "c064c2428a00414ab1fcea0612940da5" member_type: VOTER last_known_addr { host: "127.25.251.67" port: 35491 }, Status: LMP_MISMATCH, Last received: 0.0, Next index: 4, Last known committed idx: 3, Time since last communication: 0.001s
I20260608 09:50:11.786835 30068 raft_consensus.cc:2955] T a1e4a87e2543485881d1c2616b212863 P ec8ecff8833b4eadaf38d7ab0eadb318 [term 1 LEADER]: Committing config change with OpId 1.4: config changed from index 3 to 4, VOTER 7ec9fcc4560c4e84a842ab68cbaf40b6 (127.25.251.65) evicted. New config: { opid_index: 4 OBSOLETE_local: false peers { permanent_uuid: "ec8ecff8833b4eadaf38d7ab0eadb318" member_type: VOTER last_known_addr { host: "127.25.251.66" port: 45409 } } peers { permanent_uuid: "c064c2428a00414ab1fcea0612940da5" member_type: VOTER last_known_addr { host: "127.25.251.67" port: 35491 } } peers { permanent_uuid: "67b41be12ffd47c79db3c1a27c149940" member_type: VOTER last_known_addr { host: "127.25.251.68" port: 46179 } attrs { promote: false } } }
I20260608 09:50:11.795055 29886 raft_consensus.cc:2955] T a1e4a87e2543485881d1c2616b212863 P 67b41be12ffd47c79db3c1a27c149940 [term 1 FOLLOWER]: Committing config change with OpId 1.4: config changed from index 3 to 4, VOTER 7ec9fcc4560c4e84a842ab68cbaf40b6 (127.25.251.65) evicted. New config: { opid_index: 4 OBSOLETE_local: false peers { permanent_uuid: "ec8ecff8833b4eadaf38d7ab0eadb318" member_type: VOTER last_known_addr { host: "127.25.251.66" port: 45409 } } peers { permanent_uuid: "c064c2428a00414ab1fcea0612940da5" member_type: VOTER last_known_addr { host: "127.25.251.67" port: 35491 } } peers { permanent_uuid: "67b41be12ffd47c79db3c1a27c149940" member_type: VOTER last_known_addr { host: "127.25.251.68" port: 46179 } attrs { promote: false } } }
I20260608 09:50:11.800916 29735 raft_consensus.cc:2955] T a1e4a87e2543485881d1c2616b212863 P c064c2428a00414ab1fcea0612940da5 [term 1 FOLLOWER]: Committing config change with OpId 1.4: config changed from index 3 to 4, VOTER 7ec9fcc4560c4e84a842ab68cbaf40b6 (127.25.251.65) evicted. New config: { opid_index: 4 OBSOLETE_local: false peers { permanent_uuid: "ec8ecff8833b4eadaf38d7ab0eadb318" member_type: VOTER last_known_addr { host: "127.25.251.66" port: 45409 } } peers { permanent_uuid: "c064c2428a00414ab1fcea0612940da5" member_type: VOTER last_known_addr { host: "127.25.251.67" port: 35491 } } peers { permanent_uuid: "67b41be12ffd47c79db3c1a27c149940" member_type: VOTER last_known_addr { host: "127.25.251.68" port: 46179 } attrs { promote: false } } }
I20260608 09:50:11.804639 29472 catalog_manager.cc:5209] ChangeConfig:REMOVE_PEER RPC for tablet a1e4a87e2543485881d1c2616b212863 with cas_config_opid_index 3: ChangeConfig:REMOVE_PEER succeeded (attempt 1)
I20260608 09:50:11.815038 30050 raft_consensus.cc:993] T 3366d0ba684e46a780cf9942351e7173 P c064c2428a00414ab1fcea0612940da5: : Instructing follower ec8ecff8833b4eadaf38d7ab0eadb318 to start an election
I20260608 09:50:11.815143 29585 raft_consensus.cc:1275] T 3366d0ba684e46a780cf9942351e7173 P 7ec9fcc4560c4e84a842ab68cbaf40b6 [term 2 FOLLOWER]: Refusing update from remote peer c064c2428a00414ab1fcea0612940da5: Log matching property violated. Preceding OpId in replica: term: 1 index: 2. Preceding OpId from leader: term: 2 index: 3. (index mismatch)
I20260608 09:50:11.815618 30050 raft_consensus.cc:1081] T 3366d0ba684e46a780cf9942351e7173 P c064c2428a00414ab1fcea0612940da5 [term 2 LEADER]: Signalling peer ec8ecff8833b4eadaf38d7ab0eadb318 to start an election
I20260608 09:50:11.820852 29661 raft_consensus.cc:1275] T 6282ed8e83c04b22b287e4a8df988e6f P ec8ecff8833b4eadaf38d7ab0eadb318 [term 2 FOLLOWER]: Refusing update from remote peer 7ec9fcc4560c4e84a842ab68cbaf40b6: Log matching property violated. Preceding OpId in replica: term: 1 index: 2. Preceding OpId from leader: term: 2 index: 3. (index mismatch)
I20260608 09:50:11.820420 29485 catalog_manager.cc:5696] T a1e4a87e2543485881d1c2616b212863 P c064c2428a00414ab1fcea0612940da5 reported cstate change: config changed from index 3 to 4, VOTER 7ec9fcc4560c4e84a842ab68cbaf40b6 (127.25.251.65) evicted. New cstate: current_term: 1 leader_uuid: "ec8ecff8833b4eadaf38d7ab0eadb318" committed_config { opid_index: 4 OBSOLETE_local: false peers { permanent_uuid: "ec8ecff8833b4eadaf38d7ab0eadb318" member_type: VOTER last_known_addr { host: "127.25.251.66" port: 45409 } } peers { permanent_uuid: "c064c2428a00414ab1fcea0612940da5" member_type: VOTER last_known_addr { host: "127.25.251.67" port: 35491 } } peers { permanent_uuid: "67b41be12ffd47c79db3c1a27c149940" member_type: VOTER last_known_addr { host: "127.25.251.68" port: 46179 } attrs { promote: false } } }
I20260608 09:50:11.822615 30063 consensus_queue.cc:1048] T 6282ed8e83c04b22b287e4a8df988e6f P 7ec9fcc4560c4e84a842ab68cbaf40b6 [LEADER]: Connected to new peer: Peer: permanent_uuid: "ec8ecff8833b4eadaf38d7ab0eadb318" member_type: VOTER last_known_addr { host: "127.25.251.66" port: 45409 }, Status: LMP_MISMATCH, Last received: 0.0, Next index: 3, Last known committed idx: 2, Time since last communication: 0.000s
I20260608 09:50:11.827281 29660 tablet_service.cc:2044] Received Run Leader Election RPC: tablet_id: "3366d0ba684e46a780cf9942351e7173"
dest_uuid: "ec8ecff8833b4eadaf38d7ab0eadb318"
 from {username='slave'} at 127.0.0.1:35842
I20260608 09:50:11.828840 29973 consensus_queue.cc:1048] T 3366d0ba684e46a780cf9942351e7173 P c064c2428a00414ab1fcea0612940da5 [LEADER]: Connected to new peer: Peer: permanent_uuid: "7ec9fcc4560c4e84a842ab68cbaf40b6" member_type: VOTER last_known_addr { host: "127.25.251.65" port: 33573 }, Status: LMP_MISMATCH, Last received: 0.0, Next index: 3, Last known committed idx: 2, Time since last communication: 0.000s
I20260608 09:50:11.841171 29660 raft_consensus.cc:493] T 3366d0ba684e46a780cf9942351e7173 P ec8ecff8833b4eadaf38d7ab0eadb318 [term 2 FOLLOWER]: Starting forced leader election (received explicit request)
I20260608 09:50:11.841663 29660 raft_consensus.cc:3060] T 3366d0ba684e46a780cf9942351e7173 P ec8ecff8833b4eadaf38d7ab0eadb318 [term 2 FOLLOWER]: Advancing to term 3
I20260608 09:50:11.845031 29571 tablet_service.cc:1558] Processing DeleteTablet for tablet a1e4a87e2543485881d1c2616b212863 with delete_type TABLET_DATA_TOMBSTONED (TS 7ec9fcc4560c4e84a842ab68cbaf40b6 not found in new config with opid_index 4) from {username='slave'} at 127.0.0.1:48190
I20260608 09:50:11.849530 29660 raft_consensus.cc:515] T 3366d0ba684e46a780cf9942351e7173 P ec8ecff8833b4eadaf38d7ab0eadb318 [term 3 FOLLOWER]: Starting forced leader election with config: opid_index: 2 OBSOLETE_local: false peers { permanent_uuid: "7ec9fcc4560c4e84a842ab68cbaf40b6" member_type: VOTER last_known_addr { host: "127.25.251.65" port: 33573 } } peers { permanent_uuid: "ec8ecff8833b4eadaf38d7ab0eadb318" member_type: VOTER last_known_addr { host: "127.25.251.66" port: 45409 } } peers { permanent_uuid: "c064c2428a00414ab1fcea0612940da5" member_type: VOTER last_known_addr { host: "127.25.251.67" port: 35491 } attrs { replace: true } } peers { permanent_uuid: "67b41be12ffd47c79db3c1a27c149940" member_type: NON_VOTER last_known_addr { host: "127.25.251.68" port: 46179 } attrs { promote: true } }
I20260608 09:50:11.857976 29660 leader_election.cc:290] T 3366d0ba684e46a780cf9942351e7173 P ec8ecff8833b4eadaf38d7ab0eadb318 [CANDIDATE]: Term 3 election: Requested vote from peers 7ec9fcc4560c4e84a842ab68cbaf40b6 (127.25.251.65:33573), c064c2428a00414ab1fcea0612940da5 (127.25.251.67:35491)
I20260608 09:50:11.858480 29586 tablet_service.cc:1917] Received RequestConsensusVote() RPC: tablet_id: "3366d0ba684e46a780cf9942351e7173" candidate_uuid: "ec8ecff8833b4eadaf38d7ab0eadb318" candidate_term: 3 candidate_status { last_received { term: 2 index: 3 } } ignore_live_leader: true dest_uuid: "7ec9fcc4560c4e84a842ab68cbaf40b6"
I20260608 09:50:11.873361 29735 tablet_service.cc:1917] Received RequestConsensusVote() RPC: tablet_id: "3366d0ba684e46a780cf9942351e7173" candidate_uuid: "ec8ecff8833b4eadaf38d7ab0eadb318" candidate_term: 3 candidate_status { last_received { term: 2 index: 3 } } ignore_live_leader: true dest_uuid: "c064c2428a00414ab1fcea0612940da5"
I20260608 09:50:11.876303 29984 raft_consensus.cc:993] T 6282ed8e83c04b22b287e4a8df988e6f P 7ec9fcc4560c4e84a842ab68cbaf40b6: : Instructing follower ec8ecff8833b4eadaf38d7ab0eadb318 to start an election
I20260608 09:50:11.876199 29886 raft_consensus.cc:3060] T 3366d0ba684e46a780cf9942351e7173 P 67b41be12ffd47c79db3c1a27c149940 [term 1 LEARNER]: Advancing to term 2
I20260608 09:50:11.876595 30078 tablet_replica.cc:333] T a1e4a87e2543485881d1c2616b212863 P 7ec9fcc4560c4e84a842ab68cbaf40b6: stopping tablet replica
I20260608 09:50:11.876899 29984 raft_consensus.cc:1081] T 6282ed8e83c04b22b287e4a8df988e6f P 7ec9fcc4560c4e84a842ab68cbaf40b6 [term 2 LEADER]: Signalling peer ec8ecff8833b4eadaf38d7ab0eadb318 to start an election
I20260608 09:50:11.877811 30078 raft_consensus.cc:2243] T a1e4a87e2543485881d1c2616b212863 P 7ec9fcc4560c4e84a842ab68cbaf40b6 [term 1 FOLLOWER]: Raft consensus shutting down.
I20260608 09:50:11.878639 30078 raft_consensus.cc:2272] T a1e4a87e2543485881d1c2616b212863 P 7ec9fcc4560c4e84a842ab68cbaf40b6 [term 1 FOLLOWER]: Raft consensus is shut down!
I20260608 09:50:11.883842 29734 raft_consensus.cc:1275] T 6282ed8e83c04b22b287e4a8df988e6f P c064c2428a00414ab1fcea0612940da5 [term 2 FOLLOWER]: Refusing update from remote peer 7ec9fcc4560c4e84a842ab68cbaf40b6: Log matching property violated. Preceding OpId in replica: term: 1 index: 2. Preceding OpId from leader: term: 2 index: 3. (index mismatch)
I20260608 09:50:11.886788 29885 raft_consensus.cc:3060] T 6282ed8e83c04b22b287e4a8df988e6f P 67b41be12ffd47c79db3c1a27c149940 [term 1 LEARNER]: Advancing to term 2
I20260608 09:50:11.891752 29886 raft_consensus.cc:1275] T 3366d0ba684e46a780cf9942351e7173 P 67b41be12ffd47c79db3c1a27c149940 [term 2 LEARNER]: Refusing update from remote peer c064c2428a00414ab1fcea0612940da5: Log matching property violated. Preceding OpId in replica: term: 1 index: 2. Preceding OpId from leader: term: 2 index: 3. (index mismatch)
I20260608 09:50:11.894954 30079 consensus_queue.cc:1048] T 3366d0ba684e46a780cf9942351e7173 P c064c2428a00414ab1fcea0612940da5 [LEADER]: Connected to new peer: Peer: permanent_uuid: "67b41be12ffd47c79db3c1a27c149940" member_type: NON_VOTER last_known_addr { host: "127.25.251.68" port: 46179 } attrs { promote: true }, Status: LMP_MISMATCH, Last received: 0.0, Next index: 3, Last known committed idx: 2, Time since last communication: 0.001s
I20260608 09:50:11.898056 29885 raft_consensus.cc:1275] T 6282ed8e83c04b22b287e4a8df988e6f P 67b41be12ffd47c79db3c1a27c149940 [term 2 LEARNER]: Refusing update from remote peer 7ec9fcc4560c4e84a842ab68cbaf40b6: Log matching property violated. Preceding OpId in replica: term: 1 index: 2. Preceding OpId from leader: term: 2 index: 3. (index mismatch)
I20260608 09:50:11.904084 30055 consensus_queue.cc:1048] T 6282ed8e83c04b22b287e4a8df988e6f P 7ec9fcc4560c4e84a842ab68cbaf40b6 [LEADER]: Connected to new peer: Peer: permanent_uuid: "c064c2428a00414ab1fcea0612940da5" member_type: VOTER last_known_addr { host: "127.25.251.67" port: 35491 }, Status: LMP_MISMATCH, Last received: 0.0, Next index: 3, Last known committed idx: 2, Time since last communication: 0.017s
I20260608 09:50:11.925222 30063 consensus_queue.cc:1048] T 6282ed8e83c04b22b287e4a8df988e6f P 7ec9fcc4560c4e84a842ab68cbaf40b6 [LEADER]: Connected to new peer: Peer: permanent_uuid: "67b41be12ffd47c79db3c1a27c149940" member_type: NON_VOTER last_known_addr { host: "127.25.251.68" port: 46179 } attrs { promote: true }, Status: LMP_MISMATCH, Last received: 0.0, Next index: 3, Last known committed idx: 2, Time since last communication: 0.000s
I20260608 09:50:11.912312 29661 tablet_service.cc:2044] Received Run Leader Election RPC: tablet_id: "6282ed8e83c04b22b287e4a8df988e6f"
dest_uuid: "ec8ecff8833b4eadaf38d7ab0eadb318"
 from {username='slave'} at 127.0.0.1:35850
I20260608 09:50:11.928133 29661 raft_consensus.cc:493] T 6282ed8e83c04b22b287e4a8df988e6f P ec8ecff8833b4eadaf38d7ab0eadb318 [term 2 FOLLOWER]: Starting forced leader election (received explicit request)
I20260608 09:50:11.929116 29661 raft_consensus.cc:3060] T 6282ed8e83c04b22b287e4a8df988e6f P ec8ecff8833b4eadaf38d7ab0eadb318 [term 2 FOLLOWER]: Advancing to term 3
I20260608 09:50:11.960922 30078 ts_tablet_manager.cc:1916] T a1e4a87e2543485881d1c2616b212863 P 7ec9fcc4560c4e84a842ab68cbaf40b6: Deleting tablet data with delete state TABLET_DATA_TOMBSTONED
I20260608 09:50:11.988075 29735 raft_consensus.cc:3055] T 3366d0ba684e46a780cf9942351e7173 P c064c2428a00414ab1fcea0612940da5 [term 2 LEADER]: Stepping down as leader of term 2
I20260608 09:50:11.988523 29735 raft_consensus.cc:740] T 3366d0ba684e46a780cf9942351e7173 P c064c2428a00414ab1fcea0612940da5 [term 2 LEADER]: Becoming Follower/Learner. State: Replica: c064c2428a00414ab1fcea0612940da5, State: Running, Role: LEADER
I20260608 09:50:11.989426 29735 consensus_queue.cc:260] T 3366d0ba684e46a780cf9942351e7173 P c064c2428a00414ab1fcea0612940da5 [NON_LEADER]: Queue going to NON_LEADER mode. State: All replicated index: 0, Majority replicated index: 3, Committed index: 3, Last appended: 2.3, Last appended by leader: 3, Current term: 2, Majority size: -1, State: 0, Mode: NON_LEADER, active raft config: opid_index: 2 OBSOLETE_local: false peers { permanent_uuid: "7ec9fcc4560c4e84a842ab68cbaf40b6" member_type: VOTER last_known_addr { host: "127.25.251.65" port: 33573 } } peers { permanent_uuid: "ec8ecff8833b4eadaf38d7ab0eadb318" member_type: VOTER last_known_addr { host: "127.25.251.66" port: 45409 } } peers { permanent_uuid: "c064c2428a00414ab1fcea0612940da5" member_type: VOTER last_known_addr { host: "127.25.251.67" port: 35491 } attrs { replace: true } } peers { permanent_uuid: "67b41be12ffd47c79db3c1a27c149940" member_type: NON_VOTER last_known_addr { host: "127.25.251.68" port: 46179 } attrs { promote: true } }
I20260608 09:50:11.990881 29661 raft_consensus.cc:515] T 6282ed8e83c04b22b287e4a8df988e6f P ec8ecff8833b4eadaf38d7ab0eadb318 [term 3 FOLLOWER]: Starting forced leader election with config: opid_index: 2 OBSOLETE_local: false peers { permanent_uuid: "7ec9fcc4560c4e84a842ab68cbaf40b6" member_type: VOTER last_known_addr { host: "127.25.251.65" port: 33573 } attrs { replace: true } } peers { permanent_uuid: "ec8ecff8833b4eadaf38d7ab0eadb318" member_type: VOTER last_known_addr { host: "127.25.251.66" port: 45409 } } peers { permanent_uuid: "c064c2428a00414ab1fcea0612940da5" member_type: VOTER last_known_addr { host: "127.25.251.67" port: 35491 } } peers { permanent_uuid: "67b41be12ffd47c79db3c1a27c149940" member_type: NON_VOTER last_known_addr { host: "127.25.251.68" port: 46179 } attrs { promote: true } }
I20260608 09:50:11.991474 29735 raft_consensus.cc:3060] T 3366d0ba684e46a780cf9942351e7173 P c064c2428a00414ab1fcea0612940da5 [term 2 FOLLOWER]: Advancing to term 3
I20260608 09:50:11.998826 29735 raft_consensus.cc:2468] T 3366d0ba684e46a780cf9942351e7173 P c064c2428a00414ab1fcea0612940da5 [term 3 FOLLOWER]: Leader election vote request: Granting yes vote for candidate ec8ecff8833b4eadaf38d7ab0eadb318 in term 3.
I20260608 09:50:12.000466 29660 raft_consensus.cc:1275] T a66a7490417e44cca20a4790cd386744 P ec8ecff8833b4eadaf38d7ab0eadb318 [term 2 FOLLOWER]: Refusing update from remote peer 67b41be12ffd47c79db3c1a27c149940: Log matching property violated. Preceding OpId in replica: term: 1 index: 1. Preceding OpId from leader: term: 2 index: 2. (index mismatch)
I20260608 09:50:12.001732 29627 leader_election.cc:304] T 3366d0ba684e46a780cf9942351e7173 P ec8ecff8833b4eadaf38d7ab0eadb318 [CANDIDATE]: Term 3 election: Election decided. Result: candidate won. Election summary: received 3 responses out of 3 voters: 2 yes votes; 1 no votes. yes voters: c064c2428a00414ab1fcea0612940da5, ec8ecff8833b4eadaf38d7ab0eadb318; no voters: 7ec9fcc4560c4e84a842ab68cbaf40b6
I20260608 09:50:12.002249 30021 consensus_queue.cc:1048] T a66a7490417e44cca20a4790cd386744 P 67b41be12ffd47c79db3c1a27c149940 [LEADER]: Connected to new peer: Peer: permanent_uuid: "ec8ecff8833b4eadaf38d7ab0eadb318" member_type: VOTER last_known_addr { host: "127.25.251.66" port: 45409 }, Status: LMP_MISMATCH, Last received: 0.0, Next index: 2, Last known committed idx: 1, Time since last communication: 0.000s
I20260608 09:50:12.003014 29998 raft_consensus.cc:2804] T 3366d0ba684e46a780cf9942351e7173 P ec8ecff8833b4eadaf38d7ab0eadb318 [term 3 FOLLOWER]: Leader election won for term 3
I20260608 09:50:12.003551 29998 raft_consensus.cc:697] T 3366d0ba684e46a780cf9942351e7173 P ec8ecff8833b4eadaf38d7ab0eadb318 [term 3 LEADER]: Becoming Leader. State: Replica: ec8ecff8833b4eadaf38d7ab0eadb318, State: Running, Role: LEADER
I20260608 09:50:12.004446 29998 consensus_queue.cc:237] T 3366d0ba684e46a780cf9942351e7173 P ec8ecff8833b4eadaf38d7ab0eadb318 [LEADER]: Queue going to LEADER mode. State: All replicated index: 0, Majority replicated index: 3, Committed index: 3, Last appended: 2.3, Last appended by leader: 3, Current term: 3, Majority size: 2, State: 0, Mode: LEADER, active raft config: opid_index: 2 OBSOLETE_local: false peers { permanent_uuid: "7ec9fcc4560c4e84a842ab68cbaf40b6" member_type: VOTER last_known_addr { host: "127.25.251.65" port: 33573 } } peers { permanent_uuid: "ec8ecff8833b4eadaf38d7ab0eadb318" member_type: VOTER last_known_addr { host: "127.25.251.66" port: 45409 } } peers { permanent_uuid: "c064c2428a00414ab1fcea0612940da5" member_type: VOTER last_known_addr { host: "127.25.251.67" port: 35491 } attrs { replace: true } } peers { permanent_uuid: "67b41be12ffd47c79db3c1a27c149940" member_type: NON_VOTER last_known_addr { host: "127.25.251.68" port: 46179 } attrs { promote: true } }
I20260608 09:50:12.009069 29661 leader_election.cc:290] T 6282ed8e83c04b22b287e4a8df988e6f P ec8ecff8833b4eadaf38d7ab0eadb318 [CANDIDATE]: Term 3 election: Requested vote from peers 7ec9fcc4560c4e84a842ab68cbaf40b6 (127.25.251.65:33573), c064c2428a00414ab1fcea0612940da5 (127.25.251.67:35491)
I20260608 09:50:12.009167 29585 tablet_service.cc:1917] Received RequestConsensusVote() RPC: tablet_id: "6282ed8e83c04b22b287e4a8df988e6f" candidate_uuid: "ec8ecff8833b4eadaf38d7ab0eadb318" candidate_term: 3 candidate_status { last_received { term: 2 index: 3 } } ignore_live_leader: true dest_uuid: "7ec9fcc4560c4e84a842ab68cbaf40b6"
I20260608 09:50:12.015349 29585 raft_consensus.cc:3055] T 6282ed8e83c04b22b287e4a8df988e6f P 7ec9fcc4560c4e84a842ab68cbaf40b6 [term 2 LEADER]: Stepping down as leader of term 2
I20260608 09:50:12.015702 29585 raft_consensus.cc:740] T 6282ed8e83c04b22b287e4a8df988e6f P 7ec9fcc4560c4e84a842ab68cbaf40b6 [term 2 LEADER]: Becoming Follower/Learner. State: Replica: 7ec9fcc4560c4e84a842ab68cbaf40b6, State: Running, Role: LEADER
I20260608 09:50:12.015743 29735 tablet_service.cc:1917] Received RequestConsensusVote() RPC: tablet_id: "6282ed8e83c04b22b287e4a8df988e6f" candidate_uuid: "ec8ecff8833b4eadaf38d7ab0eadb318" candidate_term: 3 candidate_status { last_received { term: 2 index: 3 } } ignore_live_leader: true dest_uuid: "c064c2428a00414ab1fcea0612940da5"
I20260608 09:50:12.016407 29735 raft_consensus.cc:3060] T 6282ed8e83c04b22b287e4a8df988e6f P c064c2428a00414ab1fcea0612940da5 [term 2 FOLLOWER]: Advancing to term 3
I20260608 09:50:12.016690 29585 consensus_queue.cc:260] T 6282ed8e83c04b22b287e4a8df988e6f P 7ec9fcc4560c4e84a842ab68cbaf40b6 [NON_LEADER]: Queue going to NON_LEADER mode. State: All replicated index: 0, Majority replicated index: 3, Committed index: 3, Last appended: 2.3, Last appended by leader: 3, Current term: 2, Majority size: -1, State: 0, Mode: NON_LEADER, active raft config: opid_index: 2 OBSOLETE_local: false peers { permanent_uuid: "7ec9fcc4560c4e84a842ab68cbaf40b6" member_type: VOTER last_known_addr { host: "127.25.251.65" port: 33573 } attrs { replace: true } } peers { permanent_uuid: "ec8ecff8833b4eadaf38d7ab0eadb318" member_type: VOTER last_known_addr { host: "127.25.251.66" port: 45409 } } peers { permanent_uuid: "c064c2428a00414ab1fcea0612940da5" member_type: VOTER last_known_addr { host: "127.25.251.67" port: 35491 } } peers { permanent_uuid: "67b41be12ffd47c79db3c1a27c149940" member_type: NON_VOTER last_known_addr { host: "127.25.251.68" port: 46179 } attrs { promote: true } }
I20260608 09:50:12.018527 29585 raft_consensus.cc:3060] T 6282ed8e83c04b22b287e4a8df988e6f P 7ec9fcc4560c4e84a842ab68cbaf40b6 [term 2 FOLLOWER]: Advancing to term 3
I20260608 09:50:12.031569 30055 raft_consensus.cc:1064] T e8cf370a392b4469a40e4d351bbb7bd3 P 7ec9fcc4560c4e84a842ab68cbaf40b6: attempting to promote NON_VOTER 67b41be12ffd47c79db3c1a27c149940 to VOTER
I20260608 09:50:12.030131 29735 raft_consensus.cc:2468] T 6282ed8e83c04b22b287e4a8df988e6f P c064c2428a00414ab1fcea0612940da5 [term 3 FOLLOWER]: Leader election vote request: Granting yes vote for candidate ec8ecff8833b4eadaf38d7ab0eadb318 in term 3.
I20260608 09:50:12.035136 29627 leader_election.cc:304] T 6282ed8e83c04b22b287e4a8df988e6f P ec8ecff8833b4eadaf38d7ab0eadb318 [CANDIDATE]: Term 3 election: Election decided. Result: candidate won. Election summary: received 2 responses out of 3 voters: 2 yes votes; 0 no votes. yes voters: c064c2428a00414ab1fcea0612940da5, ec8ecff8833b4eadaf38d7ab0eadb318; no voters: 
I20260608 09:50:12.037832 29585 raft_consensus.cc:2468] T 6282ed8e83c04b22b287e4a8df988e6f P 7ec9fcc4560c4e84a842ab68cbaf40b6 [term 3 FOLLOWER]: Leader election vote request: Granting yes vote for candidate ec8ecff8833b4eadaf38d7ab0eadb318 in term 3.
I20260608 09:50:12.034052 30055 consensus_queue.cc:237] T e8cf370a392b4469a40e4d351bbb7bd3 P 7ec9fcc4560c4e84a842ab68cbaf40b6 [LEADER]: Queue going to LEADER mode. State: All replicated index: 0, Majority replicated index: 2, Committed index: 2, Last appended: 1.2, Last appended by leader: 0, Current term: 1, Majority size: 3, State: 0, Mode: LEADER, active raft config: opid_index: 3 OBSOLETE_local: false peers { permanent_uuid: "7ec9fcc4560c4e84a842ab68cbaf40b6" member_type: VOTER last_known_addr { host: "127.25.251.65" port: 33573 } } peers { permanent_uuid: "ec8ecff8833b4eadaf38d7ab0eadb318" member_type: VOTER last_known_addr { host: "127.25.251.66" port: 45409 } attrs { replace: true } } peers { permanent_uuid: "c064c2428a00414ab1fcea0612940da5" member_type: VOTER last_known_addr { host: "127.25.251.67" port: 35491 } } peers { permanent_uuid: "67b41be12ffd47c79db3c1a27c149940" member_type: VOTER last_known_addr { host: "127.25.251.68" port: 46179 } attrs { promote: false } }
I20260608 09:50:12.039981 30078 ts_tablet_manager.cc:1929] T a1e4a87e2543485881d1c2616b212863 P 7ec9fcc4560c4e84a842ab68cbaf40b6: tablet deleted with delete type TABLET_DATA_TOMBSTONED: last-logged OpId 1.3
I20260608 09:50:12.042688 30078 log.cc:1199] T a1e4a87e2543485881d1c2616b212863 P 7ec9fcc4560c4e84a842ab68cbaf40b6: Deleting WAL directory at /tmp/dist-test-taskrICZCA/test-tmp/auto_rebalancer-test.0.AutoRebalancerTest.RangeAwareRebalancesNewRangeReplicas.1780912125761687-26605-0/minicluster-data/ts-0-root/wals/a1e4a87e2543485881d1c2616b212863
I20260608 09:50:12.043617 29998 raft_consensus.cc:2804] T 6282ed8e83c04b22b287e4a8df988e6f P ec8ecff8833b4eadaf38d7ab0eadb318 [term 3 FOLLOWER]: Leader election won for term 3
I20260608 09:50:12.044174 29998 raft_consensus.cc:697] T 6282ed8e83c04b22b287e4a8df988e6f P ec8ecff8833b4eadaf38d7ab0eadb318 [term 3 LEADER]: Becoming Leader. State: Replica: ec8ecff8833b4eadaf38d7ab0eadb318, State: Running, Role: LEADER
I20260608 09:50:12.045068 29998 consensus_queue.cc:237] T 6282ed8e83c04b22b287e4a8df988e6f P ec8ecff8833b4eadaf38d7ab0eadb318 [LEADER]: Queue going to LEADER mode. State: All replicated index: 0, Majority replicated index: 3, Committed index: 3, Last appended: 2.3, Last appended by leader: 3, Current term: 3, Majority size: 2, State: 0, Mode: LEADER, active raft config: opid_index: 2 OBSOLETE_local: false peers { permanent_uuid: "7ec9fcc4560c4e84a842ab68cbaf40b6" member_type: VOTER last_known_addr { host: "127.25.251.65" port: 33573 } attrs { replace: true } } peers { permanent_uuid: "ec8ecff8833b4eadaf38d7ab0eadb318" member_type: VOTER last_known_addr { host: "127.25.251.66" port: 45409 } } peers { permanent_uuid: "c064c2428a00414ab1fcea0612940da5" member_type: VOTER last_known_addr { host: "127.25.251.67" port: 35491 } } peers { permanent_uuid: "67b41be12ffd47c79db3c1a27c149940" member_type: NON_VOTER last_known_addr { host: "127.25.251.68" port: 46179 } attrs { promote: true } }
I20260608 09:50:12.045630 29469 catalog_manager.cc:5027] TS 7ec9fcc4560c4e84a842ab68cbaf40b6 (127.25.251.65:33573): tablet a1e4a87e2543485881d1c2616b212863 (table range_aware_rebalance_new_range [id=93b5ed8fd12c4642a528f36057ebce88]) successfully deleted
I20260608 09:50:12.053318 29481 catalog_manager.cc:5696] T 3366d0ba684e46a780cf9942351e7173 P ec8ecff8833b4eadaf38d7ab0eadb318 reported cstate change: term changed from 2 to 3, leader changed from c064c2428a00414ab1fcea0612940da5 (127.25.251.67) to ec8ecff8833b4eadaf38d7ab0eadb318 (127.25.251.66). New cstate: current_term: 3 leader_uuid: "ec8ecff8833b4eadaf38d7ab0eadb318" committed_config { opid_index: 2 OBSOLETE_local: false peers { permanent_uuid: "7ec9fcc4560c4e84a842ab68cbaf40b6" member_type: VOTER last_known_addr { host: "127.25.251.65" port: 33573 } health_report { overall_health: UNKNOWN } } peers { permanent_uuid: "ec8ecff8833b4eadaf38d7ab0eadb318" member_type: VOTER last_known_addr { host: "127.25.251.66" port: 45409 } health_report { overall_health: HEALTHY } } peers { permanent_uuid: "c064c2428a00414ab1fcea0612940da5" member_type: VOTER last_known_addr { host: "127.25.251.67" port: 35491 } attrs { replace: true } health_report { overall_health: UNKNOWN } } peers { permanent_uuid: "67b41be12ffd47c79db3c1a27c149940" member_type: NON_VOTER last_known_addr { host: "127.25.251.68" port: 46179 } attrs { promote: true } health_report { overall_health: UNKNOWN } } }
I20260608 09:50:12.059758 29585 raft_consensus.cc:1275] T eb037fd94a55400593ee2207bd6dea5b P 7ec9fcc4560c4e84a842ab68cbaf40b6 [term 2 FOLLOWER]: Refusing update from remote peer c064c2428a00414ab1fcea0612940da5: Log matching property violated. Preceding OpId in replica: term: 1 index: 1. Preceding OpId from leader: term: 2 index: 2. (index mismatch)
I20260608 09:50:12.061121 29885 raft_consensus.cc:1275] T e8cf370a392b4469a40e4d351bbb7bd3 P 67b41be12ffd47c79db3c1a27c149940 [term 1 LEARNER]: Refusing update from remote peer 7ec9fcc4560c4e84a842ab68cbaf40b6: Log matching property violated. Preceding OpId in replica: term: 1 index: 2. Preceding OpId from leader: term: 1 index: 3. (index mismatch)
I20260608 09:50:12.061846 30050 consensus_queue.cc:1048] T eb037fd94a55400593ee2207bd6dea5b P c064c2428a00414ab1fcea0612940da5 [LEADER]: Connected to new peer: Peer: permanent_uuid: "7ec9fcc4560c4e84a842ab68cbaf40b6" member_type: VOTER last_known_addr { host: "127.25.251.65" port: 33573 }, Status: LMP_MISMATCH, Last received: 0.0, Next index: 2, Last known committed idx: 1, Time since last communication: 0.000s
I20260608 09:50:12.062901 30055 consensus_queue.cc:1048] T e8cf370a392b4469a40e4d351bbb7bd3 P 7ec9fcc4560c4e84a842ab68cbaf40b6 [LEADER]: Connected to new peer: Peer: permanent_uuid: "67b41be12ffd47c79db3c1a27c149940" member_type: VOTER last_known_addr { host: "127.25.251.68" port: 46179 } attrs { promote: false }, Status: LMP_MISMATCH, Last received: 0.0, Next index: 3, Last known committed idx: 2, Time since last communication: 0.000s
I20260608 09:50:12.064213 29661 raft_consensus.cc:1275] T e8cf370a392b4469a40e4d351bbb7bd3 P ec8ecff8833b4eadaf38d7ab0eadb318 [term 1 FOLLOWER]: Refusing update from remote peer 7ec9fcc4560c4e84a842ab68cbaf40b6: Log matching property violated. Preceding OpId in replica: term: 1 index: 2. Preceding OpId from leader: term: 1 index: 3. (index mismatch)
I20260608 09:50:12.065011 29660 raft_consensus.cc:1275] T eb037fd94a55400593ee2207bd6dea5b P ec8ecff8833b4eadaf38d7ab0eadb318 [term 2 FOLLOWER]: Refusing update from remote peer c064c2428a00414ab1fcea0612940da5: Log matching property violated. Preceding OpId in replica: term: 1 index: 1. Preceding OpId from leader: term: 2 index: 2. (index mismatch)
I20260608 09:50:12.066987 30080 consensus_queue.cc:1048] T eb037fd94a55400593ee2207bd6dea5b P c064c2428a00414ab1fcea0612940da5 [LEADER]: Connected to new peer: Peer: permanent_uuid: "ec8ecff8833b4eadaf38d7ab0eadb318" member_type: VOTER last_known_addr { host: "127.25.251.66" port: 45409 }, Status: LMP_MISMATCH, Last received: 0.0, Next index: 2, Last known committed idx: 1, Time since last communication: 0.001s
I20260608 09:50:12.068867 29984 consensus_queue.cc:1048] T e8cf370a392b4469a40e4d351bbb7bd3 P 7ec9fcc4560c4e84a842ab68cbaf40b6 [LEADER]: Connected to new peer: Peer: permanent_uuid: "ec8ecff8833b4eadaf38d7ab0eadb318" member_type: VOTER last_known_addr { host: "127.25.251.66" port: 45409 } attrs { replace: true }, Status: LMP_MISMATCH, Last received: 0.0, Next index: 3, Last known committed idx: 2, Time since last communication: 0.000s
I20260608 09:50:12.069870 29735 raft_consensus.cc:1275] T e8cf370a392b4469a40e4d351bbb7bd3 P c064c2428a00414ab1fcea0612940da5 [term 1 FOLLOWER]: Refusing update from remote peer 7ec9fcc4560c4e84a842ab68cbaf40b6: Log matching property violated. Preceding OpId in replica: term: 1 index: 2. Preceding OpId from leader: term: 1 index: 3. (index mismatch)
I20260608 09:50:12.079970 30055 consensus_queue.cc:1048] T e8cf370a392b4469a40e4d351bbb7bd3 P 7ec9fcc4560c4e84a842ab68cbaf40b6 [LEADER]: Connected to new peer: Peer: permanent_uuid: "c064c2428a00414ab1fcea0612940da5" member_type: VOTER last_known_addr { host: "127.25.251.67" port: 35491 }, Status: LMP_MISMATCH, Last received: 0.0, Next index: 3, Last known committed idx: 2, Time since last communication: 0.001s
I20260608 09:50:12.083463 29481 catalog_manager.cc:5696] T 6282ed8e83c04b22b287e4a8df988e6f P ec8ecff8833b4eadaf38d7ab0eadb318 reported cstate change: term changed from 2 to 3, leader changed from 7ec9fcc4560c4e84a842ab68cbaf40b6 (127.25.251.65) to ec8ecff8833b4eadaf38d7ab0eadb318 (127.25.251.66). New cstate: current_term: 3 leader_uuid: "ec8ecff8833b4eadaf38d7ab0eadb318" committed_config { opid_index: 2 OBSOLETE_local: false peers { permanent_uuid: "7ec9fcc4560c4e84a842ab68cbaf40b6" member_type: VOTER last_known_addr { host: "127.25.251.65" port: 33573 } attrs { replace: true } health_report { overall_health: UNKNOWN } } peers { permanent_uuid: "ec8ecff8833b4eadaf38d7ab0eadb318" member_type: VOTER last_known_addr { host: "127.25.251.66" port: 45409 } health_report { overall_health: HEALTHY } } peers { permanent_uuid: "c064c2428a00414ab1fcea0612940da5" member_type: VOTER last_known_addr { host: "127.25.251.67" port: 35491 } health_report { overall_health: UNKNOWN } } peers { permanent_uuid: "67b41be12ffd47c79db3c1a27c149940" member_type: NON_VOTER last_known_addr { host: "127.25.251.68" port: 46179 } attrs { promote: true } health_report { overall_health: UNKNOWN } } }
I20260608 09:50:12.091979 29734 raft_consensus.cc:1275] T a66a7490417e44cca20a4790cd386744 P c064c2428a00414ab1fcea0612940da5 [term 2 FOLLOWER]: Refusing update from remote peer 67b41be12ffd47c79db3c1a27c149940: Log matching property violated. Preceding OpId in replica: term: 1 index: 1. Preceding OpId from leader: term: 2 index: 2. (index mismatch)
I20260608 09:50:12.103901 30092 consensus_queue.cc:1048] T a66a7490417e44cca20a4790cd386744 P 67b41be12ffd47c79db3c1a27c149940 [LEADER]: Connected to new peer: Peer: permanent_uuid: "c064c2428a00414ab1fcea0612940da5" member_type: VOTER last_known_addr { host: "127.25.251.67" port: 35491 }, Status: LMP_MISMATCH, Last received: 0.0, Next index: 2, Last known committed idx: 1, Time since last communication: 0.001s
I20260608 09:50:12.131567 30055 raft_consensus.cc:2955] T e8cf370a392b4469a40e4d351bbb7bd3 P 7ec9fcc4560c4e84a842ab68cbaf40b6 [term 1 LEADER]: Committing config change with OpId 1.3: config changed from index 2 to 3, 67b41be12ffd47c79db3c1a27c149940 (127.25.251.68) changed from NON_VOTER to VOTER. New config: { opid_index: 3 OBSOLETE_local: false peers { permanent_uuid: "7ec9fcc4560c4e84a842ab68cbaf40b6" member_type: VOTER last_known_addr { host: "127.25.251.65" port: 33573 } } peers { permanent_uuid: "ec8ecff8833b4eadaf38d7ab0eadb318" member_type: VOTER last_known_addr { host: "127.25.251.66" port: 45409 } attrs { replace: true } } peers { permanent_uuid: "c064c2428a00414ab1fcea0612940da5" member_type: VOTER last_known_addr { host: "127.25.251.67" port: 35491 } } peers { permanent_uuid: "67b41be12ffd47c79db3c1a27c149940" member_type: VOTER last_known_addr { host: "127.25.251.68" port: 46179 } attrs { promote: false } } }
