I20260608 09:48:44.451640  1607 sys_catalog.cc:455] T 00000000000000000000000000000000 P 16be7c3ec95342fe8c8389583bad2438 [sys.catalog]: SysCatalogTable state changed. Reason: New leader f6ac8ca470354e3bb3da84222caa2318. Latest consensus state: current_term: 1 leader_uuid: "f6ac8ca470354e3bb3da84222caa2318" committed_config { opid_index: -1 OBSOLETE_local: false peers { permanent_uuid: "fc235d6284d0437b88d01fbd93ee0c63" member_type: VOTER last_known_addr { host: "127.1.93.62" port: 39789 } } peers { permanent_uuid: "16be7c3ec95342fe8c8389583bad2438" member_type: VOTER last_known_addr { host: "127.1.93.61" port: 34271 } } peers { permanent_uuid: "f6ac8ca470354e3bb3da84222caa2318" member_type: VOTER last_known_addr { host: "127.1.93.60" port: 42155 } } }
I20260608 09:48:44.452500  1607 sys_catalog.cc:458] T 00000000000000000000000000000000 P 16be7c3ec95342fe8c8389583bad2438 [sys.catalog]: This master's current role is: FOLLOWER
I20260608 09:48:44.452359  1651 mvcc.cc:204] Tried to move back new op lower bound from 7294616061619576832 to 7294616061384601600. Current Snapshot: MvccSnapshot[applied={T|T < 7294616061619576832}]
I20260608 09:48:44.470609  1638 sys_catalog.cc:455] T 00000000000000000000000000000000 P f6ac8ca470354e3bb3da84222caa2318 [sys.catalog]: SysCatalogTable state changed. Reason: Peer health change. Latest consensus state: current_term: 1 leader_uuid: "f6ac8ca470354e3bb3da84222caa2318" committed_config { opid_index: -1 OBSOLETE_local: false peers { permanent_uuid: "fc235d6284d0437b88d01fbd93ee0c63" member_type: VOTER last_known_addr { host: "127.1.93.62" port: 39789 } } peers { permanent_uuid: "16be7c3ec95342fe8c8389583bad2438" member_type: VOTER last_known_addr { host: "127.1.93.61" port: 34271 } } peers { permanent_uuid: "f6ac8ca470354e3bb3da84222caa2318" member_type: VOTER last_known_addr { host: "127.1.93.60" port: 42155 } } }
I20260608 09:48:44.471371  1638 sys_catalog.cc:458] T 00000000000000000000000000000000 P f6ac8ca470354e3bb3da84222caa2318 [sys.catalog]: This master's current role is: LEADER
I20260608 09:48:44.475229  1609 sys_catalog.cc:455] T 00000000000000000000000000000000 P fc235d6284d0437b88d01fbd93ee0c63 [sys.catalog]: SysCatalogTable state changed. Reason: Replicated consensus-only round. Latest consensus state: current_term: 1 leader_uuid: "f6ac8ca470354e3bb3da84222caa2318" committed_config { opid_index: -1 OBSOLETE_local: false peers { permanent_uuid: "fc235d6284d0437b88d01fbd93ee0c63" member_type: VOTER last_known_addr { host: "127.1.93.62" port: 39789 } } peers { permanent_uuid: "16be7c3ec95342fe8c8389583bad2438" member_type: VOTER last_known_addr { host: "127.1.93.61" port: 34271 } } peers { permanent_uuid: "f6ac8ca470354e3bb3da84222caa2318" member_type: VOTER last_known_addr { host: "127.1.93.60" port: 42155 } } }
I20260608 09:48:44.476020  1609 sys_catalog.cc:458] T 00000000000000000000000000000000 P fc235d6284d0437b88d01fbd93ee0c63 [sys.catalog]: This master's current role is: FOLLOWER
I20260608 09:48:44.478380  1396 webserver.cc:533] Webserver started at http://127.1.93.1:34877/ using document root <none> and password file <none>
I20260608 09:48:44.479285  1396 fs_manager.cc:362] Metadata directory not provided
I20260608 09:48:44.479581  1396 fs_manager.cc:368] Using write-ahead log directory (fs_wal_dir) as metadata directory
I20260608 09:48:44.479988  1396 server_base.cc:909] This appears to be a new deployment of Kudu; creating new FS layout
I20260608 09:48:44.481506  1396 fs_manager.cc:1068] Generated new instance metadata in path /tmp/dist-test-taskn33FSo/test-tmp/auto_rebalancer-test.0.AutoRebalancerTest.OnlyLeaderDoesAutoRebalancing.1780912122315687-1396-0/minicluster-data/ts-0-root/instance:
uuid: "efdabbaf5fd54c108e6467abba590a27"
format_stamp: "Formatted at 2026-06-08 09:48:44 on dist-test-slave-2931"
I20260608 09:48:44.488286  1607 sys_catalog.cc:455] T 00000000000000000000000000000000 P 16be7c3ec95342fe8c8389583bad2438 [sys.catalog]: SysCatalogTable state changed. Reason: Replicated consensus-only round. Latest consensus state: current_term: 1 leader_uuid: "f6ac8ca470354e3bb3da84222caa2318" committed_config { opid_index: -1 OBSOLETE_local: false peers { permanent_uuid: "fc235d6284d0437b88d01fbd93ee0c63" member_type: VOTER last_known_addr { host: "127.1.93.62" port: 39789 } } peers { permanent_uuid: "16be7c3ec95342fe8c8389583bad2438" member_type: VOTER last_known_addr { host: "127.1.93.61" port: 34271 } } peers { permanent_uuid: "f6ac8ca470354e3bb3da84222caa2318" member_type: VOTER last_known_addr { host: "127.1.93.60" port: 42155 } } }
I20260608 09:48:44.489063  1607 sys_catalog.cc:458] T 00000000000000000000000000000000 P 16be7c3ec95342fe8c8389583bad2438 [sys.catalog]: This master's current role is: FOLLOWER
I20260608 09:48:44.490371  1396 fs_manager.cc:696] Time spent creating directory manager: real 0.008s	user 0.000s	sys 0.004s
I20260608 09:48:44.490656  1647 catalog_manager.cc:1382] Generated new cluster ID: a4c953a17dae48d8b5083cadbeb674de
I20260608 09:48:44.490959  1647 catalog_manager.cc:1530] Initializing Kudu internal certificate authority...
I20260608 09:48:44.492688  1608 sys_catalog.cc:455] T 00000000000000000000000000000000 P f6ac8ca470354e3bb3da84222caa2318 [sys.catalog]: SysCatalogTable state changed. Reason: Peer health change. Latest consensus state: current_term: 1 leader_uuid: "f6ac8ca470354e3bb3da84222caa2318" committed_config { opid_index: -1 OBSOLETE_local: false peers { permanent_uuid: "fc235d6284d0437b88d01fbd93ee0c63" member_type: VOTER last_known_addr { host: "127.1.93.62" port: 39789 } } peers { permanent_uuid: "16be7c3ec95342fe8c8389583bad2438" member_type: VOTER last_known_addr { host: "127.1.93.61" port: 34271 } } peers { permanent_uuid: "f6ac8ca470354e3bb3da84222caa2318" member_type: VOTER last_known_addr { host: "127.1.93.60" port: 42155 } } }
I20260608 09:48:44.494469  1608 sys_catalog.cc:458] T 00000000000000000000000000000000 P f6ac8ca470354e3bb3da84222caa2318 [sys.catalog]: This master's current role is: LEADER
I20260608 09:48:44.512930  1666 log_block_manager.cc:4031] Time spent loading block containers with low live blocks: real 0.000s	user 0.000s	sys 0.000s
I20260608 09:48:44.513942  1396 fs_manager.cc:730] Time spent opening block manager: real 0.020s	user 0.006s	sys 0.000s
I20260608 09:48:44.514281  1396 fs_manager.cc:647] Opened local filesystem: /tmp/dist-test-taskn33FSo/test-tmp/auto_rebalancer-test.0.AutoRebalancerTest.OnlyLeaderDoesAutoRebalancing.1780912122315687-1396-0/minicluster-data/ts-0-root
uuid: "efdabbaf5fd54c108e6467abba590a27"
format_stamp: "Formatted at 2026-06-08 09:48:44 on dist-test-slave-2931"
I20260608 09:48:44.514763  1396 fs_report.cc:389] FS layout report
--------------------
wal directory: /tmp/dist-test-taskn33FSo/test-tmp/auto_rebalancer-test.0.AutoRebalancerTest.OnlyLeaderDoesAutoRebalancing.1780912122315687-1396-0/minicluster-data/ts-0-root
metadata directory: /tmp/dist-test-taskn33FSo/test-tmp/auto_rebalancer-test.0.AutoRebalancerTest.OnlyLeaderDoesAutoRebalancing.1780912122315687-1396-0/minicluster-data/ts-0-root
1 data directories: /tmp/dist-test-taskn33FSo/test-tmp/auto_rebalancer-test.0.AutoRebalancerTest.OnlyLeaderDoesAutoRebalancing.1780912122315687-1396-0/minicluster-data/ts-0-root/data
Total live blocks: 0
Total live bytes: 0
Total live bytes (after alignment): 0
Total number of LBM containers: 0 (0 full)
Did not check for missing blocks
Did not check for orphaned blocks
Total full LBM containers with extra space: 0 (0 repaired)
Total full LBM container extra space in bytes: 0 (0 repaired)
Total incomplete LBM containers: 0 (0 repaired)
Total LBM partial records: 0 (0 repaired)
Total corrupted LBM metadata records in RocksDB: 0 (0 repaired)
I20260608 09:48:44.576912  1647 catalog_manager.cc:1405] Generated new certificate authority record
I20260608 09:48:44.578112  1396 rpc_server.cc:225] running with OpenSSL 1.1.1  11 Sep 2018
I20260608 09:48:44.579196  1647 catalog_manager.cc:1539] Loading token signing keys...
I20260608 09:48:44.579983  1396 kserver.cc:163] Server-wide thread pool size limit: 3276
I20260608 09:48:44.586977  1396 txn_system_client.cc:432] TxnSystemClient initialization is disabled...
I20260608 09:48:44.591576  1396 ts_tablet_manager.cc:585] Loaded tablet metadata (0 total tablets, 0 live tablets)
I20260608 09:48:44.591889  1396 ts_tablet_manager.cc:531] Time spent load tablet metadata: real 0.000s	user 0.000s	sys 0.000s
I20260608 09:48:44.592190  1396 ts_tablet_manager.cc:616] Registered 0 tablets
I20260608 09:48:44.592551  1396 ts_tablet_manager.cc:595] Time spent register tablets: real 0.000s	user 0.000s	sys 0.000s
I20260608 09:48:44.623924  1647 catalog_manager.cc:6069] T 00000000000000000000000000000000 P f6ac8ca470354e3bb3da84222caa2318: Generated new TSK 0
I20260608 09:48:44.626011  1647 catalog_manager.cc:1549] Initializing in-progress tserver states...
I20260608 09:48:44.710098  1396 rpc_server.cc:307] RPC server started. Bound to: 127.1.93.1:33871
I20260608 09:48:44.710275  1728 acceptor_pool.cc:272] collecting diagnostics on the listening RPC socket 127.1.93.1:33871 every 8 connection(s)
I20260608 09:48:44.722270  1396 file_cache.cc:492] Constructed file cache file cache with capacity 419430
W20260608 09:48:44.759701  1737 instance_detector.cc:116] could not retrieve AWS instance metadata: Network error: curl error: HTTP response code said error: The requested URL returned error: 404
I20260608 09:48:44.764772  1730 heartbeater.cc:344] Connected to a master server at 127.1.93.61:34271
I20260608 09:48:44.764945  1729 heartbeater.cc:344] Connected to a master server at 127.1.93.60:42155
I20260608 09:48:44.765282  1730 heartbeater.cc:461] Registering TS with master...
I20260608 09:48:44.765401  1729 heartbeater.cc:461] Registering TS with master...
I20260608 09:48:44.766849  1730 heartbeater.cc:507] Master 127.1.93.61:34271 requested a full tablet report, sending...
I20260608 09:48:44.767254  1729 heartbeater.cc:507] Master 127.1.93.60:42155 requested a full tablet report, sending...
I20260608 09:48:44.770944  1493 ts_manager.cc:194] Registered new tserver with Master: efdabbaf5fd54c108e6467abba590a27 (127.1.93.1:33871)
I20260608 09:48:44.772662  1564 ts_manager.cc:194] Registered new tserver with Master: efdabbaf5fd54c108e6467abba590a27 (127.1.93.1:33871)
I20260608 09:48:44.778825  1564 master_service.cc:502] Signed X509 certificate for tserver {username='slave'} at 127.0.0.1:58914
W20260608 09:48:44.781168  1740 instance_detector.cc:116] could not retrieve Azure instance metadata: Network error: curl error: HTTP response code said error: The requested URL returned error: 404
I20260608 09:48:44.801836  1731 heartbeater.cc:344] Connected to a master server at 127.1.93.62:39789
I20260608 09:48:44.802361  1731 heartbeater.cc:461] Registering TS with master...
I20260608 09:48:44.803141  1731 heartbeater.cc:507] Master 127.1.93.62:39789 requested a full tablet report, sending...
I20260608 09:48:44.806874  1428 ts_manager.cc:194] Registered new tserver with Master: efdabbaf5fd54c108e6467abba590a27 (127.1.93.1:33871)
W20260608 09:48:44.827338  1742 instance_detector.cc:116] could not retrieve OpenStack instance metadata: Network error: curl error: HTTP response code said error: The requested URL returned error: 404
I20260608 09:48:44.830068  1396 server_base.cc:1061] running on GCE node
I20260608 09:48:44.831141  1396 hybrid_clock.cc:584] initializing the hybrid clock with 'system_unsync' time source
W20260608 09:48:44.831411  1396 system_unsync_time.cc:38] NTP support is disabled. Clock error bounds will not be accurate. This configuration is not suitable for distributed clusters.
I20260608 09:48:44.831629  1396 hybrid_clock.cc:648] HybridClock initialized: now 1780912124831611 us; error 0 us; skew 500 ppm
I20260608 09:48:44.832442  1396 server_base.cc:861] Flag tcmalloc_max_total_thread_cache_bytes is not working since tcmalloc is not enabled.
I20260608 09:48:44.835270  1396 webserver.cc:533] Webserver started at http://127.1.93.2:46127/ using document root <none> and password file <none>
I20260608 09:48:44.835973  1396 fs_manager.cc:362] Metadata directory not provided
I20260608 09:48:44.836242  1396 fs_manager.cc:368] Using write-ahead log directory (fs_wal_dir) as metadata directory
I20260608 09:48:44.836591  1396 server_base.cc:909] This appears to be a new deployment of Kudu; creating new FS layout
I20260608 09:48:44.838007  1396 fs_manager.cc:1068] Generated new instance metadata in path /tmp/dist-test-taskn33FSo/test-tmp/auto_rebalancer-test.0.AutoRebalancerTest.OnlyLeaderDoesAutoRebalancing.1780912122315687-1396-0/minicluster-data/ts-1-root/instance:
uuid: "cf5bd8c1b318452a886efd726e8c2903"
format_stamp: "Formatted at 2026-06-08 09:48:44 on dist-test-slave-2931"
I20260608 09:48:44.844224  1396 fs_manager.cc:696] Time spent creating directory manager: real 0.006s	user 0.005s	sys 0.000s
I20260608 09:48:44.848781  1747 log_block_manager.cc:4031] Time spent loading block containers with low live blocks: real 0.000s	user 0.000s	sys 0.000s
I20260608 09:48:44.849644  1396 fs_manager.cc:730] Time spent opening block manager: real 0.003s	user 0.001s	sys 0.001s
I20260608 09:48:44.849982  1396 fs_manager.cc:647] Opened local filesystem: /tmp/dist-test-taskn33FSo/test-tmp/auto_rebalancer-test.0.AutoRebalancerTest.OnlyLeaderDoesAutoRebalancing.1780912122315687-1396-0/minicluster-data/ts-1-root
uuid: "cf5bd8c1b318452a886efd726e8c2903"
format_stamp: "Formatted at 2026-06-08 09:48:44 on dist-test-slave-2931"
I20260608 09:48:44.850334  1396 fs_report.cc:389] FS layout report
--------------------
wal directory: /tmp/dist-test-taskn33FSo/test-tmp/auto_rebalancer-test.0.AutoRebalancerTest.OnlyLeaderDoesAutoRebalancing.1780912122315687-1396-0/minicluster-data/ts-1-root
metadata directory: /tmp/dist-test-taskn33FSo/test-tmp/auto_rebalancer-test.0.AutoRebalancerTest.OnlyLeaderDoesAutoRebalancing.1780912122315687-1396-0/minicluster-data/ts-1-root
1 data directories: /tmp/dist-test-taskn33FSo/test-tmp/auto_rebalancer-test.0.AutoRebalancerTest.OnlyLeaderDoesAutoRebalancing.1780912122315687-1396-0/minicluster-data/ts-1-root/data
Total live blocks: 0
Total live bytes: 0
Total live bytes (after alignment): 0
Total number of LBM containers: 0 (0 full)
Did not check for missing blocks
Did not check for orphaned blocks
Total full LBM containers with extra space: 0 (0 repaired)
Total full LBM container extra space in bytes: 0 (0 repaired)
Total incomplete LBM containers: 0 (0 repaired)
Total LBM partial records: 0 (0 repaired)
Total corrupted LBM metadata records in RocksDB: 0 (0 repaired)
I20260608 09:48:44.881631  1396 rpc_server.cc:225] running with OpenSSL 1.1.1  11 Sep 2018
I20260608 09:48:44.883366  1396 kserver.cc:163] Server-wide thread pool size limit: 3276
I20260608 09:48:44.885140  1396 txn_system_client.cc:432] TxnSystemClient initialization is disabled...
I20260608 09:48:44.888413  1396 ts_tablet_manager.cc:585] Loaded tablet metadata (0 total tablets, 0 live tablets)
I20260608 09:48:44.888688  1396 ts_tablet_manager.cc:531] Time spent load tablet metadata: real 0.000s	user 0.000s	sys 0.000s
I20260608 09:48:44.889001  1396 ts_tablet_manager.cc:616] Registered 0 tablets
I20260608 09:48:44.889222  1396 ts_tablet_manager.cc:595] Time spent register tablets: real 0.000s	user 0.000s	sys 0.000s
I20260608 09:48:44.993292  1396 rpc_server.cc:307] RPC server started. Bound to: 127.1.93.2:33345
I20260608 09:48:44.993413  1809 acceptor_pool.cc:272] collecting diagnostics on the listening RPC socket 127.1.93.2:33345 every 8 connection(s)
I20260608 09:48:45.017263  1396 file_cache.cc:492] Constructed file cache file cache with capacity 419430
I20260608 09:48:45.025312  1810 heartbeater.cc:344] Connected to a master server at 127.1.93.60:42155
I20260608 09:48:45.025815  1810 heartbeater.cc:461] Registering TS with master...
I20260608 09:48:45.027166  1810 heartbeater.cc:507] Master 127.1.93.60:42155 requested a full tablet report, sending...
I20260608 09:48:45.030210  1564 ts_manager.cc:194] Registered new tserver with Master: cf5bd8c1b318452a886efd726e8c2903 (127.1.93.2:33345)
I20260608 09:48:45.032030  1811 heartbeater.cc:344] Connected to a master server at 127.1.93.61:34271
I20260608 09:48:45.032143  1564 master_service.cc:502] Signed X509 certificate for tserver {username='slave'} at 127.0.0.1:58918
I20260608 09:48:45.032557  1811 heartbeater.cc:461] Registering TS with master...
I20260608 09:48:45.035948  1811 heartbeater.cc:507] Master 127.1.93.61:34271 requested a full tablet report, sending...
I20260608 09:48:45.039685  1493 ts_manager.cc:194] Registered new tserver with Master: cf5bd8c1b318452a886efd726e8c2903 (127.1.93.2:33345)
I20260608 09:48:45.041883  1812 heartbeater.cc:344] Connected to a master server at 127.1.93.62:39789
I20260608 09:48:45.042886  1812 heartbeater.cc:461] Registering TS with master...
I20260608 09:48:45.043773  1812 heartbeater.cc:507] Master 127.1.93.62:39789 requested a full tablet report, sending...
I20260608 09:48:45.047466  1428 ts_manager.cc:194] Registered new tserver with Master: cf5bd8c1b318452a886efd726e8c2903 (127.1.93.2:33345)
W20260608 09:48:45.050946  1817 instance_detector.cc:116] could not retrieve AWS instance metadata: Network error: curl error: HTTP response code said error: The requested URL returned error: 404
W20260608 09:48:45.052218  1818 instance_detector.cc:116] could not retrieve Azure instance metadata: Network error: curl error: HTTP response code said error: The requested URL returned error: 404
W20260608 09:48:45.061897  1820 instance_detector.cc:116] could not retrieve OpenStack instance metadata: Network error: curl error: HTTP response code said error: The requested URL returned error: 404
I20260608 09:48:45.064097  1396 server_base.cc:1061] running on GCE node
I20260608 09:48:45.065145  1396 hybrid_clock.cc:584] initializing the hybrid clock with 'system_unsync' time source
W20260608 09:48:45.065423  1396 system_unsync_time.cc:38] NTP support is disabled. Clock error bounds will not be accurate. This configuration is not suitable for distributed clusters.
I20260608 09:48:45.065671  1396 hybrid_clock.cc:648] HybridClock initialized: now 1780912125065651 us; error 0 us; skew 500 ppm
I20260608 09:48:45.066476  1396 server_base.cc:861] Flag tcmalloc_max_total_thread_cache_bytes is not working since tcmalloc is not enabled.
I20260608 09:48:45.069293  1396 webserver.cc:533] Webserver started at http://127.1.93.3:32853/ using document root <none> and password file <none>
I20260608 09:48:45.069967  1396 fs_manager.cc:362] Metadata directory not provided
I20260608 09:48:45.070210  1396 fs_manager.cc:368] Using write-ahead log directory (fs_wal_dir) as metadata directory
I20260608 09:48:45.070578  1396 server_base.cc:909] This appears to be a new deployment of Kudu; creating new FS layout
I20260608 09:48:45.071979  1396 fs_manager.cc:1068] Generated new instance metadata in path /tmp/dist-test-taskn33FSo/test-tmp/auto_rebalancer-test.0.AutoRebalancerTest.OnlyLeaderDoesAutoRebalancing.1780912122315687-1396-0/minicluster-data/ts-2-root/instance:
uuid: "a639a7cf7647435ba803655dc4882c10"
format_stamp: "Formatted at 2026-06-08 09:48:45 on dist-test-slave-2931"
I20260608 09:48:45.077864  1396 fs_manager.cc:696] Time spent creating directory manager: real 0.005s	user 0.006s	sys 0.000s
I20260608 09:48:45.082250  1825 log_block_manager.cc:4031] Time spent loading block containers with low live blocks: real 0.000s	user 0.000s	sys 0.000s
I20260608 09:48:45.083115  1396 fs_manager.cc:730] Time spent opening block manager: real 0.002s	user 0.003s	sys 0.000s
I20260608 09:48:45.083460  1396 fs_manager.cc:647] Opened local filesystem: /tmp/dist-test-taskn33FSo/test-tmp/auto_rebalancer-test.0.AutoRebalancerTest.OnlyLeaderDoesAutoRebalancing.1780912122315687-1396-0/minicluster-data/ts-2-root
uuid: "a639a7cf7647435ba803655dc4882c10"
format_stamp: "Formatted at 2026-06-08 09:48:45 on dist-test-slave-2931"
I20260608 09:48:45.083820  1396 fs_report.cc:389] FS layout report
--------------------
wal directory: /tmp/dist-test-taskn33FSo/test-tmp/auto_rebalancer-test.0.AutoRebalancerTest.OnlyLeaderDoesAutoRebalancing.1780912122315687-1396-0/minicluster-data/ts-2-root
metadata directory: /tmp/dist-test-taskn33FSo/test-tmp/auto_rebalancer-test.0.AutoRebalancerTest.OnlyLeaderDoesAutoRebalancing.1780912122315687-1396-0/minicluster-data/ts-2-root
1 data directories: /tmp/dist-test-taskn33FSo/test-tmp/auto_rebalancer-test.0.AutoRebalancerTest.OnlyLeaderDoesAutoRebalancing.1780912122315687-1396-0/minicluster-data/ts-2-root/data
Total live blocks: 0
Total live bytes: 0
Total live bytes (after alignment): 0
Total number of LBM containers: 0 (0 full)
Did not check for missing blocks
Did not check for orphaned blocks
Total full LBM containers with extra space: 0 (0 repaired)
Total full LBM container extra space in bytes: 0 (0 repaired)
Total incomplete LBM containers: 0 (0 repaired)
Total LBM partial records: 0 (0 repaired)
Total corrupted LBM metadata records in RocksDB: 0 (0 repaired)
I20260608 09:48:45.106756  1396 rpc_server.cc:225] running with OpenSSL 1.1.1  11 Sep 2018
I20260608 09:48:45.108455  1396 kserver.cc:163] Server-wide thread pool size limit: 3276
I20260608 09:48:45.111352  1396 txn_system_client.cc:432] TxnSystemClient initialization is disabled...
I20260608 09:48:45.114391  1396 ts_tablet_manager.cc:585] Loaded tablet metadata (0 total tablets, 0 live tablets)
I20260608 09:48:45.114684  1396 ts_tablet_manager.cc:531] Time spent load tablet metadata: real 0.000s	user 0.001s	sys 0.000s
I20260608 09:48:45.114966  1396 ts_tablet_manager.cc:616] Registered 0 tablets
I20260608 09:48:45.115185  1396 ts_tablet_manager.cc:595] Time spent register tablets: real 0.000s	user 0.000s	sys 0.000s
I20260608 09:48:45.204146  1396 rpc_server.cc:307] RPC server started. Bound to: 127.1.93.3:40895
I20260608 09:48:45.204289  1887 acceptor_pool.cc:272] collecting diagnostics on the listening RPC socket 127.1.93.3:40895 every 8 connection(s)
I20260608 09:48:45.228701  1888 heartbeater.cc:344] Connected to a master server at 127.1.93.60:42155
I20260608 09:48:45.229223  1888 heartbeater.cc:461] Registering TS with master...
I20260608 09:48:45.230307  1888 heartbeater.cc:507] Master 127.1.93.60:42155 requested a full tablet report, sending...
I20260608 09:48:45.233377  1564 ts_manager.cc:194] Registered new tserver with Master: a639a7cf7647435ba803655dc4882c10 (127.1.93.3:40895)
I20260608 09:48:45.235692  1564 master_service.cc:502] Signed X509 certificate for tserver {username='slave'} at 127.0.0.1:58924
I20260608 09:48:45.237020  1889 heartbeater.cc:344] Connected to a master server at 127.1.93.61:34271
I20260608 09:48:45.237474  1889 heartbeater.cc:461] Registering TS with master...
I20260608 09:48:45.238198  1889 heartbeater.cc:507] Master 127.1.93.61:34271 requested a full tablet report, sending...
I20260608 09:48:45.240948  1493 ts_manager.cc:194] Registered new tserver with Master: a639a7cf7647435ba803655dc4882c10 (127.1.93.3:40895)
I20260608 09:48:45.242869  1891 heartbeater.cc:344] Connected to a master server at 127.1.93.62:39789
I20260608 09:48:45.243319  1891 heartbeater.cc:461] Registering TS with master...
I20260608 09:48:45.243913  1891 heartbeater.cc:507] Master 127.1.93.62:39789 requested a full tablet report, sending...
I20260608 09:48:45.246381  1428 ts_manager.cc:194] Registered new tserver with Master: a639a7cf7647435ba803655dc4882c10 (127.1.93.3:40895)
I20260608 09:48:45.246719  1396 internal_mini_cluster.cc:371] 3 TS(s) registered with all masters after 0.018905682s
I20260608 09:48:45.391908  1641 catalog_manager.cc:1294] Loaded cluster ID: a4c953a17dae48d8b5083cadbeb674de
I20260608 09:48:45.392313  1641 catalog_manager.cc:1587] T 00000000000000000000000000000000 P fc235d6284d0437b88d01fbd93ee0c63: loading cluster ID for follower catalog manager: success
I20260608 09:48:45.399293  1641 catalog_manager.cc:1609] T 00000000000000000000000000000000 P fc235d6284d0437b88d01fbd93ee0c63: acquiring CA information for follower catalog manager: success
I20260608 09:48:45.400631  1645 catalog_manager.cc:1294] Loaded cluster ID: a4c953a17dae48d8b5083cadbeb674de
I20260608 09:48:45.400928  1645 catalog_manager.cc:1587] T 00000000000000000000000000000000 P 16be7c3ec95342fe8c8389583bad2438: loading cluster ID for follower catalog manager: success
I20260608 09:48:45.405362  1641 catalog_manager.cc:1637] T 00000000000000000000000000000000 P fc235d6284d0437b88d01fbd93ee0c63: importing token verification keys for follower catalog manager: success; most recent TSK sequence number 0
I20260608 09:48:45.407120  1645 catalog_manager.cc:1609] T 00000000000000000000000000000000 P 16be7c3ec95342fe8c8389583bad2438: acquiring CA information for follower catalog manager: success
I20260608 09:48:45.411453  1645 catalog_manager.cc:1637] T 00000000000000000000000000000000 P 16be7c3ec95342fe8c8389583bad2438: importing token verification keys for follower catalog manager: success; most recent TSK sequence number 0
I20260608 09:48:45.792016  1729 heartbeater.cc:499] Master 127.1.93.60:42155 was elected leader, sending a full tablet report...
I20260608 09:48:46.036083  1810 heartbeater.cc:499] Master 127.1.93.60:42155 was elected leader, sending a full tablet report...
I20260608 09:48:46.238521  1888 heartbeater.cc:499] Master 127.1.93.60:42155 was elected leader, sending a full tablet report...
I20260608 09:48:46.371871  1643 auto_leader_rebalancer.cc:451] All tables' leader rebalancing finished this round
I20260608 09:48:47.372526  1564 catalog_manager.cc:2282] Servicing CreateTable request from {username='slave'} at 127.0.0.1:58936:
name: "test-workload"
schema {
  columns {
    name: "key"
    type: INT32
    is_key: true
    is_nullable: false
    encoding: AUTO_ENCODING
    compression: DEFAULT_COMPRESSION
    cfile_block_size: 0
    immutable: false
  }
  columns {
    name: "int_val"
    type: INT32
    is_key: false
    is_nullable: false
    encoding: AUTO_ENCODING
    compression: DEFAULT_COMPRESSION
    cfile_block_size: 0
    immutable: false
  }
  columns {
    name: "string_val"
    type: STRING
    is_key: false
    is_nullable: true
    encoding: AUTO_ENCODING
    compression: DEFAULT_COMPRESSION
    cfile_block_size: 0
    immutable: false
  }
}
num_replicas: 1
split_rows_range_bounds {
  rows: "\004\001\000\377\377\377\037\004\001\000\376\377\377?\004\001\000\375\377\377_""\004\001\000\377\377\377\037\004\001\000\376\377\377?\004\001\000\375\377\377_"
  indirect_data: """"
}
partition_schema {
  range_schema {
    columns {
      name: "key"
    }
  }
}
I20260608 09:48:47.469471  1775 tablet_service.cc:1511] Processing CreateTablet for tablet 23807443a90341f4b261a30a737846f3 (DEFAULT_TABLE table=test-workload [id=f1d7bf3f8c474caa8dcae67c3fc03ed4]), partition=RANGE (key) PARTITION 536870911 <= VALUES < 1073741822
I20260608 09:48:47.470371  1853 tablet_service.cc:1511] Processing CreateTablet for tablet b76867e6e6db437a99b19d6a17b0a9ce (DEFAULT_TABLE table=test-workload [id=f1d7bf3f8c474caa8dcae67c3fc03ed4]), partition=RANGE (key) PARTITION 1073741822 <= VALUES < 1610612733
I20260608 09:48:47.471644  1694 tablet_service.cc:1511] Processing CreateTablet for tablet f8e04ba2f89344bc967905c234a7e126 (DEFAULT_TABLE table=test-workload [id=f1d7bf3f8c474caa8dcae67c3fc03ed4]), partition=RANGE (key) PARTITION VALUES < 536870911
I20260608 09:48:47.472504  1775 data_dirs.cc:400] Could only allocate 1 dirs of requested 3 for tablet 23807443a90341f4b261a30a737846f3. 1 dirs total, 0 dirs full, 0 dirs failed
I20260608 09:48:47.472797  1853 data_dirs.cc:400] Could only allocate 1 dirs of requested 3 for tablet b76867e6e6db437a99b19d6a17b0a9ce. 1 dirs total, 0 dirs full, 0 dirs failed
I20260608 09:48:47.473307  1694 data_dirs.cc:400] Could only allocate 1 dirs of requested 3 for tablet f8e04ba2f89344bc967905c234a7e126. 1 dirs total, 0 dirs full, 0 dirs failed
I20260608 09:48:47.475135  1693 tablet_service.cc:1511] Processing CreateTablet for tablet d2b7e2732ff64a2b93a386be44d37c9b (DEFAULT_TABLE table=test-workload [id=f1d7bf3f8c474caa8dcae67c3fc03ed4]), partition=RANGE (key) PARTITION 1610612733 <= VALUES
I20260608 09:48:47.476344  1693 data_dirs.cc:400] Could only allocate 1 dirs of requested 3 for tablet d2b7e2732ff64a2b93a386be44d37c9b. 1 dirs total, 0 dirs full, 0 dirs failed
I20260608 09:48:47.492672  1923 tablet_bootstrap.cc:492] T f8e04ba2f89344bc967905c234a7e126 P efdabbaf5fd54c108e6467abba590a27: Bootstrap starting.
I20260608 09:48:47.495880  1922 tablet_bootstrap.cc:492] T 23807443a90341f4b261a30a737846f3 P cf5bd8c1b318452a886efd726e8c2903: Bootstrap starting.
I20260608 09:48:47.498520  1924 tablet_bootstrap.cc:492] T b76867e6e6db437a99b19d6a17b0a9ce P a639a7cf7647435ba803655dc4882c10: Bootstrap starting.
I20260608 09:48:47.503059  1923 tablet_bootstrap.cc:654] T f8e04ba2f89344bc967905c234a7e126 P efdabbaf5fd54c108e6467abba590a27: Neither blocks nor log segments found. Creating new log.
I20260608 09:48:47.503947  1922 tablet_bootstrap.cc:654] T 23807443a90341f4b261a30a737846f3 P cf5bd8c1b318452a886efd726e8c2903: Neither blocks nor log segments found. Creating new log.
I20260608 09:48:47.505057  1924 tablet_bootstrap.cc:654] T b76867e6e6db437a99b19d6a17b0a9ce P a639a7cf7647435ba803655dc4882c10: Neither blocks nor log segments found. Creating new log.
I20260608 09:48:47.511515  1923 tablet_bootstrap.cc:492] T f8e04ba2f89344bc967905c234a7e126 P efdabbaf5fd54c108e6467abba590a27: No bootstrap required, opened a new log
I20260608 09:48:47.512058  1923 ts_tablet_manager.cc:1403] T f8e04ba2f89344bc967905c234a7e126 P efdabbaf5fd54c108e6467abba590a27: Time spent bootstrapping tablet: real 0.020s	user 0.010s	sys 0.007s
I20260608 09:48:47.513137  1922 tablet_bootstrap.cc:492] T 23807443a90341f4b261a30a737846f3 P cf5bd8c1b318452a886efd726e8c2903: No bootstrap required, opened a new log
I20260608 09:48:47.513615  1922 ts_tablet_manager.cc:1403] T 23807443a90341f4b261a30a737846f3 P cf5bd8c1b318452a886efd726e8c2903: Time spent bootstrapping tablet: real 0.018s	user 0.010s	sys 0.005s
I20260608 09:48:47.514338  1924 tablet_bootstrap.cc:492] T b76867e6e6db437a99b19d6a17b0a9ce P a639a7cf7647435ba803655dc4882c10: No bootstrap required, opened a new log
I20260608 09:48:47.515604  1924 ts_tablet_manager.cc:1403] T b76867e6e6db437a99b19d6a17b0a9ce P a639a7cf7647435ba803655dc4882c10: Time spent bootstrapping tablet: real 0.017s	user 0.006s	sys 0.010s
I20260608 09:48:47.515986  1923 raft_consensus.cc:359] T f8e04ba2f89344bc967905c234a7e126 P efdabbaf5fd54c108e6467abba590a27 [term 0 FOLLOWER]: Replica starting. Triggering 0 pending ops. Active config: opid_index: -1 OBSOLETE_local: true peers { permanent_uuid: "efdabbaf5fd54c108e6467abba590a27" member_type: VOTER last_known_addr { host: "127.1.93.1" port: 33871 } }
I20260608 09:48:47.516594  1923 raft_consensus.cc:385] T f8e04ba2f89344bc967905c234a7e126 P efdabbaf5fd54c108e6467abba590a27 [term 0 FOLLOWER]: Consensus starting up: Expiring failure detector timer to make a prompt election more likely
I20260608 09:48:47.516980  1923 raft_consensus.cc:740] T f8e04ba2f89344bc967905c234a7e126 P efdabbaf5fd54c108e6467abba590a27 [term 0 FOLLOWER]: Becoming Follower/Learner. State: Replica: efdabbaf5fd54c108e6467abba590a27, State: Initialized, Role: FOLLOWER
I20260608 09:48:47.517463  1922 raft_consensus.cc:359] T 23807443a90341f4b261a30a737846f3 P cf5bd8c1b318452a886efd726e8c2903 [term 0 FOLLOWER]: Replica starting. Triggering 0 pending ops. Active config: opid_index: -1 OBSOLETE_local: true peers { permanent_uuid: "cf5bd8c1b318452a886efd726e8c2903" member_type: VOTER last_known_addr { host: "127.1.93.2" port: 33345 } }
I20260608 09:48:47.517736  1923 consensus_queue.cc:260] T f8e04ba2f89344bc967905c234a7e126 P efdabbaf5fd54c108e6467abba590a27 [NON_LEADER]: Queue going to NON_LEADER mode. State: All replicated index: 0, Majority replicated index: 0, Committed index: 0, Last appended: 0.0, Last appended by leader: 0, Current term: 0, Majority size: -1, State: 0, Mode: NON_LEADER, active raft config: opid_index: -1 OBSOLETE_local: true peers { permanent_uuid: "efdabbaf5fd54c108e6467abba590a27" member_type: VOTER last_known_addr { host: "127.1.93.1" port: 33871 } }
I20260608 09:48:47.518028  1922 raft_consensus.cc:385] T 23807443a90341f4b261a30a737846f3 P cf5bd8c1b318452a886efd726e8c2903 [term 0 FOLLOWER]: Consensus starting up: Expiring failure detector timer to make a prompt election more likely
I20260608 09:48:47.518035  1924 raft_consensus.cc:359] T b76867e6e6db437a99b19d6a17b0a9ce P a639a7cf7647435ba803655dc4882c10 [term 0 FOLLOWER]: Replica starting. Triggering 0 pending ops. Active config: opid_index: -1 OBSOLETE_local: true peers { permanent_uuid: "a639a7cf7647435ba803655dc4882c10" member_type: VOTER last_known_addr { host: "127.1.93.3" port: 40895 } }
I20260608 09:48:47.518419  1923 raft_consensus.cc:399] T f8e04ba2f89344bc967905c234a7e126 P efdabbaf5fd54c108e6467abba590a27 [term 0 FOLLOWER]: Only one voter in the Raft config. Triggering election immediately
I20260608 09:48:47.518512  1922 raft_consensus.cc:740] T 23807443a90341f4b261a30a737846f3 P cf5bd8c1b318452a886efd726e8c2903 [term 0 FOLLOWER]: Becoming Follower/Learner. State: Replica: cf5bd8c1b318452a886efd726e8c2903, State: Initialized, Role: FOLLOWER
I20260608 09:48:47.518765  1924 raft_consensus.cc:385] T b76867e6e6db437a99b19d6a17b0a9ce P a639a7cf7647435ba803655dc4882c10 [term 0 FOLLOWER]: Consensus starting up: Expiring failure detector timer to make a prompt election more likely
I20260608 09:48:47.518920  1923 raft_consensus.cc:493] T f8e04ba2f89344bc967905c234a7e126 P efdabbaf5fd54c108e6467abba590a27 [term 0 FOLLOWER]: Starting leader election (initial election of a single-replica configuration)
I20260608 09:48:47.519168  1924 raft_consensus.cc:740] T b76867e6e6db437a99b19d6a17b0a9ce P a639a7cf7647435ba803655dc4882c10 [term 0 FOLLOWER]: Becoming Follower/Learner. State: Replica: a639a7cf7647435ba803655dc4882c10, State: Initialized, Role: FOLLOWER
I20260608 09:48:47.519416  1923 raft_consensus.cc:3060] T f8e04ba2f89344bc967905c234a7e126 P efdabbaf5fd54c108e6467abba590a27 [term 0 FOLLOWER]: Advancing to term 1
I20260608 09:48:47.519995  1924 consensus_queue.cc:260] T b76867e6e6db437a99b19d6a17b0a9ce P a639a7cf7647435ba803655dc4882c10 [NON_LEADER]: Queue going to NON_LEADER mode. State: All replicated index: 0, Majority replicated index: 0, Committed index: 0, Last appended: 0.0, Last appended by leader: 0, Current term: 0, Majority size: -1, State: 0, Mode: NON_LEADER, active raft config: opid_index: -1 OBSOLETE_local: true peers { permanent_uuid: "a639a7cf7647435ba803655dc4882c10" member_type: VOTER last_known_addr { host: "127.1.93.3" port: 40895 } }
I20260608 09:48:47.520364  1922 consensus_queue.cc:260] T 23807443a90341f4b261a30a737846f3 P cf5bd8c1b318452a886efd726e8c2903 [NON_LEADER]: Queue going to NON_LEADER mode. State: All replicated index: 0, Majority replicated index: 0, Committed index: 0, Last appended: 0.0, Last appended by leader: 0, Current term: 0, Majority size: -1, State: 0, Mode: NON_LEADER, active raft config: opid_index: -1 OBSOLETE_local: true peers { permanent_uuid: "cf5bd8c1b318452a886efd726e8c2903" member_type: VOTER last_known_addr { host: "127.1.93.2" port: 33345 } }
I20260608 09:48:47.520699  1924 raft_consensus.cc:399] T b76867e6e6db437a99b19d6a17b0a9ce P a639a7cf7647435ba803655dc4882c10 [term 0 FOLLOWER]: Only one voter in the Raft config. Triggering election immediately
I20260608 09:48:47.521255  1924 raft_consensus.cc:493] T b76867e6e6db437a99b19d6a17b0a9ce P a639a7cf7647435ba803655dc4882c10 [term 0 FOLLOWER]: Starting leader election (initial election of a single-replica configuration)
I20260608 09:48:47.521668  1924 raft_consensus.cc:3060] T b76867e6e6db437a99b19d6a17b0a9ce P a639a7cf7647435ba803655dc4882c10 [term 0 FOLLOWER]: Advancing to term 1
I20260608 09:48:47.521919  1922 raft_consensus.cc:399] T 23807443a90341f4b261a30a737846f3 P cf5bd8c1b318452a886efd726e8c2903 [term 0 FOLLOWER]: Only one voter in the Raft config. Triggering election immediately
I20260608 09:48:47.522349  1922 raft_consensus.cc:493] T 23807443a90341f4b261a30a737846f3 P cf5bd8c1b318452a886efd726e8c2903 [term 0 FOLLOWER]: Starting leader election (initial election of a single-replica configuration)
I20260608 09:48:47.522749  1922 raft_consensus.cc:3060] T 23807443a90341f4b261a30a737846f3 P cf5bd8c1b318452a886efd726e8c2903 [term 0 FOLLOWER]: Advancing to term 1
I20260608 09:48:47.526788  1924 raft_consensus.cc:515] T b76867e6e6db437a99b19d6a17b0a9ce P a639a7cf7647435ba803655dc4882c10 [term 1 FOLLOWER]: Starting leader election with config: opid_index: -1 OBSOLETE_local: true peers { permanent_uuid: "a639a7cf7647435ba803655dc4882c10" member_type: VOTER last_known_addr { host: "127.1.93.3" port: 40895 } }
I20260608 09:48:47.526958  1923 raft_consensus.cc:515] T f8e04ba2f89344bc967905c234a7e126 P efdabbaf5fd54c108e6467abba590a27 [term 1 FOLLOWER]: Starting leader election with config: opid_index: -1 OBSOLETE_local: true peers { permanent_uuid: "efdabbaf5fd54c108e6467abba590a27" member_type: VOTER last_known_addr { host: "127.1.93.1" port: 33871 } }
I20260608 09:48:47.527506  1924 leader_election.cc:304] T b76867e6e6db437a99b19d6a17b0a9ce P a639a7cf7647435ba803655dc4882c10 [CANDIDATE]: Term 1 election: Election decided. Result: candidate won. Election summary: received 1 responses out of 1 voters: 1 yes votes; 0 no votes. yes voters: a639a7cf7647435ba803655dc4882c10; no voters: 
I20260608 09:48:47.527729  1923 leader_election.cc:304] T f8e04ba2f89344bc967905c234a7e126 P efdabbaf5fd54c108e6467abba590a27 [CANDIDATE]: Term 1 election: Election decided. Result: candidate won. Election summary: received 1 responses out of 1 voters: 1 yes votes; 0 no votes. yes voters: efdabbaf5fd54c108e6467abba590a27; no voters: 
I20260608 09:48:47.529373  1922 raft_consensus.cc:515] T 23807443a90341f4b261a30a737846f3 P cf5bd8c1b318452a886efd726e8c2903 [term 1 FOLLOWER]: Starting leader election with config: opid_index: -1 OBSOLETE_local: true peers { permanent_uuid: "cf5bd8c1b318452a886efd726e8c2903" member_type: VOTER last_known_addr { host: "127.1.93.2" port: 33345 } }
I20260608 09:48:47.530372  1922 leader_election.cc:304] T 23807443a90341f4b261a30a737846f3 P cf5bd8c1b318452a886efd726e8c2903 [CANDIDATE]: Term 1 election: Election decided. Result: candidate won. Election summary: received 1 responses out of 1 voters: 1 yes votes; 0 no votes. yes voters: cf5bd8c1b318452a886efd726e8c2903; no voters: 
I20260608 09:48:47.530815  1924 leader_election.cc:290] T b76867e6e6db437a99b19d6a17b0a9ce P a639a7cf7647435ba803655dc4882c10 [CANDIDATE]: Term 1 election: Requested vote from peers 
I20260608 09:48:47.531548  1928 raft_consensus.cc:2804] T b76867e6e6db437a99b19d6a17b0a9ce P a639a7cf7647435ba803655dc4882c10 [term 1 FOLLOWER]: Leader election won for term 1
I20260608 09:48:47.537256  1923 leader_election.cc:290] T f8e04ba2f89344bc967905c234a7e126 P efdabbaf5fd54c108e6467abba590a27 [CANDIDATE]: Term 1 election: Requested vote from peers 
I20260608 09:48:47.540666  1922 leader_election.cc:290] T 23807443a90341f4b261a30a737846f3 P cf5bd8c1b318452a886efd726e8c2903 [CANDIDATE]: Term 1 election: Requested vote from peers 
I20260608 09:48:47.540463  1924 ts_tablet_manager.cc:1434] T b76867e6e6db437a99b19d6a17b0a9ce P a639a7cf7647435ba803655dc4882c10: Time spent starting tablet: real 0.025s	user 0.012s	sys 0.010s
I20260608 09:48:47.545866  1928 raft_consensus.cc:697] T b76867e6e6db437a99b19d6a17b0a9ce P a639a7cf7647435ba803655dc4882c10 [term 1 LEADER]: Becoming Leader. State: Replica: a639a7cf7647435ba803655dc4882c10, State: Running, Role: LEADER
I20260608 09:48:47.546460  1929 raft_consensus.cc:2804] T f8e04ba2f89344bc967905c234a7e126 P efdabbaf5fd54c108e6467abba590a27 [term 1 FOLLOWER]: Leader election won for term 1
I20260608 09:48:47.547147  1930 raft_consensus.cc:2804] T 23807443a90341f4b261a30a737846f3 P cf5bd8c1b318452a886efd726e8c2903 [term 1 FOLLOWER]: Leader election won for term 1
I20260608 09:48:47.547201  1928 consensus_queue.cc:237] T b76867e6e6db437a99b19d6a17b0a9ce P a639a7cf7647435ba803655dc4882c10 [LEADER]: Queue going to LEADER mode. State: All replicated index: 0, Majority replicated index: 0, Committed index: 0, Last appended: 0.0, Last appended by leader: 0, Current term: 1, Majority size: 1, State: 0, Mode: LEADER, active raft config: opid_index: -1 OBSOLETE_local: true peers { permanent_uuid: "a639a7cf7647435ba803655dc4882c10" member_type: VOTER last_known_addr { host: "127.1.93.3" port: 40895 } }
I20260608 09:48:47.550992  1922 ts_tablet_manager.cc:1434] T 23807443a90341f4b261a30a737846f3 P cf5bd8c1b318452a886efd726e8c2903: Time spent starting tablet: real 0.037s	user 0.020s	sys 0.010s
I20260608 09:48:47.551123  1923 ts_tablet_manager.cc:1434] T f8e04ba2f89344bc967905c234a7e126 P efdabbaf5fd54c108e6467abba590a27: Time spent starting tablet: real 0.039s	user 0.017s	sys 0.005s
I20260608 09:48:47.553282  1923 tablet_bootstrap.cc:492] T d2b7e2732ff64a2b93a386be44d37c9b P efdabbaf5fd54c108e6467abba590a27: Bootstrap starting.
I20260608 09:48:47.556308  1929 raft_consensus.cc:697] T f8e04ba2f89344bc967905c234a7e126 P efdabbaf5fd54c108e6467abba590a27 [term 1 LEADER]: Becoming Leader. State: Replica: efdabbaf5fd54c108e6467abba590a27, State: Running, Role: LEADER
I20260608 09:48:47.556636  1930 raft_consensus.cc:697] T 23807443a90341f4b261a30a737846f3 P cf5bd8c1b318452a886efd726e8c2903 [term 1 LEADER]: Becoming Leader. State: Replica: cf5bd8c1b318452a886efd726e8c2903, State: Running, Role: LEADER
I20260608 09:48:47.557391  1930 consensus_queue.cc:237] T 23807443a90341f4b261a30a737846f3 P cf5bd8c1b318452a886efd726e8c2903 [LEADER]: Queue going to LEADER mode. State: All replicated index: 0, Majority replicated index: 0, Committed index: 0, Last appended: 0.0, Last appended by leader: 0, Current term: 1, Majority size: 1, State: 0, Mode: LEADER, active raft config: opid_index: -1 OBSOLETE_local: true peers { permanent_uuid: "cf5bd8c1b318452a886efd726e8c2903" member_type: VOTER last_known_addr { host: "127.1.93.2" port: 33345 } }
I20260608 09:48:47.557381  1929 consensus_queue.cc:237] T f8e04ba2f89344bc967905c234a7e126 P efdabbaf5fd54c108e6467abba590a27 [LEADER]: Queue going to LEADER mode. State: All replicated index: 0, Majority replicated index: 0, Committed index: 0, Last appended: 0.0, Last appended by leader: 0, Current term: 1, Majority size: 1, State: 0, Mode: LEADER, active raft config: opid_index: -1 OBSOLETE_local: true peers { permanent_uuid: "efdabbaf5fd54c108e6467abba590a27" member_type: VOTER last_known_addr { host: "127.1.93.1" port: 33871 } }
I20260608 09:48:47.566418  1923 tablet_bootstrap.cc:654] T d2b7e2732ff64a2b93a386be44d37c9b P efdabbaf5fd54c108e6467abba590a27: Neither blocks nor log segments found. Creating new log.
I20260608 09:48:47.574862  1564 catalog_manager.cc:5696] T b76867e6e6db437a99b19d6a17b0a9ce P a639a7cf7647435ba803655dc4882c10 reported cstate change: term changed from 0 to 1, leader changed from <none> to a639a7cf7647435ba803655dc4882c10 (127.1.93.3). New cstate: current_term: 1 leader_uuid: "a639a7cf7647435ba803655dc4882c10" committed_config { opid_index: -1 OBSOLETE_local: true peers { permanent_uuid: "a639a7cf7647435ba803655dc4882c10" member_type: VOTER last_known_addr { host: "127.1.93.3" port: 40895 } health_report { overall_health: HEALTHY } } }
I20260608 09:48:47.592100  1563 catalog_manager.cc:5696] T f8e04ba2f89344bc967905c234a7e126 P efdabbaf5fd54c108e6467abba590a27 reported cstate change: term changed from 0 to 1, leader changed from <none> to efdabbaf5fd54c108e6467abba590a27 (127.1.93.1). New cstate: current_term: 1 leader_uuid: "efdabbaf5fd54c108e6467abba590a27" committed_config { opid_index: -1 OBSOLETE_local: true peers { permanent_uuid: "efdabbaf5fd54c108e6467abba590a27" member_type: VOTER last_known_addr { host: "127.1.93.1" port: 33871 } health_report { overall_health: HEALTHY } } }
I20260608 09:48:47.615919  1562 catalog_manager.cc:5696] T 23807443a90341f4b261a30a737846f3 P cf5bd8c1b318452a886efd726e8c2903 reported cstate change: term changed from 0 to 1, leader changed from <none> to cf5bd8c1b318452a886efd726e8c2903 (127.1.93.2). New cstate: current_term: 1 leader_uuid: "cf5bd8c1b318452a886efd726e8c2903" committed_config { opid_index: -1 OBSOLETE_local: true peers { permanent_uuid: "cf5bd8c1b318452a886efd726e8c2903" member_type: VOTER last_known_addr { host: "127.1.93.2" port: 33345 } health_report { overall_health: HEALTHY } } }
I20260608 09:48:47.679121  1923 tablet_bootstrap.cc:492] T d2b7e2732ff64a2b93a386be44d37c9b P efdabbaf5fd54c108e6467abba590a27: No bootstrap required, opened a new log
I20260608 09:48:47.679646  1923 ts_tablet_manager.cc:1403] T d2b7e2732ff64a2b93a386be44d37c9b P efdabbaf5fd54c108e6467abba590a27: Time spent bootstrapping tablet: real 0.127s	user 0.047s	sys 0.061s
I20260608 09:48:47.682516  1923 raft_consensus.cc:359] T d2b7e2732ff64a2b93a386be44d37c9b P efdabbaf5fd54c108e6467abba590a27 [term 0 FOLLOWER]: Replica starting. Triggering 0 pending ops. Active config: opid_index: -1 OBSOLETE_local: true peers { permanent_uuid: "efdabbaf5fd54c108e6467abba590a27" member_type: VOTER last_known_addr { host: "127.1.93.1" port: 33871 } }
I20260608 09:48:47.683081  1923 raft_consensus.cc:385] T d2b7e2732ff64a2b93a386be44d37c9b P efdabbaf5fd54c108e6467abba590a27 [term 0 FOLLOWER]: Consensus starting up: Expiring failure detector timer to make a prompt election more likely
I20260608 09:48:47.683390  1923 raft_consensus.cc:740] T d2b7e2732ff64a2b93a386be44d37c9b P efdabbaf5fd54c108e6467abba590a27 [term 0 FOLLOWER]: Becoming Follower/Learner. State: Replica: efdabbaf5fd54c108e6467abba590a27, State: Initialized, Role: FOLLOWER
I20260608 09:48:47.684180  1923 consensus_queue.cc:260] T d2b7e2732ff64a2b93a386be44d37c9b P efdabbaf5fd54c108e6467abba590a27 [NON_LEADER]: Queue going to NON_LEADER mode. State: All replicated index: 0, Majority replicated index: 0, Committed index: 0, Last appended: 0.0, Last appended by leader: 0, Current term: 0, Majority size: -1, State: 0, Mode: NON_LEADER, active raft config: opid_index: -1 OBSOLETE_local: true peers { permanent_uuid: "efdabbaf5fd54c108e6467abba590a27" member_type: VOTER last_known_addr { host: "127.1.93.1" port: 33871 } }
I20260608 09:48:47.684880  1923 raft_consensus.cc:399] T d2b7e2732ff64a2b93a386be44d37c9b P efdabbaf5fd54c108e6467abba590a27 [term 0 FOLLOWER]: Only one voter in the Raft config. Triggering election immediately
I20260608 09:48:47.685283  1923 raft_consensus.cc:493] T d2b7e2732ff64a2b93a386be44d37c9b P efdabbaf5fd54c108e6467abba590a27 [term 0 FOLLOWER]: Starting leader election (initial election of a single-replica configuration)
I20260608 09:48:47.685624  1923 raft_consensus.cc:3060] T d2b7e2732ff64a2b93a386be44d37c9b P efdabbaf5fd54c108e6467abba590a27 [term 0 FOLLOWER]: Advancing to term 1
I20260608 09:48:47.691988  1923 raft_consensus.cc:515] T d2b7e2732ff64a2b93a386be44d37c9b P efdabbaf5fd54c108e6467abba590a27 [term 1 FOLLOWER]: Starting leader election with config: opid_index: -1 OBSOLETE_local: true peers { permanent_uuid: "efdabbaf5fd54c108e6467abba590a27" member_type: VOTER last_known_addr { host: "127.1.93.1" port: 33871 } }
I20260608 09:48:47.692793  1923 leader_election.cc:304] T d2b7e2732ff64a2b93a386be44d37c9b P efdabbaf5fd54c108e6467abba590a27 [CANDIDATE]: Term 1 election: Election decided. Result: candidate won. Election summary: received 1 responses out of 1 voters: 1 yes votes; 0 no votes. yes voters: efdabbaf5fd54c108e6467abba590a27; no voters: 
I20260608 09:48:47.693461  1923 leader_election.cc:290] T d2b7e2732ff64a2b93a386be44d37c9b P efdabbaf5fd54c108e6467abba590a27 [CANDIDATE]: Term 1 election: Requested vote from peers 
I20260608 09:48:47.694552  1935 raft_consensus.cc:2804] T d2b7e2732ff64a2b93a386be44d37c9b P efdabbaf5fd54c108e6467abba590a27 [term 1 FOLLOWER]: Leader election won for term 1
I20260608 09:48:47.695093  1935 raft_consensus.cc:697] T d2b7e2732ff64a2b93a386be44d37c9b P efdabbaf5fd54c108e6467abba590a27 [term 1 LEADER]: Becoming Leader. State: Replica: efdabbaf5fd54c108e6467abba590a27, State: Running, Role: LEADER
I20260608 09:48:47.695488  1923 ts_tablet_manager.cc:1434] T d2b7e2732ff64a2b93a386be44d37c9b P efdabbaf5fd54c108e6467abba590a27: Time spent starting tablet: real 0.016s	user 0.014s	sys 0.001s
I20260608 09:48:47.695873  1935 consensus_queue.cc:237] T d2b7e2732ff64a2b93a386be44d37c9b P efdabbaf5fd54c108e6467abba590a27 [LEADER]: Queue going to LEADER mode. State: All replicated index: 0, Majority replicated index: 0, Committed index: 0, Last appended: 0.0, Last appended by leader: 0, Current term: 1, Majority size: 1, State: 0, Mode: LEADER, active raft config: opid_index: -1 OBSOLETE_local: true peers { permanent_uuid: "efdabbaf5fd54c108e6467abba590a27" member_type: VOTER last_known_addr { host: "127.1.93.1" port: 33871 } }
I20260608 09:48:47.706457  1562 catalog_manager.cc:5696] T d2b7e2732ff64a2b93a386be44d37c9b P efdabbaf5fd54c108e6467abba590a27 reported cstate change: term changed from 0 to 1, leader changed from <none> to efdabbaf5fd54c108e6467abba590a27 (127.1.93.1). New cstate: current_term: 1 leader_uuid: "efdabbaf5fd54c108e6467abba590a27" committed_config { opid_index: -1 OBSOLETE_local: true peers { permanent_uuid: "efdabbaf5fd54c108e6467abba590a27" member_type: VOTER last_known_addr { host: "127.1.93.1" port: 33871 } health_report { overall_health: HEALTHY } } }
I20260608 09:48:47.748787  1396 tablet_server.cc:179] TabletServer@127.1.93.1:0 shutting down...
I20260608 09:48:47.766886  1396 ts_tablet_manager.cc:1507] Shutting down tablet manager...
I20260608 09:48:47.767812  1396 tablet_replica.cc:333] T d2b7e2732ff64a2b93a386be44d37c9b P efdabbaf5fd54c108e6467abba590a27: stopping tablet replica
