I20260608 09:48:56.919886 10692 ts_manager.cc:194] Registered new tserver with Master: b1e094e1000c4e4c92d449de9891231f (127.9.87.66:46071)
I20260608 09:48:56.920281  9565 server_base.cc:861] Flag tcmalloc_max_total_thread_cache_bytes is not working since tcmalloc is not enabled.
I20260608 09:48:56.922117 10692 master_service.cc:502] Signed X509 certificate for tserver {username='slave'} at 127.0.0.1:36988
I20260608 09:48:56.923337  9565 webserver.cc:533] Webserver started at http://127.9.87.67:42885/ using document root <none> and password file <none>
I20260608 09:48:56.923941  9565 fs_manager.cc:362] Metadata directory not provided
I20260608 09:48:56.924137  9565 fs_manager.cc:368] Using write-ahead log directory (fs_wal_dir) as metadata directory
I20260608 09:48:56.924446  9565 server_base.cc:909] This appears to be a new deployment of Kudu; creating new FS layout
I20260608 09:48:56.925678  9565 fs_manager.cc:1068] Generated new instance metadata in path /tmp/dist-test-tasklq5rJ0/test-tmp/auto_rebalancer-test.0.AutoRebalancerTest.NextLeaderResumesAutoRebalancing.1780912120407730-9565-0/minicluster-data/ts-2-root/instance:
uuid: "f2fb90b7353e44ba8d42ccb080a04f23"
format_stamp: "Formatted at 2026-06-08 09:48:56 on dist-test-slave-2dg9"
I20260608 09:48:56.930168  9565 fs_manager.cc:696] Time spent creating directory manager: real 0.004s	user 0.004s	sys 0.002s
I20260608 09:48:56.933804 11078 log_block_manager.cc:4031] Time spent loading block containers with low live blocks: real 0.000s	user 0.000s	sys 0.000s
I20260608 09:48:56.934688  9565 fs_manager.cc:730] Time spent opening block manager: real 0.002s	user 0.002s	sys 0.000s
I20260608 09:48:56.935070  9565 fs_manager.cc:647] Opened local filesystem: /tmp/dist-test-tasklq5rJ0/test-tmp/auto_rebalancer-test.0.AutoRebalancerTest.NextLeaderResumesAutoRebalancing.1780912120407730-9565-0/minicluster-data/ts-2-root
uuid: "f2fb90b7353e44ba8d42ccb080a04f23"
format_stamp: "Formatted at 2026-06-08 09:48:56 on dist-test-slave-2dg9"
I20260608 09:48:56.935359  9565 fs_report.cc:389] FS layout report
--------------------
wal directory: /tmp/dist-test-tasklq5rJ0/test-tmp/auto_rebalancer-test.0.AutoRebalancerTest.NextLeaderResumesAutoRebalancing.1780912120407730-9565-0/minicluster-data/ts-2-root
metadata directory: /tmp/dist-test-tasklq5rJ0/test-tmp/auto_rebalancer-test.0.AutoRebalancerTest.NextLeaderResumesAutoRebalancing.1780912120407730-9565-0/minicluster-data/ts-2-root
1 data directories: /tmp/dist-test-tasklq5rJ0/test-tmp/auto_rebalancer-test.0.AutoRebalancerTest.NextLeaderResumesAutoRebalancing.1780912120407730-9565-0/minicluster-data/ts-2-root/data
Total live blocks: 0
Total live bytes: 0
Total live bytes (after alignment): 0
Total number of LBM containers: 0 (0 full)
Did not check for missing blocks
Did not check for orphaned blocks
Total full LBM containers with extra space: 0 (0 repaired)
Total full LBM container extra space in bytes: 0 (0 repaired)
Total incomplete LBM containers: 0 (0 repaired)
Total LBM partial records: 0 (0 repaired)
Total corrupted LBM metadata records in RocksDB: 0 (0 repaired)
I20260608 09:48:56.946666  9565 rpc_server.cc:225] running with OpenSSL 1.1.1  11 Sep 2018
I20260608 09:48:56.948014  9565 kserver.cc:163] Server-wide thread pool size limit: 3276
I20260608 09:48:56.949463  9565 txn_system_client.cc:432] TxnSystemClient initialization is disabled...
I20260608 09:48:56.951892  9565 ts_tablet_manager.cc:585] Loaded tablet metadata (0 total tablets, 0 live tablets)
I20260608 09:48:56.952142  9565 ts_tablet_manager.cc:531] Time spent load tablet metadata: real 0.000s	user 0.000s	sys 0.000s
I20260608 09:48:56.952399  9565 ts_tablet_manager.cc:616] Registered 0 tablets
I20260608 09:48:56.952590  9565 ts_tablet_manager.cc:595] Time spent register tablets: real 0.000s	user 0.000s	sys 0.000s
I20260608 09:48:56.993762  9565 rpc_server.cc:307] RPC server started. Bound to: 127.9.87.67:45503
I20260608 09:48:56.993880 11140 acceptor_pool.cc:272] collecting diagnostics on the listening RPC socket 127.9.87.67:45503 every 8 connection(s)
I20260608 09:48:57.014802 11141 heartbeater.cc:344] Connected to a master server at 127.9.87.124:34267
I20260608 09:48:57.015312 11141 heartbeater.cc:461] Registering TS with master...
I20260608 09:48:57.016253 11141 heartbeater.cc:507] Master 127.9.87.124:34267 requested a full tablet report, sending...
I20260608 09:48:57.017925 11142 heartbeater.cc:344] Connected to a master server at 127.9.87.125:41913
I20260608 09:48:57.018370 11142 heartbeater.cc:461] Registering TS with master...
I20260608 09:48:57.019318 11142 heartbeater.cc:507] Master 127.9.87.125:41913 requested a full tablet report, sending...
I20260608 09:48:57.019975 10822 ts_manager.cc:194] Registered new tserver with Master: f2fb90b7353e44ba8d42ccb080a04f23 (127.9.87.67:45503)
I20260608 09:48:57.022178 11143 heartbeater.cc:344] Connected to a master server at 127.9.87.126:41069
I20260608 09:48:57.022217 10757 ts_manager.cc:194] Registered new tserver with Master: f2fb90b7353e44ba8d42ccb080a04f23 (127.9.87.67:45503)
I20260608 09:48:57.022807 11143 heartbeater.cc:461] Registering TS with master...
I20260608 09:48:57.023810 11143 heartbeater.cc:507] Master 127.9.87.126:41069 requested a full tablet report, sending...
I20260608 09:48:57.025691 10692 ts_manager.cc:194] Registered new tserver with Master: f2fb90b7353e44ba8d42ccb080a04f23 (127.9.87.67:45503)
I20260608 09:48:57.026562  9565 internal_mini_cluster.cc:371] 3 TS(s) registered with all masters after 0.020144594s
I20260608 09:48:57.027107 10692 master_service.cc:502] Signed X509 certificate for tserver {username='slave'} at 127.0.0.1:36998
I20260608 09:48:57.562376 10888 catalog_manager.cc:1294] Loaded cluster ID: e57c50aa0baa4ba680ff82a535f2fd82
I20260608 09:48:57.562701 10888 catalog_manager.cc:1587] T 00000000000000000000000000000000 P 69a6f31e5bff4c93b2c01faea12e845d: loading cluster ID for follower catalog manager: success
I20260608 09:48:57.567477 10888 catalog_manager.cc:1609] T 00000000000000000000000000000000 P 69a6f31e5bff4c93b2c01faea12e845d: acquiring CA information for follower catalog manager: success
I20260608 09:48:57.570752 10888 catalog_manager.cc:1637] T 00000000000000000000000000000000 P 69a6f31e5bff4c93b2c01faea12e845d: importing token verification keys for follower catalog manager: success; most recent TSK sequence number 0
I20260608 09:48:57.580497 10900 catalog_manager.cc:1294] Loaded cluster ID: e57c50aa0baa4ba680ff82a535f2fd82
I20260608 09:48:57.580826 10900 catalog_manager.cc:1587] T 00000000000000000000000000000000 P 2de0335e16a04ca787eccfb4a369c704: loading cluster ID for follower catalog manager: success
I20260608 09:48:57.585178 10900 catalog_manager.cc:1609] T 00000000000000000000000000000000 P 2de0335e16a04ca787eccfb4a369c704: acquiring CA information for follower catalog manager: success
I20260608 09:48:57.588411 10900 catalog_manager.cc:1637] T 00000000000000000000000000000000 P 2de0335e16a04ca787eccfb4a369c704: importing token verification keys for follower catalog manager: success; most recent TSK sequence number 0
I20260608 09:48:57.799041 10692 master_service.cc:502] Signed X509 certificate for tserver {username='slave'} at 127.0.0.1:36982
I20260608 09:48:57.925069 11065 heartbeater.cc:499] Master 127.9.87.126:41069 was elected leader, sending a full tablet report...
I20260608 09:48:58.029609 11143 heartbeater.cc:499] Master 127.9.87.126:41069 was elected leader, sending a full tablet report...
I20260608 09:48:58.551919 10884 auto_leader_rebalancer.cc:451] All tables' leader rebalancing finished this round
I20260608 09:48:58.801805 10986 heartbeater.cc:499] Master 127.9.87.126:41069 was elected leader, sending a full tablet report...
I20260608 09:48:58.835930 10692 catalog_manager.cc:2282] Servicing CreateTable request from {username='slave'} at 127.0.0.1:37000:
name: "test-workload"
schema {
  columns {
    name: "key"
    type: INT32
    is_key: true
    is_nullable: false
    encoding: AUTO_ENCODING
    compression: DEFAULT_COMPRESSION
    cfile_block_size: 0
    immutable: false
  }
  columns {
    name: "int_val"
    type: INT32
    is_key: false
    is_nullable: false
    encoding: AUTO_ENCODING
    compression: DEFAULT_COMPRESSION
    cfile_block_size: 0
    immutable: false
  }
  columns {
    name: "string_val"
    type: STRING
    is_key: false
    is_nullable: true
    encoding: AUTO_ENCODING
    compression: DEFAULT_COMPRESSION
    cfile_block_size: 0
    immutable: false
  }
}
num_replicas: 1
split_rows_range_bounds {
  rows: "\004\001\000\252\252\252*\004\001\000TUUU""\004\001\000\252\252\252*\004\001\000TUUU"
  indirect_data: """"
}
partition_schema {
  range_schema {
    columns {
      name: "key"
    }
  }
}
I20260608 09:48:58.913108 11028 tablet_service.cc:1511] Processing CreateTablet for tablet 9bf66c5f9e50416689ebeb344ebc0be4 (DEFAULT_TABLE table=test-workload [id=b6a0e414cf9a425986fb9e6d1c3a5038]), partition=RANGE (key) PARTITION VALUES < 715827882
I20260608 09:48:58.913981 11106 tablet_service.cc:1511] Processing CreateTablet for tablet 785a662cbcea40a8b01bb7a26edbe3eb (DEFAULT_TABLE table=test-workload [id=b6a0e414cf9a425986fb9e6d1c3a5038]), partition=RANGE (key) PARTITION 1431655764 <= VALUES
I20260608 09:48:58.914748 11028 data_dirs.cc:400] Could only allocate 1 dirs of requested 3 for tablet 9bf66c5f9e50416689ebeb344ebc0be4. 1 dirs total, 0 dirs full, 0 dirs failed
I20260608 09:48:58.915355 11106 data_dirs.cc:400] Could only allocate 1 dirs of requested 3 for tablet 785a662cbcea40a8b01bb7a26edbe3eb. 1 dirs total, 0 dirs full, 0 dirs failed
I20260608 09:48:58.916247 10948 tablet_service.cc:1511] Processing CreateTablet for tablet 952b1d04b356446cbe8b2e018074eefa (DEFAULT_TABLE table=test-workload [id=b6a0e414cf9a425986fb9e6d1c3a5038]), partition=RANGE (key) PARTITION 715827882 <= VALUES < 1431655764
I20260608 09:48:58.917650 10948 data_dirs.cc:400] Could only allocate 1 dirs of requested 3 for tablet 952b1d04b356446cbe8b2e018074eefa. 1 dirs total, 0 dirs full, 0 dirs failed
I20260608 09:48:58.935822 11177 tablet_bootstrap.cc:492] T 785a662cbcea40a8b01bb7a26edbe3eb P f2fb90b7353e44ba8d42ccb080a04f23: Bootstrap starting.
I20260608 09:48:58.940495 11178 tablet_bootstrap.cc:492] T 9bf66c5f9e50416689ebeb344ebc0be4 P b1e094e1000c4e4c92d449de9891231f: Bootstrap starting.
I20260608 09:48:58.942054 11179 tablet_bootstrap.cc:492] T 952b1d04b356446cbe8b2e018074eefa P 833bbba83d324c14976c711c07833a7c: Bootstrap starting.
I20260608 09:48:58.945056 11177 tablet_bootstrap.cc:654] T 785a662cbcea40a8b01bb7a26edbe3eb P f2fb90b7353e44ba8d42ccb080a04f23: Neither blocks nor log segments found. Creating new log.
I20260608 09:48:58.947979 11178 tablet_bootstrap.cc:654] T 9bf66c5f9e50416689ebeb344ebc0be4 P b1e094e1000c4e4c92d449de9891231f: Neither blocks nor log segments found. Creating new log.
I20260608 09:48:58.949515 11179 tablet_bootstrap.cc:654] T 952b1d04b356446cbe8b2e018074eefa P 833bbba83d324c14976c711c07833a7c: Neither blocks nor log segments found. Creating new log.
I20260608 09:48:58.951202 11177 tablet_bootstrap.cc:492] T 785a662cbcea40a8b01bb7a26edbe3eb P f2fb90b7353e44ba8d42ccb080a04f23: No bootstrap required, opened a new log
I20260608 09:48:58.951747 11177 ts_tablet_manager.cc:1403] T 785a662cbcea40a8b01bb7a26edbe3eb P f2fb90b7353e44ba8d42ccb080a04f23: Time spent bootstrapping tablet: real 0.016s	user 0.010s	sys 0.004s
I20260608 09:48:58.953351 11178 tablet_bootstrap.cc:492] T 9bf66c5f9e50416689ebeb344ebc0be4 P b1e094e1000c4e4c92d449de9891231f: No bootstrap required, opened a new log
I20260608 09:48:58.953843 11178 ts_tablet_manager.cc:1403] T 9bf66c5f9e50416689ebeb344ebc0be4 P b1e094e1000c4e4c92d449de9891231f: Time spent bootstrapping tablet: real 0.014s	user 0.003s	sys 0.008s
I20260608 09:48:58.954705 11177 raft_consensus.cc:359] T 785a662cbcea40a8b01bb7a26edbe3eb P f2fb90b7353e44ba8d42ccb080a04f23 [term 0 FOLLOWER]: Replica starting. Triggering 0 pending ops. Active config: opid_index: -1 OBSOLETE_local: true peers { permanent_uuid: "f2fb90b7353e44ba8d42ccb080a04f23" member_type: VOTER last_known_addr { host: "127.9.87.67" port: 45503 } }
I20260608 09:48:58.955242 11177 raft_consensus.cc:385] T 785a662cbcea40a8b01bb7a26edbe3eb P f2fb90b7353e44ba8d42ccb080a04f23 [term 0 FOLLOWER]: Consensus starting up: Expiring failure detector timer to make a prompt election more likely
I20260608 09:48:58.955493 11177 raft_consensus.cc:740] T 785a662cbcea40a8b01bb7a26edbe3eb P f2fb90b7353e44ba8d42ccb080a04f23 [term 0 FOLLOWER]: Becoming Follower/Learner. State: Replica: f2fb90b7353e44ba8d42ccb080a04f23, State: Initialized, Role: FOLLOWER
I20260608 09:48:58.955876 11179 tablet_bootstrap.cc:492] T 952b1d04b356446cbe8b2e018074eefa P 833bbba83d324c14976c711c07833a7c: No bootstrap required, opened a new log
I20260608 09:48:58.956380 11179 ts_tablet_manager.cc:1403] T 952b1d04b356446cbe8b2e018074eefa P 833bbba83d324c14976c711c07833a7c: Time spent bootstrapping tablet: real 0.015s	user 0.013s	sys 0.000s
I20260608 09:48:58.956380 11177 consensus_queue.cc:260] T 785a662cbcea40a8b01bb7a26edbe3eb P f2fb90b7353e44ba8d42ccb080a04f23 [NON_LEADER]: Queue going to NON_LEADER mode. State: All replicated index: 0, Majority replicated index: 0, Committed index: 0, Last appended: 0.0, Last appended by leader: 0, Current term: 0, Majority size: -1, State: 0, Mode: NON_LEADER, active raft config: opid_index: -1 OBSOLETE_local: true peers { permanent_uuid: "f2fb90b7353e44ba8d42ccb080a04f23" member_type: VOTER last_known_addr { host: "127.9.87.67" port: 45503 } }
I20260608 09:48:58.957301 11177 raft_consensus.cc:399] T 785a662cbcea40a8b01bb7a26edbe3eb P f2fb90b7353e44ba8d42ccb080a04f23 [term 0 FOLLOWER]: Only one voter in the Raft config. Triggering election immediately
I20260608 09:48:58.957633 11177 raft_consensus.cc:493] T 785a662cbcea40a8b01bb7a26edbe3eb P f2fb90b7353e44ba8d42ccb080a04f23 [term 0 FOLLOWER]: Starting leader election (initial election of a single-replica configuration)
I20260608 09:48:58.957801 11178 raft_consensus.cc:359] T 9bf66c5f9e50416689ebeb344ebc0be4 P b1e094e1000c4e4c92d449de9891231f [term 0 FOLLOWER]: Replica starting. Triggering 0 pending ops. Active config: opid_index: -1 OBSOLETE_local: true peers { permanent_uuid: "b1e094e1000c4e4c92d449de9891231f" member_type: VOTER last_known_addr { host: "127.9.87.66" port: 46071 } }
I20260608 09:48:58.958055 11177 raft_consensus.cc:3060] T 785a662cbcea40a8b01bb7a26edbe3eb P f2fb90b7353e44ba8d42ccb080a04f23 [term 0 FOLLOWER]: Advancing to term 1
I20260608 09:48:58.958461 11178 raft_consensus.cc:385] T 9bf66c5f9e50416689ebeb344ebc0be4 P b1e094e1000c4e4c92d449de9891231f [term 0 FOLLOWER]: Consensus starting up: Expiring failure detector timer to make a prompt election more likely
I20260608 09:48:58.958777 11178 raft_consensus.cc:740] T 9bf66c5f9e50416689ebeb344ebc0be4 P b1e094e1000c4e4c92d449de9891231f [term 0 FOLLOWER]: Becoming Follower/Learner. State: Replica: b1e094e1000c4e4c92d449de9891231f, State: Initialized, Role: FOLLOWER
I20260608 09:48:58.959508 11178 consensus_queue.cc:260] T 9bf66c5f9e50416689ebeb344ebc0be4 P b1e094e1000c4e4c92d449de9891231f [NON_LEADER]: Queue going to NON_LEADER mode. State: All replicated index: 0, Majority replicated index: 0, Committed index: 0, Last appended: 0.0, Last appended by leader: 0, Current term: 0, Majority size: -1, State: 0, Mode: NON_LEADER, active raft config: opid_index: -1 OBSOLETE_local: true peers { permanent_uuid: "b1e094e1000c4e4c92d449de9891231f" member_type: VOTER last_known_addr { host: "127.9.87.66" port: 46071 } }
I20260608 09:48:58.959604 11179 raft_consensus.cc:359] T 952b1d04b356446cbe8b2e018074eefa P 833bbba83d324c14976c711c07833a7c [term 0 FOLLOWER]: Replica starting. Triggering 0 pending ops. Active config: opid_index: -1 OBSOLETE_local: true peers { permanent_uuid: "833bbba83d324c14976c711c07833a7c" member_type: VOTER last_known_addr { host: "127.9.87.65" port: 39193 } }
I20260608 09:48:58.960099 11178 raft_consensus.cc:399] T 9bf66c5f9e50416689ebeb344ebc0be4 P b1e094e1000c4e4c92d449de9891231f [term 0 FOLLOWER]: Only one voter in the Raft config. Triggering election immediately
I20260608 09:48:58.960209 11179 raft_consensus.cc:385] T 952b1d04b356446cbe8b2e018074eefa P 833bbba83d324c14976c711c07833a7c [term 0 FOLLOWER]: Consensus starting up: Expiring failure detector timer to make a prompt election more likely
I20260608 09:48:58.960482 11178 raft_consensus.cc:493] T 9bf66c5f9e50416689ebeb344ebc0be4 P b1e094e1000c4e4c92d449de9891231f [term 0 FOLLOWER]: Starting leader election (initial election of a single-replica configuration)
I20260608 09:48:58.960599 11179 raft_consensus.cc:740] T 952b1d04b356446cbe8b2e018074eefa P 833bbba83d324c14976c711c07833a7c [term 0 FOLLOWER]: Becoming Follower/Learner. State: Replica: 833bbba83d324c14976c711c07833a7c, State: Initialized, Role: FOLLOWER
I20260608 09:48:58.960912 11178 raft_consensus.cc:3060] T 9bf66c5f9e50416689ebeb344ebc0be4 P b1e094e1000c4e4c92d449de9891231f [term 0 FOLLOWER]: Advancing to term 1
I20260608 09:48:58.961570 11179 consensus_queue.cc:260] T 952b1d04b356446cbe8b2e018074eefa P 833bbba83d324c14976c711c07833a7c [NON_LEADER]: Queue going to NON_LEADER mode. State: All replicated index: 0, Majority replicated index: 0, Committed index: 0, Last appended: 0.0, Last appended by leader: 0, Current term: 0, Majority size: -1, State: 0, Mode: NON_LEADER, active raft config: opid_index: -1 OBSOLETE_local: true peers { permanent_uuid: "833bbba83d324c14976c711c07833a7c" member_type: VOTER last_known_addr { host: "127.9.87.65" port: 39193 } }
I20260608 09:48:58.962307 11179 raft_consensus.cc:399] T 952b1d04b356446cbe8b2e018074eefa P 833bbba83d324c14976c711c07833a7c [term 0 FOLLOWER]: Only one voter in the Raft config. Triggering election immediately
I20260608 09:48:58.962641 11179 raft_consensus.cc:493] T 952b1d04b356446cbe8b2e018074eefa P 833bbba83d324c14976c711c07833a7c [term 0 FOLLOWER]: Starting leader election (initial election of a single-replica configuration)
I20260608 09:48:58.963016 11179 raft_consensus.cc:3060] T 952b1d04b356446cbe8b2e018074eefa P 833bbba83d324c14976c711c07833a7c [term 0 FOLLOWER]: Advancing to term 1
I20260608 09:48:58.965080 11177 raft_consensus.cc:515] T 785a662cbcea40a8b01bb7a26edbe3eb P f2fb90b7353e44ba8d42ccb080a04f23 [term 1 FOLLOWER]: Starting leader election with config: opid_index: -1 OBSOLETE_local: true peers { permanent_uuid: "f2fb90b7353e44ba8d42ccb080a04f23" member_type: VOTER last_known_addr { host: "127.9.87.67" port: 45503 } }
I20260608 09:48:58.965888 11178 raft_consensus.cc:515] T 9bf66c5f9e50416689ebeb344ebc0be4 P b1e094e1000c4e4c92d449de9891231f [term 1 FOLLOWER]: Starting leader election with config: opid_index: -1 OBSOLETE_local: true peers { permanent_uuid: "b1e094e1000c4e4c92d449de9891231f" member_type: VOTER last_known_addr { host: "127.9.87.66" port: 46071 } }
I20260608 09:48:58.965896 11177 leader_election.cc:304] T 785a662cbcea40a8b01bb7a26edbe3eb P f2fb90b7353e44ba8d42ccb080a04f23 [CANDIDATE]: Term 1 election: Election decided. Result: candidate won. Election summary: received 1 responses out of 1 voters: 1 yes votes; 0 no votes. yes voters: f2fb90b7353e44ba8d42ccb080a04f23; no voters: 
I20260608 09:48:58.966770 11178 leader_election.cc:304] T 9bf66c5f9e50416689ebeb344ebc0be4 P b1e094e1000c4e4c92d449de9891231f [CANDIDATE]: Term 1 election: Election decided. Result: candidate won. Election summary: received 1 responses out of 1 voters: 1 yes votes; 0 no votes. yes voters: b1e094e1000c4e4c92d449de9891231f; no voters: 
I20260608 09:48:58.967832 11177 leader_election.cc:290] T 785a662cbcea40a8b01bb7a26edbe3eb P f2fb90b7353e44ba8d42ccb080a04f23 [CANDIDATE]: Term 1 election: Requested vote from peers 
I20260608 09:48:58.968358 11183 raft_consensus.cc:2804] T 785a662cbcea40a8b01bb7a26edbe3eb P f2fb90b7353e44ba8d42ccb080a04f23 [term 1 FOLLOWER]: Leader election won for term 1
I20260608 09:48:58.969389 11179 raft_consensus.cc:515] T 952b1d04b356446cbe8b2e018074eefa P 833bbba83d324c14976c711c07833a7c [term 1 FOLLOWER]: Starting leader election with config: opid_index: -1 OBSOLETE_local: true peers { permanent_uuid: "833bbba83d324c14976c711c07833a7c" member_type: VOTER last_known_addr { host: "127.9.87.65" port: 39193 } }
I20260608 09:48:58.970407 11179 leader_election.cc:304] T 952b1d04b356446cbe8b2e018074eefa P 833bbba83d324c14976c711c07833a7c [CANDIDATE]: Term 1 election: Election decided. Result: candidate won. Election summary: received 1 responses out of 1 voters: 1 yes votes; 0 no votes. yes voters: 833bbba83d324c14976c711c07833a7c; no voters: 
I20260608 09:48:58.972353 11183 raft_consensus.cc:697] T 785a662cbcea40a8b01bb7a26edbe3eb P f2fb90b7353e44ba8d42ccb080a04f23 [term 1 LEADER]: Becoming Leader. State: Replica: f2fb90b7353e44ba8d42ccb080a04f23, State: Running, Role: LEADER
I20260608 09:48:58.973455 11183 consensus_queue.cc:237] T 785a662cbcea40a8b01bb7a26edbe3eb P f2fb90b7353e44ba8d42ccb080a04f23 [LEADER]: Queue going to LEADER mode. State: All replicated index: 0, Majority replicated index: 0, Committed index: 0, Last appended: 0.0, Last appended by leader: 0, Current term: 1, Majority size: 1, State: 0, Mode: LEADER, active raft config: opid_index: -1 OBSOLETE_local: true peers { permanent_uuid: "f2fb90b7353e44ba8d42ccb080a04f23" member_type: VOTER last_known_addr { host: "127.9.87.67" port: 45503 } }
I20260608 09:48:58.978614 11187 raft_consensus.cc:2804] T 952b1d04b356446cbe8b2e018074eefa P 833bbba83d324c14976c711c07833a7c [term 1 FOLLOWER]: Leader election won for term 1
I20260608 09:48:58.979040 11178 leader_election.cc:290] T 9bf66c5f9e50416689ebeb344ebc0be4 P b1e094e1000c4e4c92d449de9891231f [CANDIDATE]: Term 1 election: Requested vote from peers 
I20260608 09:48:58.979995 11179 leader_election.cc:290] T 952b1d04b356446cbe8b2e018074eefa P 833bbba83d324c14976c711c07833a7c [CANDIDATE]: Term 1 election: Requested vote from peers 
I20260608 09:48:58.980818 11184 raft_consensus.cc:2804] T 9bf66c5f9e50416689ebeb344ebc0be4 P b1e094e1000c4e4c92d449de9891231f [term 1 FOLLOWER]: Leader election won for term 1
I20260608 09:48:58.981742 11177 ts_tablet_manager.cc:1434] T 785a662cbcea40a8b01bb7a26edbe3eb P f2fb90b7353e44ba8d42ccb080a04f23: Time spent starting tablet: real 0.030s	user 0.019s	sys 0.008s
I20260608 09:48:58.985303 11179 ts_tablet_manager.cc:1434] T 952b1d04b356446cbe8b2e018074eefa P 833bbba83d324c14976c711c07833a7c: Time spent starting tablet: real 0.028s	user 0.013s	sys 0.012s
I20260608 09:48:58.988739 11187 raft_consensus.cc:697] T 952b1d04b356446cbe8b2e018074eefa P 833bbba83d324c14976c711c07833a7c [term 1 LEADER]: Becoming Leader. State: Replica: 833bbba83d324c14976c711c07833a7c, State: Running, Role: LEADER
I20260608 09:48:58.989699 11187 consensus_queue.cc:237] T 952b1d04b356446cbe8b2e018074eefa P 833bbba83d324c14976c711c07833a7c [LEADER]: Queue going to LEADER mode. State: All replicated index: 0, Majority replicated index: 0, Committed index: 0, Last appended: 0.0, Last appended by leader: 0, Current term: 1, Majority size: 1, State: 0, Mode: LEADER, active raft config: opid_index: -1 OBSOLETE_local: true peers { permanent_uuid: "833bbba83d324c14976c711c07833a7c" member_type: VOTER last_known_addr { host: "127.9.87.65" port: 39193 } }
I20260608 09:48:59.000047 11178 ts_tablet_manager.cc:1434] T 9bf66c5f9e50416689ebeb344ebc0be4 P b1e094e1000c4e4c92d449de9891231f: Time spent starting tablet: real 0.046s	user 0.024s	sys 0.016s
I20260608 09:48:59.001031 10692 catalog_manager.cc:5696] T 785a662cbcea40a8b01bb7a26edbe3eb P f2fb90b7353e44ba8d42ccb080a04f23 reported cstate change: term changed from 0 to 1, leader changed from <none> to f2fb90b7353e44ba8d42ccb080a04f23 (127.9.87.67). New cstate: current_term: 1 leader_uuid: "f2fb90b7353e44ba8d42ccb080a04f23" committed_config { opid_index: -1 OBSOLETE_local: true peers { permanent_uuid: "f2fb90b7353e44ba8d42ccb080a04f23" member_type: VOTER last_known_addr { host: "127.9.87.67" port: 45503 } health_report { overall_health: HEALTHY } } }
I20260608 09:48:59.005286 11184 raft_consensus.cc:697] T 9bf66c5f9e50416689ebeb344ebc0be4 P b1e094e1000c4e4c92d449de9891231f [term 1 LEADER]: Becoming Leader. State: Replica: b1e094e1000c4e4c92d449de9891231f, State: Running, Role: LEADER
I20260608 09:48:59.006258 11184 consensus_queue.cc:237] T 9bf66c5f9e50416689ebeb344ebc0be4 P b1e094e1000c4e4c92d449de9891231f [LEADER]: Queue going to LEADER mode. State: All replicated index: 0, Majority replicated index: 0, Committed index: 0, Last appended: 0.0, Last appended by leader: 0, Current term: 1, Majority size: 1, State: 0, Mode: LEADER, active raft config: opid_index: -1 OBSOLETE_local: true peers { permanent_uuid: "b1e094e1000c4e4c92d449de9891231f" member_type: VOTER last_known_addr { host: "127.9.87.66" port: 46071 } }
I20260608 09:48:59.013513 10691 catalog_manager.cc:5696] T 952b1d04b356446cbe8b2e018074eefa P 833bbba83d324c14976c711c07833a7c reported cstate change: term changed from 0 to 1, leader changed from <none> to 833bbba83d324c14976c711c07833a7c (127.9.87.65). New cstate: current_term: 1 leader_uuid: "833bbba83d324c14976c711c07833a7c" committed_config { opid_index: -1 OBSOLETE_local: true peers { permanent_uuid: "833bbba83d324c14976c711c07833a7c" member_type: VOTER last_known_addr { host: "127.9.87.65" port: 39193 } health_report { overall_health: HEALTHY } } }
I20260608 09:48:59.061568 10692 catalog_manager.cc:5696] T 9bf66c5f9e50416689ebeb344ebc0be4 P b1e094e1000c4e4c92d449de9891231f reported cstate change: term changed from 0 to 1, leader changed from <none> to b1e094e1000c4e4c92d449de9891231f (127.9.87.66). New cstate: current_term: 1 leader_uuid: "b1e094e1000c4e4c92d449de9891231f" committed_config { opid_index: -1 OBSOLETE_local: true peers { permanent_uuid: "b1e094e1000c4e4c92d449de9891231f" member_type: VOTER last_known_addr { host: "127.9.87.66" port: 46071 } health_report { overall_health: HEALTHY } } }
I20260608 09:48:59.079607  9565 master.cc:562] Master@127.9.87.126:41069 shutting down...
W20260608 09:48:59.086062 11065 heartbeater.cc:646] Failed to heartbeat to 127.9.87.126:41069 (0 consecutive failures): Remote error: Failed to send heartbeat to master: Service unavailable: service kudu.master.MasterService not registered on Master
I20260608 09:48:59.101595  9565 raft_consensus.cc:2243] T 00000000000000000000000000000000 P a4d33733a71d4d3bbfc1c3ce5eeb923e [term 1 LEADER]: Raft consensus shutting down.
I20260608 09:48:59.102463  9565 raft_consensus.cc:2272] T 00000000000000000000000000000000 P a4d33733a71d4d3bbfc1c3ce5eeb923e [term 1 FOLLOWER]: Raft consensus is shut down!
I20260608 09:48:59.102849  9565 tablet_replica.cc:333] T 00000000000000000000000000000000 P a4d33733a71d4d3bbfc1c3ce5eeb923e: stopping tablet replica
I20260608 09:48:59.118799  9565 master.cc:584] Master@127.9.87.126:41069 shutdown complete.
W20260608 09:48:59.265870 10853 debug-util.cc:398] Leaking SignalData structure 0x7b08001404e0 after lost signal to thread 9568
I20260608 09:49:00.579493 11201 raft_consensus.cc:493] T 00000000000000000000000000000000 P 2de0335e16a04ca787eccfb4a369c704 [term 1 FOLLOWER]: Starting pre-election (detected failure of leader a4d33733a71d4d3bbfc1c3ce5eeb923e)
I20260608 09:49:00.580042 11201 raft_consensus.cc:515] T 00000000000000000000000000000000 P 2de0335e16a04ca787eccfb4a369c704 [term 1 FOLLOWER]: Starting pre-election with config: opid_index: -1 OBSOLETE_local: false peers { permanent_uuid: "a4d33733a71d4d3bbfc1c3ce5eeb923e" member_type: VOTER last_known_addr { host: "127.9.87.126" port: 41069 } } peers { permanent_uuid: "69a6f31e5bff4c93b2c01faea12e845d" member_type: VOTER last_known_addr { host: "127.9.87.125" port: 41913 } } peers { permanent_uuid: "2de0335e16a04ca787eccfb4a369c704" member_type: VOTER last_known_addr { host: "127.9.87.124" port: 34267 } }
I20260608 09:49:00.581910 11201 leader_election.cc:290] T 00000000000000000000000000000000 P 2de0335e16a04ca787eccfb4a369c704 [CANDIDATE]: Term 2 pre-election: Requested pre-vote from peers a4d33733a71d4d3bbfc1c3ce5eeb923e (127.9.87.126:41069), 69a6f31e5bff4c93b2c01faea12e845d (127.9.87.125:41913)
I20260608 09:49:00.587296 10767 tablet_service.cc:1917] Received RequestConsensusVote() RPC: tablet_id: "00000000000000000000000000000000" candidate_uuid: "2de0335e16a04ca787eccfb4a369c704" candidate_term: 2 candidate_status { last_received { term: 1 index: 10 } } ignore_live_leader: false dest_uuid: "69a6f31e5bff4c93b2c01faea12e845d" is_pre_election: true
W20260608 09:49:00.591401 10808 leader_election.cc:336] T 00000000000000000000000000000000 P 2de0335e16a04ca787eccfb4a369c704 [CANDIDATE]: Term 2 pre-election: RPC error from VoteRequest() call to peer a4d33733a71d4d3bbfc1c3ce5eeb923e (127.9.87.126:41069): Network error: Client connection negotiation failed: client connection to 127.9.87.126:41069: connect: Connection refused (error 111)
I20260608 09:49:00.592149 10808 leader_election.cc:304] T 00000000000000000000000000000000 P 2de0335e16a04ca787eccfb4a369c704 [CANDIDATE]: Term 2 pre-election: Election decided. Result: candidate lost. Election summary: received 3 responses out of 3 voters: 1 yes votes; 2 no votes. yes voters: 2de0335e16a04ca787eccfb4a369c704; no voters: 69a6f31e5bff4c93b2c01faea12e845d, a4d33733a71d4d3bbfc1c3ce5eeb923e
I20260608 09:49:00.592530 11204 raft_consensus.cc:493] T 00000000000000000000000000000000 P 69a6f31e5bff4c93b2c01faea12e845d [term 1 FOLLOWER]: Starting pre-election (detected failure of leader a4d33733a71d4d3bbfc1c3ce5eeb923e)
I20260608 09:49:00.592892 11201 raft_consensus.cc:2749] T 00000000000000000000000000000000 P 2de0335e16a04ca787eccfb4a369c704 [term 1 FOLLOWER]: Leader pre-election lost for term 2. Reason: could not achieve majority
I20260608 09:49:00.593200 11204 raft_consensus.cc:515] T 00000000000000000000000000000000 P 69a6f31e5bff4c93b2c01faea12e845d [term 1 FOLLOWER]: Starting pre-election with config: opid_index: -1 OBSOLETE_local: false peers { permanent_uuid: "a4d33733a71d4d3bbfc1c3ce5eeb923e" member_type: VOTER last_known_addr { host: "127.9.87.126" port: 41069 } } peers { permanent_uuid: "69a6f31e5bff4c93b2c01faea12e845d" member_type: VOTER last_known_addr { host: "127.9.87.125" port: 41913 } } peers { permanent_uuid: "2de0335e16a04ca787eccfb4a369c704" member_type: VOTER last_known_addr { host: "127.9.87.124" port: 34267 } }
I20260608 09:49:00.595706 11204 leader_election.cc:290] T 00000000000000000000000000000000 P 69a6f31e5bff4c93b2c01faea12e845d [CANDIDATE]: Term 2 pre-election: Requested pre-vote from peers a4d33733a71d4d3bbfc1c3ce5eeb923e (127.9.87.126:41069), 2de0335e16a04ca787eccfb4a369c704 (127.9.87.124:34267)
I20260608 09:49:00.598060 10832 tablet_service.cc:1917] Received RequestConsensusVote() RPC: tablet_id: "00000000000000000000000000000000" candidate_uuid: "69a6f31e5bff4c93b2c01faea12e845d" candidate_term: 2 candidate_status { last_received { term: 1 index: 10 } } ignore_live_leader: false dest_uuid: "2de0335e16a04ca787eccfb4a369c704" is_pre_election: true
I20260608 09:49:00.598816 10832 raft_consensus.cc:2468] T 00000000000000000000000000000000 P 2de0335e16a04ca787eccfb4a369c704 [term 1 FOLLOWER]: Leader pre-election vote request: Granting yes vote for candidate 69a6f31e5bff4c93b2c01faea12e845d in term 1.
I20260608 09:49:00.600243 10744 leader_election.cc:304] T 00000000000000000000000000000000 P 69a6f31e5bff4c93b2c01faea12e845d [CANDIDATE]: Term 2 pre-election: Election decided. Result: candidate won. Election summary: received 2 responses out of 3 voters: 2 yes votes; 0 no votes. yes voters: 2de0335e16a04ca787eccfb4a369c704, 69a6f31e5bff4c93b2c01faea12e845d; no voters: 
I20260608 09:49:00.600950 11204 raft_consensus.cc:2804] T 00000000000000000000000000000000 P 69a6f31e5bff4c93b2c01faea12e845d [term 1 FOLLOWER]: Leader pre-election won for term 2
I20260608 09:49:00.601385 11204 raft_consensus.cc:493] T 00000000000000000000000000000000 P 69a6f31e5bff4c93b2c01faea12e845d [term 1 FOLLOWER]: Starting leader election (detected failure of leader a4d33733a71d4d3bbfc1c3ce5eeb923e)
I20260608 09:49:00.601783 11204 raft_consensus.cc:3060] T 00000000000000000000000000000000 P 69a6f31e5bff4c93b2c01faea12e845d [term 1 FOLLOWER]: Advancing to term 2
W20260608 09:49:00.602420 10744 leader_election.cc:336] T 00000000000000000000000000000000 P 69a6f31e5bff4c93b2c01faea12e845d [CANDIDATE]: Term 2 pre-election: RPC error from VoteRequest() call to peer a4d33733a71d4d3bbfc1c3ce5eeb923e (127.9.87.126:41069): Network error: Client connection negotiation failed: client connection to 127.9.87.126:41069: connect: Connection refused (error 111)
I20260608 09:49:00.609525 11204 raft_consensus.cc:515] T 00000000000000000000000000000000 P 69a6f31e5bff4c93b2c01faea12e845d [term 2 FOLLOWER]: Starting leader election with config: opid_index: -1 OBSOLETE_local: false peers { permanent_uuid: "a4d33733a71d4d3bbfc1c3ce5eeb923e" member_type: VOTER last_known_addr { host: "127.9.87.126" port: 41069 } } peers { permanent_uuid: "69a6f31e5bff4c93b2c01faea12e845d" member_type: VOTER last_known_addr { host: "127.9.87.125" port: 41913 } } peers { permanent_uuid: "2de0335e16a04ca787eccfb4a369c704" member_type: VOTER last_known_addr { host: "127.9.87.124" port: 34267 } }
I20260608 09:49:00.612026 11204 leader_election.cc:290] T 00000000000000000000000000000000 P 69a6f31e5bff4c93b2c01faea12e845d [CANDIDATE]: Term 2 election: Requested vote from peers a4d33733a71d4d3bbfc1c3ce5eeb923e (127.9.87.126:41069), 2de0335e16a04ca787eccfb4a369c704 (127.9.87.124:34267)
I20260608 09:49:00.613525 10832 tablet_service.cc:1917] Received RequestConsensusVote() RPC: tablet_id: "00000000000000000000000000000000" candidate_uuid: "69a6f31e5bff4c93b2c01faea12e845d" candidate_term: 2 candidate_status { last_received { term: 1 index: 10 } } ignore_live_leader: false dest_uuid: "2de0335e16a04ca787eccfb4a369c704"
I20260608 09:49:00.614023 10832 raft_consensus.cc:3060] T 00000000000000000000000000000000 P 2de0335e16a04ca787eccfb4a369c704 [term 1 FOLLOWER]: Advancing to term 2
W20260608 09:49:00.616613 10744 leader_election.cc:336] T 00000000000000000000000000000000 P 69a6f31e5bff4c93b2c01faea12e845d [CANDIDATE]: Term 2 election: RPC error from VoteRequest() call to peer a4d33733a71d4d3bbfc1c3ce5eeb923e (127.9.87.126:41069): Network error: Client connection negotiation failed: client connection to 127.9.87.126:41069: connect: Connection refused (error 111)
I20260608 09:49:00.619858 10832 raft_consensus.cc:2468] T 00000000000000000000000000000000 P 2de0335e16a04ca787eccfb4a369c704 [term 2 FOLLOWER]: Leader election vote request: Granting yes vote for candidate 69a6f31e5bff4c93b2c01faea12e845d in term 2.
I20260608 09:49:00.620846 10744 leader_election.cc:304] T 00000000000000000000000000000000 P 69a6f31e5bff4c93b2c01faea12e845d [CANDIDATE]: Term 2 election: Election decided. Result: candidate won. Election summary: received 3 responses out of 3 voters: 2 yes votes; 1 no votes. yes voters: 2de0335e16a04ca787eccfb4a369c704, 69a6f31e5bff4c93b2c01faea12e845d; no voters: a4d33733a71d4d3bbfc1c3ce5eeb923e
I20260608 09:49:00.621546 11204 raft_consensus.cc:2804] T 00000000000000000000000000000000 P 69a6f31e5bff4c93b2c01faea12e845d [term 2 FOLLOWER]: Leader election won for term 2
I20260608 09:49:00.623051 11204 raft_consensus.cc:697] T 00000000000000000000000000000000 P 69a6f31e5bff4c93b2c01faea12e845d [term 2 LEADER]: Becoming Leader. State: Replica: 69a6f31e5bff4c93b2c01faea12e845d, State: Running, Role: LEADER
I20260608 09:49:00.624924 11204 consensus_queue.cc:237] T 00000000000000000000000000000000 P 69a6f31e5bff4c93b2c01faea12e845d [LEADER]: Queue going to LEADER mode. State: All replicated index: 0, Majority replicated index: 10, Committed index: 10, Last appended: 1.10, Last appended by leader: 10, Current term: 2, Majority size: 2, State: 0, Mode: LEADER, active raft config: opid_index: -1 OBSOLETE_local: false peers { permanent_uuid: "a4d33733a71d4d3bbfc1c3ce5eeb923e" member_type: VOTER last_known_addr { host: "127.9.87.126" port: 41069 } } peers { permanent_uuid: "69a6f31e5bff4c93b2c01faea12e845d" member_type: VOTER last_known_addr { host: "127.9.87.125" port: 41913 } } peers { permanent_uuid: "2de0335e16a04ca787eccfb4a369c704" member_type: VOTER last_known_addr { host: "127.9.87.124" port: 34267 } }
I20260608 09:49:00.630722 11207 sys_catalog.cc:455] T 00000000000000000000000000000000 P 69a6f31e5bff4c93b2c01faea12e845d [sys.catalog]: SysCatalogTable state changed. Reason: New leader 69a6f31e5bff4c93b2c01faea12e845d. Latest consensus state: current_term: 2 leader_uuid: "69a6f31e5bff4c93b2c01faea12e845d" committed_config { opid_index: -1 OBSOLETE_local: false peers { permanent_uuid: "a4d33733a71d4d3bbfc1c3ce5eeb923e" member_type: VOTER last_known_addr { host: "127.9.87.126" port: 41069 } } peers { permanent_uuid: "69a6f31e5bff4c93b2c01faea12e845d" member_type: VOTER last_known_addr { host: "127.9.87.125" port: 41913 } } peers { permanent_uuid: "2de0335e16a04ca787eccfb4a369c704" member_type: VOTER last_known_addr { host: "127.9.87.124" port: 34267 } } }
I20260608 09:49:00.631356 11207 sys_catalog.cc:458] T 00000000000000000000000000000000 P 69a6f31e5bff4c93b2c01faea12e845d [sys.catalog]: This master's current role is: LEADER
I20260608 09:49:00.633106 11209 catalog_manager.cc:1510] Loading table and tablet metadata into memory...
I20260608 09:49:00.640940 11209 catalog_manager.cc:679] Loaded metadata for table test-workload [id=b6a0e414cf9a425986fb9e6d1c3a5038]
I20260608 09:49:00.648332 11209 tablet_loader.cc:96] loaded metadata for tablet 785a662cbcea40a8b01bb7a26edbe3eb (table test-workload [id=b6a0e414cf9a425986fb9e6d1c3a5038])
I20260608 09:49:00.649765 11209 tablet_loader.cc:96] loaded metadata for tablet 952b1d04b356446cbe8b2e018074eefa (table test-workload [id=b6a0e414cf9a425986fb9e6d1c3a5038])
I20260608 09:49:00.651134 11209 tablet_loader.cc:96] loaded metadata for tablet 9bf66c5f9e50416689ebeb344ebc0be4 (table test-workload [id=b6a0e414cf9a425986fb9e6d1c3a5038])
I20260608 09:49:00.652645 11209 catalog_manager.cc:1519] Initializing Kudu cluster ID...
I20260608 09:49:00.657922 11209 catalog_manager.cc:1294] Loaded cluster ID: e57c50aa0baa4ba680ff82a535f2fd82
I20260608 09:49:00.658248 11209 catalog_manager.cc:1530] Initializing Kudu internal certificate authority...
I20260608 09:49:00.664122 11209 catalog_manager.cc:1539] Loading token signing keys...
I20260608 09:49:00.669266 11209 catalog_manager.cc:6080] T 00000000000000000000000000000000 P 69a6f31e5bff4c93b2c01faea12e845d: Loaded TSK: 0
I20260608 09:49:00.670519 11209 catalog_manager.cc:1549] Initializing in-progress tserver states...
W20260608 09:49:01.108825 10744 proxy.cc:239] Call had error, refreshing address and retrying: Network error: Client connection negotiation failed: client connection to 127.9.87.126:41069: connect: Connection refused (error 111) [suppressed 10 similar messages]
W20260608 09:49:01.113070 10744 consensus_peers.cc:597] T 00000000000000000000000000000000 P 69a6f31e5bff4c93b2c01faea12e845d -> Peer a4d33733a71d4d3bbfc1c3ce5eeb923e (127.9.87.126:41069): Couldn't send request to peer a4d33733a71d4d3bbfc1c3ce5eeb923e. Status: Network error: Client connection negotiation failed: client connection to 127.9.87.126:41069: connect: Connection refused (error 111). This is attempt 1: this message will repeat every 5th retry.
I20260608 09:49:01.156042 10832 raft_consensus.cc:1275] T 00000000000000000000000000000000 P 2de0335e16a04ca787eccfb4a369c704 [term 2 FOLLOWER]: Refusing update from remote peer 69a6f31e5bff4c93b2c01faea12e845d: Log matching property violated. Preceding OpId in replica: term: 1 index: 10. Preceding OpId from leader: term: 2 index: 11. (index mismatch)
I20260608 09:49:01.157972 11207 consensus_queue.cc:1048] T 00000000000000000000000000000000 P 69a6f31e5bff4c93b2c01faea12e845d [LEADER]: Connected to new peer: Peer: permanent_uuid: "2de0335e16a04ca787eccfb4a369c704" member_type: VOTER last_known_addr { host: "127.9.87.124" port: 34267 }, Status: LMP_MISMATCH, Last received: 0.0, Next index: 11, Last known committed idx: 10, Time since last communication: 0.001s
I20260608 09:49:01.165375 11214 sys_catalog.cc:455] T 00000000000000000000000000000000 P 2de0335e16a04ca787eccfb4a369c704 [sys.catalog]: SysCatalogTable state changed. Reason: New leader 69a6f31e5bff4c93b2c01faea12e845d. Latest consensus state: current_term: 2 leader_uuid: "69a6f31e5bff4c93b2c01faea12e845d" committed_config { opid_index: -1 OBSOLETE_local: false peers { permanent_uuid: "a4d33733a71d4d3bbfc1c3ce5eeb923e" member_type: VOTER last_known_addr { host: "127.9.87.126" port: 41069 } } peers { permanent_uuid: "69a6f31e5bff4c93b2c01faea12e845d" member_type: VOTER last_known_addr { host: "127.9.87.125" port: 41913 } } peers { permanent_uuid: "2de0335e16a04ca787eccfb4a369c704" member_type: VOTER last_known_addr { host: "127.9.87.124" port: 34267 } } }
I20260608 09:49:01.166426 11214 sys_catalog.cc:458] T 00000000000000000000000000000000 P 2de0335e16a04ca787eccfb4a369c704 [sys.catalog]: This master's current role is: FOLLOWER
I20260608 09:49:01.170698 11207 sys_catalog.cc:455] T 00000000000000000000000000000000 P 69a6f31e5bff4c93b2c01faea12e845d [sys.catalog]: SysCatalogTable state changed. Reason: Peer health change. Latest consensus state: current_term: 2 leader_uuid: "69a6f31e5bff4c93b2c01faea12e845d" committed_config { opid_index: -1 OBSOLETE_local: false peers { permanent_uuid: "a4d33733a71d4d3bbfc1c3ce5eeb923e" member_type: VOTER last_known_addr { host: "127.9.87.126" port: 41069 } } peers { permanent_uuid: "69a6f31e5bff4c93b2c01faea12e845d" member_type: VOTER last_known_addr { host: "127.9.87.125" port: 41913 } } peers { permanent_uuid: "2de0335e16a04ca787eccfb4a369c704" member_type: VOTER last_known_addr { host: "127.9.87.124" port: 34267 } } }
I20260608 09:49:01.171711 11207 sys_catalog.cc:458] T 00000000000000000000000000000000 P 69a6f31e5bff4c93b2c01faea12e845d [sys.catalog]: This master's current role is: LEADER
I20260608 09:49:01.173277 11214 sys_catalog.cc:455] T 00000000000000000000000000000000 P 2de0335e16a04ca787eccfb4a369c704 [sys.catalog]: SysCatalogTable state changed. Reason: Replicated consensus-only round. Latest consensus state: current_term: 2 leader_uuid: "69a6f31e5bff4c93b2c01faea12e845d" committed_config { opid_index: -1 OBSOLETE_local: false peers { permanent_uuid: "a4d33733a71d4d3bbfc1c3ce5eeb923e" member_type: VOTER last_known_addr { host: "127.9.87.126" port: 41069 } } peers { permanent_uuid: "69a6f31e5bff4c93b2c01faea12e845d" member_type: VOTER last_known_addr { host: "127.9.87.125" port: 41913 } } peers { permanent_uuid: "2de0335e16a04ca787eccfb4a369c704" member_type: VOTER last_known_addr { host: "127.9.87.124" port: 34267 } } }
I20260608 09:49:01.174083 11214 sys_catalog.cc:458] T 00000000000000000000000000000000 P 2de0335e16a04ca787eccfb4a369c704 [sys.catalog]: This master's current role is: FOLLOWER
I20260608 09:49:02.024535 11142 heartbeater.cc:499] Master 127.9.87.125:41913 was elected leader, sending a full tablet report...
I20260608 09:49:02.061839 10985 heartbeater.cc:499] Master 127.9.87.125:41913 was elected leader, sending a full tablet report...
I20260608 09:49:02.076776 11064 heartbeater.cc:499] Master 127.9.87.125:41913 was elected leader, sending a full tablet report...
I20260608 09:49:02.555799 10887 auto_leader_rebalancer.cc:140] leader rebalance for table test-workload
I20260608 09:49:02.556167 10887 auto_leader_rebalancer.cc:451] All tables' leader rebalancing finished this round
I20260608 09:49:02.782645  9565 tablet_server.cc:179] TabletServer@127.9.87.65:0 shutting down...
I20260608 09:49:02.808393  9565 ts_tablet_manager.cc:1507] Shutting down tablet manager...
I20260608 09:49:02.809171  9565 tablet_replica.cc:333] T 952b1d04b356446cbe8b2e018074eefa P 833bbba83d324c14976c711c07833a7c: stopping tablet replica
I20260608 09:49:02.809820  9565 raft_consensus.cc:2243] T 952b1d04b356446cbe8b2e018074eefa P 833bbba83d324c14976c711c07833a7c [term 1 LEADER]: Raft consensus shutting down.
I20260608 09:49:02.810348  9565 raft_consensus.cc:2272] T 952b1d04b356446cbe8b2e018074eefa P 833bbba83d324c14976c711c07833a7c [term 1 FOLLOWER]: Raft consensus is shut down!
I20260608 09:49:02.829613  9565 tablet_server.cc:196] TabletServer@127.9.87.65:0 shutdown complete.
I20260608 09:49:02.841715  9565 tablet_server.cc:179] TabletServer@127.9.87.66:0 shutting down...
I20260608 09:49:02.864998  9565 ts_tablet_manager.cc:1507] Shutting down tablet manager...
I20260608 09:49:02.865919  9565 tablet_replica.cc:333] T 9bf66c5f9e50416689ebeb344ebc0be4 P b1e094e1000c4e4c92d449de9891231f: stopping tablet replica
I20260608 09:49:02.866567  9565 raft_consensus.cc:2243] T 9bf66c5f9e50416689ebeb344ebc0be4 P b1e094e1000c4e4c92d449de9891231f [term 1 LEADER]: Raft consensus shutting down.
I20260608 09:49:02.867195  9565 raft_consensus.cc:2272] T 9bf66c5f9e50416689ebeb344ebc0be4 P b1e094e1000c4e4c92d449de9891231f [term 1 FOLLOWER]: Raft consensus is shut down!
I20260608 09:49:02.886238  9565 tablet_server.cc:196] TabletServer@127.9.87.66:0 shutdown complete.
I20260608 09:49:02.897624  9565 tablet_server.cc:179] TabletServer@127.9.87.67:0 shutting down...
I20260608 09:49:02.919157  9565 ts_tablet_manager.cc:1507] Shutting down tablet manager...
I20260608 09:49:02.920001  9565 tablet_replica.cc:333] T 785a662cbcea40a8b01bb7a26edbe3eb P f2fb90b7353e44ba8d42ccb080a04f23: stopping tablet replica
I20260608 09:49:02.920537  9565 raft_consensus.cc:2243] T 785a662cbcea40a8b01bb7a26edbe3eb P f2fb90b7353e44ba8d42ccb080a04f23 [term 1 LEADER]: Raft consensus shutting down.
I20260608 09:49:02.921010  9565 raft_consensus.cc:2272] T 785a662cbcea40a8b01bb7a26edbe3eb P f2fb90b7353e44ba8d42ccb080a04f23 [term 1 FOLLOWER]: Raft consensus is shut down!
I20260608 09:49:02.939944  9565 tablet_server.cc:196] TabletServer@127.9.87.67:0 shutdown complete.
I20260608 09:49:02.950246  9565 master.cc:562] Master@127.9.87.125:41913 shutting down...
I20260608 09:49:02.972966  9565 raft_consensus.cc:2243] T 00000000000000000000000000000000 P 69a6f31e5bff4c93b2c01faea12e845d [term 2 LEADER]: Raft consensus shutting down.
I20260608 09:49:02.974164  9565 raft_consensus.cc:2272] T 00000000000000000000000000000000 P 69a6f31e5bff4c93b2c01faea12e845d [term 2 FOLLOWER]: Raft consensus is shut down!
I20260608 09:49:02.974529  9565 tablet_replica.cc:333] T 00000000000000000000000000000000 P 69a6f31e5bff4c93b2c01faea12e845d: stopping tablet replica
I20260608 09:49:02.995352  9565 master.cc:584] Master@127.9.87.125:41913 shutdown complete.
I20260608 09:49:03.009431  9565 master.cc:562] Master@127.9.87.124:34267 shutting down...
I20260608 09:49:03.028076  9565 raft_consensus.cc:2243] T 00000000000000000000000000000000 P 2de0335e16a04ca787eccfb4a369c704 [term 2 FOLLOWER]: Raft consensus shutting down.
I20260608 09:49:03.028756  9565 raft_consensus.cc:2272] T 00000000000000000000000000000000 P 2de0335e16a04ca787eccfb4a369c704 [term 2 FOLLOWER]: Raft consensus is shut down!
I20260608 09:49:03.029129  9565 tablet_replica.cc:333] T 00000000000000000000000000000000 P 2de0335e16a04ca787eccfb4a369c704: stopping tablet replica
I20260608 09:49:03.066277  9565 master.cc:584] Master@127.9.87.124:34267 shutdown complete.
[       OK ] AutoRebalancerTest.NextLeaderResumesAutoRebalancing (6895 ms)
[ RUN      ] AutoRebalancerTest.MovesScheduledIfAddTserver
I20260608 09:49:03.103157  9565 internal_mini_cluster.cc:156] Creating distributed mini masters. Addrs: 127.9.87.126:45919
I20260608 09:49:03.104390  9565 file_cache.cc:492] Constructed file cache file cache with capacity 419430
W20260608 09:49:03.110670 11226 instance_detector.cc:116] could not retrieve AWS instance metadata: Network error: curl error: HTTP response code said error: The requested URL returned error: 404
W20260608 09:49:03.110754 11227 instance_detector.cc:116] could not retrieve Azure instance metadata: Network error: curl error: HTTP response code said error: The requested URL returned error: 404
W20260608 09:49:03.111253 11229 instance_detector.cc:116] could not retrieve OpenStack instance metadata: Network error: curl error: HTTP response code said error: The requested URL returned error: 404
I20260608 09:49:03.113263  9565 server_base.cc:1061] running on GCE node
I20260608 09:49:03.114075  9565 hybrid_clock.cc:584] initializing the hybrid clock with 'system_unsync' time source
W20260608 09:49:03.114289  9565 system_unsync_time.cc:38] NTP support is disabled. Clock error bounds will not be accurate. This configuration is not suitable for distributed clusters.
I20260608 09:49:03.114460  9565 hybrid_clock.cc:648] HybridClock initialized: now 1780912143114442 us; error 0 us; skew 500 ppm
I20260608 09:49:03.115145  9565 server_base.cc:861] Flag tcmalloc_max_total_thread_cache_bytes is not working since tcmalloc is not enabled.
I20260608 09:49:03.117576  9565 webserver.cc:533] Webserver started at http://127.9.87.126:35361/ using document root <none> and password file <none>
I20260608 09:49:03.118116  9565 fs_manager.cc:362] Metadata directory not provided
I20260608 09:49:03.118331  9565 fs_manager.cc:368] Using write-ahead log directory (fs_wal_dir) as metadata directory
I20260608 09:49:03.118635  9565 server_base.cc:909] This appears to be a new deployment of Kudu; creating new FS layout
I20260608 09:49:03.120100  9565 fs_manager.cc:1068] Generated new instance metadata in path /tmp/dist-test-tasklq5rJ0/test-tmp/auto_rebalancer-test.0.AutoRebalancerTest.MovesScheduledIfAddTserver.1780912120407730-9565-0/minicluster-data/master-0-root/instance:
uuid: "cdba57c67cd143319ed54951ea1c9a52"
format_stamp: "Formatted at 2026-06-08 09:49:03 on dist-test-slave-2dg9"
I20260608 09:49:03.124948  9565 fs_manager.cc:696] Time spent creating directory manager: real 0.004s	user 0.004s	sys 0.001s
I20260608 09:49:03.128643 11234 log_block_manager.cc:4031] Time spent loading block containers with low live blocks: real 0.000s	user 0.000s	sys 0.000s
