I20260608 09:50:28.762491 13697 tablet_bootstrap.cc:492] T 00000000000000000000000000000000 P 5c8e75d094534653a390419cac6e8618: No bootstrap required, opened a new log
I20260608 09:50:28.765338 13697 raft_consensus.cc:359] T 00000000000000000000000000000000 P 5c8e75d094534653a390419cac6e8618 [term 0 FOLLOWER]: Replica starting. Triggering 0 pending ops. Active config: opid_index: -1 OBSOLETE_local: true peers { permanent_uuid: "5c8e75d094534653a390419cac6e8618" member_type: VOTER }
I20260608 09:50:28.765944 13697 raft_consensus.cc:385] T 00000000000000000000000000000000 P 5c8e75d094534653a390419cac6e8618 [term 0 FOLLOWER]: Consensus starting up: Expiring failure detector timer to make a prompt election more likely
I20260608 09:50:28.766155 13697 raft_consensus.cc:740] T 00000000000000000000000000000000 P 5c8e75d094534653a390419cac6e8618 [term 0 FOLLOWER]: Becoming Follower/Learner. State: Replica: 5c8e75d094534653a390419cac6e8618, State: Initialized, Role: FOLLOWER
I20260608 09:50:28.766762 13697 consensus_queue.cc:260] T 00000000000000000000000000000000 P 5c8e75d094534653a390419cac6e8618 [NON_LEADER]: Queue going to NON_LEADER mode. State: All replicated index: 0, Majority replicated index: 0, Committed index: 0, Last appended: 0.0, Last appended by leader: 0, Current term: 0, Majority size: -1, State: 0, Mode: NON_LEADER, active raft config: opid_index: -1 OBSOLETE_local: true peers { permanent_uuid: "5c8e75d094534653a390419cac6e8618" member_type: VOTER }
I20260608 09:50:28.767258 13697 raft_consensus.cc:399] T 00000000000000000000000000000000 P 5c8e75d094534653a390419cac6e8618 [term 0 FOLLOWER]: Only one voter in the Raft config. Triggering election immediately
I20260608 09:50:28.767460 13697 raft_consensus.cc:493] T 00000000000000000000000000000000 P 5c8e75d094534653a390419cac6e8618 [term 0 FOLLOWER]: Starting leader election (initial election of a single-replica configuration)
I20260608 09:50:28.767705 13697 raft_consensus.cc:3060] T 00000000000000000000000000000000 P 5c8e75d094534653a390419cac6e8618 [term 0 FOLLOWER]: Advancing to term 1
I20260608 09:50:28.773447 13697 raft_consensus.cc:515] T 00000000000000000000000000000000 P 5c8e75d094534653a390419cac6e8618 [term 1 FOLLOWER]: Starting leader election with config: opid_index: -1 OBSOLETE_local: true peers { permanent_uuid: "5c8e75d094534653a390419cac6e8618" member_type: VOTER }
I20260608 09:50:28.774210 13697 leader_election.cc:304] T 00000000000000000000000000000000 P 5c8e75d094534653a390419cac6e8618 [CANDIDATE]: Term 1 election: Election decided. Result: candidate won. Election summary: received 1 responses out of 1 voters: 1 yes votes; 0 no votes. yes voters: 5c8e75d094534653a390419cac6e8618; no voters: 
I20260608 09:50:28.775732 13697 leader_election.cc:290] T 00000000000000000000000000000000 P 5c8e75d094534653a390419cac6e8618 [CANDIDATE]: Term 1 election: Requested vote from peers 
I20260608 09:50:28.776455 13700 raft_consensus.cc:2804] T 00000000000000000000000000000000 P 5c8e75d094534653a390419cac6e8618 [term 1 FOLLOWER]: Leader election won for term 1
I20260608 09:50:28.778178 13700 raft_consensus.cc:697] T 00000000000000000000000000000000 P 5c8e75d094534653a390419cac6e8618 [term 1 LEADER]: Becoming Leader. State: Replica: 5c8e75d094534653a390419cac6e8618, State: Running, Role: LEADER
I20260608 09:50:28.779031 13700 consensus_queue.cc:237] T 00000000000000000000000000000000 P 5c8e75d094534653a390419cac6e8618 [LEADER]: Queue going to LEADER mode. State: All replicated index: 0, Majority replicated index: 0, Committed index: 0, Last appended: 0.0, Last appended by leader: 0, Current term: 1, Majority size: 1, State: 0, Mode: LEADER, active raft config: opid_index: -1 OBSOLETE_local: true peers { permanent_uuid: "5c8e75d094534653a390419cac6e8618" member_type: VOTER }
I20260608 09:50:28.779476 13697 sys_catalog.cc:565] T 00000000000000000000000000000000 P 5c8e75d094534653a390419cac6e8618 [sys.catalog]: configured and running, proceeding with master startup.
I20260608 09:50:28.784636 13702 sys_catalog.cc:455] T 00000000000000000000000000000000 P 5c8e75d094534653a390419cac6e8618 [sys.catalog]: SysCatalogTable state changed. Reason: New leader 5c8e75d094534653a390419cac6e8618. Latest consensus state: current_term: 1 leader_uuid: "5c8e75d094534653a390419cac6e8618" committed_config { opid_index: -1 OBSOLETE_local: true peers { permanent_uuid: "5c8e75d094534653a390419cac6e8618" member_type: VOTER } }
I20260608 09:50:28.785432 13702 sys_catalog.cc:458] T 00000000000000000000000000000000 P 5c8e75d094534653a390419cac6e8618 [sys.catalog]: This master's current role is: LEADER
I20260608 09:50:28.785892 13701 sys_catalog.cc:455] T 00000000000000000000000000000000 P 5c8e75d094534653a390419cac6e8618 [sys.catalog]: SysCatalogTable state changed. Reason: RaftConsensus started. Latest consensus state: current_term: 1 leader_uuid: "5c8e75d094534653a390419cac6e8618" committed_config { opid_index: -1 OBSOLETE_local: true peers { permanent_uuid: "5c8e75d094534653a390419cac6e8618" member_type: VOTER } }
I20260608 09:50:28.786702 13701 sys_catalog.cc:458] T 00000000000000000000000000000000 P 5c8e75d094534653a390419cac6e8618 [sys.catalog]: This master's current role is: LEADER
I20260608 09:50:28.788717 13707 catalog_manager.cc:1510] Loading table and tablet metadata into memory...
I20260608 09:50:28.796573 13707 catalog_manager.cc:1519] Initializing Kudu cluster ID...
I20260608 09:50:28.798036  9568 internal_mini_cluster.cc:184] Waiting to initialize catalog manager on master 0
I20260608 09:50:28.807992 13707 catalog_manager.cc:1382] Generated new cluster ID: 915ffc255b324d8281db754cc0912019
I20260608 09:50:28.808394 13707 catalog_manager.cc:1530] Initializing Kudu internal certificate authority...
I20260608 09:50:28.829015 13707 catalog_manager.cc:1405] Generated new certificate authority record
I20260608 09:50:28.830857 13707 catalog_manager.cc:1539] Loading token signing keys...
I20260608 09:50:28.846777 13707 catalog_manager.cc:6069] T 00000000000000000000000000000000 P 5c8e75d094534653a390419cac6e8618: Generated new TSK 0
I20260608 09:50:28.847589 13707 catalog_manager.cc:1549] Initializing in-progress tserver states...
I20260608 09:50:28.865375  9568 file_cache.cc:492] Constructed file cache file cache with capacity 419430
W20260608 09:50:28.873602 13718 instance_detector.cc:116] could not retrieve AWS instance metadata: Network error: curl error: HTTP response code said error: The requested URL returned error: 404
W20260608 09:50:28.874783 13719 instance_detector.cc:116] could not retrieve Azure instance metadata: Network error: curl error: HTTP response code said error: The requested URL returned error: 404
W20260608 09:50:28.876916 13721 instance_detector.cc:116] could not retrieve OpenStack instance metadata: Network error: curl error: HTTP response code said error: The requested URL returned error: 404
I20260608 09:50:28.877857  9568 server_base.cc:1061] running on GCE node
I20260608 09:50:28.878770  9568 hybrid_clock.cc:584] initializing the hybrid clock with 'system_unsync' time source
W20260608 09:50:28.878962  9568 system_unsync_time.cc:38] NTP support is disabled. Clock error bounds will not be accurate. This configuration is not suitable for distributed clusters.
I20260608 09:50:28.879110  9568 hybrid_clock.cc:648] HybridClock initialized: now 1780912228879098 us; error 0 us; skew 500 ppm
I20260608 09:50:28.879750  9568 server_base.cc:861] Flag tcmalloc_max_total_thread_cache_bytes is not working since tcmalloc is not enabled.
I20260608 09:50:28.883199  9568 webserver.cc:533] Webserver started at http://127.9.88.1:37991/ using document root <none> and password file <none>
I20260608 09:50:28.883719  9568 fs_manager.cc:362] Metadata directory not provided
I20260608 09:50:28.883913  9568 fs_manager.cc:368] Using write-ahead log directory (fs_wal_dir) as metadata directory
I20260608 09:50:28.884168  9568 server_base.cc:909] This appears to be a new deployment of Kudu; creating new FS layout
I20260608 09:50:28.885424  9568 fs_manager.cc:1068] Generated new instance metadata in path /tmp/dist-test-taskWifTF0/test-tmp/auto_rebalancer-test.0.AutoRebalancerTest.NoReplicaMovesIfCannotFixPlacementPolicy.1780912111387434-9568-0/minicluster-data/ts-0-root/instance:
uuid: "44250b87193a4e25a43e42a846f30d33"
format_stamp: "Formatted at 2026-06-08 09:50:28 on dist-test-slave-5lwg"
I20260608 09:50:28.891034  9568 fs_manager.cc:696] Time spent creating directory manager: real 0.005s	user 0.001s	sys 0.003s
I20260608 09:50:28.895344 13726 log_block_manager.cc:4031] Time spent loading block containers with low live blocks: real 0.000s	user 0.000s	sys 0.000s
I20260608 09:50:28.896315  9568 fs_manager.cc:730] Time spent opening block manager: real 0.003s	user 0.003s	sys 0.001s
I20260608 09:50:28.896776  9568 fs_manager.cc:647] Opened local filesystem: /tmp/dist-test-taskWifTF0/test-tmp/auto_rebalancer-test.0.AutoRebalancerTest.NoReplicaMovesIfCannotFixPlacementPolicy.1780912111387434-9568-0/minicluster-data/ts-0-root
uuid: "44250b87193a4e25a43e42a846f30d33"
format_stamp: "Formatted at 2026-06-08 09:50:28 on dist-test-slave-5lwg"
I20260608 09:50:28.897127  9568 fs_report.cc:389] FS layout report
--------------------
wal directory: /tmp/dist-test-taskWifTF0/test-tmp/auto_rebalancer-test.0.AutoRebalancerTest.NoReplicaMovesIfCannotFixPlacementPolicy.1780912111387434-9568-0/minicluster-data/ts-0-root
metadata directory: /tmp/dist-test-taskWifTF0/test-tmp/auto_rebalancer-test.0.AutoRebalancerTest.NoReplicaMovesIfCannotFixPlacementPolicy.1780912111387434-9568-0/minicluster-data/ts-0-root
1 data directories: /tmp/dist-test-taskWifTF0/test-tmp/auto_rebalancer-test.0.AutoRebalancerTest.NoReplicaMovesIfCannotFixPlacementPolicy.1780912111387434-9568-0/minicluster-data/ts-0-root/data
Total live blocks: 0
Total live bytes: 0
Total live bytes (after alignment): 0
Total number of LBM containers: 0 (0 full)
Did not check for missing blocks
Did not check for orphaned blocks
Total full LBM containers with extra space: 0 (0 repaired)
Total full LBM container extra space in bytes: 0 (0 repaired)
Total incomplete LBM containers: 0 (0 repaired)
Total LBM partial records: 0 (0 repaired)
Total corrupted LBM metadata records in RocksDB: 0 (0 repaired)
I20260608 09:50:28.922315  9568 rpc_server.cc:225] running with OpenSSL 1.1.1  11 Sep 2018
I20260608 09:50:28.923710  9568 kserver.cc:163] Server-wide thread pool size limit: 3276
I20260608 09:50:28.925446  9568 txn_system_client.cc:432] TxnSystemClient initialization is disabled...
I20260608 09:50:28.928246  9568 ts_tablet_manager.cc:585] Loaded tablet metadata (0 total tablets, 0 live tablets)
I20260608 09:50:28.928489  9568 ts_tablet_manager.cc:531] Time spent load tablet metadata: real 0.000s	user 0.000s	sys 0.000s
I20260608 09:50:28.928771  9568 ts_tablet_manager.cc:616] Registered 0 tablets
I20260608 09:50:28.928951  9568 ts_tablet_manager.cc:595] Time spent register tablets: real 0.000s	user 0.000s	sys 0.000s
I20260608 09:50:28.984093  9568 rpc_server.cc:307] RPC server started. Bound to: 127.9.88.1:45733
I20260608 09:50:28.984229 13788 acceptor_pool.cc:272] collecting diagnostics on the listening RPC socket 127.9.88.1:45733 every 8 connection(s)
I20260608 09:50:28.992019  9568 file_cache.cc:492] Constructed file cache file cache with capacity 419430
W20260608 09:50:29.003960 13793 instance_detector.cc:116] could not retrieve AWS instance metadata: Network error: curl error: HTTP response code said error: The requested URL returned error: 404
W20260608 09:50:29.006415 13794 instance_detector.cc:116] could not retrieve Azure instance metadata: Network error: curl error: HTTP response code said error: The requested URL returned error: 404
W20260608 09:50:29.008338 13796 instance_detector.cc:116] could not retrieve OpenStack instance metadata: Network error: curl error: HTTP response code said error: The requested URL returned error: 404
I20260608 09:50:29.010030 13789 heartbeater.cc:344] Connected to a master server at 127.9.88.62:44097
I20260608 09:50:29.010704 13789 heartbeater.cc:461] Registering TS with master...
I20260608 09:50:29.011968 13789 heartbeater.cc:507] Master 127.9.88.62:44097 requested a full tablet report, sending...
I20260608 09:50:29.014277  9568 server_base.cc:1061] running on GCE node
I20260608 09:50:29.015662  9568 hybrid_clock.cc:584] initializing the hybrid clock with 'system_unsync' time source
I20260608 09:50:29.015730 13662 ts_manager.cc:194] Registered new tserver with Master: 44250b87193a4e25a43e42a846f30d33 (127.9.88.1:45733)
W20260608 09:50:29.016009  9568 system_unsync_time.cc:38] NTP support is disabled. Clock error bounds will not be accurate. This configuration is not suitable for distributed clusters.
I20260608 09:50:29.016420  9568 hybrid_clock.cc:648] HybridClock initialized: now 1780912229016371 us; error 0 us; skew 500 ppm
I20260608 09:50:29.017299  9568 server_base.cc:861] Flag tcmalloc_max_total_thread_cache_bytes is not working since tcmalloc is not enabled.
I20260608 09:50:29.018388 13662 master_service.cc:502] Signed X509 certificate for tserver {username='slave'} at 127.0.0.1:46954
I20260608 09:50:29.021855  9568 webserver.cc:533] Webserver started at http://127.9.88.2:42221/ using document root <none> and password file <none>
I20260608 09:50:29.022648  9568 fs_manager.cc:362] Metadata directory not provided
I20260608 09:50:29.022894  9568 fs_manager.cc:368] Using write-ahead log directory (fs_wal_dir) as metadata directory
I20260608 09:50:29.023267  9568 server_base.cc:909] This appears to be a new deployment of Kudu; creating new FS layout
I20260608 09:50:29.024922  9568 fs_manager.cc:1068] Generated new instance metadata in path /tmp/dist-test-taskWifTF0/test-tmp/auto_rebalancer-test.0.AutoRebalancerTest.NoReplicaMovesIfCannotFixPlacementPolicy.1780912111387434-9568-0/minicluster-data/ts-1-root/instance:
uuid: "5253c8f07b5f448b82d4443301b1f470"
format_stamp: "Formatted at 2026-06-08 09:50:29 on dist-test-slave-5lwg"
I20260608 09:50:29.031817  9568 fs_manager.cc:696] Time spent creating directory manager: real 0.006s	user 0.009s	sys 0.000s
I20260608 09:50:29.037073 13801 log_block_manager.cc:4031] Time spent loading block containers with low live blocks: real 0.000s	user 0.000s	sys 0.000s
I20260608 09:50:29.038316  9568 fs_manager.cc:730] Time spent opening block manager: real 0.003s	user 0.001s	sys 0.002s
I20260608 09:50:29.038800  9568 fs_manager.cc:647] Opened local filesystem: /tmp/dist-test-taskWifTF0/test-tmp/auto_rebalancer-test.0.AutoRebalancerTest.NoReplicaMovesIfCannotFixPlacementPolicy.1780912111387434-9568-0/minicluster-data/ts-1-root
uuid: "5253c8f07b5f448b82d4443301b1f470"
format_stamp: "Formatted at 2026-06-08 09:50:29 on dist-test-slave-5lwg"
I20260608 09:50:29.039321  9568 fs_report.cc:389] FS layout report
--------------------
wal directory: /tmp/dist-test-taskWifTF0/test-tmp/auto_rebalancer-test.0.AutoRebalancerTest.NoReplicaMovesIfCannotFixPlacementPolicy.1780912111387434-9568-0/minicluster-data/ts-1-root
metadata directory: /tmp/dist-test-taskWifTF0/test-tmp/auto_rebalancer-test.0.AutoRebalancerTest.NoReplicaMovesIfCannotFixPlacementPolicy.1780912111387434-9568-0/minicluster-data/ts-1-root
1 data directories: /tmp/dist-test-taskWifTF0/test-tmp/auto_rebalancer-test.0.AutoRebalancerTest.NoReplicaMovesIfCannotFixPlacementPolicy.1780912111387434-9568-0/minicluster-data/ts-1-root/data
Total live blocks: 0
Total live bytes: 0
Total live bytes (after alignment): 0
Total number of LBM containers: 0 (0 full)
Did not check for missing blocks
Did not check for orphaned blocks
Total full LBM containers with extra space: 0 (0 repaired)
Total full LBM container extra space in bytes: 0 (0 repaired)
Total incomplete LBM containers: 0 (0 repaired)
Total LBM partial records: 0 (0 repaired)
Total corrupted LBM metadata records in RocksDB: 0 (0 repaired)
I20260608 09:50:29.055043  9568 rpc_server.cc:225] running with OpenSSL 1.1.1  11 Sep 2018
I20260608 09:50:29.056763  9568 kserver.cc:163] Server-wide thread pool size limit: 3276
I20260608 09:50:29.059150  9568 txn_system_client.cc:432] TxnSystemClient initialization is disabled...
I20260608 09:50:29.062564  9568 ts_tablet_manager.cc:585] Loaded tablet metadata (0 total tablets, 0 live tablets)
I20260608 09:50:29.062889  9568 ts_tablet_manager.cc:531] Time spent load tablet metadata: real 0.000s	user 0.000s	sys 0.000s
I20260608 09:50:29.063210  9568 ts_tablet_manager.cc:616] Registered 0 tablets
I20260608 09:50:29.063434  9568 ts_tablet_manager.cc:595] Time spent register tablets: real 0.000s	user 0.000s	sys 0.000s
I20260608 09:50:29.121611  9568 rpc_server.cc:307] RPC server started. Bound to: 127.9.88.2:46107
I20260608 09:50:29.121833 13863 acceptor_pool.cc:272] collecting diagnostics on the listening RPC socket 127.9.88.2:46107 every 8 connection(s)
I20260608 09:50:29.128511  9568 file_cache.cc:492] Constructed file cache file cache with capacity 419430
W20260608 09:50:29.140537 13867 instance_detector.cc:116] could not retrieve AWS instance metadata: Network error: curl error: HTTP response code said error: The requested URL returned error: 404
W20260608 09:50:29.141716 13868 instance_detector.cc:116] could not retrieve Azure instance metadata: Network error: curl error: HTTP response code said error: The requested URL returned error: 404
I20260608 09:50:29.144622 13864 heartbeater.cc:344] Connected to a master server at 127.9.88.62:44097
I20260608 09:50:29.145251 13864 heartbeater.cc:461] Registering TS with master...
I20260608 09:50:29.146605 13864 heartbeater.cc:507] Master 127.9.88.62:44097 requested a full tablet report, sending...
W20260608 09:50:29.147529 13870 instance_detector.cc:116] could not retrieve OpenStack instance metadata: Network error: curl error: HTTP response code said error: The requested URL returned error: 404
I20260608 09:50:29.147573  9568 server_base.cc:1061] running on GCE node
I20260608 09:50:29.149200  9568 hybrid_clock.cc:584] initializing the hybrid clock with 'system_unsync' time source
W20260608 09:50:29.149523  9568 system_unsync_time.cc:38] NTP support is disabled. Clock error bounds will not be accurate. This configuration is not suitable for distributed clusters.
I20260608 09:50:29.149772  9568 hybrid_clock.cc:648] HybridClock initialized: now 1780912229149751 us; error 0 us; skew 500 ppm
I20260608 09:50:29.149845 13662 ts_manager.cc:194] Registered new tserver with Master: 5253c8f07b5f448b82d4443301b1f470 (127.9.88.2:46107)
I20260608 09:50:29.150972  9568 server_base.cc:861] Flag tcmalloc_max_total_thread_cache_bytes is not working since tcmalloc is not enabled.
I20260608 09:50:29.151978 13662 master_service.cc:502] Signed X509 certificate for tserver {username='slave'} at 127.0.0.1:46958
I20260608 09:50:29.154896  9568 webserver.cc:533] Webserver started at http://127.9.88.3:35013/ using document root <none> and password file <none>
I20260608 09:50:29.155534  9568 fs_manager.cc:362] Metadata directory not provided
I20260608 09:50:29.155766  9568 fs_manager.cc:368] Using write-ahead log directory (fs_wal_dir) as metadata directory
I20260608 09:50:29.156088  9568 server_base.cc:909] This appears to be a new deployment of Kudu; creating new FS layout
I20260608 09:50:29.157281  9568 fs_manager.cc:1068] Generated new instance metadata in path /tmp/dist-test-taskWifTF0/test-tmp/auto_rebalancer-test.0.AutoRebalancerTest.NoReplicaMovesIfCannotFixPlacementPolicy.1780912111387434-9568-0/minicluster-data/ts-2-root/instance:
uuid: "26323baa3bcb4e1f9217433b2af6a937"
format_stamp: "Formatted at 2026-06-08 09:50:29 on dist-test-slave-5lwg"
I20260608 09:50:29.162925  9568 fs_manager.cc:696] Time spent creating directory manager: real 0.005s	user 0.003s	sys 0.001s
I20260608 09:50:29.167357 13875 log_block_manager.cc:4031] Time spent loading block containers with low live blocks: real 0.000s	user 0.000s	sys 0.000s
I20260608 09:50:29.168569  9568 fs_manager.cc:730] Time spent opening block manager: real 0.003s	user 0.003s	sys 0.001s
I20260608 09:50:29.169006  9568 fs_manager.cc:647] Opened local filesystem: /tmp/dist-test-taskWifTF0/test-tmp/auto_rebalancer-test.0.AutoRebalancerTest.NoReplicaMovesIfCannotFixPlacementPolicy.1780912111387434-9568-0/minicluster-data/ts-2-root
uuid: "26323baa3bcb4e1f9217433b2af6a937"
format_stamp: "Formatted at 2026-06-08 09:50:29 on dist-test-slave-5lwg"
I20260608 09:50:29.169341  9568 fs_report.cc:389] FS layout report
--------------------
wal directory: /tmp/dist-test-taskWifTF0/test-tmp/auto_rebalancer-test.0.AutoRebalancerTest.NoReplicaMovesIfCannotFixPlacementPolicy.1780912111387434-9568-0/minicluster-data/ts-2-root
metadata directory: /tmp/dist-test-taskWifTF0/test-tmp/auto_rebalancer-test.0.AutoRebalancerTest.NoReplicaMovesIfCannotFixPlacementPolicy.1780912111387434-9568-0/minicluster-data/ts-2-root
1 data directories: /tmp/dist-test-taskWifTF0/test-tmp/auto_rebalancer-test.0.AutoRebalancerTest.NoReplicaMovesIfCannotFixPlacementPolicy.1780912111387434-9568-0/minicluster-data/ts-2-root/data
Total live blocks: 0
Total live bytes: 0
Total live bytes (after alignment): 0
Total number of LBM containers: 0 (0 full)
Did not check for missing blocks
Did not check for orphaned blocks
Total full LBM containers with extra space: 0 (0 repaired)
Total full LBM container extra space in bytes: 0 (0 repaired)
Total incomplete LBM containers: 0 (0 repaired)
Total LBM partial records: 0 (0 repaired)
Total corrupted LBM metadata records in RocksDB: 0 (0 repaired)
I20260608 09:50:29.201215  9568 rpc_server.cc:225] running with OpenSSL 1.1.1  11 Sep 2018
I20260608 09:50:29.202638  9568 kserver.cc:163] Server-wide thread pool size limit: 3276
I20260608 09:50:29.204344  9568 txn_system_client.cc:432] TxnSystemClient initialization is disabled...
I20260608 09:50:29.207120  9568 ts_tablet_manager.cc:585] Loaded tablet metadata (0 total tablets, 0 live tablets)
I20260608 09:50:29.207392  9568 ts_tablet_manager.cc:531] Time spent load tablet metadata: real 0.000s	user 0.000s	sys 0.000s
I20260608 09:50:29.207688  9568 ts_tablet_manager.cc:616] Registered 0 tablets
I20260608 09:50:29.207892  9568 ts_tablet_manager.cc:595] Time spent register tablets: real 0.000s	user 0.000s	sys 0.000s
I20260608 09:50:29.257962  9568 rpc_server.cc:307] RPC server started. Bound to: 127.9.88.3:44295
I20260608 09:50:29.258262 13937 acceptor_pool.cc:272] collecting diagnostics on the listening RPC socket 127.9.88.3:44295 every 8 connection(s)
I20260608 09:50:29.276019 13938 heartbeater.cc:344] Connected to a master server at 127.9.88.62:44097
I20260608 09:50:29.276579 13938 heartbeater.cc:461] Registering TS with master...
I20260608 09:50:29.277558 13938 heartbeater.cc:507] Master 127.9.88.62:44097 requested a full tablet report, sending...
I20260608 09:50:29.280269 13662 ts_manager.cc:194] Registered new tserver with Master: 26323baa3bcb4e1f9217433b2af6a937 (127.9.88.3:44295)
I20260608 09:50:29.280787  9568 internal_mini_cluster.cc:371] 3 TS(s) registered with all masters after 0.019092365s
I20260608 09:50:29.282256 13662 master_service.cc:502] Signed X509 certificate for tserver {username='slave'} at 127.0.0.1:46960
I20260608 09:50:29.851789 13662 catalog_manager.cc:2282] Servicing CreateTable request from {username='slave'} at 127.0.0.1:46968:
name: "test-workload"
schema {
  columns {
    name: "key"
    type: INT32
    is_key: true
    is_nullable: false
    encoding: AUTO_ENCODING
    compression: DEFAULT_COMPRESSION
    cfile_block_size: 0
    immutable: false
  }
  columns {
    name: "int_val"
    type: INT32
    is_key: false
    is_nullable: false
    encoding: AUTO_ENCODING
    compression: DEFAULT_COMPRESSION
    cfile_block_size: 0
    immutable: false
  }
  columns {
    name: "string_val"
    type: STRING
    is_key: false
    is_nullable: true
    encoding: AUTO_ENCODING
    compression: DEFAULT_COMPRESSION
    cfile_block_size: 0
    immutable: false
  }
}
num_replicas: 3
split_rows_range_bounds {
}
partition_schema {
  range_schema {
    columns {
      name: "key"
    }
  }
}
W20260608 09:50:29.854415 13662 catalog_manager.cc:7076] The number of live tablet servers is not enough to re-replicate a tablet replica of the newly created table test-workload in case of a server failure: 4 tablet servers would be needed, 3 are available. Consider bringing up more tablet servers.
I20260608 09:50:29.919422 13829 tablet_service.cc:1511] Processing CreateTablet for tablet 34257e1249e04c87b2e916b02b7a146e (DEFAULT_TABLE table=test-workload [id=ea91b7ed76f64fa5a270105be02634ff]), partition=RANGE (key) PARTITION UNBOUNDED
I20260608 09:50:29.920701 13829 data_dirs.cc:400] Could only allocate 1 dirs of requested 3 for tablet 34257e1249e04c87b2e916b02b7a146e. 1 dirs total, 0 dirs full, 0 dirs failed
I20260608 09:50:29.930740 13754 tablet_service.cc:1511] Processing CreateTablet for tablet 34257e1249e04c87b2e916b02b7a146e (DEFAULT_TABLE table=test-workload [id=ea91b7ed76f64fa5a270105be02634ff]), partition=RANGE (key) PARTITION UNBOUNDED
I20260608 09:50:29.931315 13903 tablet_service.cc:1511] Processing CreateTablet for tablet 34257e1249e04c87b2e916b02b7a146e (DEFAULT_TABLE table=test-workload [id=ea91b7ed76f64fa5a270105be02634ff]), partition=RANGE (key) PARTITION UNBOUNDED
I20260608 09:50:29.932535 13754 data_dirs.cc:400] Could only allocate 1 dirs of requested 3 for tablet 34257e1249e04c87b2e916b02b7a146e. 1 dirs total, 0 dirs full, 0 dirs failed
I20260608 09:50:29.933209 13903 data_dirs.cc:400] Could only allocate 1 dirs of requested 3 for tablet 34257e1249e04c87b2e916b02b7a146e. 1 dirs total, 0 dirs full, 0 dirs failed
I20260608 09:50:29.945708 13959 tablet_bootstrap.cc:492] T 34257e1249e04c87b2e916b02b7a146e P 5253c8f07b5f448b82d4443301b1f470: Bootstrap starting.
I20260608 09:50:29.955297 13960 tablet_bootstrap.cc:492] T 34257e1249e04c87b2e916b02b7a146e P 26323baa3bcb4e1f9217433b2af6a937: Bootstrap starting.
I20260608 09:50:29.956427 13959 tablet_bootstrap.cc:654] T 34257e1249e04c87b2e916b02b7a146e P 5253c8f07b5f448b82d4443301b1f470: Neither blocks nor log segments found. Creating new log.
I20260608 09:50:29.957430 13961 tablet_bootstrap.cc:492] T 34257e1249e04c87b2e916b02b7a146e P 44250b87193a4e25a43e42a846f30d33: Bootstrap starting.
I20260608 09:50:29.964232 13959 tablet_bootstrap.cc:492] T 34257e1249e04c87b2e916b02b7a146e P 5253c8f07b5f448b82d4443301b1f470: No bootstrap required, opened a new log
I20260608 09:50:29.964913 13959 ts_tablet_manager.cc:1403] T 34257e1249e04c87b2e916b02b7a146e P 5253c8f07b5f448b82d4443301b1f470: Time spent bootstrapping tablet: real 0.020s	user 0.011s	sys 0.004s
I20260608 09:50:29.965097 13961 tablet_bootstrap.cc:654] T 34257e1249e04c87b2e916b02b7a146e P 44250b87193a4e25a43e42a846f30d33: Neither blocks nor log segments found. Creating new log.
I20260608 09:50:29.965242 13960 tablet_bootstrap.cc:654] T 34257e1249e04c87b2e916b02b7a146e P 26323baa3bcb4e1f9217433b2af6a937: Neither blocks nor log segments found. Creating new log.
I20260608 09:50:29.969250 13959 raft_consensus.cc:359] T 34257e1249e04c87b2e916b02b7a146e P 5253c8f07b5f448b82d4443301b1f470 [term 0 FOLLOWER]: Replica starting. Triggering 0 pending ops. Active config: opid_index: -1 OBSOLETE_local: false peers { permanent_uuid: "5253c8f07b5f448b82d4443301b1f470" member_type: VOTER last_known_addr { host: "127.9.88.2" port: 46107 } } peers { permanent_uuid: "44250b87193a4e25a43e42a846f30d33" member_type: VOTER last_known_addr { host: "127.9.88.1" port: 45733 } } peers { permanent_uuid: "26323baa3bcb4e1f9217433b2af6a937" member_type: VOTER last_known_addr { host: "127.9.88.3" port: 44295 } }
I20260608 09:50:29.970516 13959 raft_consensus.cc:385] T 34257e1249e04c87b2e916b02b7a146e P 5253c8f07b5f448b82d4443301b1f470 [term 0 FOLLOWER]: Consensus starting up: Expiring failure detector timer to make a prompt election more likely
I20260608 09:50:29.971299 13959 raft_consensus.cc:740] T 34257e1249e04c87b2e916b02b7a146e P 5253c8f07b5f448b82d4443301b1f470 [term 0 FOLLOWER]: Becoming Follower/Learner. State: Replica: 5253c8f07b5f448b82d4443301b1f470, State: Initialized, Role: FOLLOWER
I20260608 09:50:29.971904 13961 tablet_bootstrap.cc:492] T 34257e1249e04c87b2e916b02b7a146e P 44250b87193a4e25a43e42a846f30d33: No bootstrap required, opened a new log
I20260608 09:50:29.972514 13961 ts_tablet_manager.cc:1403] T 34257e1249e04c87b2e916b02b7a146e P 44250b87193a4e25a43e42a846f30d33: Time spent bootstrapping tablet: real 0.016s	user 0.013s	sys 0.000s
I20260608 09:50:29.972584 13959 consensus_queue.cc:260] T 34257e1249e04c87b2e916b02b7a146e P 5253c8f07b5f448b82d4443301b1f470 [NON_LEADER]: Queue going to NON_LEADER mode. State: All replicated index: 0, Majority replicated index: 0, Committed index: 0, Last appended: 0.0, Last appended by leader: 0, Current term: 0, Majority size: -1, State: 0, Mode: NON_LEADER, active raft config: opid_index: -1 OBSOLETE_local: false peers { permanent_uuid: "5253c8f07b5f448b82d4443301b1f470" member_type: VOTER last_known_addr { host: "127.9.88.2" port: 46107 } } peers { permanent_uuid: "44250b87193a4e25a43e42a846f30d33" member_type: VOTER last_known_addr { host: "127.9.88.1" port: 45733 } } peers { permanent_uuid: "26323baa3bcb4e1f9217433b2af6a937" member_type: VOTER last_known_addr { host: "127.9.88.3" port: 44295 } }
I20260608 09:50:29.974102 13960 tablet_bootstrap.cc:492] T 34257e1249e04c87b2e916b02b7a146e P 26323baa3bcb4e1f9217433b2af6a937: No bootstrap required, opened a new log
I20260608 09:50:29.974932 13960 ts_tablet_manager.cc:1403] T 34257e1249e04c87b2e916b02b7a146e P 26323baa3bcb4e1f9217433b2af6a937: Time spent bootstrapping tablet: real 0.020s	user 0.012s	sys 0.005s
I20260608 09:50:29.975803 13961 raft_consensus.cc:359] T 34257e1249e04c87b2e916b02b7a146e P 44250b87193a4e25a43e42a846f30d33 [term 0 FOLLOWER]: Replica starting. Triggering 0 pending ops. Active config: opid_index: -1 OBSOLETE_local: false peers { permanent_uuid: "5253c8f07b5f448b82d4443301b1f470" member_type: VOTER last_known_addr { host: "127.9.88.2" port: 46107 } } peers { permanent_uuid: "44250b87193a4e25a43e42a846f30d33" member_type: VOTER last_known_addr { host: "127.9.88.1" port: 45733 } } peers { permanent_uuid: "26323baa3bcb4e1f9217433b2af6a937" member_type: VOTER last_known_addr { host: "127.9.88.3" port: 44295 } }
I20260608 09:50:29.976460 13959 ts_tablet_manager.cc:1434] T 34257e1249e04c87b2e916b02b7a146e P 5253c8f07b5f448b82d4443301b1f470: Time spent starting tablet: real 0.011s	user 0.012s	sys 0.000s
I20260608 09:50:29.976727 13961 raft_consensus.cc:385] T 34257e1249e04c87b2e916b02b7a146e P 44250b87193a4e25a43e42a846f30d33 [term 0 FOLLOWER]: Consensus starting up: Expiring failure detector timer to make a prompt election more likely
I20260608 09:50:29.977183 13961 raft_consensus.cc:740] T 34257e1249e04c87b2e916b02b7a146e P 44250b87193a4e25a43e42a846f30d33 [term 0 FOLLOWER]: Becoming Follower/Learner. State: Replica: 44250b87193a4e25a43e42a846f30d33, State: Initialized, Role: FOLLOWER
I20260608 09:50:29.977684 13864 heartbeater.cc:499] Master 127.9.88.62:44097 was elected leader, sending a full tablet report...
I20260608 09:50:29.978098 13961 consensus_queue.cc:260] T 34257e1249e04c87b2e916b02b7a146e P 44250b87193a4e25a43e42a846f30d33 [NON_LEADER]: Queue going to NON_LEADER mode. State: All replicated index: 0, Majority replicated index: 0, Committed index: 0, Last appended: 0.0, Last appended by leader: 0, Current term: 0, Majority size: -1, State: 0, Mode: NON_LEADER, active raft config: opid_index: -1 OBSOLETE_local: false peers { permanent_uuid: "5253c8f07b5f448b82d4443301b1f470" member_type: VOTER last_known_addr { host: "127.9.88.2" port: 46107 } } peers { permanent_uuid: "44250b87193a4e25a43e42a846f30d33" member_type: VOTER last_known_addr { host: "127.9.88.1" port: 45733 } } peers { permanent_uuid: "26323baa3bcb4e1f9217433b2af6a937" member_type: VOTER last_known_addr { host: "127.9.88.3" port: 44295 } }
I20260608 09:50:29.980067 13960 raft_consensus.cc:359] T 34257e1249e04c87b2e916b02b7a146e P 26323baa3bcb4e1f9217433b2af6a937 [term 0 FOLLOWER]: Replica starting. Triggering 0 pending ops. Active config: opid_index: -1 OBSOLETE_local: false peers { permanent_uuid: "5253c8f07b5f448b82d4443301b1f470" member_type: VOTER last_known_addr { host: "127.9.88.2" port: 46107 } } peers { permanent_uuid: "44250b87193a4e25a43e42a846f30d33" member_type: VOTER last_known_addr { host: "127.9.88.1" port: 45733 } } peers { permanent_uuid: "26323baa3bcb4e1f9217433b2af6a937" member_type: VOTER last_known_addr { host: "127.9.88.3" port: 44295 } }
I20260608 09:50:29.980989 13789 heartbeater.cc:499] Master 127.9.88.62:44097 was elected leader, sending a full tablet report...
I20260608 09:50:29.981202 13960 raft_consensus.cc:385] T 34257e1249e04c87b2e916b02b7a146e P 26323baa3bcb4e1f9217433b2af6a937 [term 0 FOLLOWER]: Consensus starting up: Expiring failure detector timer to make a prompt election more likely
I20260608 09:50:29.981729 13960 raft_consensus.cc:740] T 34257e1249e04c87b2e916b02b7a146e P 26323baa3bcb4e1f9217433b2af6a937 [term 0 FOLLOWER]: Becoming Follower/Learner. State: Replica: 26323baa3bcb4e1f9217433b2af6a937, State: Initialized, Role: FOLLOWER
I20260608 09:50:29.982941 13961 ts_tablet_manager.cc:1434] T 34257e1249e04c87b2e916b02b7a146e P 44250b87193a4e25a43e42a846f30d33: Time spent starting tablet: real 0.010s	user 0.010s	sys 0.000s
I20260608 09:50:29.982795 13960 consensus_queue.cc:260] T 34257e1249e04c87b2e916b02b7a146e P 26323baa3bcb4e1f9217433b2af6a937 [NON_LEADER]: Queue going to NON_LEADER mode. State: All replicated index: 0, Majority replicated index: 0, Committed index: 0, Last appended: 0.0, Last appended by leader: 0, Current term: 0, Majority size: -1, State: 0, Mode: NON_LEADER, active raft config: opid_index: -1 OBSOLETE_local: false peers { permanent_uuid: "5253c8f07b5f448b82d4443301b1f470" member_type: VOTER last_known_addr { host: "127.9.88.2" port: 46107 } } peers { permanent_uuid: "44250b87193a4e25a43e42a846f30d33" member_type: VOTER last_known_addr { host: "127.9.88.1" port: 45733 } } peers { permanent_uuid: "26323baa3bcb4e1f9217433b2af6a937" member_type: VOTER last_known_addr { host: "127.9.88.3" port: 44295 } }
I20260608 09:50:29.986617 13938 heartbeater.cc:499] Master 127.9.88.62:44097 was elected leader, sending a full tablet report...
I20260608 09:50:29.987217 13960 ts_tablet_manager.cc:1434] T 34257e1249e04c87b2e916b02b7a146e P 26323baa3bcb4e1f9217433b2af6a937: Time spent starting tablet: real 0.012s	user 0.008s	sys 0.001s
W20260608 09:50:29.991750 13790 tablet.cc:2404] T 34257e1249e04c87b2e916b02b7a146e P 44250b87193a4e25a43e42a846f30d33: Can't schedule compaction. Clean time has not been advanced past its initial value.
I20260608 09:50:30.005918 13966 raft_consensus.cc:493] T 34257e1249e04c87b2e916b02b7a146e P 44250b87193a4e25a43e42a846f30d33 [term 0 FOLLOWER]: Starting pre-election (no leader contacted us within the election timeout)
I20260608 09:50:30.006659 13966 raft_consensus.cc:515] T 34257e1249e04c87b2e916b02b7a146e P 44250b87193a4e25a43e42a846f30d33 [term 0 FOLLOWER]: Starting pre-election with config: opid_index: -1 OBSOLETE_local: false peers { permanent_uuid: "5253c8f07b5f448b82d4443301b1f470" member_type: VOTER last_known_addr { host: "127.9.88.2" port: 46107 } } peers { permanent_uuid: "44250b87193a4e25a43e42a846f30d33" member_type: VOTER last_known_addr { host: "127.9.88.1" port: 45733 } } peers { permanent_uuid: "26323baa3bcb4e1f9217433b2af6a937" member_type: VOTER last_known_addr { host: "127.9.88.3" port: 44295 } }
I20260608 09:50:30.009791 13966 leader_election.cc:290] T 34257e1249e04c87b2e916b02b7a146e P 44250b87193a4e25a43e42a846f30d33 [CANDIDATE]: Term 1 pre-election: Requested pre-vote from peers 5253c8f07b5f448b82d4443301b1f470 (127.9.88.2:46107), 26323baa3bcb4e1f9217433b2af6a937 (127.9.88.3:44295)
I20260608 09:50:30.028483 13913 tablet_service.cc:1917] Received RequestConsensusVote() RPC: tablet_id: "34257e1249e04c87b2e916b02b7a146e" candidate_uuid: "44250b87193a4e25a43e42a846f30d33" candidate_term: 1 candidate_status { last_received { term: 0 index: 0 } } ignore_live_leader: false dest_uuid: "26323baa3bcb4e1f9217433b2af6a937" is_pre_election: true
I20260608 09:50:30.028541 13839 tablet_service.cc:1917] Received RequestConsensusVote() RPC: tablet_id: "34257e1249e04c87b2e916b02b7a146e" candidate_uuid: "44250b87193a4e25a43e42a846f30d33" candidate_term: 1 candidate_status { last_received { term: 0 index: 0 } } ignore_live_leader: false dest_uuid: "5253c8f07b5f448b82d4443301b1f470" is_pre_election: true
I20260608 09:50:30.029417 13913 raft_consensus.cc:2468] T 34257e1249e04c87b2e916b02b7a146e P 26323baa3bcb4e1f9217433b2af6a937 [term 0 FOLLOWER]: Leader pre-election vote request: Granting yes vote for candidate 44250b87193a4e25a43e42a846f30d33 in term 0.
I20260608 09:50:30.029604 13839 raft_consensus.cc:2468] T 34257e1249e04c87b2e916b02b7a146e P 5253c8f07b5f448b82d4443301b1f470 [term 0 FOLLOWER]: Leader pre-election vote request: Granting yes vote for candidate 44250b87193a4e25a43e42a846f30d33 in term 0.
I20260608 09:50:30.031512 13729 leader_election.cc:304] T 34257e1249e04c87b2e916b02b7a146e P 44250b87193a4e25a43e42a846f30d33 [CANDIDATE]: Term 1 pre-election: Election decided. Result: candidate won. Election summary: received 2 responses out of 3 voters: 2 yes votes; 0 no votes. yes voters: 26323baa3bcb4e1f9217433b2af6a937, 44250b87193a4e25a43e42a846f30d33; no voters: 
I20260608 09:50:30.032637 13966 raft_consensus.cc:2804] T 34257e1249e04c87b2e916b02b7a146e P 44250b87193a4e25a43e42a846f30d33 [term 0 FOLLOWER]: Leader pre-election won for term 1
I20260608 09:50:30.033134 13966 raft_consensus.cc:493] T 34257e1249e04c87b2e916b02b7a146e P 44250b87193a4e25a43e42a846f30d33 [term 0 FOLLOWER]: Starting leader election (no leader contacted us within the election timeout)
I20260608 09:50:30.033573 13966 raft_consensus.cc:3060] T 34257e1249e04c87b2e916b02b7a146e P 44250b87193a4e25a43e42a846f30d33 [term 0 FOLLOWER]: Advancing to term 1
I20260608 09:50:30.041585 13966 raft_consensus.cc:515] T 34257e1249e04c87b2e916b02b7a146e P 44250b87193a4e25a43e42a846f30d33 [term 1 FOLLOWER]: Starting leader election with config: opid_index: -1 OBSOLETE_local: false peers { permanent_uuid: "5253c8f07b5f448b82d4443301b1f470" member_type: VOTER last_known_addr { host: "127.9.88.2" port: 46107 } } peers { permanent_uuid: "44250b87193a4e25a43e42a846f30d33" member_type: VOTER last_known_addr { host: "127.9.88.1" port: 45733 } } peers { permanent_uuid: "26323baa3bcb4e1f9217433b2af6a937" member_type: VOTER last_known_addr { host: "127.9.88.3" port: 44295 } }
I20260608 09:50:30.044474 13966 leader_election.cc:290] T 34257e1249e04c87b2e916b02b7a146e P 44250b87193a4e25a43e42a846f30d33 [CANDIDATE]: Term 1 election: Requested vote from peers 5253c8f07b5f448b82d4443301b1f470 (127.9.88.2:46107), 26323baa3bcb4e1f9217433b2af6a937 (127.9.88.3:44295)
I20260608 09:50:30.045153 13839 tablet_service.cc:1917] Received RequestConsensusVote() RPC: tablet_id: "34257e1249e04c87b2e916b02b7a146e" candidate_uuid: "44250b87193a4e25a43e42a846f30d33" candidate_term: 1 candidate_status { last_received { term: 0 index: 0 } } ignore_live_leader: false dest_uuid: "5253c8f07b5f448b82d4443301b1f470"
I20260608 09:50:30.045324 13913 tablet_service.cc:1917] Received RequestConsensusVote() RPC: tablet_id: "34257e1249e04c87b2e916b02b7a146e" candidate_uuid: "44250b87193a4e25a43e42a846f30d33" candidate_term: 1 candidate_status { last_received { term: 0 index: 0 } } ignore_live_leader: false dest_uuid: "26323baa3bcb4e1f9217433b2af6a937"
I20260608 09:50:30.045908 13839 raft_consensus.cc:3060] T 34257e1249e04c87b2e916b02b7a146e P 5253c8f07b5f448b82d4443301b1f470 [term 0 FOLLOWER]: Advancing to term 1
I20260608 09:50:30.046228 13913 raft_consensus.cc:3060] T 34257e1249e04c87b2e916b02b7a146e P 26323baa3bcb4e1f9217433b2af6a937 [term 0 FOLLOWER]: Advancing to term 1
I20260608 09:50:30.052551 13913 raft_consensus.cc:2468] T 34257e1249e04c87b2e916b02b7a146e P 26323baa3bcb4e1f9217433b2af6a937 [term 1 FOLLOWER]: Leader election vote request: Granting yes vote for candidate 44250b87193a4e25a43e42a846f30d33 in term 1.
I20260608 09:50:30.052551 13839 raft_consensus.cc:2468] T 34257e1249e04c87b2e916b02b7a146e P 5253c8f07b5f448b82d4443301b1f470 [term 1 FOLLOWER]: Leader election vote request: Granting yes vote for candidate 44250b87193a4e25a43e42a846f30d33 in term 1.
I20260608 09:50:30.054036 13730 leader_election.cc:304] T 34257e1249e04c87b2e916b02b7a146e P 44250b87193a4e25a43e42a846f30d33 [CANDIDATE]: Term 1 election: Election decided. Result: candidate won. Election summary: received 2 responses out of 3 voters: 2 yes votes; 0 no votes. yes voters: 44250b87193a4e25a43e42a846f30d33, 5253c8f07b5f448b82d4443301b1f470; no voters: 
I20260608 09:50:30.054950 13966 raft_consensus.cc:2804] T 34257e1249e04c87b2e916b02b7a146e P 44250b87193a4e25a43e42a846f30d33 [term 1 FOLLOWER]: Leader election won for term 1
I20260608 09:50:30.056562 13966 raft_consensus.cc:697] T 34257e1249e04c87b2e916b02b7a146e P 44250b87193a4e25a43e42a846f30d33 [term 1 LEADER]: Becoming Leader. State: Replica: 44250b87193a4e25a43e42a846f30d33, State: Running, Role: LEADER
I20260608 09:50:30.057442 13966 consensus_queue.cc:237] T 34257e1249e04c87b2e916b02b7a146e P 44250b87193a4e25a43e42a846f30d33 [LEADER]: Queue going to LEADER mode. State: All replicated index: 0, Majority replicated index: 0, Committed index: 0, Last appended: 0.0, Last appended by leader: 0, Current term: 1, Majority size: 2, State: 0, Mode: LEADER, active raft config: opid_index: -1 OBSOLETE_local: false peers { permanent_uuid: "5253c8f07b5f448b82d4443301b1f470" member_type: VOTER last_known_addr { host: "127.9.88.2" port: 46107 } } peers { permanent_uuid: "44250b87193a4e25a43e42a846f30d33" member_type: VOTER last_known_addr { host: "127.9.88.1" port: 45733 } } peers { permanent_uuid: "26323baa3bcb4e1f9217433b2af6a937" member_type: VOTER last_known_addr { host: "127.9.88.3" port: 44295 } }
I20260608 09:50:30.068408 13660 catalog_manager.cc:5696] T 34257e1249e04c87b2e916b02b7a146e P 44250b87193a4e25a43e42a846f30d33 reported cstate change: term changed from 0 to 1, leader changed from <none> to 44250b87193a4e25a43e42a846f30d33 (127.9.88.1). New cstate: current_term: 1 leader_uuid: "44250b87193a4e25a43e42a846f30d33" committed_config { opid_index: -1 OBSOLETE_local: false peers { permanent_uuid: "5253c8f07b5f448b82d4443301b1f470" member_type: VOTER last_known_addr { host: "127.9.88.2" port: 46107 } health_report { overall_health: UNKNOWN } } peers { permanent_uuid: "44250b87193a4e25a43e42a846f30d33" member_type: VOTER last_known_addr { host: "127.9.88.1" port: 45733 } health_report { overall_health: HEALTHY } } peers { permanent_uuid: "26323baa3bcb4e1f9217433b2af6a937" member_type: VOTER last_known_addr { host: "127.9.88.3" port: 44295 } health_report { overall_health: UNKNOWN } } }
I20260608 09:50:30.520295 13966 consensus_queue.cc:1048] T 34257e1249e04c87b2e916b02b7a146e P 44250b87193a4e25a43e42a846f30d33 [LEADER]: Connected to new peer: Peer: permanent_uuid: "26323baa3bcb4e1f9217433b2af6a937" member_type: VOTER last_known_addr { host: "127.9.88.3" port: 44295 }, Status: LMP_MISMATCH, Last received: 0.0, Next index: 1, Last known committed idx: 0, Time since last communication: 0.000s
I20260608 09:50:30.539986 13966 consensus_queue.cc:1048] T 34257e1249e04c87b2e916b02b7a146e P 44250b87193a4e25a43e42a846f30d33 [LEADER]: Connected to new peer: Peer: permanent_uuid: "5253c8f07b5f448b82d4443301b1f470" member_type: VOTER last_known_addr { host: "127.9.88.2" port: 46107 }, Status: LMP_MISMATCH, Last received: 0.0, Next index: 1, Last known committed idx: 0, Time since last communication: 0.001s
I20260608 09:50:30.795506 13710 placement_policy_util.cc:407] tablet 34257e1249e04c87b2e916b02b7a146e: detected majority of replicas (2 of 3) at location L0
I20260608 09:50:30.796844 13715 auto_leader_rebalancer.cc:140] leader rebalance for table test-workload
I20260608 09:50:30.798578 13715 auto_leader_rebalancer.cc:388] table: test-workload, leader rebalance finish, leader transfer count: 0
I20260608 09:50:30.798998 13715 auto_leader_rebalancer.cc:451] All tables' leader rebalancing finished this round
I20260608 09:50:31.806458 13710 placement_policy_util.cc:407] tablet 34257e1249e04c87b2e916b02b7a146e: detected majority of replicas (2 of 3) at location L0
I20260608 09:50:32.800323 13715 auto_leader_rebalancer.cc:140] leader rebalance for table test-workload
I20260608 09:50:32.802198 13715 auto_leader_rebalancer.cc:388] table: test-workload, leader rebalance finish, leader transfer count: 0
I20260608 09:50:32.802562 13715 auto_leader_rebalancer.cc:451] All tables' leader rebalancing finished this round
I20260608 09:50:32.817250 13710 placement_policy_util.cc:407] tablet 34257e1249e04c87b2e916b02b7a146e: detected majority of replicas (2 of 3) at location L0
I20260608 09:50:33.827656 13710 placement_policy_util.cc:407] tablet 34257e1249e04c87b2e916b02b7a146e: detected majority of replicas (2 of 3) at location L0
I20260608 09:50:34.803565 13715 auto_leader_rebalancer.cc:140] leader rebalance for table test-workload
I20260608 09:50:34.805161 13715 auto_leader_rebalancer.cc:388] table: test-workload, leader rebalance finish, leader transfer count: 0
I20260608 09:50:34.805552 13715 auto_leader_rebalancer.cc:451] All tables' leader rebalancing finished this round
I20260608 09:50:34.837872 13710 placement_policy_util.cc:407] tablet 34257e1249e04c87b2e916b02b7a146e: detected majority of replicas (2 of 3) at location L0
I20260608 09:50:35.848220 13710 placement_policy_util.cc:407] tablet 34257e1249e04c87b2e916b02b7a146e: detected majority of replicas (2 of 3) at location L0
I20260608 09:50:36.806878 13715 auto_leader_rebalancer.cc:140] leader rebalance for table test-workload
I20260608 09:50:36.808544 13715 auto_leader_rebalancer.cc:388] table: test-workload, leader rebalance finish, leader transfer count: 0
I20260608 09:50:36.808920 13715 auto_leader_rebalancer.cc:451] All tables' leader rebalancing finished this round
I20260608 09:50:36.858494 13710 placement_policy_util.cc:407] tablet 34257e1249e04c87b2e916b02b7a146e: detected majority of replicas (2 of 3) at location L0
I20260608 09:50:37.868108 13710 placement_policy_util.cc:407] tablet 34257e1249e04c87b2e916b02b7a146e: detected majority of replicas (2 of 3) at location L0
I20260608 09:50:38.810087 13715 auto_leader_rebalancer.cc:140] leader rebalance for table test-workload
I20260608 09:50:38.811589 13715 auto_leader_rebalancer.cc:388] table: test-workload, leader rebalance finish, leader transfer count: 0
I20260608 09:50:38.811969 13715 auto_leader_rebalancer.cc:451] All tables' leader rebalancing finished this round
I20260608 09:50:38.878165 13710 placement_policy_util.cc:407] tablet 34257e1249e04c87b2e916b02b7a146e: detected majority of replicas (2 of 3) at location L0
I20260608 09:50:39.886750 13710 placement_policy_util.cc:407] tablet 34257e1249e04c87b2e916b02b7a146e: detected majority of replicas (2 of 3) at location L0
I20260608 09:50:40.813233 13715 auto_leader_rebalancer.cc:140] leader rebalance for table test-workload
I20260608 09:50:40.814986 13715 auto_leader_rebalancer.cc:388] table: test-workload, leader rebalance finish, leader transfer count: 0
I20260608 09:50:40.815343 13715 auto_leader_rebalancer.cc:451] All tables' leader rebalancing finished this round
I20260608 09:50:40.894773 13710 placement_policy_util.cc:407] tablet 34257e1249e04c87b2e916b02b7a146e: detected majority of replicas (2 of 3) at location L0
I20260608 09:50:41.185432  9568 tablet_server.cc:179] TabletServer@127.9.88.1:0 shutting down...
I20260608 09:50:41.220359  9568 ts_tablet_manager.cc:1507] Shutting down tablet manager...
I20260608 09:50:41.221449  9568 tablet_replica.cc:333] T 34257e1249e04c87b2e916b02b7a146e P 44250b87193a4e25a43e42a846f30d33: stopping tablet replica
I20260608 09:50:41.222172  9568 raft_consensus.cc:2243] T 34257e1249e04c87b2e916b02b7a146e P 44250b87193a4e25a43e42a846f30d33 [term 1 LEADER]: Raft consensus shutting down.
I20260608 09:50:41.223577  9568 raft_consensus.cc:2272] T 34257e1249e04c87b2e916b02b7a146e P 44250b87193a4e25a43e42a846f30d33 [term 1 FOLLOWER]: Raft consensus is shut down!
I20260608 09:50:41.248243  9568 tablet_server.cc:196] TabletServer@127.9.88.1:0 shutdown complete.
I20260608 09:50:41.265365  9568 tablet_server.cc:179] TabletServer@127.9.88.2:0 shutting down...
I20260608 09:50:41.297202  9568 ts_tablet_manager.cc:1507] Shutting down tablet manager...
I20260608 09:50:41.298097  9568 tablet_replica.cc:333] T 34257e1249e04c87b2e916b02b7a146e P 5253c8f07b5f448b82d4443301b1f470: stopping tablet replica
I20260608 09:50:41.298666  9568 raft_consensus.cc:2243] T 34257e1249e04c87b2e916b02b7a146e P 5253c8f07b5f448b82d4443301b1f470 [term 1 FOLLOWER]: Raft consensus shutting down.
I20260608 09:50:41.299180  9568 raft_consensus.cc:2272] T 34257e1249e04c87b2e916b02b7a146e P 5253c8f07b5f448b82d4443301b1f470 [term 1 FOLLOWER]: Raft consensus is shut down!
I20260608 09:50:41.321058  9568 tablet_server.cc:196] TabletServer@127.9.88.2:0 shutdown complete.
I20260608 09:50:41.336615  9568 tablet_server.cc:179] TabletServer@127.9.88.3:0 shutting down...
I20260608 09:50:41.368721  9568 ts_tablet_manager.cc:1507] Shutting down tablet manager...
I20260608 09:50:41.369568  9568 tablet_replica.cc:333] T 34257e1249e04c87b2e916b02b7a146e P 26323baa3bcb4e1f9217433b2af6a937: stopping tablet replica
I20260608 09:50:41.370294  9568 raft_consensus.cc:2243] T 34257e1249e04c87b2e916b02b7a146e P 26323baa3bcb4e1f9217433b2af6a937 [term 1 FOLLOWER]: Raft consensus shutting down.
I20260608 09:50:41.370970  9568 raft_consensus.cc:2272] T 34257e1249e04c87b2e916b02b7a146e P 26323baa3bcb4e1f9217433b2af6a937 [term 1 FOLLOWER]: Raft consensus is shut down!
I20260608 09:50:41.392944  9568 tablet_server.cc:196] TabletServer@127.9.88.3:0 shutdown complete.
I20260608 09:50:41.407045  9568 master.cc:562] Master@127.9.88.62:44097 shutting down...
