I20260608 09:50:17.416865 25826 consensus_queue.cc:260] T febe676f04c746f7b205f4235d8ebfd3 P 9f8fd24edfb54c26bcb4e31a4f6ec3fc [NON_LEADER]: Queue going to NON_LEADER mode. State: All replicated index: 0, Majority replicated index: 0, Committed index: 0, Last appended: 0.0, Last appended by leader: 0, Current term: 0, Majority size: -1, State: 0, Mode: NON_LEADER, active raft config: opid_index: -1 OBSOLETE_local: false peers { permanent_uuid: "61e6f4f27b7941898dd9324621922828" member_type: VOTER last_known_addr { host: "127.20.162.129" port: 35807 } } peers { permanent_uuid: "9f8fd24edfb54c26bcb4e31a4f6ec3fc" member_type: VOTER last_known_addr { host: "127.20.162.130" port: 40131 } } peers { permanent_uuid: "fbf96578f7a24c38ba009ea6dd9abdce" member_type: VOTER last_known_addr { host: "127.20.162.131" port: 38267 } }
I20260608 09:50:17.419051 25825 tablet_bootstrap.cc:492] T 1f3c38941e3543f096ed4301b4f6de62 P fbf96578f7a24c38ba009ea6dd9abdce: No bootstrap required, opened a new log
I20260608 09:50:17.419184 25826 ts_tablet_manager.cc:1434] T febe676f04c746f7b205f4235d8ebfd3 P 9f8fd24edfb54c26bcb4e31a4f6ec3fc: Time spent starting tablet: real 0.007s	user 0.007s	sys 0.000s
I20260608 09:50:17.419284 25824 raft_consensus.cc:740] T 9434300390264eecb0b3f06c3e2b2fc4 P 61e6f4f27b7941898dd9324621922828 [term 0 FOLLOWER]: Becoming Follower/Learner. State: Replica: 61e6f4f27b7941898dd9324621922828, State: Initialized, Role: FOLLOWER
I20260608 09:50:17.419646 25825 ts_tablet_manager.cc:1403] T 1f3c38941e3543f096ed4301b4f6de62 P fbf96578f7a24c38ba009ea6dd9abdce: Time spent bootstrapping tablet: real 0.041s	user 0.013s	sys 0.000s
I20260608 09:50:17.420320 25826 tablet_bootstrap.cc:492] T 1f3c38941e3543f096ed4301b4f6de62 P 9f8fd24edfb54c26bcb4e31a4f6ec3fc: Bootstrap starting.
I20260608 09:50:17.420238 25824 consensus_queue.cc:260] T 9434300390264eecb0b3f06c3e2b2fc4 P 61e6f4f27b7941898dd9324621922828 [NON_LEADER]: Queue going to NON_LEADER mode. State: All replicated index: 0, Majority replicated index: 0, Committed index: 0, Last appended: 0.0, Last appended by leader: 0, Current term: 0, Majority size: -1, State: 0, Mode: NON_LEADER, active raft config: opid_index: -1 OBSOLETE_local: false peers { permanent_uuid: "61e6f4f27b7941898dd9324621922828" member_type: VOTER last_known_addr { host: "127.20.162.129" port: 35807 } } peers { permanent_uuid: "9f8fd24edfb54c26bcb4e31a4f6ec3fc" member_type: VOTER last_known_addr { host: "127.20.162.130" port: 40131 } } peers { permanent_uuid: "fbf96578f7a24c38ba009ea6dd9abdce" member_type: VOTER last_known_addr { host: "127.20.162.131" port: 38267 } }
I20260608 09:50:17.422544 25825 raft_consensus.cc:359] T 1f3c38941e3543f096ed4301b4f6de62 P fbf96578f7a24c38ba009ea6dd9abdce [term 0 FOLLOWER]: Replica starting. Triggering 0 pending ops. Active config: opid_index: -1 OBSOLETE_local: false peers { permanent_uuid: "61e6f4f27b7941898dd9324621922828" member_type: VOTER last_known_addr { host: "127.20.162.129" port: 35807 } } peers { permanent_uuid: "9f8fd24edfb54c26bcb4e31a4f6ec3fc" member_type: VOTER last_known_addr { host: "127.20.162.130" port: 40131 } } peers { permanent_uuid: "fbf96578f7a24c38ba009ea6dd9abdce" member_type: VOTER last_known_addr { host: "127.20.162.131" port: 38267 } }
I20260608 09:50:17.423251 25825 raft_consensus.cc:385] T 1f3c38941e3543f096ed4301b4f6de62 P fbf96578f7a24c38ba009ea6dd9abdce [term 0 FOLLOWER]: Consensus starting up: Expiring failure detector timer to make a prompt election more likely
I20260608 09:50:17.423529 25825 raft_consensus.cc:740] T 1f3c38941e3543f096ed4301b4f6de62 P fbf96578f7a24c38ba009ea6dd9abdce [term 0 FOLLOWER]: Becoming Follower/Learner. State: Replica: fbf96578f7a24c38ba009ea6dd9abdce, State: Initialized, Role: FOLLOWER
I20260608 09:50:17.424417 25825 consensus_queue.cc:260] T 1f3c38941e3543f096ed4301b4f6de62 P fbf96578f7a24c38ba009ea6dd9abdce [NON_LEADER]: Queue going to NON_LEADER mode. State: All replicated index: 0, Majority replicated index: 0, Committed index: 0, Last appended: 0.0, Last appended by leader: 0, Current term: 0, Majority size: -1, State: 0, Mode: NON_LEADER, active raft config: opid_index: -1 OBSOLETE_local: false peers { permanent_uuid: "61e6f4f27b7941898dd9324621922828" member_type: VOTER last_known_addr { host: "127.20.162.129" port: 35807 } } peers { permanent_uuid: "9f8fd24edfb54c26bcb4e31a4f6ec3fc" member_type: VOTER last_known_addr { host: "127.20.162.130" port: 40131 } } peers { permanent_uuid: "fbf96578f7a24c38ba009ea6dd9abdce" member_type: VOTER last_known_addr { host: "127.20.162.131" port: 38267 } }
I20260608 09:50:17.425500 25824 ts_tablet_manager.cc:1434] T 9434300390264eecb0b3f06c3e2b2fc4 P 61e6f4f27b7941898dd9324621922828: Time spent starting tablet: real 0.012s	user 0.001s	sys 0.005s
I20260608 09:50:17.426570 25824 tablet_bootstrap.cc:492] T 9f97824cfaf9432b88a28aa757bfc33a P 61e6f4f27b7941898dd9324621922828: Bootstrap starting.
I20260608 09:50:17.428268 25826 tablet_bootstrap.cc:654] T 1f3c38941e3543f096ed4301b4f6de62 P 9f8fd24edfb54c26bcb4e31a4f6ec3fc: Neither blocks nor log segments found. Creating new log.
I20260608 09:50:17.433454 25824 tablet_bootstrap.cc:654] T 9f97824cfaf9432b88a28aa757bfc33a P 61e6f4f27b7941898dd9324621922828: Neither blocks nor log segments found. Creating new log.
I20260608 09:50:17.436199 25825 ts_tablet_manager.cc:1434] T 1f3c38941e3543f096ed4301b4f6de62 P fbf96578f7a24c38ba009ea6dd9abdce: Time spent starting tablet: real 0.016s	user 0.006s	sys 0.000s
I20260608 09:50:17.437274 25825 tablet_bootstrap.cc:492] T 1a043954b1ea45d5a64beec82feedbcd P fbf96578f7a24c38ba009ea6dd9abdce: Bootstrap starting.
I20260608 09:50:17.444476 25825 tablet_bootstrap.cc:654] T 1a043954b1ea45d5a64beec82feedbcd P fbf96578f7a24c38ba009ea6dd9abdce: Neither blocks nor log segments found. Creating new log.
I20260608 09:50:17.447513 25855 raft_consensus.cc:493] T febe676f04c746f7b205f4235d8ebfd3 P 9f8fd24edfb54c26bcb4e31a4f6ec3fc [term 0 FOLLOWER]: Starting pre-election (no leader contacted us within the election timeout)
I20260608 09:50:17.448174 25855 raft_consensus.cc:515] T febe676f04c746f7b205f4235d8ebfd3 P 9f8fd24edfb54c26bcb4e31a4f6ec3fc [term 0 FOLLOWER]: Starting pre-election with config: opid_index: -1 OBSOLETE_local: false peers { permanent_uuid: "61e6f4f27b7941898dd9324621922828" member_type: VOTER last_known_addr { host: "127.20.162.129" port: 35807 } } peers { permanent_uuid: "9f8fd24edfb54c26bcb4e31a4f6ec3fc" member_type: VOTER last_known_addr { host: "127.20.162.130" port: 40131 } } peers { permanent_uuid: "fbf96578f7a24c38ba009ea6dd9abdce" member_type: VOTER last_known_addr { host: "127.20.162.131" port: 38267 } }
I20260608 09:50:17.449872 25824 tablet_bootstrap.cc:492] T 9f97824cfaf9432b88a28aa757bfc33a P 61e6f4f27b7941898dd9324621922828: No bootstrap required, opened a new log
I20260608 09:50:17.450387 25824 ts_tablet_manager.cc:1403] T 9f97824cfaf9432b88a28aa757bfc33a P 61e6f4f27b7941898dd9324621922828: Time spent bootstrapping tablet: real 0.024s	user 0.016s	sys 0.004s
I20260608 09:50:17.450783 25826 tablet_bootstrap.cc:492] T 1f3c38941e3543f096ed4301b4f6de62 P 9f8fd24edfb54c26bcb4e31a4f6ec3fc: No bootstrap required, opened a new log
I20260608 09:50:17.451352 25826 ts_tablet_manager.cc:1403] T 1f3c38941e3543f096ed4301b4f6de62 P 9f8fd24edfb54c26bcb4e31a4f6ec3fc: Time spent bootstrapping tablet: real 0.031s	user 0.017s	sys 0.000s
I20260608 09:50:17.452983 25777 tablet_service.cc:1917] Received RequestConsensusVote() RPC: tablet_id: "febe676f04c746f7b205f4235d8ebfd3" candidate_uuid: "9f8fd24edfb54c26bcb4e31a4f6ec3fc" candidate_term: 1 candidate_status { last_received { term: 0 index: 0 } } ignore_live_leader: false dest_uuid: "fbf96578f7a24c38ba009ea6dd9abdce" is_pre_election: true
I20260608 09:50:17.453209 25824 raft_consensus.cc:359] T 9f97824cfaf9432b88a28aa757bfc33a P 61e6f4f27b7941898dd9324621922828 [term 0 FOLLOWER]: Replica starting. Triggering 0 pending ops. Active config: opid_index: -1 OBSOLETE_local: false peers { permanent_uuid: "61e6f4f27b7941898dd9324621922828" member_type: VOTER last_known_addr { host: "127.20.162.129" port: 35807 } } peers { permanent_uuid: "9f8fd24edfb54c26bcb4e31a4f6ec3fc" member_type: VOTER last_known_addr { host: "127.20.162.130" port: 40131 } } peers { permanent_uuid: "fbf96578f7a24c38ba009ea6dd9abdce" member_type: VOTER last_known_addr { host: "127.20.162.131" port: 38267 } }
I20260608 09:50:17.453907 25824 raft_consensus.cc:385] T 9f97824cfaf9432b88a28aa757bfc33a P 61e6f4f27b7941898dd9324621922828 [term 0 FOLLOWER]: Consensus starting up: Expiring failure detector timer to make a prompt election more likely
I20260608 09:50:17.463835 25825 tablet_bootstrap.cc:492] T 1a043954b1ea45d5a64beec82feedbcd P fbf96578f7a24c38ba009ea6dd9abdce: No bootstrap required, opened a new log
I20260608 09:50:17.454622 25870 raft_consensus.cc:493] T 64373dddbae3495bb8785a382b62ddb9 P fbf96578f7a24c38ba009ea6dd9abdce [term 0 FOLLOWER]: Starting pre-election (no leader contacted us within the election timeout)
I20260608 09:50:17.466728 25824 raft_consensus.cc:740] T 9f97824cfaf9432b88a28aa757bfc33a P 61e6f4f27b7941898dd9324621922828 [term 0 FOLLOWER]: Becoming Follower/Learner. State: Replica: 61e6f4f27b7941898dd9324621922828, State: Initialized, Role: FOLLOWER
I20260608 09:50:17.454483 25630 tablet_service.cc:1917] Received RequestConsensusVote() RPC: tablet_id: "febe676f04c746f7b205f4235d8ebfd3" candidate_uuid: "9f8fd24edfb54c26bcb4e31a4f6ec3fc" candidate_term: 1 candidate_status { last_received { term: 0 index: 0 } } ignore_live_leader: false dest_uuid: "61e6f4f27b7941898dd9324621922828" is_pre_election: true
I20260608 09:50:17.467662 25825 ts_tablet_manager.cc:1403] T 1a043954b1ea45d5a64beec82feedbcd P fbf96578f7a24c38ba009ea6dd9abdce: Time spent bootstrapping tablet: real 0.031s	user 0.016s	sys 0.000s
I20260608 09:50:17.467708 25870 raft_consensus.cc:515] T 64373dddbae3495bb8785a382b62ddb9 P fbf96578f7a24c38ba009ea6dd9abdce [term 0 FOLLOWER]: Starting pre-election with config: opid_index: -1 OBSOLETE_local: false peers { permanent_uuid: "61e6f4f27b7941898dd9324621922828" member_type: VOTER last_known_addr { host: "127.20.162.129" port: 35807 } } peers { permanent_uuid: "9f8fd24edfb54c26bcb4e31a4f6ec3fc" member_type: VOTER last_known_addr { host: "127.20.162.130" port: 40131 } } peers { permanent_uuid: "fbf96578f7a24c38ba009ea6dd9abdce" member_type: VOTER last_known_addr { host: "127.20.162.131" port: 38267 } }
I20260608 09:50:17.468086 25824 consensus_queue.cc:260] T 9f97824cfaf9432b88a28aa757bfc33a P 61e6f4f27b7941898dd9324621922828 [NON_LEADER]: Queue going to NON_LEADER mode. State: All replicated index: 0, Majority replicated index: 0, Committed index: 0, Last appended: 0.0, Last appended by leader: 0, Current term: 0, Majority size: -1, State: 0, Mode: NON_LEADER, active raft config: opid_index: -1 OBSOLETE_local: false peers { permanent_uuid: "61e6f4f27b7941898dd9324621922828" member_type: VOTER last_known_addr { host: "127.20.162.129" port: 35807 } } peers { permanent_uuid: "9f8fd24edfb54c26bcb4e31a4f6ec3fc" member_type: VOTER last_known_addr { host: "127.20.162.130" port: 40131 } } peers { permanent_uuid: "fbf96578f7a24c38ba009ea6dd9abdce" member_type: VOTER last_known_addr { host: "127.20.162.131" port: 38267 } }
I20260608 09:50:17.469063 25670 leader_election.cc:304] T febe676f04c746f7b205f4235d8ebfd3 P 9f8fd24edfb54c26bcb4e31a4f6ec3fc [CANDIDATE]: Term 1 pre-election: Election decided. Result: candidate lost. Election summary: received 3 responses out of 3 voters: 1 yes votes; 2 no votes. yes voters: 9f8fd24edfb54c26bcb4e31a4f6ec3fc; no voters: 61e6f4f27b7941898dd9324621922828, fbf96578f7a24c38ba009ea6dd9abdce
I20260608 09:50:17.470343 25824 ts_tablet_manager.cc:1434] T 9f97824cfaf9432b88a28aa757bfc33a P 61e6f4f27b7941898dd9324621922828: Time spent starting tablet: real 0.020s	user 0.013s	sys 0.006s
I20260608 09:50:17.470391 25869 raft_consensus.cc:2749] T febe676f04c746f7b205f4235d8ebfd3 P 9f8fd24edfb54c26bcb4e31a4f6ec3fc [term 0 FOLLOWER]: Leader pre-election lost for term 1. Reason: could not achieve majority
I20260608 09:50:17.470762 25870 leader_election.cc:290] T 64373dddbae3495bb8785a382b62ddb9 P fbf96578f7a24c38ba009ea6dd9abdce [CANDIDATE]: Term 1 pre-election: Requested pre-vote from peers 61e6f4f27b7941898dd9324621922828 (127.20.162.129:35807), 9f8fd24edfb54c26bcb4e31a4f6ec3fc (127.20.162.130:40131)
I20260608 09:50:17.471563 25824 tablet_bootstrap.cc:492] T 1f3c38941e3543f096ed4301b4f6de62 P 61e6f4f27b7941898dd9324621922828: Bootstrap starting.
I20260608 09:50:17.454129 25826 raft_consensus.cc:359] T 1f3c38941e3543f096ed4301b4f6de62 P 9f8fd24edfb54c26bcb4e31a4f6ec3fc [term 0 FOLLOWER]: Replica starting. Triggering 0 pending ops. Active config: opid_index: -1 OBSOLETE_local: false peers { permanent_uuid: "61e6f4f27b7941898dd9324621922828" member_type: VOTER last_known_addr { host: "127.20.162.129" port: 35807 } } peers { permanent_uuid: "9f8fd24edfb54c26bcb4e31a4f6ec3fc" member_type: VOTER last_known_addr { host: "127.20.162.130" port: 40131 } } peers { permanent_uuid: "fbf96578f7a24c38ba009ea6dd9abdce" member_type: VOTER last_known_addr { host: "127.20.162.131" port: 38267 } }
I20260608 09:50:17.471240 25825 raft_consensus.cc:359] T 1a043954b1ea45d5a64beec82feedbcd P fbf96578f7a24c38ba009ea6dd9abdce [term 0 FOLLOWER]: Replica starting. Triggering 0 pending ops. Active config: opid_index: -1 OBSOLETE_local: false peers { permanent_uuid: "61e6f4f27b7941898dd9324621922828" member_type: VOTER last_known_addr { host: "127.20.162.129" port: 35807 } } peers { permanent_uuid: "9f8fd24edfb54c26bcb4e31a4f6ec3fc" member_type: VOTER last_known_addr { host: "127.20.162.130" port: 40131 } } peers { permanent_uuid: "fbf96578f7a24c38ba009ea6dd9abdce" member_type: VOTER last_known_addr { host: "127.20.162.131" port: 38267 } }
I20260608 09:50:17.471920 25826 raft_consensus.cc:385] T 1f3c38941e3543f096ed4301b4f6de62 P 9f8fd24edfb54c26bcb4e31a4f6ec3fc [term 0 FOLLOWER]: Consensus starting up: Expiring failure detector timer to make a prompt election more likely
I20260608 09:50:17.472208 25825 raft_consensus.cc:385] T 1a043954b1ea45d5a64beec82feedbcd P fbf96578f7a24c38ba009ea6dd9abdce [term 0 FOLLOWER]: Consensus starting up: Expiring failure detector timer to make a prompt election more likely
I20260608 09:50:17.472227 25826 raft_consensus.cc:740] T 1f3c38941e3543f096ed4301b4f6de62 P 9f8fd24edfb54c26bcb4e31a4f6ec3fc [term 0 FOLLOWER]: Becoming Follower/Learner. State: Replica: 9f8fd24edfb54c26bcb4e31a4f6ec3fc, State: Initialized, Role: FOLLOWER
I20260608 09:50:17.472839 25825 raft_consensus.cc:740] T 1a043954b1ea45d5a64beec82feedbcd P fbf96578f7a24c38ba009ea6dd9abdce [term 0 FOLLOWER]: Becoming Follower/Learner. State: Replica: fbf96578f7a24c38ba009ea6dd9abdce, State: Initialized, Role: FOLLOWER
I20260608 09:50:17.473309 25826 consensus_queue.cc:260] T 1f3c38941e3543f096ed4301b4f6de62 P 9f8fd24edfb54c26bcb4e31a4f6ec3fc [NON_LEADER]: Queue going to NON_LEADER mode. State: All replicated index: 0, Majority replicated index: 0, Committed index: 0, Last appended: 0.0, Last appended by leader: 0, Current term: 0, Majority size: -1, State: 0, Mode: NON_LEADER, active raft config: opid_index: -1 OBSOLETE_local: false peers { permanent_uuid: "61e6f4f27b7941898dd9324621922828" member_type: VOTER last_known_addr { host: "127.20.162.129" port: 35807 } } peers { permanent_uuid: "9f8fd24edfb54c26bcb4e31a4f6ec3fc" member_type: VOTER last_known_addr { host: "127.20.162.130" port: 40131 } } peers { permanent_uuid: "fbf96578f7a24c38ba009ea6dd9abdce" member_type: VOTER last_known_addr { host: "127.20.162.131" port: 38267 } }
I20260608 09:50:17.473745 25825 consensus_queue.cc:260] T 1a043954b1ea45d5a64beec82feedbcd P fbf96578f7a24c38ba009ea6dd9abdce [NON_LEADER]: Queue going to NON_LEADER mode. State: All replicated index: 0, Majority replicated index: 0, Committed index: 0, Last appended: 0.0, Last appended by leader: 0, Current term: 0, Majority size: -1, State: 0, Mode: NON_LEADER, active raft config: opid_index: -1 OBSOLETE_local: false peers { permanent_uuid: "61e6f4f27b7941898dd9324621922828" member_type: VOTER last_known_addr { host: "127.20.162.129" port: 35807 } } peers { permanent_uuid: "9f8fd24edfb54c26bcb4e31a4f6ec3fc" member_type: VOTER last_known_addr { host: "127.20.162.130" port: 40131 } } peers { permanent_uuid: "fbf96578f7a24c38ba009ea6dd9abdce" member_type: VOTER last_known_addr { host: "127.20.162.131" port: 38267 } }
I20260608 09:50:17.476116 25825 ts_tablet_manager.cc:1434] T 1a043954b1ea45d5a64beec82feedbcd P fbf96578f7a24c38ba009ea6dd9abdce: Time spent starting tablet: real 0.008s	user 0.006s	sys 0.001s
I20260608 09:50:17.477813 25824 tablet_bootstrap.cc:654] T 1f3c38941e3543f096ed4301b4f6de62 P 61e6f4f27b7941898dd9324621922828: Neither blocks nor log segments found. Creating new log.
I20260608 09:50:17.478960 25826 ts_tablet_manager.cc:1434] T 1f3c38941e3543f096ed4301b4f6de62 P 9f8fd24edfb54c26bcb4e31a4f6ec3fc: Time spent starting tablet: real 0.027s	user 0.005s	sys 0.002s
I20260608 09:50:17.479542 25629 tablet_service.cc:1917] Received RequestConsensusVote() RPC: tablet_id: "64373dddbae3495bb8785a382b62ddb9" candidate_uuid: "fbf96578f7a24c38ba009ea6dd9abdce" candidate_term: 1 candidate_status { last_received { term: 0 index: 0 } } ignore_live_leader: false dest_uuid: "61e6f4f27b7941898dd9324621922828" is_pre_election: true
I20260608 09:50:17.480211 25629 raft_consensus.cc:2393] T 64373dddbae3495bb8785a382b62ddb9 P 61e6f4f27b7941898dd9324621922828 [term 1 FOLLOWER]: Leader pre-election vote request: Denying vote to candidate fbf96578f7a24c38ba009ea6dd9abdce in current term 1: Already voted for candidate 9f8fd24edfb54c26bcb4e31a4f6ec3fc in this term.
I20260608 09:50:17.481659 25826 tablet_bootstrap.cc:492] T 1a043954b1ea45d5a64beec82feedbcd P 9f8fd24edfb54c26bcb4e31a4f6ec3fc: Bootstrap starting.
I20260608 09:50:17.483708 25705 tablet_service.cc:1917] Received RequestConsensusVote() RPC: tablet_id: "64373dddbae3495bb8785a382b62ddb9" candidate_uuid: "fbf96578f7a24c38ba009ea6dd9abdce" candidate_term: 1 candidate_status { last_received { term: 0 index: 0 } } ignore_live_leader: false dest_uuid: "9f8fd24edfb54c26bcb4e31a4f6ec3fc" is_pre_election: true
I20260608 09:50:17.485457 25742 leader_election.cc:304] T 64373dddbae3495bb8785a382b62ddb9 P fbf96578f7a24c38ba009ea6dd9abdce [CANDIDATE]: Term 1 pre-election: Election decided. Result: candidate lost. Election summary: received 3 responses out of 3 voters: 1 yes votes; 2 no votes. yes voters: fbf96578f7a24c38ba009ea6dd9abdce; no voters: 61e6f4f27b7941898dd9324621922828, 9f8fd24edfb54c26bcb4e31a4f6ec3fc
I20260608 09:50:17.486342 25870 raft_consensus.cc:3060] T 64373dddbae3495bb8785a382b62ddb9 P fbf96578f7a24c38ba009ea6dd9abdce [term 0 FOLLOWER]: Advancing to term 1
I20260608 09:50:17.488523 25826 tablet_bootstrap.cc:654] T 1a043954b1ea45d5a64beec82feedbcd P 9f8fd24edfb54c26bcb4e31a4f6ec3fc: Neither blocks nor log segments found. Creating new log.
I20260608 09:50:17.493908 25824 tablet_bootstrap.cc:492] T 1f3c38941e3543f096ed4301b4f6de62 P 61e6f4f27b7941898dd9324621922828: No bootstrap required, opened a new log
I20260608 09:50:17.494360 25870 raft_consensus.cc:2749] T 64373dddbae3495bb8785a382b62ddb9 P fbf96578f7a24c38ba009ea6dd9abdce [term 1 FOLLOWER]: Leader pre-election lost for term 1. Reason: could not achieve majority
I20260608 09:50:17.455399 25855 leader_election.cc:290] T febe676f04c746f7b205f4235d8ebfd3 P 9f8fd24edfb54c26bcb4e31a4f6ec3fc [CANDIDATE]: Term 1 pre-election: Requested pre-vote from peers 61e6f4f27b7941898dd9324621922828 (127.20.162.129:35807), fbf96578f7a24c38ba009ea6dd9abdce (127.20.162.131:38267)
I20260608 09:50:17.494755 25824 ts_tablet_manager.cc:1403] T 1f3c38941e3543f096ed4301b4f6de62 P 61e6f4f27b7941898dd9324621922828: Time spent bootstrapping tablet: real 0.023s	user 0.007s	sys 0.006s
I20260608 09:50:17.500351 25824 raft_consensus.cc:359] T 1f3c38941e3543f096ed4301b4f6de62 P 61e6f4f27b7941898dd9324621922828 [term 0 FOLLOWER]: Replica starting. Triggering 0 pending ops. Active config: opid_index: -1 OBSOLETE_local: false peers { permanent_uuid: "61e6f4f27b7941898dd9324621922828" member_type: VOTER last_known_addr { host: "127.20.162.129" port: 35807 } } peers { permanent_uuid: "9f8fd24edfb54c26bcb4e31a4f6ec3fc" member_type: VOTER last_known_addr { host: "127.20.162.130" port: 40131 } } peers { permanent_uuid: "fbf96578f7a24c38ba009ea6dd9abdce" member_type: VOTER last_known_addr { host: "127.20.162.131" port: 38267 } }
I20260608 09:50:17.501075 25824 raft_consensus.cc:385] T 1f3c38941e3543f096ed4301b4f6de62 P 61e6f4f27b7941898dd9324621922828 [term 0 FOLLOWER]: Consensus starting up: Expiring failure detector timer to make a prompt election more likely
I20260608 09:50:17.501385 25824 raft_consensus.cc:740] T 1f3c38941e3543f096ed4301b4f6de62 P 61e6f4f27b7941898dd9324621922828 [term 0 FOLLOWER]: Becoming Follower/Learner. State: Replica: 61e6f4f27b7941898dd9324621922828, State: Initialized, Role: FOLLOWER
I20260608 09:50:17.502178 25824 consensus_queue.cc:260] T 1f3c38941e3543f096ed4301b4f6de62 P 61e6f4f27b7941898dd9324621922828 [NON_LEADER]: Queue going to NON_LEADER mode. State: All replicated index: 0, Majority replicated index: 0, Committed index: 0, Last appended: 0.0, Last appended by leader: 0, Current term: 0, Majority size: -1, State: 0, Mode: NON_LEADER, active raft config: opid_index: -1 OBSOLETE_local: false peers { permanent_uuid: "61e6f4f27b7941898dd9324621922828" member_type: VOTER last_known_addr { host: "127.20.162.129" port: 35807 } } peers { permanent_uuid: "9f8fd24edfb54c26bcb4e31a4f6ec3fc" member_type: VOTER last_known_addr { host: "127.20.162.130" port: 40131 } } peers { permanent_uuid: "fbf96578f7a24c38ba009ea6dd9abdce" member_type: VOTER last_known_addr { host: "127.20.162.131" port: 38267 } }
I20260608 09:50:17.504271 25824 ts_tablet_manager.cc:1434] T 1f3c38941e3543f096ed4301b4f6de62 P 61e6f4f27b7941898dd9324621922828: Time spent starting tablet: real 0.007s	user 0.003s	sys 0.003s
I20260608 09:50:17.505378 25824 tablet_bootstrap.cc:492] T 6fa3101c6d9045939201c866f6944caf P 61e6f4f27b7941898dd9324621922828: Bootstrap starting.
I20260608 09:50:17.508827 25826 tablet_bootstrap.cc:492] T 1a043954b1ea45d5a64beec82feedbcd P 9f8fd24edfb54c26bcb4e31a4f6ec3fc: No bootstrap required, opened a new log
I20260608 09:50:17.509336 25826 ts_tablet_manager.cc:1403] T 1a043954b1ea45d5a64beec82feedbcd P 9f8fd24edfb54c26bcb4e31a4f6ec3fc: Time spent bootstrapping tablet: real 0.028s	user 0.010s	sys 0.000s
I20260608 09:50:17.511220 25824 tablet_bootstrap.cc:654] T 6fa3101c6d9045939201c866f6944caf P 61e6f4f27b7941898dd9324621922828: Neither blocks nor log segments found. Creating new log.
I20260608 09:50:17.512100 25826 raft_consensus.cc:359] T 1a043954b1ea45d5a64beec82feedbcd P 9f8fd24edfb54c26bcb4e31a4f6ec3fc [term 0 FOLLOWER]: Replica starting. Triggering 0 pending ops. Active config: opid_index: -1 OBSOLETE_local: false peers { permanent_uuid: "61e6f4f27b7941898dd9324621922828" member_type: VOTER last_known_addr { host: "127.20.162.129" port: 35807 } } peers { permanent_uuid: "9f8fd24edfb54c26bcb4e31a4f6ec3fc" member_type: VOTER last_known_addr { host: "127.20.162.130" port: 40131 } } peers { permanent_uuid: "fbf96578f7a24c38ba009ea6dd9abdce" member_type: VOTER last_known_addr { host: "127.20.162.131" port: 38267 } }
I20260608 09:50:17.512802 25826 raft_consensus.cc:385] T 1a043954b1ea45d5a64beec82feedbcd P 9f8fd24edfb54c26bcb4e31a4f6ec3fc [term 0 FOLLOWER]: Consensus starting up: Expiring failure detector timer to make a prompt election more likely
I20260608 09:50:17.513110 25826 raft_consensus.cc:740] T 1a043954b1ea45d5a64beec82feedbcd P 9f8fd24edfb54c26bcb4e31a4f6ec3fc [term 0 FOLLOWER]: Becoming Follower/Learner. State: Replica: 9f8fd24edfb54c26bcb4e31a4f6ec3fc, State: Initialized, Role: FOLLOWER
I20260608 09:50:17.513818 25826 consensus_queue.cc:260] T 1a043954b1ea45d5a64beec82feedbcd P 9f8fd24edfb54c26bcb4e31a4f6ec3fc [NON_LEADER]: Queue going to NON_LEADER mode. State: All replicated index: 0, Majority replicated index: 0, Committed index: 0, Last appended: 0.0, Last appended by leader: 0, Current term: 0, Majority size: -1, State: 0, Mode: NON_LEADER, active raft config: opid_index: -1 OBSOLETE_local: false peers { permanent_uuid: "61e6f4f27b7941898dd9324621922828" member_type: VOTER last_known_addr { host: "127.20.162.129" port: 35807 } } peers { permanent_uuid: "9f8fd24edfb54c26bcb4e31a4f6ec3fc" member_type: VOTER last_known_addr { host: "127.20.162.130" port: 40131 } } peers { permanent_uuid: "fbf96578f7a24c38ba009ea6dd9abdce" member_type: VOTER last_known_addr { host: "127.20.162.131" port: 38267 } }
I20260608 09:50:17.515936 25826 ts_tablet_manager.cc:1434] T 1a043954b1ea45d5a64beec82feedbcd P 9f8fd24edfb54c26bcb4e31a4f6ec3fc: Time spent starting tablet: real 0.006s	user 0.008s	sys 0.000s
I20260608 09:50:17.522462 25824 tablet_bootstrap.cc:492] T 6fa3101c6d9045939201c866f6944caf P 61e6f4f27b7941898dd9324621922828: No bootstrap required, opened a new log
I20260608 09:50:17.523013 25824 ts_tablet_manager.cc:1403] T 6fa3101c6d9045939201c866f6944caf P 61e6f4f27b7941898dd9324621922828: Time spent bootstrapping tablet: real 0.018s	user 0.011s	sys 0.004s
I20260608 09:50:17.525745 25824 raft_consensus.cc:359] T 6fa3101c6d9045939201c866f6944caf P 61e6f4f27b7941898dd9324621922828 [term 0 FOLLOWER]: Replica starting. Triggering 0 pending ops. Active config: opid_index: -1 OBSOLETE_local: false peers { permanent_uuid: "61e6f4f27b7941898dd9324621922828" member_type: VOTER last_known_addr { host: "127.20.162.129" port: 35807 } } peers { permanent_uuid: "9f8fd24edfb54c26bcb4e31a4f6ec3fc" member_type: VOTER last_known_addr { host: "127.20.162.130" port: 40131 } } peers { permanent_uuid: "fbf96578f7a24c38ba009ea6dd9abdce" member_type: VOTER last_known_addr { host: "127.20.162.131" port: 38267 } }
I20260608 09:50:17.526379 25824 raft_consensus.cc:385] T 6fa3101c6d9045939201c866f6944caf P 61e6f4f27b7941898dd9324621922828 [term 0 FOLLOWER]: Consensus starting up: Expiring failure detector timer to make a prompt election more likely
I20260608 09:50:17.526674 25824 raft_consensus.cc:740] T 6fa3101c6d9045939201c866f6944caf P 61e6f4f27b7941898dd9324621922828 [term 0 FOLLOWER]: Becoming Follower/Learner. State: Replica: 61e6f4f27b7941898dd9324621922828, State: Initialized, Role: FOLLOWER
I20260608 09:50:17.527446 25824 consensus_queue.cc:260] T 6fa3101c6d9045939201c866f6944caf P 61e6f4f27b7941898dd9324621922828 [NON_LEADER]: Queue going to NON_LEADER mode. State: All replicated index: 0, Majority replicated index: 0, Committed index: 0, Last appended: 0.0, Last appended by leader: 0, Current term: 0, Majority size: -1, State: 0, Mode: NON_LEADER, active raft config: opid_index: -1 OBSOLETE_local: false peers { permanent_uuid: "61e6f4f27b7941898dd9324621922828" member_type: VOTER last_known_addr { host: "127.20.162.129" port: 35807 } } peers { permanent_uuid: "9f8fd24edfb54c26bcb4e31a4f6ec3fc" member_type: VOTER last_known_addr { host: "127.20.162.130" port: 40131 } } peers { permanent_uuid: "fbf96578f7a24c38ba009ea6dd9abdce" member_type: VOTER last_known_addr { host: "127.20.162.131" port: 38267 } }
I20260608 09:50:17.529711 25824 ts_tablet_manager.cc:1434] T 6fa3101c6d9045939201c866f6944caf P 61e6f4f27b7941898dd9324621922828: Time spent starting tablet: real 0.006s	user 0.004s	sys 0.001s
I20260608 09:50:17.547737 25856 raft_consensus.cc:493] T 9434300390264eecb0b3f06c3e2b2fc4 P 61e6f4f27b7941898dd9324621922828 [term 0 FOLLOWER]: Starting pre-election (no leader contacted us within the election timeout)
I20260608 09:50:17.548341 25856 raft_consensus.cc:515] T 9434300390264eecb0b3f06c3e2b2fc4 P 61e6f4f27b7941898dd9324621922828 [term 0 FOLLOWER]: Starting pre-election with config: opid_index: -1 OBSOLETE_local: false peers { permanent_uuid: "61e6f4f27b7941898dd9324621922828" member_type: VOTER last_known_addr { host: "127.20.162.129" port: 35807 } } peers { permanent_uuid: "9f8fd24edfb54c26bcb4e31a4f6ec3fc" member_type: VOTER last_known_addr { host: "127.20.162.130" port: 40131 } } peers { permanent_uuid: "fbf96578f7a24c38ba009ea6dd9abdce" member_type: VOTER last_known_addr { host: "127.20.162.131" port: 38267 } }
I20260608 09:50:17.550220 25856 leader_election.cc:290] T 9434300390264eecb0b3f06c3e2b2fc4 P 61e6f4f27b7941898dd9324621922828 [CANDIDATE]: Term 1 pre-election: Requested pre-vote from peers 9f8fd24edfb54c26bcb4e31a4f6ec3fc (127.20.162.130:40131), fbf96578f7a24c38ba009ea6dd9abdce (127.20.162.131:38267)
I20260608 09:50:17.551184 25705 tablet_service.cc:1917] Received RequestConsensusVote() RPC: tablet_id: "9434300390264eecb0b3f06c3e2b2fc4" candidate_uuid: "61e6f4f27b7941898dd9324621922828" candidate_term: 1 candidate_status { last_received { term: 0 index: 0 } } ignore_live_leader: false dest_uuid: "9f8fd24edfb54c26bcb4e31a4f6ec3fc" is_pre_election: true
I20260608 09:50:17.551338 25777 tablet_service.cc:1917] Received RequestConsensusVote() RPC: tablet_id: "9434300390264eecb0b3f06c3e2b2fc4" candidate_uuid: "61e6f4f27b7941898dd9324621922828" candidate_term: 1 candidate_status { last_received { term: 0 index: 0 } } ignore_live_leader: false dest_uuid: "fbf96578f7a24c38ba009ea6dd9abdce" is_pre_election: true
I20260608 09:50:17.551906 25705 raft_consensus.cc:2393] T 9434300390264eecb0b3f06c3e2b2fc4 P 9f8fd24edfb54c26bcb4e31a4f6ec3fc [term 1 FOLLOWER]: Leader pre-election vote request: Denying vote to candidate 61e6f4f27b7941898dd9324621922828 in current term 1: Already voted for candidate fbf96578f7a24c38ba009ea6dd9abdce in this term.
I20260608 09:50:17.552909 25593 leader_election.cc:304] T 9434300390264eecb0b3f06c3e2b2fc4 P 61e6f4f27b7941898dd9324621922828 [CANDIDATE]: Term 1 pre-election: Election decided. Result: candidate lost. Election summary: received 3 responses out of 3 voters: 1 yes votes; 2 no votes. yes voters: 61e6f4f27b7941898dd9324621922828; no voters: 9f8fd24edfb54c26bcb4e31a4f6ec3fc, fbf96578f7a24c38ba009ea6dd9abdce
I20260608 09:50:17.553637 25856 raft_consensus.cc:3060] T 9434300390264eecb0b3f06c3e2b2fc4 P 61e6f4f27b7941898dd9324621922828 [term 0 FOLLOWER]: Advancing to term 1
I20260608 09:50:17.558480 25856 raft_consensus.cc:2749] T 9434300390264eecb0b3f06c3e2b2fc4 P 61e6f4f27b7941898dd9324621922828 [term 1 FOLLOWER]: Leader pre-election lost for term 1. Reason: could not achieve majority
I20260608 09:50:17.565752 25856 consensus_queue.cc:1048] T 4a039510f0554f0d83f43e89d6fa0e10 P 61e6f4f27b7941898dd9324621922828 [LEADER]: Connected to new peer: Peer: permanent_uuid: "fbf96578f7a24c38ba009ea6dd9abdce" member_type: VOTER last_known_addr { host: "127.20.162.131" port: 38267 }, Status: LMP_MISMATCH, Last received: 0.0, Next index: 1, Last known committed idx: 0, Time since last communication: 0.000s
I20260608 09:50:17.577195 25846 consensus_queue.cc:1048] T 4a039510f0554f0d83f43e89d6fa0e10 P 61e6f4f27b7941898dd9324621922828 [LEADER]: Connected to new peer: Peer: permanent_uuid: "9f8fd24edfb54c26bcb4e31a4f6ec3fc" member_type: VOTER last_known_addr { host: "127.20.162.130" port: 40131 }, Status: LMP_MISMATCH, Last received: 0.0, Next index: 1, Last known committed idx: 0, Time since last communication: 0.000s
I20260608 09:50:17.582710 25855 consensus_queue.cc:1048] T 64373dddbae3495bb8785a382b62ddb9 P 9f8fd24edfb54c26bcb4e31a4f6ec3fc [LEADER]: Connected to new peer: Peer: permanent_uuid: "61e6f4f27b7941898dd9324621922828" member_type: VOTER last_known_addr { host: "127.20.162.129" port: 35807 }, Status: LMP_MISMATCH, Last received: 0.0, Next index: 1, Last known committed idx: 0, Time since last communication: 0.000s
I20260608 09:50:17.588923 25857 raft_consensus.cc:493] T 9f97824cfaf9432b88a28aa757bfc33a P 61e6f4f27b7941898dd9324621922828 [term 0 FOLLOWER]: Starting pre-election (no leader contacted us within the election timeout)
I20260608 09:50:17.589533 25857 raft_consensus.cc:515] T 9f97824cfaf9432b88a28aa757bfc33a P 61e6f4f27b7941898dd9324621922828 [term 0 FOLLOWER]: Starting pre-election with config: opid_index: -1 OBSOLETE_local: false peers { permanent_uuid: "61e6f4f27b7941898dd9324621922828" member_type: VOTER last_known_addr { host: "127.20.162.129" port: 35807 } } peers { permanent_uuid: "9f8fd24edfb54c26bcb4e31a4f6ec3fc" member_type: VOTER last_known_addr { host: "127.20.162.130" port: 40131 } } peers { permanent_uuid: "fbf96578f7a24c38ba009ea6dd9abdce" member_type: VOTER last_known_addr { host: "127.20.162.131" port: 38267 } }
I20260608 09:50:17.592110 25857 leader_election.cc:290] T 9f97824cfaf9432b88a28aa757bfc33a P 61e6f4f27b7941898dd9324621922828 [CANDIDATE]: Term 1 pre-election: Requested pre-vote from peers 9f8fd24edfb54c26bcb4e31a4f6ec3fc (127.20.162.130:40131), fbf96578f7a24c38ba009ea6dd9abdce (127.20.162.131:38267)
I20260608 09:50:17.594157 25705 tablet_service.cc:1917] Received RequestConsensusVote() RPC: tablet_id: "9f97824cfaf9432b88a28aa757bfc33a" candidate_uuid: "61e6f4f27b7941898dd9324621922828" candidate_term: 1 candidate_status { last_received { term: 0 index: 0 } } ignore_live_leader: false dest_uuid: "9f8fd24edfb54c26bcb4e31a4f6ec3fc" is_pre_election: true
I20260608 09:50:17.594931 25705 raft_consensus.cc:2468] T 9f97824cfaf9432b88a28aa757bfc33a P 9f8fd24edfb54c26bcb4e31a4f6ec3fc [term 0 FOLLOWER]: Leader pre-election vote request: Granting yes vote for candidate 61e6f4f27b7941898dd9324621922828 in term 0.
I20260608 09:50:17.596716 25593 leader_election.cc:304] T 9f97824cfaf9432b88a28aa757bfc33a P 61e6f4f27b7941898dd9324621922828 [CANDIDATE]: Term 1 pre-election: Election decided. Result: candidate won. Election summary: received 2 responses out of 3 voters: 2 yes votes; 0 no votes. yes voters: 61e6f4f27b7941898dd9324621922828, 9f8fd24edfb54c26bcb4e31a4f6ec3fc; no voters: 
I20260608 09:50:17.597764 25857 raft_consensus.cc:2804] T 9f97824cfaf9432b88a28aa757bfc33a P 61e6f4f27b7941898dd9324621922828 [term 0 FOLLOWER]: Leader pre-election won for term 1
I20260608 09:50:17.598132 25857 raft_consensus.cc:493] T 9f97824cfaf9432b88a28aa757bfc33a P 61e6f4f27b7941898dd9324621922828 [term 0 FOLLOWER]: Starting leader election (no leader contacted us within the election timeout)
I20260608 09:50:17.598461 25857 raft_consensus.cc:3060] T 9f97824cfaf9432b88a28aa757bfc33a P 61e6f4f27b7941898dd9324621922828 [term 0 FOLLOWER]: Advancing to term 1
I20260608 09:50:17.598565 25777 tablet_service.cc:1917] Received RequestConsensusVote() RPC: tablet_id: "9f97824cfaf9432b88a28aa757bfc33a" candidate_uuid: "61e6f4f27b7941898dd9324621922828" candidate_term: 1 candidate_status { last_received { term: 0 index: 0 } } ignore_live_leader: false dest_uuid: "fbf96578f7a24c38ba009ea6dd9abdce" is_pre_election: true
I20260608 09:50:17.599354 25777 raft_consensus.cc:2468] T 9f97824cfaf9432b88a28aa757bfc33a P fbf96578f7a24c38ba009ea6dd9abdce [term 0 FOLLOWER]: Leader pre-election vote request: Granting yes vote for candidate 61e6f4f27b7941898dd9324621922828 in term 0.
I20260608 09:50:17.607617 25855 consensus_queue.cc:1048] T 64373dddbae3495bb8785a382b62ddb9 P 9f8fd24edfb54c26bcb4e31a4f6ec3fc [LEADER]: Connected to new peer: Peer: permanent_uuid: "fbf96578f7a24c38ba009ea6dd9abdce" member_type: VOTER last_known_addr { host: "127.20.162.131" port: 38267 }, Status: LMP_MISMATCH, Last received: 0.0, Next index: 1, Last known committed idx: 0, Time since last communication: 0.000s
I20260608 09:50:17.608215 25857 raft_consensus.cc:515] T 9f97824cfaf9432b88a28aa757bfc33a P 61e6f4f27b7941898dd9324621922828 [term 1 FOLLOWER]: Starting leader election with config: opid_index: -1 OBSOLETE_local: false peers { permanent_uuid: "61e6f4f27b7941898dd9324621922828" member_type: VOTER last_known_addr { host: "127.20.162.129" port: 35807 } } peers { permanent_uuid: "9f8fd24edfb54c26bcb4e31a4f6ec3fc" member_type: VOTER last_known_addr { host: "127.20.162.130" port: 40131 } } peers { permanent_uuid: "fbf96578f7a24c38ba009ea6dd9abdce" member_type: VOTER last_known_addr { host: "127.20.162.131" port: 38267 } }
I20260608 09:50:17.610584 25857 leader_election.cc:290] T 9f97824cfaf9432b88a28aa757bfc33a P 61e6f4f27b7941898dd9324621922828 [CANDIDATE]: Term 1 election: Requested vote from peers 9f8fd24edfb54c26bcb4e31a4f6ec3fc (127.20.162.130:40131), fbf96578f7a24c38ba009ea6dd9abdce (127.20.162.131:38267)
I20260608 09:50:17.611778 25778 tablet_service.cc:1917] Received RequestConsensusVote() RPC: tablet_id: "9f97824cfaf9432b88a28aa757bfc33a" candidate_uuid: "61e6f4f27b7941898dd9324621922828" candidate_term: 1 candidate_status { last_received { term: 0 index: 0 } } ignore_live_leader: false dest_uuid: "fbf96578f7a24c38ba009ea6dd9abdce"
I20260608 09:50:17.612397 25778 raft_consensus.cc:3060] T 9f97824cfaf9432b88a28aa757bfc33a P fbf96578f7a24c38ba009ea6dd9abdce [term 0 FOLLOWER]: Advancing to term 1
I20260608 09:50:17.614399 25705 tablet_service.cc:1917] Received RequestConsensusVote() RPC: tablet_id: "9f97824cfaf9432b88a28aa757bfc33a" candidate_uuid: "61e6f4f27b7941898dd9324621922828" candidate_term: 1 candidate_status { last_received { term: 0 index: 0 } } ignore_live_leader: false dest_uuid: "9f8fd24edfb54c26bcb4e31a4f6ec3fc"
I20260608 09:50:17.615003 25705 raft_consensus.cc:3060] T 9f97824cfaf9432b88a28aa757bfc33a P 9f8fd24edfb54c26bcb4e31a4f6ec3fc [term 0 FOLLOWER]: Advancing to term 1
I20260608 09:50:17.619650 25857 raft_consensus.cc:493] T 1f3c38941e3543f096ed4301b4f6de62 P 61e6f4f27b7941898dd9324621922828 [term 0 FOLLOWER]: Starting pre-election (no leader contacted us within the election timeout)
I20260608 09:50:17.620205 25857 raft_consensus.cc:515] T 1f3c38941e3543f096ed4301b4f6de62 P 61e6f4f27b7941898dd9324621922828 [term 0 FOLLOWER]: Starting pre-election with config: opid_index: -1 OBSOLETE_local: false peers { permanent_uuid: "61e6f4f27b7941898dd9324621922828" member_type: VOTER last_known_addr { host: "127.20.162.129" port: 35807 } } peers { permanent_uuid: "9f8fd24edfb54c26bcb4e31a4f6ec3fc" member_type: VOTER last_known_addr { host: "127.20.162.130" port: 40131 } } peers { permanent_uuid: "fbf96578f7a24c38ba009ea6dd9abdce" member_type: VOTER last_known_addr { host: "127.20.162.131" port: 38267 } }
I20260608 09:50:17.622100 25705 raft_consensus.cc:2468] T 9f97824cfaf9432b88a28aa757bfc33a P 9f8fd24edfb54c26bcb4e31a4f6ec3fc [term 1 FOLLOWER]: Leader election vote request: Granting yes vote for candidate 61e6f4f27b7941898dd9324621922828 in term 1.
I20260608 09:50:17.623158 25857 leader_election.cc:290] T 1f3c38941e3543f096ed4301b4f6de62 P 61e6f4f27b7941898dd9324621922828 [CANDIDATE]: Term 1 pre-election: Requested pre-vote from peers 9f8fd24edfb54c26bcb4e31a4f6ec3fc (127.20.162.130:40131), fbf96578f7a24c38ba009ea6dd9abdce (127.20.162.131:38267)
I20260608 09:50:17.623312 25593 leader_election.cc:304] T 9f97824cfaf9432b88a28aa757bfc33a P 61e6f4f27b7941898dd9324621922828 [CANDIDATE]: Term 1 election: Election decided. Result: candidate won. Election summary: received 2 responses out of 3 voters: 2 yes votes; 0 no votes. yes voters: 61e6f4f27b7941898dd9324621922828, 9f8fd24edfb54c26bcb4e31a4f6ec3fc; no voters: 
I20260608 09:50:17.623983 25777 tablet_service.cc:1917] Received RequestConsensusVote() RPC: tablet_id: "1f3c38941e3543f096ed4301b4f6de62" candidate_uuid: "61e6f4f27b7941898dd9324621922828" candidate_term: 1 candidate_status { last_received { term: 0 index: 0 } } ignore_live_leader: false dest_uuid: "fbf96578f7a24c38ba009ea6dd9abdce" is_pre_election: true
I20260608 09:50:17.624683 25777 raft_consensus.cc:2468] T 1f3c38941e3543f096ed4301b4f6de62 P fbf96578f7a24c38ba009ea6dd9abdce [term 0 FOLLOWER]: Leader pre-election vote request: Granting yes vote for candidate 61e6f4f27b7941898dd9324621922828 in term 0.
I20260608 09:50:17.625793 25596 leader_election.cc:304] T 1f3c38941e3543f096ed4301b4f6de62 P 61e6f4f27b7941898dd9324621922828 [CANDIDATE]: Term 1 pre-election: Election decided. Result: candidate won. Election summary: received 2 responses out of 3 voters: 2 yes votes; 0 no votes. yes voters: 61e6f4f27b7941898dd9324621922828, fbf96578f7a24c38ba009ea6dd9abdce; no voters: 
I20260608 09:50:17.626655 25846 raft_consensus.cc:2804] T 9f97824cfaf9432b88a28aa757bfc33a P 61e6f4f27b7941898dd9324621922828 [term 1 FOLLOWER]: Leader election won for term 1
I20260608 09:50:17.626710 25778 raft_consensus.cc:2468] T 9f97824cfaf9432b88a28aa757bfc33a P fbf96578f7a24c38ba009ea6dd9abdce [term 1 FOLLOWER]: Leader election vote request: Granting yes vote for candidate 61e6f4f27b7941898dd9324621922828 in term 1.
I20260608 09:50:17.627262 25846 raft_consensus.cc:697] T 9f97824cfaf9432b88a28aa757bfc33a P 61e6f4f27b7941898dd9324621922828 [term 1 LEADER]: Becoming Leader. State: Replica: 61e6f4f27b7941898dd9324621922828, State: Running, Role: LEADER
I20260608 09:50:17.627990 25705 tablet_service.cc:1917] Received RequestConsensusVote() RPC: tablet_id: "1f3c38941e3543f096ed4301b4f6de62" candidate_uuid: "61e6f4f27b7941898dd9324621922828" candidate_term: 1 candidate_status { last_received { term: 0 index: 0 } } ignore_live_leader: false dest_uuid: "9f8fd24edfb54c26bcb4e31a4f6ec3fc" is_pre_election: true
I20260608 09:50:17.627560 25857 raft_consensus.cc:2804] T 1f3c38941e3543f096ed4301b4f6de62 P 61e6f4f27b7941898dd9324621922828 [term 0 FOLLOWER]: Leader pre-election won for term 1
I20260608 09:50:17.628186 25846 consensus_queue.cc:237] T 9f97824cfaf9432b88a28aa757bfc33a P 61e6f4f27b7941898dd9324621922828 [LEADER]: Queue going to LEADER mode. State: All replicated index: 0, Majority replicated index: 0, Committed index: 0, Last appended: 0.0, Last appended by leader: 0, Current term: 1, Majority size: 2, State: 0, Mode: LEADER, active raft config: opid_index: -1 OBSOLETE_local: false peers { permanent_uuid: "61e6f4f27b7941898dd9324621922828" member_type: VOTER last_known_addr { host: "127.20.162.129" port: 35807 } } peers { permanent_uuid: "9f8fd24edfb54c26bcb4e31a4f6ec3fc" member_type: VOTER last_known_addr { host: "127.20.162.130" port: 40131 } } peers { permanent_uuid: "fbf96578f7a24c38ba009ea6dd9abdce" member_type: VOTER last_known_addr { host: "127.20.162.131" port: 38267 } }
I20260608 09:50:17.628582 25857 raft_consensus.cc:493] T 1f3c38941e3543f096ed4301b4f6de62 P 61e6f4f27b7941898dd9324621922828 [term 0 FOLLOWER]: Starting leader election (no leader contacted us within the election timeout)
I20260608 09:50:17.628640 25705 raft_consensus.cc:2468] T 1f3c38941e3543f096ed4301b4f6de62 P 9f8fd24edfb54c26bcb4e31a4f6ec3fc [term 0 FOLLOWER]: Leader pre-election vote request: Granting yes vote for candidate 61e6f4f27b7941898dd9324621922828 in term 0.
I20260608 09:50:17.629078 25857 raft_consensus.cc:3060] T 1f3c38941e3543f096ed4301b4f6de62 P 61e6f4f27b7941898dd9324621922828 [term 0 FOLLOWER]: Advancing to term 1
I20260608 09:50:17.632750 25705 raft_consensus.cc:3060] T 5f9a723a818b4092bcf99008f4a32264 P 9f8fd24edfb54c26bcb4e31a4f6ec3fc [term 0 FOLLOWER]: Advancing to term 1
I20260608 09:50:17.639715 25857 raft_consensus.cc:515] T 1f3c38941e3543f096ed4301b4f6de62 P 61e6f4f27b7941898dd9324621922828 [term 1 FOLLOWER]: Starting leader election with config: opid_index: -1 OBSOLETE_local: false peers { permanent_uuid: "61e6f4f27b7941898dd9324621922828" member_type: VOTER last_known_addr { host: "127.20.162.129" port: 35807 } } peers { permanent_uuid: "9f8fd24edfb54c26bcb4e31a4f6ec3fc" member_type: VOTER last_known_addr { host: "127.20.162.130" port: 40131 } } peers { permanent_uuid: "fbf96578f7a24c38ba009ea6dd9abdce" member_type: VOTER last_known_addr { host: "127.20.162.131" port: 38267 } }
I20260608 09:50:17.641075 25856 raft_consensus.cc:493] T 1a043954b1ea45d5a64beec82feedbcd P 61e6f4f27b7941898dd9324621922828 [term 0 FOLLOWER]: Starting pre-election (no leader contacted us within the election timeout)
I20260608 09:50:17.641610 25856 raft_consensus.cc:515] T 1a043954b1ea45d5a64beec82feedbcd P 61e6f4f27b7941898dd9324621922828 [term 0 FOLLOWER]: Starting pre-election with config: opid_index: -1 OBSOLETE_local: false peers { permanent_uuid: "61e6f4f27b7941898dd9324621922828" member_type: VOTER last_known_addr { host: "127.20.162.129" port: 35807 } } peers { permanent_uuid: "9f8fd24edfb54c26bcb4e31a4f6ec3fc" member_type: VOTER last_known_addr { host: "127.20.162.130" port: 40131 } } peers { permanent_uuid: "fbf96578f7a24c38ba009ea6dd9abdce" member_type: VOTER last_known_addr { host: "127.20.162.131" port: 38267 } }
I20260608 09:50:17.642258 25857 leader_election.cc:290] T 1f3c38941e3543f096ed4301b4f6de62 P 61e6f4f27b7941898dd9324621922828 [CANDIDATE]: Term 1 election: Requested vote from peers 9f8fd24edfb54c26bcb4e31a4f6ec3fc (127.20.162.130:40131), fbf96578f7a24c38ba009ea6dd9abdce (127.20.162.131:38267)
I20260608 09:50:17.643508 25704 tablet_service.cc:1917] Received RequestConsensusVote() RPC: tablet_id: "1f3c38941e3543f096ed4301b4f6de62" candidate_uuid: "61e6f4f27b7941898dd9324621922828" candidate_term: 1 candidate_status { last_received { term: 0 index: 0 } } ignore_live_leader: false dest_uuid: "9f8fd24edfb54c26bcb4e31a4f6ec3fc"
I20260608 09:50:17.643798 25856 leader_election.cc:290] T 1a043954b1ea45d5a64beec82feedbcd P 61e6f4f27b7941898dd9324621922828 [CANDIDATE]: Term 1 pre-election: Requested pre-vote from peers 9f8fd24edfb54c26bcb4e31a4f6ec3fc (127.20.162.130:40131), fbf96578f7a24c38ba009ea6dd9abdce (127.20.162.131:38267)
I20260608 09:50:17.644135 25704 raft_consensus.cc:3060] T 1f3c38941e3543f096ed4301b4f6de62 P 9f8fd24edfb54c26bcb4e31a4f6ec3fc [term 0 FOLLOWER]: Advancing to term 1
I20260608 09:50:17.643362 25528 catalog_manager.cc:5696] T 9f97824cfaf9432b88a28aa757bfc33a P 61e6f4f27b7941898dd9324621922828 reported cstate change: term changed from 0 to 1, leader changed from <none> to 61e6f4f27b7941898dd9324621922828 (127.20.162.129). New cstate: current_term: 1 leader_uuid: "61e6f4f27b7941898dd9324621922828" committed_config { opid_index: -1 OBSOLETE_local: false peers { permanent_uuid: "61e6f4f27b7941898dd9324621922828" member_type: VOTER last_known_addr { host: "127.20.162.129" port: 35807 } health_report { overall_health: HEALTHY } } peers { permanent_uuid: "9f8fd24edfb54c26bcb4e31a4f6ec3fc" member_type: VOTER last_known_addr { host: "127.20.162.130" port: 40131 } health_report { overall_health: UNKNOWN } } peers { permanent_uuid: "fbf96578f7a24c38ba009ea6dd9abdce" member_type: VOTER last_known_addr { host: "127.20.162.131" port: 38267 } health_report { overall_health: UNKNOWN } } }
I20260608 09:50:17.642552 25870 consensus_queue.cc:1048] T 5f9a723a818b4092bcf99008f4a32264 P fbf96578f7a24c38ba009ea6dd9abdce [LEADER]: Connected to new peer: Peer: permanent_uuid: "9f8fd24edfb54c26bcb4e31a4f6ec3fc" member_type: VOTER last_known_addr { host: "127.20.162.130" port: 40131 }, Status: LMP_MISMATCH, Last received: 0.0, Next index: 1, Last known committed idx: 0, Time since last communication: 0.002s
I20260608 09:50:17.646200 25779 tablet_service.cc:1917] Received RequestConsensusVote() RPC: tablet_id: "1a043954b1ea45d5a64beec82feedbcd" candidate_uuid: "61e6f4f27b7941898dd9324621922828" candidate_term: 1 candidate_status { last_received { term: 0 index: 0 } } ignore_live_leader: false dest_uuid: "fbf96578f7a24c38ba009ea6dd9abdce" is_pre_election: true
I20260608 09:50:17.646976 25779 raft_consensus.cc:2468] T 1a043954b1ea45d5a64beec82feedbcd P fbf96578f7a24c38ba009ea6dd9abdce [term 0 FOLLOWER]: Leader pre-election vote request: Granting yes vote for candidate 61e6f4f27b7941898dd9324621922828 in term 0.
I20260608 09:50:17.646272 25777 tablet_service.cc:1917] Received RequestConsensusVote() RPC: tablet_id: "1f3c38941e3543f096ed4301b4f6de62" candidate_uuid: "61e6f4f27b7941898dd9324621922828" candidate_term: 1 candidate_status { last_received { term: 0 index: 0 } } ignore_live_leader: false dest_uuid: "fbf96578f7a24c38ba009ea6dd9abdce"
I20260608 09:50:17.646929 25703 tablet_service.cc:1917] Received RequestConsensusVote() RPC: tablet_id: "1a043954b1ea45d5a64beec82feedbcd" candidate_uuid: "61e6f4f27b7941898dd9324621922828" candidate_term: 1 candidate_status { last_received { term: 0 index: 0 } } ignore_live_leader: false dest_uuid: "9f8fd24edfb54c26bcb4e31a4f6ec3fc" is_pre_election: true
I20260608 09:50:17.648284 25777 raft_consensus.cc:3060] T 1f3c38941e3543f096ed4301b4f6de62 P fbf96578f7a24c38ba009ea6dd9abdce [term 0 FOLLOWER]: Advancing to term 1
I20260608 09:50:17.648494 25596 leader_election.cc:304] T 1a043954b1ea45d5a64beec82feedbcd P 61e6f4f27b7941898dd9324621922828 [CANDIDATE]: Term 1 pre-election: Election decided. Result: candidate won. Election summary: received 2 responses out of 3 voters: 2 yes votes; 0 no votes. yes voters: 61e6f4f27b7941898dd9324621922828, fbf96578f7a24c38ba009ea6dd9abdce; no voters: 
I20260608 09:50:17.648675 25703 raft_consensus.cc:2468] T 1a043954b1ea45d5a64beec82feedbcd P 9f8fd24edfb54c26bcb4e31a4f6ec3fc [term 0 FOLLOWER]: Leader pre-election vote request: Granting yes vote for candidate 61e6f4f27b7941898dd9324621922828 in term 0.
I20260608 09:50:17.647796 25778 raft_consensus.cc:1240] T 3dcd72f0990048908e17c492a104a23b P fbf96578f7a24c38ba009ea6dd9abdce [term 2 FOLLOWER]: Rejecting Update request from peer 61e6f4f27b7941898dd9324621922828 for earlier term 1. Current term is 2. Ops: []
I20260608 09:50:17.651067 25856 consensus_queue.cc:1059] T 3dcd72f0990048908e17c492a104a23b P 61e6f4f27b7941898dd9324621922828 [LEADER]: Peer responded invalid term: Peer: permanent_uuid: "fbf96578f7a24c38ba009ea6dd9abdce" member_type: VOTER last_known_addr { host: "127.20.162.131" port: 38267 }, Status: INVALID_TERM, Last received: 0.0, Next index: 1, Last known committed idx: 0, Time since last communication: 0.000s
I20260608 09:50:17.651049 25846 raft_consensus.cc:2804] T 1a043954b1ea45d5a64beec82feedbcd P 61e6f4f27b7941898dd9324621922828 [term 0 FOLLOWER]: Leader pre-election won for term 1
I20260608 09:50:17.653378 25846 raft_consensus.cc:493] T 1a043954b1ea45d5a64beec82feedbcd P 61e6f4f27b7941898dd9324621922828 [term 0 FOLLOWER]: Starting leader election (no leader contacted us within the election timeout)
