I20260608 09:48:13.061309  2108 leader_election.cc:290] T fc7987c3effe4677a0bab7f929e979b5 P caeb573268c144f88a52aae9ef22a04d [CANDIDATE]: Term 1 pre-election: Requested pre-vote from peers 8f128fb2bdd5478d893c6431e4281f80 (127.1.47.130:43667), 8ec611221846407a89483853ba7e750d (127.1.47.131:43061)
I20260608 09:48:13.062561  2102 ts_tablet_manager.cc:1434] T a1a0399ae44c4e0f9760149d0bbb80b0 P 8f128fb2bdd5478d893c6431e4281f80: Time spent starting tablet: real 0.006s	user 0.006s	sys 0.000s
I20260608 09:48:13.063627  2102 tablet_bootstrap.cc:492] T b1a85355fbc04671bdddf1b328a40ae7 P 8f128fb2bdd5478d893c6431e4281f80: Bootstrap starting.
I20260608 09:48:13.069814  2102 tablet_bootstrap.cc:654] T b1a85355fbc04671bdddf1b328a40ae7 P 8f128fb2bdd5478d893c6431e4281f80: Neither blocks nor log segments found. Creating new log.
I20260608 09:48:13.076929  2101 tablet_bootstrap.cc:492] T c7eecd17d9bd499eadca1aae496e0003 P 8ec611221846407a89483853ba7e750d: No bootstrap required, opened a new log
I20260608 09:48:13.077450  2101 ts_tablet_manager.cc:1403] T c7eecd17d9bd499eadca1aae496e0003 P 8ec611221846407a89483853ba7e750d: Time spent bootstrapping tablet: real 0.027s	user 0.006s	sys 0.008s
I20260608 09:48:13.080505  2101 raft_consensus.cc:359] T c7eecd17d9bd499eadca1aae496e0003 P 8ec611221846407a89483853ba7e750d [term 0 FOLLOWER]: Replica starting. Triggering 0 pending ops. Active config: opid_index: -1 OBSOLETE_local: false peers { permanent_uuid: "caeb573268c144f88a52aae9ef22a04d" member_type: VOTER last_known_addr { host: "127.1.47.129" port: 40277 } } peers { permanent_uuid: "8f128fb2bdd5478d893c6431e4281f80" member_type: VOTER last_known_addr { host: "127.1.47.130" port: 43667 } } peers { permanent_uuid: "8ec611221846407a89483853ba7e750d" member_type: VOTER last_known_addr { host: "127.1.47.131" port: 43061 } }
I20260608 09:48:13.083499  2101 raft_consensus.cc:385] T c7eecd17d9bd499eadca1aae496e0003 P 8ec611221846407a89483853ba7e750d [term 0 FOLLOWER]: Consensus starting up: Expiring failure detector timer to make a prompt election more likely
I20260608 09:48:13.081730  2102 tablet_bootstrap.cc:492] T b1a85355fbc04671bdddf1b328a40ae7 P 8f128fb2bdd5478d893c6431e4281f80: No bootstrap required, opened a new log
I20260608 09:48:13.083913  2101 raft_consensus.cc:740] T c7eecd17d9bd499eadca1aae496e0003 P 8ec611221846407a89483853ba7e750d [term 0 FOLLOWER]: Becoming Follower/Learner. State: Replica: 8ec611221846407a89483853ba7e750d, State: Initialized, Role: FOLLOWER
I20260608 09:48:13.084172  2102 ts_tablet_manager.cc:1403] T b1a85355fbc04671bdddf1b328a40ae7 P 8f128fb2bdd5478d893c6431e4281f80: Time spent bootstrapping tablet: real 0.021s	user 0.006s	sys 0.011s
I20260608 09:48:13.084622  1980 tablet_service.cc:1917] Received RequestConsensusVote() RPC: tablet_id: "fc7987c3effe4677a0bab7f929e979b5" candidate_uuid: "caeb573268c144f88a52aae9ef22a04d" candidate_term: 1 candidate_status { last_received { term: 0 index: 0 } } ignore_live_leader: false dest_uuid: "8f128fb2bdd5478d893c6431e4281f80" is_pre_election: true
I20260608 09:48:13.084824  2101 consensus_queue.cc:260] T c7eecd17d9bd499eadca1aae496e0003 P 8ec611221846407a89483853ba7e750d [NON_LEADER]: Queue going to NON_LEADER mode. State: All replicated index: 0, Majority replicated index: 0, Committed index: 0, Last appended: 0.0, Last appended by leader: 0, Current term: 0, Majority size: -1, State: 0, Mode: NON_LEADER, active raft config: opid_index: -1 OBSOLETE_local: false peers { permanent_uuid: "caeb573268c144f88a52aae9ef22a04d" member_type: VOTER last_known_addr { host: "127.1.47.129" port: 40277 } } peers { permanent_uuid: "8f128fb2bdd5478d893c6431e4281f80" member_type: VOTER last_known_addr { host: "127.1.47.130" port: 43667 } } peers { permanent_uuid: "8ec611221846407a89483853ba7e750d" member_type: VOTER last_known_addr { host: "127.1.47.131" port: 43061 } }
I20260608 09:48:13.087086  2101 ts_tablet_manager.cc:1434] T c7eecd17d9bd499eadca1aae496e0003 P 8ec611221846407a89483853ba7e750d: Time spent starting tablet: real 0.009s	user 0.007s	sys 0.000s
I20260608 09:48:13.086860  2102 raft_consensus.cc:359] T b1a85355fbc04671bdddf1b328a40ae7 P 8f128fb2bdd5478d893c6431e4281f80 [term 0 FOLLOWER]: Replica starting. Triggering 0 pending ops. Active config: opid_index: -1 OBSOLETE_local: false peers { permanent_uuid: "caeb573268c144f88a52aae9ef22a04d" member_type: VOTER last_known_addr { host: "127.1.47.129" port: 40277 } } peers { permanent_uuid: "8f128fb2bdd5478d893c6431e4281f80" member_type: VOTER last_known_addr { host: "127.1.47.130" port: 43667 } } peers { permanent_uuid: "8ec611221846407a89483853ba7e750d" member_type: VOTER last_known_addr { host: "127.1.47.131" port: 43061 } }
I20260608 09:48:13.087641  2102 raft_consensus.cc:385] T b1a85355fbc04671bdddf1b328a40ae7 P 8f128fb2bdd5478d893c6431e4281f80 [term 0 FOLLOWER]: Consensus starting up: Expiring failure detector timer to make a prompt election more likely
I20260608 09:48:13.087961  2102 raft_consensus.cc:740] T b1a85355fbc04671bdddf1b328a40ae7 P 8f128fb2bdd5478d893c6431e4281f80 [term 0 FOLLOWER]: Becoming Follower/Learner. State: Replica: 8f128fb2bdd5478d893c6431e4281f80, State: Initialized, Role: FOLLOWER
I20260608 09:48:13.088111  2101 tablet_bootstrap.cc:492] T b1a85355fbc04671bdddf1b328a40ae7 P 8ec611221846407a89483853ba7e750d: Bootstrap starting.
I20260608 09:48:13.088572  2100 tablet_bootstrap.cc:492] T 12a09675ec18400aa32f305881250966 P caeb573268c144f88a52aae9ef22a04d: No bootstrap required, opened a new log
W20260608 09:48:13.086778  1870 leader_election.cc:343] T fc7987c3effe4677a0bab7f929e979b5 P caeb573268c144f88a52aae9ef22a04d [CANDIDATE]: Term 1 pre-election: Tablet error from VoteRequest() call to peer 8f128fb2bdd5478d893c6431e4281f80 (127.1.47.130:43667): Illegal state: must be running to vote when last-logged opid is not known
I20260608 09:48:13.088965  2102 consensus_queue.cc:260] T b1a85355fbc04671bdddf1b328a40ae7 P 8f128fb2bdd5478d893c6431e4281f80 [NON_LEADER]: Queue going to NON_LEADER mode. State: All replicated index: 0, Majority replicated index: 0, Committed index: 0, Last appended: 0.0, Last appended by leader: 0, Current term: 0, Majority size: -1, State: 0, Mode: NON_LEADER, active raft config: opid_index: -1 OBSOLETE_local: false peers { permanent_uuid: "caeb573268c144f88a52aae9ef22a04d" member_type: VOTER last_known_addr { host: "127.1.47.129" port: 40277 } } peers { permanent_uuid: "8f128fb2bdd5478d893c6431e4281f80" member_type: VOTER last_known_addr { host: "127.1.47.130" port: 43667 } } peers { permanent_uuid: "8ec611221846407a89483853ba7e750d" member_type: VOTER last_known_addr { host: "127.1.47.131" port: 43061 } }
I20260608 09:48:13.091394  2102 ts_tablet_manager.cc:1434] T b1a85355fbc04671bdddf1b328a40ae7 P 8f128fb2bdd5478d893c6431e4281f80: Time spent starting tablet: real 0.007s	user 0.005s	sys 0.001s
I20260608 09:48:13.092487  2102 tablet_bootstrap.cc:492] T 2527961c905e4873974abeab952735a1 P 8f128fb2bdd5478d893c6431e4281f80: Bootstrap starting.
I20260608 09:48:13.089062  2100 ts_tablet_manager.cc:1403] T 12a09675ec18400aa32f305881250966 P caeb573268c144f88a52aae9ef22a04d: Time spent bootstrapping tablet: real 0.052s	user 0.013s	sys 0.001s
I20260608 09:48:13.095425  2101 tablet_bootstrap.cc:654] T b1a85355fbc04671bdddf1b328a40ae7 P 8ec611221846407a89483853ba7e750d: Neither blocks nor log segments found. Creating new log.
I20260608 09:48:13.097111  2100 raft_consensus.cc:359] T 12a09675ec18400aa32f305881250966 P caeb573268c144f88a52aae9ef22a04d [term 0 FOLLOWER]: Replica starting. Triggering 0 pending ops. Active config: opid_index: -1 OBSOLETE_local: false peers { permanent_uuid: "caeb573268c144f88a52aae9ef22a04d" member_type: VOTER last_known_addr { host: "127.1.47.129" port: 40277 } } peers { permanent_uuid: "8f128fb2bdd5478d893c6431e4281f80" member_type: VOTER last_known_addr { host: "127.1.47.130" port: 43667 } } peers { permanent_uuid: "8ec611221846407a89483853ba7e750d" member_type: VOTER last_known_addr { host: "127.1.47.131" port: 43061 } }
I20260608 09:48:13.098060  2100 raft_consensus.cc:385] T 12a09675ec18400aa32f305881250966 P caeb573268c144f88a52aae9ef22a04d [term 0 FOLLOWER]: Consensus starting up: Expiring failure detector timer to make a prompt election more likely
I20260608 09:48:13.098418  2100 raft_consensus.cc:740] T 12a09675ec18400aa32f305881250966 P caeb573268c144f88a52aae9ef22a04d [term 0 FOLLOWER]: Becoming Follower/Learner. State: Replica: caeb573268c144f88a52aae9ef22a04d, State: Initialized, Role: FOLLOWER
I20260608 09:48:13.098959  2102 tablet_bootstrap.cc:654] T 2527961c905e4873974abeab952735a1 P 8f128fb2bdd5478d893c6431e4281f80: Neither blocks nor log segments found. Creating new log.
I20260608 09:48:13.099327  2100 consensus_queue.cc:260] T 12a09675ec18400aa32f305881250966 P caeb573268c144f88a52aae9ef22a04d [NON_LEADER]: Queue going to NON_LEADER mode. State: All replicated index: 0, Majority replicated index: 0, Committed index: 0, Last appended: 0.0, Last appended by leader: 0, Current term: 0, Majority size: -1, State: 0, Mode: NON_LEADER, active raft config: opid_index: -1 OBSOLETE_local: false peers { permanent_uuid: "caeb573268c144f88a52aae9ef22a04d" member_type: VOTER last_known_addr { host: "127.1.47.129" port: 40277 } } peers { permanent_uuid: "8f128fb2bdd5478d893c6431e4281f80" member_type: VOTER last_known_addr { host: "127.1.47.130" port: 43667 } } peers { permanent_uuid: "8ec611221846407a89483853ba7e750d" member_type: VOTER last_known_addr { host: "127.1.47.131" port: 43061 } }
I20260608 09:48:13.101861  2054 tablet_service.cc:1917] Received RequestConsensusVote() RPC: tablet_id: "fc7987c3effe4677a0bab7f929e979b5" candidate_uuid: "caeb573268c144f88a52aae9ef22a04d" candidate_term: 1 candidate_status { last_received { term: 0 index: 0 } } ignore_live_leader: false dest_uuid: "8ec611221846407a89483853ba7e750d" is_pre_election: true
I20260608 09:48:13.102569  2054 raft_consensus.cc:2468] T fc7987c3effe4677a0bab7f929e979b5 P 8ec611221846407a89483853ba7e750d [term 0 FOLLOWER]: Leader pre-election vote request: Granting yes vote for candidate caeb573268c144f88a52aae9ef22a04d in term 0.
I20260608 09:48:13.105258  2100 ts_tablet_manager.cc:1434] T 12a09675ec18400aa32f305881250966 P caeb573268c144f88a52aae9ef22a04d: Time spent starting tablet: real 0.011s	user 0.003s	sys 0.003s
I20260608 09:48:13.106462  2100 tablet_bootstrap.cc:492] T b1a85355fbc04671bdddf1b328a40ae7 P caeb573268c144f88a52aae9ef22a04d: Bootstrap starting.
I20260608 09:48:13.107292  1869 leader_election.cc:304] T fc7987c3effe4677a0bab7f929e979b5 P caeb573268c144f88a52aae9ef22a04d [CANDIDATE]: Term 1 pre-election: Election decided. Result: candidate won. Election summary: received 3 responses out of 3 voters: 2 yes votes; 1 no votes. yes voters: 8ec611221846407a89483853ba7e750d, caeb573268c144f88a52aae9ef22a04d; no voters: 8f128fb2bdd5478d893c6431e4281f80
I20260608 09:48:13.108604  2108 raft_consensus.cc:2804] T fc7987c3effe4677a0bab7f929e979b5 P caeb573268c144f88a52aae9ef22a04d [term 0 FOLLOWER]: Leader pre-election won for term 1
I20260608 09:48:13.108987  2108 raft_consensus.cc:493] T fc7987c3effe4677a0bab7f929e979b5 P caeb573268c144f88a52aae9ef22a04d [term 0 FOLLOWER]: Starting leader election (no leader contacted us within the election timeout)
I20260608 09:48:13.109323  2108 raft_consensus.cc:3060] T fc7987c3effe4677a0bab7f929e979b5 P caeb573268c144f88a52aae9ef22a04d [term 0 FOLLOWER]: Advancing to term 1
I20260608 09:48:13.118275  2102 tablet_bootstrap.cc:492] T 2527961c905e4873974abeab952735a1 P 8f128fb2bdd5478d893c6431e4281f80: No bootstrap required, opened a new log
I20260608 09:48:13.118814  2102 ts_tablet_manager.cc:1403] T 2527961c905e4873974abeab952735a1 P 8f128fb2bdd5478d893c6431e4281f80: Time spent bootstrapping tablet: real 0.027s	user 0.006s	sys 0.016s
I20260608 09:48:13.121582  2108 raft_consensus.cc:515] T fc7987c3effe4677a0bab7f929e979b5 P caeb573268c144f88a52aae9ef22a04d [term 1 FOLLOWER]: Starting leader election with config: opid_index: -1 OBSOLETE_local: false peers { permanent_uuid: "caeb573268c144f88a52aae9ef22a04d" member_type: VOTER last_known_addr { host: "127.1.47.129" port: 40277 } } peers { permanent_uuid: "8f128fb2bdd5478d893c6431e4281f80" member_type: VOTER last_known_addr { host: "127.1.47.130" port: 43667 } } peers { permanent_uuid: "8ec611221846407a89483853ba7e750d" member_type: VOTER last_known_addr { host: "127.1.47.131" port: 43061 } }
I20260608 09:48:13.121784  2102 raft_consensus.cc:359] T 2527961c905e4873974abeab952735a1 P 8f128fb2bdd5478d893c6431e4281f80 [term 0 FOLLOWER]: Replica starting. Triggering 0 pending ops. Active config: opid_index: -1 OBSOLETE_local: false peers { permanent_uuid: "caeb573268c144f88a52aae9ef22a04d" member_type: VOTER last_known_addr { host: "127.1.47.129" port: 40277 } } peers { permanent_uuid: "8f128fb2bdd5478d893c6431e4281f80" member_type: VOTER last_known_addr { host: "127.1.47.130" port: 43667 } } peers { permanent_uuid: "8ec611221846407a89483853ba7e750d" member_type: VOTER last_known_addr { host: "127.1.47.131" port: 43061 } }
I20260608 09:48:13.122737  2102 raft_consensus.cc:385] T 2527961c905e4873974abeab952735a1 P 8f128fb2bdd5478d893c6431e4281f80 [term 0 FOLLOWER]: Consensus starting up: Expiring failure detector timer to make a prompt election more likely
I20260608 09:48:13.123122  2102 raft_consensus.cc:740] T 2527961c905e4873974abeab952735a1 P 8f128fb2bdd5478d893c6431e4281f80 [term 0 FOLLOWER]: Becoming Follower/Learner. State: Replica: 8f128fb2bdd5478d893c6431e4281f80, State: Initialized, Role: FOLLOWER
I20260608 09:48:13.124078  2102 consensus_queue.cc:260] T 2527961c905e4873974abeab952735a1 P 8f128fb2bdd5478d893c6431e4281f80 [NON_LEADER]: Queue going to NON_LEADER mode. State: All replicated index: 0, Majority replicated index: 0, Committed index: 0, Last appended: 0.0, Last appended by leader: 0, Current term: 0, Majority size: -1, State: 0, Mode: NON_LEADER, active raft config: opid_index: -1 OBSOLETE_local: false peers { permanent_uuid: "caeb573268c144f88a52aae9ef22a04d" member_type: VOTER last_known_addr { host: "127.1.47.129" port: 40277 } } peers { permanent_uuid: "8f128fb2bdd5478d893c6431e4281f80" member_type: VOTER last_known_addr { host: "127.1.47.130" port: 43667 } } peers { permanent_uuid: "8ec611221846407a89483853ba7e750d" member_type: VOTER last_known_addr { host: "127.1.47.131" port: 43061 } }
I20260608 09:48:13.126426  2102 ts_tablet_manager.cc:1434] T 2527961c905e4873974abeab952735a1 P 8f128fb2bdd5478d893c6431e4281f80: Time spent starting tablet: real 0.007s	user 0.005s	sys 0.001s
I20260608 09:48:13.127445  2102 tablet_bootstrap.cc:492] T c7eecd17d9bd499eadca1aae496e0003 P 8f128fb2bdd5478d893c6431e4281f80: Bootstrap starting.
I20260608 09:48:13.130259  2100 tablet_bootstrap.cc:654] T b1a85355fbc04671bdddf1b328a40ae7 P caeb573268c144f88a52aae9ef22a04d: Neither blocks nor log segments found. Creating new log.
I20260608 09:48:13.132997  1980 tablet_service.cc:1917] Received RequestConsensusVote() RPC: tablet_id: "fc7987c3effe4677a0bab7f929e979b5" candidate_uuid: "caeb573268c144f88a52aae9ef22a04d" candidate_term: 1 candidate_status { last_received { term: 0 index: 0 } } ignore_live_leader: false dest_uuid: "8f128fb2bdd5478d893c6431e4281f80"
I20260608 09:48:13.135313  2054 tablet_service.cc:1917] Received RequestConsensusVote() RPC: tablet_id: "fc7987c3effe4677a0bab7f929e979b5" candidate_uuid: "caeb573268c144f88a52aae9ef22a04d" candidate_term: 1 candidate_status { last_received { term: 0 index: 0 } } ignore_live_leader: false dest_uuid: "8ec611221846407a89483853ba7e750d"
I20260608 09:48:13.136698  2102 tablet_bootstrap.cc:654] T c7eecd17d9bd499eadca1aae496e0003 P 8f128fb2bdd5478d893c6431e4281f80: Neither blocks nor log segments found. Creating new log.
I20260608 09:48:13.136994  2108 leader_election.cc:290] T fc7987c3effe4677a0bab7f929e979b5 P caeb573268c144f88a52aae9ef22a04d [CANDIDATE]: Term 1 election: Requested vote from peers 8f128fb2bdd5478d893c6431e4281f80 (127.1.47.130:43667), 8ec611221846407a89483853ba7e750d (127.1.47.131:43061)
I20260608 09:48:13.138350  2101 tablet_bootstrap.cc:492] T b1a85355fbc04671bdddf1b328a40ae7 P 8ec611221846407a89483853ba7e750d: No bootstrap required, opened a new log
I20260608 09:48:13.139629  2054 raft_consensus.cc:3060] T fc7987c3effe4677a0bab7f929e979b5 P 8ec611221846407a89483853ba7e750d [term 0 FOLLOWER]: Advancing to term 1
I20260608 09:48:13.140097  2101 ts_tablet_manager.cc:1403] T b1a85355fbc04671bdddf1b328a40ae7 P 8ec611221846407a89483853ba7e750d: Time spent bootstrapping tablet: real 0.052s	user 0.031s	sys 0.017s
W20260608 09:48:13.139866  1870 leader_election.cc:343] T fc7987c3effe4677a0bab7f929e979b5 P caeb573268c144f88a52aae9ef22a04d [CANDIDATE]: Term 1 election: Tablet error from VoteRequest() call to peer 8f128fb2bdd5478d893c6431e4281f80 (127.1.47.130:43667): Illegal state: must be running to vote when last-logged opid is not known
I20260608 09:48:13.143316  2101 raft_consensus.cc:359] T b1a85355fbc04671bdddf1b328a40ae7 P 8ec611221846407a89483853ba7e750d [term 0 FOLLOWER]: Replica starting. Triggering 0 pending ops. Active config: opid_index: -1 OBSOLETE_local: false peers { permanent_uuid: "caeb573268c144f88a52aae9ef22a04d" member_type: VOTER last_known_addr { host: "127.1.47.129" port: 40277 } } peers { permanent_uuid: "8f128fb2bdd5478d893c6431e4281f80" member_type: VOTER last_known_addr { host: "127.1.47.130" port: 43667 } } peers { permanent_uuid: "8ec611221846407a89483853ba7e750d" member_type: VOTER last_known_addr { host: "127.1.47.131" port: 43061 } }
I20260608 09:48:13.144039  2101 raft_consensus.cc:385] T b1a85355fbc04671bdddf1b328a40ae7 P 8ec611221846407a89483853ba7e750d [term 0 FOLLOWER]: Consensus starting up: Expiring failure detector timer to make a prompt election more likely
I20260608 09:48:13.144328  2101 raft_consensus.cc:740] T b1a85355fbc04671bdddf1b328a40ae7 P 8ec611221846407a89483853ba7e750d [term 0 FOLLOWER]: Becoming Follower/Learner. State: Replica: 8ec611221846407a89483853ba7e750d, State: Initialized, Role: FOLLOWER
I20260608 09:48:13.144569  2102 tablet_bootstrap.cc:492] T c7eecd17d9bd499eadca1aae496e0003 P 8f128fb2bdd5478d893c6431e4281f80: No bootstrap required, opened a new log
I20260608 09:48:13.145007  2102 ts_tablet_manager.cc:1403] T c7eecd17d9bd499eadca1aae496e0003 P 8f128fb2bdd5478d893c6431e4281f80: Time spent bootstrapping tablet: real 0.018s	user 0.001s	sys 0.009s
I20260608 09:48:13.145107  2101 consensus_queue.cc:260] T b1a85355fbc04671bdddf1b328a40ae7 P 8ec611221846407a89483853ba7e750d [NON_LEADER]: Queue going to NON_LEADER mode. State: All replicated index: 0, Majority replicated index: 0, Committed index: 0, Last appended: 0.0, Last appended by leader: 0, Current term: 0, Majority size: -1, State: 0, Mode: NON_LEADER, active raft config: opid_index: -1 OBSOLETE_local: false peers { permanent_uuid: "caeb573268c144f88a52aae9ef22a04d" member_type: VOTER last_known_addr { host: "127.1.47.129" port: 40277 } } peers { permanent_uuid: "8f128fb2bdd5478d893c6431e4281f80" member_type: VOTER last_known_addr { host: "127.1.47.130" port: 43667 } } peers { permanent_uuid: "8ec611221846407a89483853ba7e750d" member_type: VOTER last_known_addr { host: "127.1.47.131" port: 43061 } }
I20260608 09:48:13.139245  2121 raft_consensus.cc:493] T 12a09675ec18400aa32f305881250966 P caeb573268c144f88a52aae9ef22a04d [term 0 FOLLOWER]: Starting pre-election (no leader contacted us within the election timeout)
I20260608 09:48:13.146560  2054 raft_consensus.cc:2468] T fc7987c3effe4677a0bab7f929e979b5 P 8ec611221846407a89483853ba7e750d [term 1 FOLLOWER]: Leader election vote request: Granting yes vote for candidate caeb573268c144f88a52aae9ef22a04d in term 1.
I20260608 09:48:13.147663  2106 raft_consensus.cc:493] T 12a09675ec18400aa32f305881250966 P 8ec611221846407a89483853ba7e750d [term 0 FOLLOWER]: Starting pre-election (no leader contacted us within the election timeout)
I20260608 09:48:13.147506  2102 raft_consensus.cc:359] T c7eecd17d9bd499eadca1aae496e0003 P 8f128fb2bdd5478d893c6431e4281f80 [term 0 FOLLOWER]: Replica starting. Triggering 0 pending ops. Active config: opid_index: -1 OBSOLETE_local: false peers { permanent_uuid: "caeb573268c144f88a52aae9ef22a04d" member_type: VOTER last_known_addr { host: "127.1.47.129" port: 40277 } } peers { permanent_uuid: "8f128fb2bdd5478d893c6431e4281f80" member_type: VOTER last_known_addr { host: "127.1.47.130" port: 43667 } } peers { permanent_uuid: "8ec611221846407a89483853ba7e750d" member_type: VOTER last_known_addr { host: "127.1.47.131" port: 43061 } }
I20260608 09:48:13.148100  2101 ts_tablet_manager.cc:1434] T b1a85355fbc04671bdddf1b328a40ae7 P 8ec611221846407a89483853ba7e750d: Time spent starting tablet: real 0.008s	user 0.001s	sys 0.005s
I20260608 09:48:13.148252  2102 raft_consensus.cc:385] T c7eecd17d9bd499eadca1aae496e0003 P 8f128fb2bdd5478d893c6431e4281f80 [term 0 FOLLOWER]: Consensus starting up: Expiring failure detector timer to make a prompt election more likely
I20260608 09:48:13.148651  2102 raft_consensus.cc:740] T c7eecd17d9bd499eadca1aae496e0003 P 8f128fb2bdd5478d893c6431e4281f80 [term 0 FOLLOWER]: Becoming Follower/Learner. State: Replica: 8f128fb2bdd5478d893c6431e4281f80, State: Initialized, Role: FOLLOWER
I20260608 09:48:13.149248  2101 tablet_bootstrap.cc:492] T a1a0399ae44c4e0f9760149d0bbb80b0 P 8ec611221846407a89483853ba7e750d: Bootstrap starting.
I20260608 09:48:13.149521  2102 consensus_queue.cc:260] T c7eecd17d9bd499eadca1aae496e0003 P 8f128fb2bdd5478d893c6431e4281f80 [NON_LEADER]: Queue going to NON_LEADER mode. State: All replicated index: 0, Majority replicated index: 0, Committed index: 0, Last appended: 0.0, Last appended by leader: 0, Current term: 0, Majority size: -1, State: 0, Mode: NON_LEADER, active raft config: opid_index: -1 OBSOLETE_local: false peers { permanent_uuid: "caeb573268c144f88a52aae9ef22a04d" member_type: VOTER last_known_addr { host: "127.1.47.129" port: 40277 } } peers { permanent_uuid: "8f128fb2bdd5478d893c6431e4281f80" member_type: VOTER last_known_addr { host: "127.1.47.130" port: 43667 } } peers { permanent_uuid: "8ec611221846407a89483853ba7e750d" member_type: VOTER last_known_addr { host: "127.1.47.131" port: 43061 } }
I20260608 09:48:13.148201  2106 raft_consensus.cc:515] T 12a09675ec18400aa32f305881250966 P 8ec611221846407a89483853ba7e750d [term 0 FOLLOWER]: Starting pre-election with config: opid_index: -1 OBSOLETE_local: false peers { permanent_uuid: "caeb573268c144f88a52aae9ef22a04d" member_type: VOTER last_known_addr { host: "127.1.47.129" port: 40277 } } peers { permanent_uuid: "8f128fb2bdd5478d893c6431e4281f80" member_type: VOTER last_known_addr { host: "127.1.47.130" port: 43667 } } peers { permanent_uuid: "8ec611221846407a89483853ba7e750d" member_type: VOTER last_known_addr { host: "127.1.47.131" port: 43061 } }
I20260608 09:48:13.155799  2101 tablet_bootstrap.cc:654] T a1a0399ae44c4e0f9760149d0bbb80b0 P 8ec611221846407a89483853ba7e750d: Neither blocks nor log segments found. Creating new log.
I20260608 09:48:13.158447  2100 tablet_bootstrap.cc:492] T b1a85355fbc04671bdddf1b328a40ae7 P caeb573268c144f88a52aae9ef22a04d: No bootstrap required, opened a new log
I20260608 09:48:13.158982  2100 ts_tablet_manager.cc:1403] T b1a85355fbc04671bdddf1b328a40ae7 P caeb573268c144f88a52aae9ef22a04d: Time spent bootstrapping tablet: real 0.053s	user 0.009s	sys 0.006s
I20260608 09:48:13.159307  2102 ts_tablet_manager.cc:1434] T c7eecd17d9bd499eadca1aae496e0003 P 8f128fb2bdd5478d893c6431e4281f80: Time spent starting tablet: real 0.014s	user 0.001s	sys 0.006s
I20260608 09:48:13.160760  1869 leader_election.cc:304] T fc7987c3effe4677a0bab7f929e979b5 P caeb573268c144f88a52aae9ef22a04d [CANDIDATE]: Term 1 election: Election decided. Result: candidate won. Election summary: received 3 responses out of 3 voters: 2 yes votes; 1 no votes. yes voters: 8ec611221846407a89483853ba7e750d, caeb573268c144f88a52aae9ef22a04d; no voters: 8f128fb2bdd5478d893c6431e4281f80
I20260608 09:48:13.161849  2100 raft_consensus.cc:359] T b1a85355fbc04671bdddf1b328a40ae7 P caeb573268c144f88a52aae9ef22a04d [term 0 FOLLOWER]: Replica starting. Triggering 0 pending ops. Active config: opid_index: -1 OBSOLETE_local: false peers { permanent_uuid: "caeb573268c144f88a52aae9ef22a04d" member_type: VOTER last_known_addr { host: "127.1.47.129" port: 40277 } } peers { permanent_uuid: "8f128fb2bdd5478d893c6431e4281f80" member_type: VOTER last_known_addr { host: "127.1.47.130" port: 43667 } } peers { permanent_uuid: "8ec611221846407a89483853ba7e750d" member_type: VOTER last_known_addr { host: "127.1.47.131" port: 43061 } }
I20260608 09:48:13.162638  2100 raft_consensus.cc:385] T b1a85355fbc04671bdddf1b328a40ae7 P caeb573268c144f88a52aae9ef22a04d [term 0 FOLLOWER]: Consensus starting up: Expiring failure detector timer to make a prompt election more likely
I20260608 09:48:13.162989  2100 raft_consensus.cc:740] T b1a85355fbc04671bdddf1b328a40ae7 P caeb573268c144f88a52aae9ef22a04d [term 0 FOLLOWER]: Becoming Follower/Learner. State: Replica: caeb573268c144f88a52aae9ef22a04d, State: Initialized, Role: FOLLOWER
I20260608 09:48:13.163257  2102 tablet_bootstrap.cc:492] T fc7987c3effe4677a0bab7f929e979b5 P 8f128fb2bdd5478d893c6431e4281f80: Bootstrap starting.
I20260608 09:48:13.163859  2100 consensus_queue.cc:260] T b1a85355fbc04671bdddf1b328a40ae7 P caeb573268c144f88a52aae9ef22a04d [NON_LEADER]: Queue going to NON_LEADER mode. State: All replicated index: 0, Majority replicated index: 0, Committed index: 0, Last appended: 0.0, Last appended by leader: 0, Current term: 0, Majority size: -1, State: 0, Mode: NON_LEADER, active raft config: opid_index: -1 OBSOLETE_local: false peers { permanent_uuid: "caeb573268c144f88a52aae9ef22a04d" member_type: VOTER last_known_addr { host: "127.1.47.129" port: 40277 } } peers { permanent_uuid: "8f128fb2bdd5478d893c6431e4281f80" member_type: VOTER last_known_addr { host: "127.1.47.130" port: 43667 } } peers { permanent_uuid: "8ec611221846407a89483853ba7e750d" member_type: VOTER last_known_addr { host: "127.1.47.131" port: 43061 } }
I20260608 09:48:13.170689  2102 tablet_bootstrap.cc:654] T fc7987c3effe4677a0bab7f929e979b5 P 8f128fb2bdd5478d893c6431e4281f80: Neither blocks nor log segments found. Creating new log.
I20260608 09:48:13.171383  2108 raft_consensus.cc:2804] T fc7987c3effe4677a0bab7f929e979b5 P caeb573268c144f88a52aae9ef22a04d [term 1 FOLLOWER]: Leader election won for term 1
I20260608 09:48:13.173447  2100 ts_tablet_manager.cc:1434] T b1a85355fbc04671bdddf1b328a40ae7 P caeb573268c144f88a52aae9ef22a04d: Time spent starting tablet: real 0.014s	user 0.009s	sys 0.004s
I20260608 09:48:13.173589  2106 leader_election.cc:290] T 12a09675ec18400aa32f305881250966 P 8ec611221846407a89483853ba7e750d [CANDIDATE]: Term 1 pre-election: Requested pre-vote from peers caeb573268c144f88a52aae9ef22a04d (127.1.47.129:40277), 8f128fb2bdd5478d893c6431e4281f80 (127.1.47.130:43667)
I20260608 09:48:13.175535  2108 raft_consensus.cc:697] T fc7987c3effe4677a0bab7f929e979b5 P caeb573268c144f88a52aae9ef22a04d [term 1 LEADER]: Becoming Leader. State: Replica: caeb573268c144f88a52aae9ef22a04d, State: Running, Role: LEADER
I20260608 09:48:13.176011  2100 tablet_bootstrap.cc:492] T 2527961c905e4873974abeab952735a1 P caeb573268c144f88a52aae9ef22a04d: Bootstrap starting.
I20260608 09:48:13.176483  2108 consensus_queue.cc:237] T fc7987c3effe4677a0bab7f929e979b5 P caeb573268c144f88a52aae9ef22a04d [LEADER]: Queue going to LEADER mode. State: All replicated index: 0, Majority replicated index: 0, Committed index: 0, Last appended: 0.0, Last appended by leader: 0, Current term: 1, Majority size: 2, State: 0, Mode: LEADER, active raft config: opid_index: -1 OBSOLETE_local: false peers { permanent_uuid: "caeb573268c144f88a52aae9ef22a04d" member_type: VOTER last_known_addr { host: "127.1.47.129" port: 40277 } } peers { permanent_uuid: "8f128fb2bdd5478d893c6431e4281f80" member_type: VOTER last_known_addr { host: "127.1.47.130" port: 43667 } } peers { permanent_uuid: "8ec611221846407a89483853ba7e750d" member_type: VOTER last_known_addr { host: "127.1.47.131" port: 43061 } }
I20260608 09:48:13.146297  2121 raft_consensus.cc:515] T 12a09675ec18400aa32f305881250966 P caeb573268c144f88a52aae9ef22a04d [term 0 FOLLOWER]: Starting pre-election with config: opid_index: -1 OBSOLETE_local: false peers { permanent_uuid: "caeb573268c144f88a52aae9ef22a04d" member_type: VOTER last_known_addr { host: "127.1.47.129" port: 40277 } } peers { permanent_uuid: "8f128fb2bdd5478d893c6431e4281f80" member_type: VOTER last_known_addr { host: "127.1.47.130" port: 43667 } } peers { permanent_uuid: "8ec611221846407a89483853ba7e750d" member_type: VOTER last_known_addr { host: "127.1.47.131" port: 43061 } }
I20260608 09:48:13.186659  2100 tablet_bootstrap.cc:654] T 2527961c905e4873974abeab952735a1 P caeb573268c144f88a52aae9ef22a04d: Neither blocks nor log segments found. Creating new log.
I20260608 09:48:13.187472  1980 tablet_service.cc:1917] Received RequestConsensusVote() RPC: tablet_id: "12a09675ec18400aa32f305881250966" candidate_uuid: "caeb573268c144f88a52aae9ef22a04d" candidate_term: 1 candidate_status { last_received { term: 0 index: 0 } } ignore_live_leader: false dest_uuid: "8f128fb2bdd5478d893c6431e4281f80" is_pre_election: true
I20260608 09:48:13.188485  2102 tablet_bootstrap.cc:492] T fc7987c3effe4677a0bab7f929e979b5 P 8f128fb2bdd5478d893c6431e4281f80: No bootstrap required, opened a new log
I20260608 09:48:13.188481  1980 raft_consensus.cc:2468] T 12a09675ec18400aa32f305881250966 P 8f128fb2bdd5478d893c6431e4281f80 [term 0 FOLLOWER]: Leader pre-election vote request: Granting yes vote for candidate caeb573268c144f88a52aae9ef22a04d in term 0.
I20260608 09:48:13.189301  2102 ts_tablet_manager.cc:1403] T fc7987c3effe4677a0bab7f929e979b5 P 8f128fb2bdd5478d893c6431e4281f80: Time spent bootstrapping tablet: real 0.026s	user 0.016s	sys 0.003s
I20260608 09:48:13.190299  1870 leader_election.cc:304] T 12a09675ec18400aa32f305881250966 P caeb573268c144f88a52aae9ef22a04d [CANDIDATE]: Term 1 pre-election: Election decided. Result: candidate won. Election summary: received 2 responses out of 3 voters: 2 yes votes; 0 no votes. yes voters: 8f128fb2bdd5478d893c6431e4281f80, caeb573268c144f88a52aae9ef22a04d; no voters: 
I20260608 09:48:13.191342  2127 raft_consensus.cc:2804] T 12a09675ec18400aa32f305881250966 P caeb573268c144f88a52aae9ef22a04d [term 0 FOLLOWER]: Leader pre-election won for term 1
I20260608 09:48:13.191838  2127 raft_consensus.cc:493] T 12a09675ec18400aa32f305881250966 P caeb573268c144f88a52aae9ef22a04d [term 0 FOLLOWER]: Starting leader election (no leader contacted us within the election timeout)
I20260608 09:48:13.192270  2127 raft_consensus.cc:3060] T 12a09675ec18400aa32f305881250966 P caeb573268c144f88a52aae9ef22a04d [term 0 FOLLOWER]: Advancing to term 1
I20260608 09:48:13.192626  2102 raft_consensus.cc:359] T fc7987c3effe4677a0bab7f929e979b5 P 8f128fb2bdd5478d893c6431e4281f80 [term 0 FOLLOWER]: Replica starting. Triggering 0 pending ops. Active config: opid_index: -1 OBSOLETE_local: false peers { permanent_uuid: "caeb573268c144f88a52aae9ef22a04d" member_type: VOTER last_known_addr { host: "127.1.47.129" port: 40277 } } peers { permanent_uuid: "8f128fb2bdd5478d893c6431e4281f80" member_type: VOTER last_known_addr { host: "127.1.47.130" port: 43667 } } peers { permanent_uuid: "8ec611221846407a89483853ba7e750d" member_type: VOTER last_known_addr { host: "127.1.47.131" port: 43061 } }
I20260608 09:48:13.193459  2102 raft_consensus.cc:385] T fc7987c3effe4677a0bab7f929e979b5 P 8f128fb2bdd5478d893c6431e4281f80 [term 0 FOLLOWER]: Consensus starting up: Expiring failure detector timer to make a prompt election more likely
I20260608 09:48:13.193837  2102 raft_consensus.cc:740] T fc7987c3effe4677a0bab7f929e979b5 P 8f128fb2bdd5478d893c6431e4281f80 [term 0 FOLLOWER]: Becoming Follower/Learner. State: Replica: 8f128fb2bdd5478d893c6431e4281f80, State: Initialized, Role: FOLLOWER
I20260608 09:48:13.194856  2102 consensus_queue.cc:260] T fc7987c3effe4677a0bab7f929e979b5 P 8f128fb2bdd5478d893c6431e4281f80 [NON_LEADER]: Queue going to NON_LEADER mode. State: All replicated index: 0, Majority replicated index: 0, Committed index: 0, Last appended: 0.0, Last appended by leader: 0, Current term: 0, Majority size: -1, State: 0, Mode: NON_LEADER, active raft config: opid_index: -1 OBSOLETE_local: false peers { permanent_uuid: "caeb573268c144f88a52aae9ef22a04d" member_type: VOTER last_known_addr { host: "127.1.47.129" port: 40277 } } peers { permanent_uuid: "8f128fb2bdd5478d893c6431e4281f80" member_type: VOTER last_known_addr { host: "127.1.47.130" port: 43667 } } peers { permanent_uuid: "8ec611221846407a89483853ba7e750d" member_type: VOTER last_known_addr { host: "127.1.47.131" port: 43061 } }
I20260608 09:48:13.196076  1802 catalog_manager.cc:5696] T fc7987c3effe4677a0bab7f929e979b5 P caeb573268c144f88a52aae9ef22a04d reported cstate change: term changed from 0 to 1, leader changed from <none> to caeb573268c144f88a52aae9ef22a04d (127.1.47.129). New cstate: current_term: 1 leader_uuid: "caeb573268c144f88a52aae9ef22a04d" committed_config { opid_index: -1 OBSOLETE_local: false peers { permanent_uuid: "caeb573268c144f88a52aae9ef22a04d" member_type: VOTER last_known_addr { host: "127.1.47.129" port: 40277 } health_report { overall_health: HEALTHY } } peers { permanent_uuid: "8f128fb2bdd5478d893c6431e4281f80" member_type: VOTER last_known_addr { host: "127.1.47.130" port: 43667 } health_report { overall_health: UNKNOWN } } peers { permanent_uuid: "8ec611221846407a89483853ba7e750d" member_type: VOTER last_known_addr { host: "127.1.47.131" port: 43061 } health_report { overall_health: UNKNOWN } } }
I20260608 09:48:13.201515  2054 tablet_service.cc:1917] Received RequestConsensusVote() RPC: tablet_id: "12a09675ec18400aa32f305881250966" candidate_uuid: "caeb573268c144f88a52aae9ef22a04d" candidate_term: 1 candidate_status { last_received { term: 0 index: 0 } } ignore_live_leader: false dest_uuid: "8ec611221846407a89483853ba7e750d" is_pre_election: true
I20260608 09:48:13.202121  2054 raft_consensus.cc:2468] T 12a09675ec18400aa32f305881250966 P 8ec611221846407a89483853ba7e750d [term 0 FOLLOWER]: Leader pre-election vote request: Granting yes vote for candidate caeb573268c144f88a52aae9ef22a04d in term 0.
I20260608 09:48:13.202287  2121 leader_election.cc:290] T 12a09675ec18400aa32f305881250966 P caeb573268c144f88a52aae9ef22a04d [CANDIDATE]: Term 1 pre-election: Requested pre-vote from peers 8f128fb2bdd5478d893c6431e4281f80 (127.1.47.130:43667), 8ec611221846407a89483853ba7e750d (127.1.47.131:43061)
I20260608 09:48:13.205441  2102 ts_tablet_manager.cc:1434] T fc7987c3effe4677a0bab7f929e979b5 P 8f128fb2bdd5478d893c6431e4281f80: Time spent starting tablet: real 0.016s	user 0.007s	sys 0.000s
I20260608 09:48:13.206599  2102 tablet_bootstrap.cc:492] T a100129beb9444b0b4722df85d7d2f36 P 8f128fb2bdd5478d893c6431e4281f80: Bootstrap starting.
I20260608 09:48:13.213263  2102 tablet_bootstrap.cc:654] T a100129beb9444b0b4722df85d7d2f36 P 8f128fb2bdd5478d893c6431e4281f80: Neither blocks nor log segments found. Creating new log.
I20260608 09:48:13.217979  2127 raft_consensus.cc:515] T 12a09675ec18400aa32f305881250966 P caeb573268c144f88a52aae9ef22a04d [term 1 FOLLOWER]: Starting leader election with config: opid_index: -1 OBSOLETE_local: false peers { permanent_uuid: "caeb573268c144f88a52aae9ef22a04d" member_type: VOTER last_known_addr { host: "127.1.47.129" port: 40277 } } peers { permanent_uuid: "8f128fb2bdd5478d893c6431e4281f80" member_type: VOTER last_known_addr { host: "127.1.47.130" port: 43667 } } peers { permanent_uuid: "8ec611221846407a89483853ba7e750d" member_type: VOTER last_known_addr { host: "127.1.47.131" port: 43061 } }
I20260608 09:48:13.222922  2106 raft_consensus.cc:493] T 2db96aee983d4e2d87eea6a81319a794 P 8ec611221846407a89483853ba7e750d [term 0 FOLLOWER]: Starting pre-election (no leader contacted us within the election timeout)
I20260608 09:48:13.224954  2102 tablet_bootstrap.cc:492] T a100129beb9444b0b4722df85d7d2f36 P 8f128fb2bdd5478d893c6431e4281f80: No bootstrap required, opened a new log
I20260608 09:48:13.225333  1905 tablet_service.cc:1917] Received RequestConsensusVote() RPC: tablet_id: "12a09675ec18400aa32f305881250966" candidate_uuid: "8ec611221846407a89483853ba7e750d" candidate_term: 1 candidate_status { last_received { term: 0 index: 0 } } ignore_live_leader: false dest_uuid: "caeb573268c144f88a52aae9ef22a04d" is_pre_election: true
I20260608 09:48:13.226133  2106 raft_consensus.cc:515] T 2db96aee983d4e2d87eea6a81319a794 P 8ec611221846407a89483853ba7e750d [term 0 FOLLOWER]: Starting pre-election with config: opid_index: -1 OBSOLETE_local: false peers { permanent_uuid: "caeb573268c144f88a52aae9ef22a04d" member_type: VOTER last_known_addr { host: "127.1.47.129" port: 40277 } } peers { permanent_uuid: "8ec611221846407a89483853ba7e750d" member_type: VOTER last_known_addr { host: "127.1.47.131" port: 43061 } } peers { permanent_uuid: "8f128fb2bdd5478d893c6431e4281f80" member_type: VOTER last_known_addr { host: "127.1.47.130" port: 43667 } }
I20260608 09:48:13.226800  1905 raft_consensus.cc:2393] T 12a09675ec18400aa32f305881250966 P caeb573268c144f88a52aae9ef22a04d [term 1 FOLLOWER]: Leader pre-election vote request: Denying vote to candidate 8ec611221846407a89483853ba7e750d in current term 1: Already voted for candidate caeb573268c144f88a52aae9ef22a04d in this term.
I20260608 09:48:13.228442  1980 tablet_service.cc:1917] Received RequestConsensusVote() RPC: tablet_id: "12a09675ec18400aa32f305881250966" candidate_uuid: "caeb573268c144f88a52aae9ef22a04d" candidate_term: 1 candidate_status { last_received { term: 0 index: 0 } } ignore_live_leader: false dest_uuid: "8f128fb2bdd5478d893c6431e4281f80"
I20260608 09:48:13.229070  1980 raft_consensus.cc:3060] T 12a09675ec18400aa32f305881250966 P 8f128fb2bdd5478d893c6431e4281f80 [term 0 FOLLOWER]: Advancing to term 1
I20260608 09:48:13.228358  2106 leader_election.cc:290] T 2db96aee983d4e2d87eea6a81319a794 P 8ec611221846407a89483853ba7e750d [CANDIDATE]: Term 1 pre-election: Requested pre-vote from peers caeb573268c144f88a52aae9ef22a04d (127.1.47.129:40277), 8f128fb2bdd5478d893c6431e4281f80 (127.1.47.130:43667)
I20260608 09:48:13.229866  2127 leader_election.cc:290] T 12a09675ec18400aa32f305881250966 P caeb573268c144f88a52aae9ef22a04d [CANDIDATE]: Term 1 election: Requested vote from peers 8f128fb2bdd5478d893c6431e4281f80 (127.1.47.130:43667), 8ec611221846407a89483853ba7e750d (127.1.47.131:43061)
I20260608 09:48:13.233410  1979 tablet_service.cc:1917] Received RequestConsensusVote() RPC: tablet_id: "12a09675ec18400aa32f305881250966" candidate_uuid: "8ec611221846407a89483853ba7e750d" candidate_term: 1 candidate_status { last_received { term: 0 index: 0 } } ignore_live_leader: false dest_uuid: "8f128fb2bdd5478d893c6431e4281f80" is_pre_election: true
I20260608 09:48:13.233754  1978 tablet_service.cc:1917] Received RequestConsensusVote() RPC: tablet_id: "2db96aee983d4e2d87eea6a81319a794" candidate_uuid: "8ec611221846407a89483853ba7e750d" candidate_term: 1 candidate_status { last_received { term: 0 index: 0 } } ignore_live_leader: false dest_uuid: "8f128fb2bdd5478d893c6431e4281f80" is_pre_election: true
I20260608 09:48:13.234428  1978 raft_consensus.cc:2468] T 2db96aee983d4e2d87eea6a81319a794 P 8f128fb2bdd5478d893c6431e4281f80 [term 0 FOLLOWER]: Leader pre-election vote request: Granting yes vote for candidate 8ec611221846407a89483853ba7e750d in term 0.
I20260608 09:48:13.234560  2054 tablet_service.cc:1917] Received RequestConsensusVote() RPC: tablet_id: "12a09675ec18400aa32f305881250966" candidate_uuid: "caeb573268c144f88a52aae9ef22a04d" candidate_term: 1 candidate_status { last_received { term: 0 index: 0 } } ignore_live_leader: false dest_uuid: "8ec611221846407a89483853ba7e750d"
I20260608 09:48:13.234968  1905 tablet_service.cc:1917] Received RequestConsensusVote() RPC: tablet_id: "2db96aee983d4e2d87eea6a81319a794" candidate_uuid: "8ec611221846407a89483853ba7e750d" candidate_term: 1 candidate_status { last_received { term: 0 index: 0 } } ignore_live_leader: false dest_uuid: "caeb573268c144f88a52aae9ef22a04d" is_pre_election: true
I20260608 09:48:13.235142  2054 raft_consensus.cc:3060] T 12a09675ec18400aa32f305881250966 P 8ec611221846407a89483853ba7e750d [term 0 FOLLOWER]: Advancing to term 1
I20260608 09:48:13.235983  2019 leader_election.cc:304] T 12a09675ec18400aa32f305881250966 P 8ec611221846407a89483853ba7e750d [CANDIDATE]: Term 1 pre-election: Election decided. Result: candidate lost. Election summary: received 3 responses out of 3 voters: 1 yes votes; 2 no votes. yes voters: 8ec611221846407a89483853ba7e750d; no voters: 8f128fb2bdd5478d893c6431e4281f80, caeb573268c144f88a52aae9ef22a04d
W20260608 09:48:13.236346  2020 leader_election.cc:343] T 2db96aee983d4e2d87eea6a81319a794 P 8ec611221846407a89483853ba7e750d [CANDIDATE]: Term 1 pre-election: Tablet error from VoteRequest() call to peer caeb573268c144f88a52aae9ef22a04d (127.1.47.129:40277): Illegal state: must be running to vote when last-logged opid is not known
I20260608 09:48:13.237214  2019 leader_election.cc:304] T 2db96aee983d4e2d87eea6a81319a794 P 8ec611221846407a89483853ba7e750d [CANDIDATE]: Term 1 pre-election: Election decided. Result: candidate won. Election summary: received 3 responses out of 3 voters: 2 yes votes; 1 no votes. yes voters: 8ec611221846407a89483853ba7e750d, 8f128fb2bdd5478d893c6431e4281f80; no voters: caeb573268c144f88a52aae9ef22a04d
I20260608 09:48:13.238282  2106 raft_consensus.cc:2804] T 2db96aee983d4e2d87eea6a81319a794 P 8ec611221846407a89483853ba7e750d [term 0 FOLLOWER]: Leader pre-election won for term 1
I20260608 09:48:13.238648  2106 raft_consensus.cc:493] T 2db96aee983d4e2d87eea6a81319a794 P 8ec611221846407a89483853ba7e750d [term 0 FOLLOWER]: Starting leader election (no leader contacted us within the election timeout)
I20260608 09:48:13.238813  1980 raft_consensus.cc:2468] T 12a09675ec18400aa32f305881250966 P 8f128fb2bdd5478d893c6431e4281f80 [term 1 FOLLOWER]: Leader election vote request: Granting yes vote for candidate caeb573268c144f88a52aae9ef22a04d in term 1.
I20260608 09:48:13.239010  2106 raft_consensus.cc:3060] T 2db96aee983d4e2d87eea6a81319a794 P 8ec611221846407a89483853ba7e750d [term 0 FOLLOWER]: Advancing to term 1
I20260608 09:48:13.233618  2100 tablet_bootstrap.cc:492] T 2527961c905e4873974abeab952735a1 P caeb573268c144f88a52aae9ef22a04d: No bootstrap required, opened a new log
I20260608 09:48:13.239756  2100 ts_tablet_manager.cc:1403] T 2527961c905e4873974abeab952735a1 P caeb573268c144f88a52aae9ef22a04d: Time spent bootstrapping tablet: real 0.064s	user 0.010s	sys 0.003s
I20260608 09:48:13.234584  2102 ts_tablet_manager.cc:1403] T a100129beb9444b0b4722df85d7d2f36 P 8f128fb2bdd5478d893c6431e4281f80: Time spent bootstrapping tablet: real 0.028s	user 0.013s	sys 0.005s
I20260608 09:48:13.239915  1870 leader_election.cc:304] T 12a09675ec18400aa32f305881250966 P caeb573268c144f88a52aae9ef22a04d [CANDIDATE]: Term 1 election: Election decided. Result: candidate won. Election summary: received 2 responses out of 3 voters: 2 yes votes; 0 no votes. yes voters: 8f128fb2bdd5478d893c6431e4281f80, caeb573268c144f88a52aae9ef22a04d; no voters: 
I20260608 09:48:13.240801  2127 raft_consensus.cc:2804] T 12a09675ec18400aa32f305881250966 P caeb573268c144f88a52aae9ef22a04d [term 1 FOLLOWER]: Leader election won for term 1
I20260608 09:48:13.241240  2127 raft_consensus.cc:697] T 12a09675ec18400aa32f305881250966 P caeb573268c144f88a52aae9ef22a04d [term 1 LEADER]: Becoming Leader. State: Replica: caeb573268c144f88a52aae9ef22a04d, State: Running, Role: LEADER
I20260608 09:48:13.241379  2054 raft_consensus.cc:2468] T 12a09675ec18400aa32f305881250966 P 8ec611221846407a89483853ba7e750d [term 1 FOLLOWER]: Leader election vote request: Granting yes vote for candidate caeb573268c144f88a52aae9ef22a04d in term 1.
I20260608 09:48:13.242408  2123 raft_consensus.cc:2749] T 12a09675ec18400aa32f305881250966 P 8ec611221846407a89483853ba7e750d [term 1 FOLLOWER]: Leader pre-election lost for term 1. Reason: could not achieve majority
I20260608 09:48:13.242691  2102 raft_consensus.cc:359] T a100129beb9444b0b4722df85d7d2f36 P 8f128fb2bdd5478d893c6431e4281f80 [term 0 FOLLOWER]: Replica starting. Triggering 0 pending ops. Active config: opid_index: -1 OBSOLETE_local: false peers { permanent_uuid: "caeb573268c144f88a52aae9ef22a04d" member_type: VOTER last_known_addr { host: "127.1.47.129" port: 40277 } } peers { permanent_uuid: "8f128fb2bdd5478d893c6431e4281f80" member_type: VOTER last_known_addr { host: "127.1.47.130" port: 43667 } } peers { permanent_uuid: "8ec611221846407a89483853ba7e750d" member_type: VOTER last_known_addr { host: "127.1.47.131" port: 43061 } }
I20260608 09:48:13.243340  2102 raft_consensus.cc:385] T a100129beb9444b0b4722df85d7d2f36 P 8f128fb2bdd5478d893c6431e4281f80 [term 0 FOLLOWER]: Consensus starting up: Expiring failure detector timer to make a prompt election more likely
I20260608 09:48:13.243623  2102 raft_consensus.cc:740] T a100129beb9444b0b4722df85d7d2f36 P 8f128fb2bdd5478d893c6431e4281f80 [term 0 FOLLOWER]: Becoming Follower/Learner. State: Replica: 8f128fb2bdd5478d893c6431e4281f80, State: Initialized, Role: FOLLOWER
I20260608 09:48:13.244343  2102 consensus_queue.cc:260] T a100129beb9444b0b4722df85d7d2f36 P 8f128fb2bdd5478d893c6431e4281f80 [NON_LEADER]: Queue going to NON_LEADER mode. State: All replicated index: 0, Majority replicated index: 0, Committed index: 0, Last appended: 0.0, Last appended by leader: 0, Current term: 0, Majority size: -1, State: 0, Mode: NON_LEADER, active raft config: opid_index: -1 OBSOLETE_local: false peers { permanent_uuid: "caeb573268c144f88a52aae9ef22a04d" member_type: VOTER last_known_addr { host: "127.1.47.129" port: 40277 } } peers { permanent_uuid: "8f128fb2bdd5478d893c6431e4281f80" member_type: VOTER last_known_addr { host: "127.1.47.130" port: 43667 } } peers { permanent_uuid: "8ec611221846407a89483853ba7e750d" member_type: VOTER last_known_addr { host: "127.1.47.131" port: 43061 } }
I20260608 09:48:13.244675  2106 raft_consensus.cc:515] T 2db96aee983d4e2d87eea6a81319a794 P 8ec611221846407a89483853ba7e750d [term 1 FOLLOWER]: Starting leader election with config: opid_index: -1 OBSOLETE_local: false peers { permanent_uuid: "caeb573268c144f88a52aae9ef22a04d" member_type: VOTER last_known_addr { host: "127.1.47.129" port: 40277 } } peers { permanent_uuid: "8ec611221846407a89483853ba7e750d" member_type: VOTER last_known_addr { host: "127.1.47.131" port: 43061 } } peers { permanent_uuid: "8f128fb2bdd5478d893c6431e4281f80" member_type: VOTER last_known_addr { host: "127.1.47.130" port: 43667 } }
I20260608 09:48:13.246753  2106 leader_election.cc:290] T 2db96aee983d4e2d87eea6a81319a794 P 8ec611221846407a89483853ba7e750d [CANDIDATE]: Term 1 election: Requested vote from peers caeb573268c144f88a52aae9ef22a04d (127.1.47.129:40277), 8f128fb2bdd5478d893c6431e4281f80 (127.1.47.130:43667)
I20260608 09:48:13.247766  1905 tablet_service.cc:1917] Received RequestConsensusVote() RPC: tablet_id: "2db96aee983d4e2d87eea6a81319a794" candidate_uuid: "8ec611221846407a89483853ba7e750d" candidate_term: 1 candidate_status { last_received { term: 0 index: 0 } } ignore_live_leader: false dest_uuid: "caeb573268c144f88a52aae9ef22a04d"
I20260608 09:48:13.248512  1980 tablet_service.cc:1917] Received RequestConsensusVote() RPC: tablet_id: "2db96aee983d4e2d87eea6a81319a794" candidate_uuid: "8ec611221846407a89483853ba7e750d" candidate_term: 1 candidate_status { last_received { term: 0 index: 0 } } ignore_live_leader: false dest_uuid: "8f128fb2bdd5478d893c6431e4281f80"
I20260608 09:48:13.249053  1980 raft_consensus.cc:3060] T 2db96aee983d4e2d87eea6a81319a794 P 8f128fb2bdd5478d893c6431e4281f80 [term 0 FOLLOWER]: Advancing to term 1
W20260608 09:48:13.249183  2020 leader_election.cc:343] T 2db96aee983d4e2d87eea6a81319a794 P 8ec611221846407a89483853ba7e750d [CANDIDATE]: Term 1 election: Tablet error from VoteRequest() call to peer caeb573268c144f88a52aae9ef22a04d (127.1.47.129:40277): Illegal state: must be running to vote when last-logged opid is not known
I20260608 09:48:13.246085  2127 consensus_queue.cc:237] T 12a09675ec18400aa32f305881250966 P caeb573268c144f88a52aae9ef22a04d [LEADER]: Queue going to LEADER mode. State: All replicated index: 0, Majority replicated index: 0, Committed index: 0, Last appended: 0.0, Last appended by leader: 0, Current term: 1, Majority size: 2, State: 0, Mode: LEADER, active raft config: opid_index: -1 OBSOLETE_local: false peers { permanent_uuid: "caeb573268c144f88a52aae9ef22a04d" member_type: VOTER last_known_addr { host: "127.1.47.129" port: 40277 } } peers { permanent_uuid: "8f128fb2bdd5478d893c6431e4281f80" member_type: VOTER last_known_addr { host: "127.1.47.130" port: 43667 } } peers { permanent_uuid: "8ec611221846407a89483853ba7e750d" member_type: VOTER last_known_addr { host: "127.1.47.131" port: 43061 } }
I20260608 09:48:13.251186  2100 raft_consensus.cc:359] T 2527961c905e4873974abeab952735a1 P caeb573268c144f88a52aae9ef22a04d [term 0 FOLLOWER]: Replica starting. Triggering 0 pending ops. Active config: opid_index: -1 OBSOLETE_local: false peers { permanent_uuid: "caeb573268c144f88a52aae9ef22a04d" member_type: VOTER last_known_addr { host: "127.1.47.129" port: 40277 } } peers { permanent_uuid: "8f128fb2bdd5478d893c6431e4281f80" member_type: VOTER last_known_addr { host: "127.1.47.130" port: 43667 } } peers { permanent_uuid: "8ec611221846407a89483853ba7e750d" member_type: VOTER last_known_addr { host: "127.1.47.131" port: 43061 } }
I20260608 09:48:13.251885  2100 raft_consensus.cc:385] T 2527961c905e4873974abeab952735a1 P caeb573268c144f88a52aae9ef22a04d [term 0 FOLLOWER]: Consensus starting up: Expiring failure detector timer to make a prompt election more likely
