I20260608 09:49:25.245069 18548 raft_consensus.cc:2955] T 0f2ece2fdf95415d8940f41bb7b2ded0 P a8ff4558e4614822ad19cc9daf4ca684 [term 2 LEADER]: Committing config change with OpId 2.3: config changed from index -1 to 3, NON_VOTER 9504c355b0974f9888dfb715f46afbaa (127.14.191.196) added. New config: { opid_index: 3 OBSOLETE_local: false peers { permanent_uuid: "d018f88403ae400281c6e9070ff35684" member_type: VOTER last_known_addr { host: "127.14.191.193" port: 33075 } } peers { permanent_uuid: "a8ff4558e4614822ad19cc9daf4ca684" member_type: VOTER last_known_addr { host: "127.14.191.194" port: 46275 } } peers { permanent_uuid: "91340bee746a4bd18eb8da7ca42d9628" member_type: VOTER last_known_addr { host: "127.14.191.195" port: 35751 } attrs { replace: true } } peers { permanent_uuid: "9504c355b0974f9888dfb715f46afbaa" member_type: NON_VOTER last_known_addr { host: "127.14.191.196" port: 42275 } attrs { promote: true } } }
I20260608 09:49:25.247458 18257 raft_consensus.cc:2955] T 0f2ece2fdf95415d8940f41bb7b2ded0 P 91340bee746a4bd18eb8da7ca42d9628 [term 2 FOLLOWER]: Committing config change with OpId 2.3: config changed from index -1 to 3, NON_VOTER 9504c355b0974f9888dfb715f46afbaa (127.14.191.196) added. New config: { opid_index: 3 OBSOLETE_local: false peers { permanent_uuid: "d018f88403ae400281c6e9070ff35684" member_type: VOTER last_known_addr { host: "127.14.191.193" port: 33075 } } peers { permanent_uuid: "a8ff4558e4614822ad19cc9daf4ca684" member_type: VOTER last_known_addr { host: "127.14.191.194" port: 46275 } } peers { permanent_uuid: "91340bee746a4bd18eb8da7ca42d9628" member_type: VOTER last_known_addr { host: "127.14.191.195" port: 35751 } attrs { replace: true } } peers { permanent_uuid: "9504c355b0974f9888dfb715f46afbaa" member_type: NON_VOTER last_known_addr { host: "127.14.191.196" port: 42275 } attrs { promote: true } } }
I20260608 09:49:25.249938 18108 raft_consensus.cc:2955] T 0f2ece2fdf95415d8940f41bb7b2ded0 P d018f88403ae400281c6e9070ff35684 [term 2 FOLLOWER]: Committing config change with OpId 2.3: config changed from index -1 to 3, NON_VOTER 9504c355b0974f9888dfb715f46afbaa (127.14.191.196) added. New config: { opid_index: 3 OBSOLETE_local: false peers { permanent_uuid: "d018f88403ae400281c6e9070ff35684" member_type: VOTER last_known_addr { host: "127.14.191.193" port: 33075 } } peers { permanent_uuid: "a8ff4558e4614822ad19cc9daf4ca684" member_type: VOTER last_known_addr { host: "127.14.191.194" port: 46275 } } peers { permanent_uuid: "91340bee746a4bd18eb8da7ca42d9628" member_type: VOTER last_known_addr { host: "127.14.191.195" port: 35751 } attrs { replace: true } } peers { permanent_uuid: "9504c355b0974f9888dfb715f46afbaa" member_type: NON_VOTER last_known_addr { host: "127.14.191.196" port: 42275 } attrs { promote: true } } }
I20260608 09:49:25.261389 18002 catalog_manager.cc:5696] T 0f2ece2fdf95415d8940f41bb7b2ded0 P a8ff4558e4614822ad19cc9daf4ca684 reported cstate change: config changed from index -1 to 3, NON_VOTER 9504c355b0974f9888dfb715f46afbaa (127.14.191.196) added. New cstate: current_term: 2 leader_uuid: "a8ff4558e4614822ad19cc9daf4ca684" committed_config { opid_index: 3 OBSOLETE_local: false peers { permanent_uuid: "d018f88403ae400281c6e9070ff35684" member_type: VOTER last_known_addr { host: "127.14.191.193" port: 33075 } health_report { overall_health: HEALTHY } } peers { permanent_uuid: "a8ff4558e4614822ad19cc9daf4ca684" member_type: VOTER last_known_addr { host: "127.14.191.194" port: 46275 } health_report { overall_health: HEALTHY } } peers { permanent_uuid: "91340bee746a4bd18eb8da7ca42d9628" member_type: VOTER last_known_addr { host: "127.14.191.195" port: 35751 } attrs { replace: true } health_report { overall_health: HEALTHY } } peers { permanent_uuid: "9504c355b0974f9888dfb715f46afbaa" member_type: NON_VOTER last_known_addr { host: "127.14.191.196" port: 42275 } attrs { promote: true } health_report { overall_health: UNKNOWN } } }
I20260608 09:49:25.265939 18107 consensus_queue.cc:237] T 727db3f54a7f481abf3763e475aef6c5 P d018f88403ae400281c6e9070ff35684 [LEADER]: Queue going to LEADER mode. State: All replicated index: 0, Majority replicated index: 1, Committed index: 1, Last appended: 1.1, Last appended by leader: 0, Current term: 1, Majority size: 2, State: 0, Mode: LEADER, active raft config: opid_index: 2 OBSOLETE_local: false peers { permanent_uuid: "91340bee746a4bd18eb8da7ca42d9628" member_type: VOTER last_known_addr { host: "127.14.191.195" port: 35751 } } peers { permanent_uuid: "9504c355b0974f9888dfb715f46afbaa" member_type: VOTER last_known_addr { host: "127.14.191.196" port: 42275 } attrs { replace: true } } peers { permanent_uuid: "d018f88403ae400281c6e9070ff35684" member_type: VOTER last_known_addr { host: "127.14.191.193" port: 33075 } } peers { permanent_uuid: "a8ff4558e4614822ad19cc9daf4ca684" member_type: NON_VOTER last_known_addr { host: "127.14.191.194" port: 46275 } attrs { promote: true } }
I20260608 09:49:25.279820 18405 raft_consensus.cc:1275] T 727db3f54a7f481abf3763e475aef6c5 P 9504c355b0974f9888dfb715f46afbaa [term 1 FOLLOWER]: Refusing update from remote peer d018f88403ae400281c6e9070ff35684: Log matching property violated. Preceding OpId in replica: term: 1 index: 1. Preceding OpId from leader: term: 1 index: 2. (index mismatch)
I20260608 09:49:25.280818 18257 raft_consensus.cc:1275] T 727db3f54a7f481abf3763e475aef6c5 P 91340bee746a4bd18eb8da7ca42d9628 [term 1 FOLLOWER]: Refusing update from remote peer d018f88403ae400281c6e9070ff35684: Log matching property violated. Preceding OpId in replica: term: 1 index: 1. Preceding OpId from leader: term: 1 index: 2. (index mismatch)
W20260608 09:49:25.281764 18074 consensus_peers.cc:597] T 727db3f54a7f481abf3763e475aef6c5 P d018f88403ae400281c6e9070ff35684 -> Peer a8ff4558e4614822ad19cc9daf4ca684 (127.14.191.194:46275): Couldn't send request to peer a8ff4558e4614822ad19cc9daf4ca684. Error code: TABLET_NOT_FOUND (6). Status: Not found: Tablet not found: 727db3f54a7f481abf3763e475aef6c5. This is attempt 1: this message will repeat every 5th retry.
I20260608 09:49:25.281816 18623 consensus_queue.cc:1048] T 727db3f54a7f481abf3763e475aef6c5 P d018f88403ae400281c6e9070ff35684 [LEADER]: Connected to new peer: Peer: permanent_uuid: "9504c355b0974f9888dfb715f46afbaa" member_type: VOTER last_known_addr { host: "127.14.191.196" port: 42275 } attrs { replace: true }, Status: LMP_MISMATCH, Last received: 0.0, Next index: 2, Last known committed idx: 1, Time since last communication: 0.002s
I20260608 09:49:25.283830 18579 consensus_queue.cc:1048] T 727db3f54a7f481abf3763e475aef6c5 P d018f88403ae400281c6e9070ff35684 [LEADER]: Connected to new peer: Peer: permanent_uuid: "91340bee746a4bd18eb8da7ca42d9628" member_type: VOTER last_known_addr { host: "127.14.191.195" port: 35751 }, Status: LMP_MISMATCH, Last received: 0.0, Next index: 2, Last known committed idx: 1, Time since last communication: 0.000s
I20260608 09:49:25.292834 18579 raft_consensus.cc:2955] T 727db3f54a7f481abf3763e475aef6c5 P d018f88403ae400281c6e9070ff35684 [term 1 LEADER]: Committing config change with OpId 1.2: config changed from index -1 to 2, NON_VOTER a8ff4558e4614822ad19cc9daf4ca684 (127.14.191.194) added. New config: { opid_index: 2 OBSOLETE_local: false peers { permanent_uuid: "91340bee746a4bd18eb8da7ca42d9628" member_type: VOTER last_known_addr { host: "127.14.191.195" port: 35751 } } peers { permanent_uuid: "9504c355b0974f9888dfb715f46afbaa" member_type: VOTER last_known_addr { host: "127.14.191.196" port: 42275 } attrs { replace: true } } peers { permanent_uuid: "d018f88403ae400281c6e9070ff35684" member_type: VOTER last_known_addr { host: "127.14.191.193" port: 33075 } } peers { permanent_uuid: "a8ff4558e4614822ad19cc9daf4ca684" member_type: NON_VOTER last_known_addr { host: "127.14.191.194" port: 46275 } attrs { promote: true } } }
I20260608 09:49:25.295114 18405 raft_consensus.cc:2955] T 727db3f54a7f481abf3763e475aef6c5 P 9504c355b0974f9888dfb715f46afbaa [term 1 FOLLOWER]: Committing config change with OpId 1.2: config changed from index -1 to 2, NON_VOTER a8ff4558e4614822ad19cc9daf4ca684 (127.14.191.194) added. New config: { opid_index: 2 OBSOLETE_local: false peers { permanent_uuid: "91340bee746a4bd18eb8da7ca42d9628" member_type: VOTER last_known_addr { host: "127.14.191.195" port: 35751 } } peers { permanent_uuid: "9504c355b0974f9888dfb715f46afbaa" member_type: VOTER last_known_addr { host: "127.14.191.196" port: 42275 } attrs { replace: true } } peers { permanent_uuid: "d018f88403ae400281c6e9070ff35684" member_type: VOTER last_known_addr { host: "127.14.191.193" port: 33075 } } peers { permanent_uuid: "a8ff4558e4614822ad19cc9daf4ca684" member_type: NON_VOTER last_known_addr { host: "127.14.191.194" port: 46275 } attrs { promote: true } } }
I20260608 09:49:25.296998 18257 raft_consensus.cc:2955] T 727db3f54a7f481abf3763e475aef6c5 P 91340bee746a4bd18eb8da7ca42d9628 [term 1 FOLLOWER]: Committing config change with OpId 1.2: config changed from index -1 to 2, NON_VOTER a8ff4558e4614822ad19cc9daf4ca684 (127.14.191.194) added. New config: { opid_index: 2 OBSOLETE_local: false peers { permanent_uuid: "91340bee746a4bd18eb8da7ca42d9628" member_type: VOTER last_known_addr { host: "127.14.191.195" port: 35751 } } peers { permanent_uuid: "9504c355b0974f9888dfb715f46afbaa" member_type: VOTER last_known_addr { host: "127.14.191.196" port: 42275 } attrs { replace: true } } peers { permanent_uuid: "d018f88403ae400281c6e9070ff35684" member_type: VOTER last_known_addr { host: "127.14.191.193" port: 33075 } } peers { permanent_uuid: "a8ff4558e4614822ad19cc9daf4ca684" member_type: NON_VOTER last_known_addr { host: "127.14.191.194" port: 46275 } attrs { promote: true } } }
I20260608 09:49:25.309358 18005 catalog_manager.cc:5696] T 727db3f54a7f481abf3763e475aef6c5 P 91340bee746a4bd18eb8da7ca42d9628 reported cstate change: config changed from index -1 to 2, NON_VOTER a8ff4558e4614822ad19cc9daf4ca684 (127.14.191.194) added. New cstate: current_term: 1 leader_uuid: "d018f88403ae400281c6e9070ff35684" committed_config { opid_index: 2 OBSOLETE_local: false peers { permanent_uuid: "91340bee746a4bd18eb8da7ca42d9628" member_type: VOTER last_known_addr { host: "127.14.191.195" port: 35751 } } peers { permanent_uuid: "9504c355b0974f9888dfb715f46afbaa" member_type: VOTER last_known_addr { host: "127.14.191.196" port: 42275 } attrs { replace: true } } peers { permanent_uuid: "d018f88403ae400281c6e9070ff35684" member_type: VOTER last_known_addr { host: "127.14.191.193" port: 33075 } } peers { permanent_uuid: "a8ff4558e4614822ad19cc9daf4ca684" member_type: NON_VOTER last_known_addr { host: "127.14.191.194" port: 46275 } attrs { promote: true } } }
I20260608 09:49:25.313484 18107 consensus_queue.cc:237] T 6271586d6b69463c897fc274dcd008eb P d018f88403ae400281c6e9070ff35684 [LEADER]: Queue going to LEADER mode. State: All replicated index: 0, Majority replicated index: 1, Committed index: 1, Last appended: 1.1, Last appended by leader: 0, Current term: 1, Majority size: 2, State: 0, Mode: LEADER, active raft config: opid_index: 2 OBSOLETE_local: false peers { permanent_uuid: "a8ff4558e4614822ad19cc9daf4ca684" member_type: VOTER last_known_addr { host: "127.14.191.194" port: 46275 } attrs { replace: true } } peers { permanent_uuid: "d018f88403ae400281c6e9070ff35684" member_type: VOTER last_known_addr { host: "127.14.191.193" port: 33075 } } peers { permanent_uuid: "91340bee746a4bd18eb8da7ca42d9628" member_type: VOTER last_known_addr { host: "127.14.191.195" port: 35751 } } peers { permanent_uuid: "9504c355b0974f9888dfb715f46afbaa" member_type: NON_VOTER last_known_addr { host: "127.14.191.196" port: 42275 } attrs { promote: true } }
I20260608 09:49:25.320676 18257 raft_consensus.cc:1275] T 6271586d6b69463c897fc274dcd008eb P 91340bee746a4bd18eb8da7ca42d9628 [term 1 FOLLOWER]: Refusing update from remote peer d018f88403ae400281c6e9070ff35684: Log matching property violated. Preceding OpId in replica: term: 1 index: 1. Preceding OpId from leader: term: 1 index: 2. (index mismatch)
W20260608 09:49:25.320820 18073 consensus_peers.cc:597] T 6271586d6b69463c897fc274dcd008eb P d018f88403ae400281c6e9070ff35684 -> Peer 9504c355b0974f9888dfb715f46afbaa (127.14.191.196:42275): Couldn't send request to peer 9504c355b0974f9888dfb715f46afbaa. Error code: TABLET_NOT_FOUND (6). Status: Not found: Tablet not found: 6271586d6b69463c897fc274dcd008eb. This is attempt 1: this message will repeat every 5th retry.
I20260608 09:49:25.321905 18183 raft_consensus.cc:1275] T 6271586d6b69463c897fc274dcd008eb P a8ff4558e4614822ad19cc9daf4ca684 [term 1 FOLLOWER]: Refusing update from remote peer d018f88403ae400281c6e9070ff35684: Log matching property violated. Preceding OpId in replica: term: 1 index: 1. Preceding OpId from leader: term: 1 index: 2. (index mismatch)
I20260608 09:49:25.322770 18623 consensus_queue.cc:1048] T 6271586d6b69463c897fc274dcd008eb P d018f88403ae400281c6e9070ff35684 [LEADER]: Connected to new peer: Peer: permanent_uuid: "91340bee746a4bd18eb8da7ca42d9628" member_type: VOTER last_known_addr { host: "127.14.191.195" port: 35751 }, Status: LMP_MISMATCH, Last received: 0.0, Next index: 2, Last known committed idx: 1, Time since last communication: 0.000s
I20260608 09:49:25.323769 18579 consensus_queue.cc:1048] T 6271586d6b69463c897fc274dcd008eb P d018f88403ae400281c6e9070ff35684 [LEADER]: Connected to new peer: Peer: permanent_uuid: "a8ff4558e4614822ad19cc9daf4ca684" member_type: VOTER last_known_addr { host: "127.14.191.194" port: 46275 } attrs { replace: true }, Status: LMP_MISMATCH, Last received: 0.0, Next index: 2, Last known committed idx: 1, Time since last communication: 0.000s
I20260608 09:49:25.335394 18624 raft_consensus.cc:2955] T 6271586d6b69463c897fc274dcd008eb P d018f88403ae400281c6e9070ff35684 [term 1 LEADER]: Committing config change with OpId 1.2: config changed from index -1 to 2, NON_VOTER 9504c355b0974f9888dfb715f46afbaa (127.14.191.196) added. New config: { opid_index: 2 OBSOLETE_local: false peers { permanent_uuid: "a8ff4558e4614822ad19cc9daf4ca684" member_type: VOTER last_known_addr { host: "127.14.191.194" port: 46275 } attrs { replace: true } } peers { permanent_uuid: "d018f88403ae400281c6e9070ff35684" member_type: VOTER last_known_addr { host: "127.14.191.193" port: 33075 } } peers { permanent_uuid: "91340bee746a4bd18eb8da7ca42d9628" member_type: VOTER last_known_addr { host: "127.14.191.195" port: 35751 } } peers { permanent_uuid: "9504c355b0974f9888dfb715f46afbaa" member_type: NON_VOTER last_known_addr { host: "127.14.191.196" port: 42275 } attrs { promote: true } } }
I20260608 09:49:25.336895 18257 raft_consensus.cc:2955] T 6271586d6b69463c897fc274dcd008eb P 91340bee746a4bd18eb8da7ca42d9628 [term 1 FOLLOWER]: Committing config change with OpId 1.2: config changed from index -1 to 2, NON_VOTER 9504c355b0974f9888dfb715f46afbaa (127.14.191.196) added. New config: { opid_index: 2 OBSOLETE_local: false peers { permanent_uuid: "a8ff4558e4614822ad19cc9daf4ca684" member_type: VOTER last_known_addr { host: "127.14.191.194" port: 46275 } attrs { replace: true } } peers { permanent_uuid: "d018f88403ae400281c6e9070ff35684" member_type: VOTER last_known_addr { host: "127.14.191.193" port: 33075 } } peers { permanent_uuid: "91340bee746a4bd18eb8da7ca42d9628" member_type: VOTER last_known_addr { host: "127.14.191.195" port: 35751 } } peers { permanent_uuid: "9504c355b0974f9888dfb715f46afbaa" member_type: NON_VOTER last_known_addr { host: "127.14.191.196" port: 42275 } attrs { promote: true } } }
I20260608 09:49:25.337499 18183 raft_consensus.cc:2955] T 6271586d6b69463c897fc274dcd008eb P a8ff4558e4614822ad19cc9daf4ca684 [term 1 FOLLOWER]: Committing config change with OpId 1.2: config changed from index -1 to 2, NON_VOTER 9504c355b0974f9888dfb715f46afbaa (127.14.191.196) added. New config: { opid_index: 2 OBSOLETE_local: false peers { permanent_uuid: "a8ff4558e4614822ad19cc9daf4ca684" member_type: VOTER last_known_addr { host: "127.14.191.194" port: 46275 } attrs { replace: true } } peers { permanent_uuid: "d018f88403ae400281c6e9070ff35684" member_type: VOTER last_known_addr { host: "127.14.191.193" port: 33075 } } peers { permanent_uuid: "91340bee746a4bd18eb8da7ca42d9628" member_type: VOTER last_known_addr { host: "127.14.191.195" port: 35751 } } peers { permanent_uuid: "9504c355b0974f9888dfb715f46afbaa" member_type: NON_VOTER last_known_addr { host: "127.14.191.196" port: 42275 } attrs { promote: true } } }
I20260608 09:49:25.351811 18002 catalog_manager.cc:5696] T 6271586d6b69463c897fc274dcd008eb P 91340bee746a4bd18eb8da7ca42d9628 reported cstate change: config changed from index -1 to 2, NON_VOTER 9504c355b0974f9888dfb715f46afbaa (127.14.191.196) added. New cstate: current_term: 1 leader_uuid: "d018f88403ae400281c6e9070ff35684" committed_config { opid_index: 2 OBSOLETE_local: false peers { permanent_uuid: "a8ff4558e4614822ad19cc9daf4ca684" member_type: VOTER last_known_addr { host: "127.14.191.194" port: 46275 } attrs { replace: true } } peers { permanent_uuid: "d018f88403ae400281c6e9070ff35684" member_type: VOTER last_known_addr { host: "127.14.191.193" port: 33075 } } peers { permanent_uuid: "91340bee746a4bd18eb8da7ca42d9628" member_type: VOTER last_known_addr { host: "127.14.191.195" port: 35751 } } peers { permanent_uuid: "9504c355b0974f9888dfb715f46afbaa" member_type: NON_VOTER last_known_addr { host: "127.14.191.196" port: 42275 } attrs { promote: true } } }
I20260608 09:49:25.698228 18632 ts_tablet_manager.cc:933] T 0f2ece2fdf95415d8940f41bb7b2ded0 P 9504c355b0974f9888dfb715f46afbaa: Initiating tablet copy from peer a8ff4558e4614822ad19cc9daf4ca684 (127.14.191.194:46275)
I20260608 09:49:25.698730 18182 raft_consensus.cc:1275] T 2b2a539fdd8449edb58e59cdfa5599bf P a8ff4558e4614822ad19cc9daf4ca684 [term 2 FOLLOWER]: Refusing update from remote peer 9504c355b0974f9888dfb715f46afbaa: Log matching property violated. Preceding OpId in replica: term: 1 index: 1. Preceding OpId from leader: term: 2 index: 2. (index mismatch)
I20260608 09:49:25.701551 18632 tablet_copy_client.cc:323] T 0f2ece2fdf95415d8940f41bb7b2ded0 P 9504c355b0974f9888dfb715f46afbaa: tablet copy: Beginning tablet copy session from remote peer at address 127.14.191.194:46275
I20260608 09:49:25.701105 18606 consensus_queue.cc:1048] T 2b2a539fdd8449edb58e59cdfa5599bf P 9504c355b0974f9888dfb715f46afbaa [LEADER]: Connected to new peer: Peer: permanent_uuid: "a8ff4558e4614822ad19cc9daf4ca684" member_type: VOTER last_known_addr { host: "127.14.191.194" port: 46275 }, Status: LMP_MISMATCH, Last received: 0.0, Next index: 2, Last known committed idx: 1, Time since last communication: 0.001s
I20260608 09:49:25.704553 18193 tablet_copy_service.cc:140] P a8ff4558e4614822ad19cc9daf4ca684: Received BeginTabletCopySession request for tablet 0f2ece2fdf95415d8940f41bb7b2ded0 from peer 9504c355b0974f9888dfb715f46afbaa ({username='slave'} at 127.0.0.1:59504)
I20260608 09:49:25.705451 18193 tablet_copy_service.cc:161] P a8ff4558e4614822ad19cc9daf4ca684: Beginning new tablet copy session on tablet 0f2ece2fdf95415d8940f41bb7b2ded0 from peer 9504c355b0974f9888dfb715f46afbaa at {username='slave'} at 127.0.0.1:59504: session id = 9504c355b0974f9888dfb715f46afbaa-0f2ece2fdf95415d8940f41bb7b2ded0
I20260608 09:49:25.715899 18107 raft_consensus.cc:1275] T 2b2a539fdd8449edb58e59cdfa5599bf P d018f88403ae400281c6e9070ff35684 [term 2 FOLLOWER]: Refusing update from remote peer 9504c355b0974f9888dfb715f46afbaa: Log matching property violated. Preceding OpId in replica: term: 1 index: 1. Preceding OpId from leader: term: 2 index: 2. (index mismatch)
I20260608 09:49:25.718356 18634 consensus_queue.cc:1048] T 2b2a539fdd8449edb58e59cdfa5599bf P 9504c355b0974f9888dfb715f46afbaa [LEADER]: Connected to new peer: Peer: permanent_uuid: "d018f88403ae400281c6e9070ff35684" member_type: VOTER last_known_addr { host: "127.14.191.193" port: 33075 }, Status: LMP_MISMATCH, Last received: 0.0, Next index: 2, Last known committed idx: 1, Time since last communication: 0.001s
I20260608 09:49:25.741226 18193 tablet_copy_source_session.cc:215] T 0f2ece2fdf95415d8940f41bb7b2ded0 P a8ff4558e4614822ad19cc9daf4ca684: Tablet Copy: opened 0 blocks and 1 log segments
I20260608 09:49:25.747290 18632 data_dirs.cc:400] Could only allocate 1 dirs of requested 3 for tablet 0f2ece2fdf95415d8940f41bb7b2ded0. 1 dirs total, 0 dirs full, 0 dirs failed
I20260608 09:49:25.758154 18638 ts_tablet_manager.cc:933] T 727db3f54a7f481abf3763e475aef6c5 P a8ff4558e4614822ad19cc9daf4ca684: Initiating tablet copy from peer d018f88403ae400281c6e9070ff35684 (127.14.191.193:33075)
I20260608 09:49:25.772701 18638 tablet_copy_client.cc:323] T 727db3f54a7f481abf3763e475aef6c5 P a8ff4558e4614822ad19cc9daf4ca684: tablet copy: Beginning tablet copy session from remote peer at address 127.14.191.193:33075
I20260608 09:49:25.789414 18118 tablet_copy_service.cc:140] P d018f88403ae400281c6e9070ff35684: Received BeginTabletCopySession request for tablet 727db3f54a7f481abf3763e475aef6c5 from peer a8ff4558e4614822ad19cc9daf4ca684 ({username='slave'} at 127.0.0.1:60744)
I20260608 09:49:25.790182 18118 tablet_copy_service.cc:161] P d018f88403ae400281c6e9070ff35684: Beginning new tablet copy session on tablet 727db3f54a7f481abf3763e475aef6c5 from peer a8ff4558e4614822ad19cc9daf4ca684 at {username='slave'} at 127.0.0.1:60744: session id = a8ff4558e4614822ad19cc9daf4ca684-727db3f54a7f481abf3763e475aef6c5
I20260608 09:49:25.815237 18642 ts_tablet_manager.cc:933] T 6271586d6b69463c897fc274dcd008eb P 9504c355b0974f9888dfb715f46afbaa: Initiating tablet copy from peer d018f88403ae400281c6e9070ff35684 (127.14.191.193:33075)
I20260608 09:49:25.822206 18118 tablet_copy_source_session.cc:215] T 727db3f54a7f481abf3763e475aef6c5 P d018f88403ae400281c6e9070ff35684: Tablet Copy: opened 0 blocks and 1 log segments
I20260608 09:49:25.827554 18638 data_dirs.cc:400] Could only allocate 1 dirs of requested 3 for tablet 727db3f54a7f481abf3763e475aef6c5. 1 dirs total, 0 dirs full, 0 dirs failed
I20260608 09:49:25.844818 18642 tablet_copy_client.cc:323] T 6271586d6b69463c897fc274dcd008eb P 9504c355b0974f9888dfb715f46afbaa: tablet copy: Beginning tablet copy session from remote peer at address 127.14.191.193:33075
I20260608 09:49:25.849553 18118 tablet_copy_service.cc:140] P d018f88403ae400281c6e9070ff35684: Received BeginTabletCopySession request for tablet 6271586d6b69463c897fc274dcd008eb from peer 9504c355b0974f9888dfb715f46afbaa ({username='slave'} at 127.0.0.1:60758)
I20260608 09:49:25.850154 18118 tablet_copy_service.cc:161] P d018f88403ae400281c6e9070ff35684: Beginning new tablet copy session on tablet 6271586d6b69463c897fc274dcd008eb from peer 9504c355b0974f9888dfb715f46afbaa at {username='slave'} at 127.0.0.1:60758: session id = 9504c355b0974f9888dfb715f46afbaa-6271586d6b69463c897fc274dcd008eb
I20260608 09:49:25.852172 18632 tablet_copy_client.cc:806] T 0f2ece2fdf95415d8940f41bb7b2ded0 P 9504c355b0974f9888dfb715f46afbaa: tablet copy: Starting download of 0 data blocks...
I20260608 09:49:25.852932 18632 tablet_copy_client.cc:670] T 0f2ece2fdf95415d8940f41bb7b2ded0 P 9504c355b0974f9888dfb715f46afbaa: tablet copy: Starting download of 1 WAL segments...
I20260608 09:49:25.862494 18632 tablet_copy_client.cc:538] T 0f2ece2fdf95415d8940f41bb7b2ded0 P 9504c355b0974f9888dfb715f46afbaa: tablet copy: Tablet Copy complete. Replacing tablet superblock.
I20260608 09:49:25.865610 18118 tablet_copy_source_session.cc:215] T 6271586d6b69463c897fc274dcd008eb P d018f88403ae400281c6e9070ff35684: Tablet Copy: opened 0 blocks and 1 log segments
I20260608 09:49:25.866442 18638 tablet_copy_client.cc:806] T 727db3f54a7f481abf3763e475aef6c5 P a8ff4558e4614822ad19cc9daf4ca684: tablet copy: Starting download of 0 data blocks...
I20260608 09:49:25.867153 18638 tablet_copy_client.cc:670] T 727db3f54a7f481abf3763e475aef6c5 P a8ff4558e4614822ad19cc9daf4ca684: tablet copy: Starting download of 1 WAL segments...
I20260608 09:49:25.870013 18642 data_dirs.cc:400] Could only allocate 1 dirs of requested 3 for tablet 6271586d6b69463c897fc274dcd008eb. 1 dirs total, 0 dirs full, 0 dirs failed
I20260608 09:49:25.879037 18638 tablet_copy_client.cc:538] T 727db3f54a7f481abf3763e475aef6c5 P a8ff4558e4614822ad19cc9daf4ca684: tablet copy: Tablet Copy complete. Replacing tablet superblock.
I20260608 09:49:25.886688 18632 tablet_bootstrap.cc:492] T 0f2ece2fdf95415d8940f41bb7b2ded0 P 9504c355b0974f9888dfb715f46afbaa: Bootstrap starting.
I20260608 09:49:25.896097 18642 tablet_copy_client.cc:806] T 6271586d6b69463c897fc274dcd008eb P 9504c355b0974f9888dfb715f46afbaa: tablet copy: Starting download of 0 data blocks...
I20260608 09:49:25.896733 18642 tablet_copy_client.cc:670] T 6271586d6b69463c897fc274dcd008eb P 9504c355b0974f9888dfb715f46afbaa: tablet copy: Starting download of 1 WAL segments...
I20260608 09:49:25.896864 18638 tablet_bootstrap.cc:492] T 727db3f54a7f481abf3763e475aef6c5 P a8ff4558e4614822ad19cc9daf4ca684: Bootstrap starting.
I20260608 09:49:25.900969 18642 tablet_copy_client.cc:538] T 6271586d6b69463c897fc274dcd008eb P 9504c355b0974f9888dfb715f46afbaa: tablet copy: Tablet Copy complete. Replacing tablet superblock.
I20260608 09:49:25.911126 18642 tablet_bootstrap.cc:492] T 6271586d6b69463c897fc274dcd008eb P 9504c355b0974f9888dfb715f46afbaa: Bootstrap starting.
I20260608 09:49:25.934983 18632 tablet_bootstrap.cc:492] T 0f2ece2fdf95415d8940f41bb7b2ded0 P 9504c355b0974f9888dfb715f46afbaa: Bootstrap replayed 1/1 log segments. Stats: ops{read=3 overwritten=0 applied=3 ignored=0} inserts{seen=0 ignored=0} mutations{seen=0 ignored=0} orphaned_commits=0. Pending: 0 replicates
I20260608 09:49:25.935995 18632 tablet_bootstrap.cc:492] T 0f2ece2fdf95415d8940f41bb7b2ded0 P 9504c355b0974f9888dfb715f46afbaa: Bootstrap complete.
I20260608 09:49:25.936858 18632 ts_tablet_manager.cc:1403] T 0f2ece2fdf95415d8940f41bb7b2ded0 P 9504c355b0974f9888dfb715f46afbaa: Time spent bootstrapping tablet: real 0.050s	user 0.029s	sys 0.009s
I20260608 09:49:25.938575 18638 tablet_bootstrap.cc:492] T 727db3f54a7f481abf3763e475aef6c5 P a8ff4558e4614822ad19cc9daf4ca684: Bootstrap replayed 1/1 log segments. Stats: ops{read=2 overwritten=0 applied=2 ignored=0} inserts{seen=0 ignored=0} mutations{seen=0 ignored=0} orphaned_commits=0. Pending: 0 replicates
I20260608 09:49:25.939694 18638 tablet_bootstrap.cc:492] T 727db3f54a7f481abf3763e475aef6c5 P a8ff4558e4614822ad19cc9daf4ca684: Bootstrap complete.
I20260608 09:49:25.940625 18638 ts_tablet_manager.cc:1403] T 727db3f54a7f481abf3763e475aef6c5 P a8ff4558e4614822ad19cc9daf4ca684: Time spent bootstrapping tablet: real 0.044s	user 0.028s	sys 0.009s
I20260608 09:49:25.941596 18642 tablet_bootstrap.cc:492] T 6271586d6b69463c897fc274dcd008eb P 9504c355b0974f9888dfb715f46afbaa: Bootstrap replayed 1/1 log segments. Stats: ops{read=2 overwritten=0 applied=2 ignored=0} inserts{seen=0 ignored=0} mutations{seen=0 ignored=0} orphaned_commits=0. Pending: 0 replicates
I20260608 09:49:25.940723 18632 raft_consensus.cc:359] T 0f2ece2fdf95415d8940f41bb7b2ded0 P 9504c355b0974f9888dfb715f46afbaa [term 2 LEARNER]: Replica starting. Triggering 0 pending ops. Active config: opid_index: 3 OBSOLETE_local: false peers { permanent_uuid: "d018f88403ae400281c6e9070ff35684" member_type: VOTER last_known_addr { host: "127.14.191.193" port: 33075 } } peers { permanent_uuid: "a8ff4558e4614822ad19cc9daf4ca684" member_type: VOTER last_known_addr { host: "127.14.191.194" port: 46275 } } peers { permanent_uuid: "91340bee746a4bd18eb8da7ca42d9628" member_type: VOTER last_known_addr { host: "127.14.191.195" port: 35751 } attrs { replace: true } } peers { permanent_uuid: "9504c355b0974f9888dfb715f46afbaa" member_type: NON_VOTER last_known_addr { host: "127.14.191.196" port: 42275 } attrs { promote: true } }
I20260608 09:49:25.942620 18642 tablet_bootstrap.cc:492] T 6271586d6b69463c897fc274dcd008eb P 9504c355b0974f9888dfb715f46afbaa: Bootstrap complete.
I20260608 09:49:25.942600 18632 raft_consensus.cc:740] T 0f2ece2fdf95415d8940f41bb7b2ded0 P 9504c355b0974f9888dfb715f46afbaa [term 2 LEARNER]: Becoming Follower/Learner. State: Replica: 9504c355b0974f9888dfb715f46afbaa, State: Initialized, Role: LEARNER
I20260608 09:49:25.944208 18642 ts_tablet_manager.cc:1403] T 6271586d6b69463c897fc274dcd008eb P 9504c355b0974f9888dfb715f46afbaa: Time spent bootstrapping tablet: real 0.033s	user 0.013s	sys 0.021s
I20260608 09:49:25.944295 18632 consensus_queue.cc:260] T 0f2ece2fdf95415d8940f41bb7b2ded0 P 9504c355b0974f9888dfb715f46afbaa [NON_LEADER]: Queue going to NON_LEADER mode. State: All replicated index: 0, Majority replicated index: 0, Committed index: 3, Last appended: 2.3, Last appended by leader: 3, Current term: 0, Majority size: -1, State: 0, Mode: NON_LEADER, active raft config: opid_index: 3 OBSOLETE_local: false peers { permanent_uuid: "d018f88403ae400281c6e9070ff35684" member_type: VOTER last_known_addr { host: "127.14.191.193" port: 33075 } } peers { permanent_uuid: "a8ff4558e4614822ad19cc9daf4ca684" member_type: VOTER last_known_addr { host: "127.14.191.194" port: 46275 } } peers { permanent_uuid: "91340bee746a4bd18eb8da7ca42d9628" member_type: VOTER last_known_addr { host: "127.14.191.195" port: 35751 } attrs { replace: true } } peers { permanent_uuid: "9504c355b0974f9888dfb715f46afbaa" member_type: NON_VOTER last_known_addr { host: "127.14.191.196" port: 42275 } attrs { promote: true } }
I20260608 09:49:25.948298 18642 raft_consensus.cc:359] T 6271586d6b69463c897fc274dcd008eb P 9504c355b0974f9888dfb715f46afbaa [term 1 LEARNER]: Replica starting. Triggering 0 pending ops. Active config: opid_index: 2 OBSOLETE_local: false peers { permanent_uuid: "a8ff4558e4614822ad19cc9daf4ca684" member_type: VOTER last_known_addr { host: "127.14.191.194" port: 46275 } attrs { replace: true } } peers { permanent_uuid: "d018f88403ae400281c6e9070ff35684" member_type: VOTER last_known_addr { host: "127.14.191.193" port: 33075 } } peers { permanent_uuid: "91340bee746a4bd18eb8da7ca42d9628" member_type: VOTER last_known_addr { host: "127.14.191.195" port: 35751 } } peers { permanent_uuid: "9504c355b0974f9888dfb715f46afbaa" member_type: NON_VOTER last_known_addr { host: "127.14.191.196" port: 42275 } attrs { promote: true } }
I20260608 09:49:25.949579 18642 raft_consensus.cc:740] T 6271586d6b69463c897fc274dcd008eb P 9504c355b0974f9888dfb715f46afbaa [term 1 LEARNER]: Becoming Follower/Learner. State: Replica: 9504c355b0974f9888dfb715f46afbaa, State: Initialized, Role: LEARNER
I20260608 09:49:25.950368 18632 ts_tablet_manager.cc:1434] T 0f2ece2fdf95415d8940f41bb7b2ded0 P 9504c355b0974f9888dfb715f46afbaa: Time spent starting tablet: real 0.013s	user 0.009s	sys 0.000s
I20260608 09:49:25.950284 18642 consensus_queue.cc:260] T 6271586d6b69463c897fc274dcd008eb P 9504c355b0974f9888dfb715f46afbaa [NON_LEADER]: Queue going to NON_LEADER mode. State: All replicated index: 0, Majority replicated index: 0, Committed index: 2, Last appended: 1.2, Last appended by leader: 2, Current term: 0, Majority size: -1, State: 0, Mode: NON_LEADER, active raft config: opid_index: 2 OBSOLETE_local: false peers { permanent_uuid: "a8ff4558e4614822ad19cc9daf4ca684" member_type: VOTER last_known_addr { host: "127.14.191.194" port: 46275 } attrs { replace: true } } peers { permanent_uuid: "d018f88403ae400281c6e9070ff35684" member_type: VOTER last_known_addr { host: "127.14.191.193" port: 33075 } } peers { permanent_uuid: "91340bee746a4bd18eb8da7ca42d9628" member_type: VOTER last_known_addr { host: "127.14.191.195" port: 35751 } } peers { permanent_uuid: "9504c355b0974f9888dfb715f46afbaa" member_type: NON_VOTER last_known_addr { host: "127.14.191.196" port: 42275 } attrs { promote: true } }
I20260608 09:49:25.952679 18193 tablet_copy_service.cc:342] P a8ff4558e4614822ad19cc9daf4ca684: Request end of tablet copy session 9504c355b0974f9888dfb715f46afbaa-0f2ece2fdf95415d8940f41bb7b2ded0 received from {username='slave'} at 127.0.0.1:59504
I20260608 09:49:25.953126 18642 ts_tablet_manager.cc:1434] T 6271586d6b69463c897fc274dcd008eb P 9504c355b0974f9888dfb715f46afbaa: Time spent starting tablet: real 0.008s	user 0.006s	sys 0.000s
I20260608 09:49:25.953253 18193 tablet_copy_service.cc:434] P a8ff4558e4614822ad19cc9daf4ca684: ending tablet copy session 9504c355b0974f9888dfb715f46afbaa-0f2ece2fdf95415d8940f41bb7b2ded0 on tablet 0f2ece2fdf95415d8940f41bb7b2ded0 with peer 9504c355b0974f9888dfb715f46afbaa
I20260608 09:49:25.954738 18638 raft_consensus.cc:359] T 727db3f54a7f481abf3763e475aef6c5 P a8ff4558e4614822ad19cc9daf4ca684 [term 1 LEARNER]: Replica starting. Triggering 0 pending ops. Active config: opid_index: 2 OBSOLETE_local: false peers { permanent_uuid: "91340bee746a4bd18eb8da7ca42d9628" member_type: VOTER last_known_addr { host: "127.14.191.195" port: 35751 } } peers { permanent_uuid: "9504c355b0974f9888dfb715f46afbaa" member_type: VOTER last_known_addr { host: "127.14.191.196" port: 42275 } attrs { replace: true } } peers { permanent_uuid: "d018f88403ae400281c6e9070ff35684" member_type: VOTER last_known_addr { host: "127.14.191.193" port: 33075 } } peers { permanent_uuid: "a8ff4558e4614822ad19cc9daf4ca684" member_type: NON_VOTER last_known_addr { host: "127.14.191.194" port: 46275 } attrs { promote: true } }
I20260608 09:49:25.955637 18118 tablet_copy_service.cc:342] P d018f88403ae400281c6e9070ff35684: Request end of tablet copy session 9504c355b0974f9888dfb715f46afbaa-6271586d6b69463c897fc274dcd008eb received from {username='slave'} at 127.0.0.1:60758
I20260608 09:49:25.956189 18118 tablet_copy_service.cc:434] P d018f88403ae400281c6e9070ff35684: ending tablet copy session 9504c355b0974f9888dfb715f46afbaa-6271586d6b69463c897fc274dcd008eb on tablet 6271586d6b69463c897fc274dcd008eb with peer 9504c355b0974f9888dfb715f46afbaa
I20260608 09:49:25.955655 18638 raft_consensus.cc:740] T 727db3f54a7f481abf3763e475aef6c5 P a8ff4558e4614822ad19cc9daf4ca684 [term 1 LEARNER]: Becoming Follower/Learner. State: Replica: a8ff4558e4614822ad19cc9daf4ca684, State: Initialized, Role: LEARNER
I20260608 09:49:25.957621 18638 consensus_queue.cc:260] T 727db3f54a7f481abf3763e475aef6c5 P a8ff4558e4614822ad19cc9daf4ca684 [NON_LEADER]: Queue going to NON_LEADER mode. State: All replicated index: 0, Majority replicated index: 0, Committed index: 2, Last appended: 1.2, Last appended by leader: 2, Current term: 0, Majority size: -1, State: 0, Mode: NON_LEADER, active raft config: opid_index: 2 OBSOLETE_local: false peers { permanent_uuid: "91340bee746a4bd18eb8da7ca42d9628" member_type: VOTER last_known_addr { host: "127.14.191.195" port: 35751 } } peers { permanent_uuid: "9504c355b0974f9888dfb715f46afbaa" member_type: VOTER last_known_addr { host: "127.14.191.196" port: 42275 } attrs { replace: true } } peers { permanent_uuid: "d018f88403ae400281c6e9070ff35684" member_type: VOTER last_known_addr { host: "127.14.191.193" port: 33075 } } peers { permanent_uuid: "a8ff4558e4614822ad19cc9daf4ca684" member_type: NON_VOTER last_known_addr { host: "127.14.191.194" port: 46275 } attrs { promote: true } }
I20260608 09:49:25.962191 18638 ts_tablet_manager.cc:1434] T 727db3f54a7f481abf3763e475aef6c5 P a8ff4558e4614822ad19cc9daf4ca684: Time spent starting tablet: real 0.021s	user 0.006s	sys 0.001s
I20260608 09:49:25.964161 18118 tablet_copy_service.cc:342] P d018f88403ae400281c6e9070ff35684: Request end of tablet copy session a8ff4558e4614822ad19cc9daf4ca684-727db3f54a7f481abf3763e475aef6c5 received from {username='slave'} at 127.0.0.1:60744
I20260608 09:49:25.964648 18118 tablet_copy_service.cc:434] P d018f88403ae400281c6e9070ff35684: ending tablet copy session a8ff4558e4614822ad19cc9daf4ca684-727db3f54a7f481abf3763e475aef6c5 on tablet 727db3f54a7f481abf3763e475aef6c5 with peer a8ff4558e4614822ad19cc9daf4ca684
I20260608 09:49:26.141114 18403 raft_consensus.cc:1217] T 0f2ece2fdf95415d8940f41bb7b2ded0 P 9504c355b0974f9888dfb715f46afbaa [term 2 LEARNER]: Deduplicated request from leader. Original: 2.2->[2.3-2.3]   Dedup: 2.3->[]
I20260608 09:49:26.296301 18183 raft_consensus.cc:1217] T 727db3f54a7f481abf3763e475aef6c5 P a8ff4558e4614822ad19cc9daf4ca684 [term 1 LEARNER]: Deduplicated request from leader. Original: 1.1->[1.2-1.2]   Dedup: 1.2->[]
I20260608 09:49:26.297602 18403 raft_consensus.cc:1217] T 6271586d6b69463c897fc274dcd008eb P 9504c355b0974f9888dfb715f46afbaa [term 1 LEARNER]: Deduplicated request from leader. Original: 1.1->[1.2-1.2]   Dedup: 1.2->[]
I20260608 09:49:26.684110 18648 raft_consensus.cc:1064] T 0f2ece2fdf95415d8940f41bb7b2ded0 P a8ff4558e4614822ad19cc9daf4ca684: attempting to promote NON_VOTER 9504c355b0974f9888dfb715f46afbaa to VOTER
I20260608 09:49:26.686419 18648 consensus_queue.cc:237] T 0f2ece2fdf95415d8940f41bb7b2ded0 P a8ff4558e4614822ad19cc9daf4ca684 [LEADER]: Queue going to LEADER mode. State: All replicated index: 0, Majority replicated index: 3, Committed index: 3, Last appended: 2.3, Last appended by leader: 1, Current term: 2, Majority size: 3, State: 0, Mode: LEADER, active raft config: opid_index: 4 OBSOLETE_local: false peers { permanent_uuid: "d018f88403ae400281c6e9070ff35684" member_type: VOTER last_known_addr { host: "127.14.191.193" port: 33075 } } peers { permanent_uuid: "a8ff4558e4614822ad19cc9daf4ca684" member_type: VOTER last_known_addr { host: "127.14.191.194" port: 46275 } } peers { permanent_uuid: "91340bee746a4bd18eb8da7ca42d9628" member_type: VOTER last_known_addr { host: "127.14.191.195" port: 35751 } attrs { replace: true } } peers { permanent_uuid: "9504c355b0974f9888dfb715f46afbaa" member_type: VOTER last_known_addr { host: "127.14.191.196" port: 42275 } attrs { promote: false } }
I20260608 09:49:26.694790 18403 raft_consensus.cc:1275] T 0f2ece2fdf95415d8940f41bb7b2ded0 P 9504c355b0974f9888dfb715f46afbaa [term 2 LEARNER]: Refusing update from remote peer a8ff4558e4614822ad19cc9daf4ca684: Log matching property violated. Preceding OpId in replica: term: 2 index: 3. Preceding OpId from leader: term: 2 index: 4. (index mismatch)
I20260608 09:49:26.695366 18257 raft_consensus.cc:1275] T 0f2ece2fdf95415d8940f41bb7b2ded0 P 91340bee746a4bd18eb8da7ca42d9628 [term 2 FOLLOWER]: Refusing update from remote peer a8ff4558e4614822ad19cc9daf4ca684: Log matching property violated. Preceding OpId in replica: term: 2 index: 3. Preceding OpId from leader: term: 2 index: 4. (index mismatch)
I20260608 09:49:26.696816 18108 raft_consensus.cc:1275] T 0f2ece2fdf95415d8940f41bb7b2ded0 P d018f88403ae400281c6e9070ff35684 [term 2 FOLLOWER]: Refusing update from remote peer a8ff4558e4614822ad19cc9daf4ca684: Log matching property violated. Preceding OpId in replica: term: 2 index: 3. Preceding OpId from leader: term: 2 index: 4. (index mismatch)
I20260608 09:49:26.697173 18649 consensus_queue.cc:1048] T 0f2ece2fdf95415d8940f41bb7b2ded0 P a8ff4558e4614822ad19cc9daf4ca684 [LEADER]: Connected to new peer: Peer: permanent_uuid: "91340bee746a4bd18eb8da7ca42d9628" member_type: VOTER last_known_addr { host: "127.14.191.195" port: 35751 } attrs { replace: true }, Status: LMP_MISMATCH, Last received: 0.0, Next index: 4, Last known committed idx: 3, Time since last communication: 0.000s
I20260608 09:49:26.698580 18648 consensus_queue.cc:1048] T 0f2ece2fdf95415d8940f41bb7b2ded0 P a8ff4558e4614822ad19cc9daf4ca684 [LEADER]: Connected to new peer: Peer: permanent_uuid: "9504c355b0974f9888dfb715f46afbaa" member_type: VOTER last_known_addr { host: "127.14.191.196" port: 42275 } attrs { promote: false }, Status: LMP_MISMATCH, Last received: 0.0, Next index: 4, Last known committed idx: 3, Time since last communication: 0.000s
I20260608 09:49:26.699293 18649 consensus_queue.cc:1048] T 0f2ece2fdf95415d8940f41bb7b2ded0 P a8ff4558e4614822ad19cc9daf4ca684 [LEADER]: Connected to new peer: Peer: permanent_uuid: "d018f88403ae400281c6e9070ff35684" member_type: VOTER last_known_addr { host: "127.14.191.193" port: 33075 }, Status: LMP_MISMATCH, Last received: 0.0, Next index: 4, Last known committed idx: 3, Time since last communication: 0.000s
I20260608 09:49:26.718852 18649 raft_consensus.cc:2955] T 0f2ece2fdf95415d8940f41bb7b2ded0 P a8ff4558e4614822ad19cc9daf4ca684 [term 2 LEADER]: Committing config change with OpId 2.4: config changed from index 3 to 4, 9504c355b0974f9888dfb715f46afbaa (127.14.191.196) changed from NON_VOTER to VOTER. New config: { opid_index: 4 OBSOLETE_local: false peers { permanent_uuid: "d018f88403ae400281c6e9070ff35684" member_type: VOTER last_known_addr { host: "127.14.191.193" port: 33075 } } peers { permanent_uuid: "a8ff4558e4614822ad19cc9daf4ca684" member_type: VOTER last_known_addr { host: "127.14.191.194" port: 46275 } } peers { permanent_uuid: "91340bee746a4bd18eb8da7ca42d9628" member_type: VOTER last_known_addr { host: "127.14.191.195" port: 35751 } attrs { replace: true } } peers { permanent_uuid: "9504c355b0974f9888dfb715f46afbaa" member_type: VOTER last_known_addr { host: "127.14.191.196" port: 42275 } attrs { promote: false } } }
I20260608 09:49:26.725368 18108 raft_consensus.cc:2955] T 0f2ece2fdf95415d8940f41bb7b2ded0 P d018f88403ae400281c6e9070ff35684 [term 2 FOLLOWER]: Committing config change with OpId 2.4: config changed from index 3 to 4, 9504c355b0974f9888dfb715f46afbaa (127.14.191.196) changed from NON_VOTER to VOTER. New config: { opid_index: 4 OBSOLETE_local: false peers { permanent_uuid: "d018f88403ae400281c6e9070ff35684" member_type: VOTER last_known_addr { host: "127.14.191.193" port: 33075 } } peers { permanent_uuid: "a8ff4558e4614822ad19cc9daf4ca684" member_type: VOTER last_known_addr { host: "127.14.191.194" port: 46275 } } peers { permanent_uuid: "91340bee746a4bd18eb8da7ca42d9628" member_type: VOTER last_known_addr { host: "127.14.191.195" port: 35751 } attrs { replace: true } } peers { permanent_uuid: "9504c355b0974f9888dfb715f46afbaa" member_type: VOTER last_known_addr { host: "127.14.191.196" port: 42275 } attrs { promote: false } } }
I20260608 09:49:26.728013 18257 raft_consensus.cc:2955] T 0f2ece2fdf95415d8940f41bb7b2ded0 P 91340bee746a4bd18eb8da7ca42d9628 [term 2 FOLLOWER]: Committing config change with OpId 2.4: config changed from index 3 to 4, 9504c355b0974f9888dfb715f46afbaa (127.14.191.196) changed from NON_VOTER to VOTER. New config: { opid_index: 4 OBSOLETE_local: false peers { permanent_uuid: "d018f88403ae400281c6e9070ff35684" member_type: VOTER last_known_addr { host: "127.14.191.193" port: 33075 } } peers { permanent_uuid: "a8ff4558e4614822ad19cc9daf4ca684" member_type: VOTER last_known_addr { host: "127.14.191.194" port: 46275 } } peers { permanent_uuid: "91340bee746a4bd18eb8da7ca42d9628" member_type: VOTER last_known_addr { host: "127.14.191.195" port: 35751 } attrs { replace: true } } peers { permanent_uuid: "9504c355b0974f9888dfb715f46afbaa" member_type: VOTER last_known_addr { host: "127.14.191.196" port: 42275 } attrs { promote: false } } }
I20260608 09:49:26.738567 18403 raft_consensus.cc:2955] T 0f2ece2fdf95415d8940f41bb7b2ded0 P 9504c355b0974f9888dfb715f46afbaa [term 2 FOLLOWER]: Committing config change with OpId 2.4: config changed from index 3 to 4, 9504c355b0974f9888dfb715f46afbaa (127.14.191.196) changed from NON_VOTER to VOTER. New config: { opid_index: 4 OBSOLETE_local: false peers { permanent_uuid: "d018f88403ae400281c6e9070ff35684" member_type: VOTER last_known_addr { host: "127.14.191.193" port: 33075 } } peers { permanent_uuid: "a8ff4558e4614822ad19cc9daf4ca684" member_type: VOTER last_known_addr { host: "127.14.191.194" port: 46275 } } peers { permanent_uuid: "91340bee746a4bd18eb8da7ca42d9628" member_type: VOTER last_known_addr { host: "127.14.191.195" port: 35751 } attrs { replace: true } } peers { permanent_uuid: "9504c355b0974f9888dfb715f46afbaa" member_type: VOTER last_known_addr { host: "127.14.191.196" port: 42275 } attrs { promote: false } } }
I20260608 09:49:26.743772 18005 catalog_manager.cc:5696] T 0f2ece2fdf95415d8940f41bb7b2ded0 P d018f88403ae400281c6e9070ff35684 reported cstate change: config changed from index 3 to 4, 9504c355b0974f9888dfb715f46afbaa (127.14.191.196) changed from NON_VOTER to VOTER. New cstate: current_term: 2 leader_uuid: "a8ff4558e4614822ad19cc9daf4ca684" committed_config { opid_index: 4 OBSOLETE_local: false peers { permanent_uuid: "d018f88403ae400281c6e9070ff35684" member_type: VOTER last_known_addr { host: "127.14.191.193" port: 33075 } } peers { permanent_uuid: "a8ff4558e4614822ad19cc9daf4ca684" member_type: VOTER last_known_addr { host: "127.14.191.194" port: 46275 } } peers { permanent_uuid: "91340bee746a4bd18eb8da7ca42d9628" member_type: VOTER last_known_addr { host: "127.14.191.195" port: 35751 } attrs { replace: true } } peers { permanent_uuid: "9504c355b0974f9888dfb715f46afbaa" member_type: VOTER last_known_addr { host: "127.14.191.196" port: 42275 } attrs { promote: false } } }
I20260608 09:49:26.789981 18630 raft_consensus.cc:1064] T 6271586d6b69463c897fc274dcd008eb P d018f88403ae400281c6e9070ff35684: attempting to promote NON_VOTER 9504c355b0974f9888dfb715f46afbaa to VOTER
I20260608 09:49:26.790524 18183 consensus_queue.cc:237] T 0f2ece2fdf95415d8940f41bb7b2ded0 P a8ff4558e4614822ad19cc9daf4ca684 [LEADER]: Queue going to LEADER mode. State: All replicated index: 0, Majority replicated index: 4, Committed index: 4, Last appended: 2.4, Last appended by leader: 1, Current term: 2, Majority size: 2, State: 0, Mode: LEADER, active raft config: opid_index: 5 OBSOLETE_local: false peers { permanent_uuid: "d018f88403ae400281c6e9070ff35684" member_type: VOTER last_known_addr { host: "127.14.191.193" port: 33075 } } peers { permanent_uuid: "a8ff4558e4614822ad19cc9daf4ca684" member_type: VOTER last_known_addr { host: "127.14.191.194" port: 46275 } } peers { permanent_uuid: "9504c355b0974f9888dfb715f46afbaa" member_type: VOTER last_known_addr { host: "127.14.191.196" port: 42275 } attrs { promote: false } }
I20260608 09:49:26.793326 18630 consensus_queue.cc:237] T 6271586d6b69463c897fc274dcd008eb P d018f88403ae400281c6e9070ff35684 [LEADER]: Queue going to LEADER mode. State: All replicated index: 0, Majority replicated index: 2, Committed index: 2, Last appended: 1.2, Last appended by leader: 0, Current term: 1, Majority size: 3, State: 0, Mode: LEADER, active raft config: opid_index: 3 OBSOLETE_local: false peers { permanent_uuid: "a8ff4558e4614822ad19cc9daf4ca684" member_type: VOTER last_known_addr { host: "127.14.191.194" port: 46275 } attrs { replace: true } } peers { permanent_uuid: "d018f88403ae400281c6e9070ff35684" member_type: VOTER last_known_addr { host: "127.14.191.193" port: 33075 } } peers { permanent_uuid: "91340bee746a4bd18eb8da7ca42d9628" member_type: VOTER last_known_addr { host: "127.14.191.195" port: 35751 } } peers { permanent_uuid: "9504c355b0974f9888dfb715f46afbaa" member_type: VOTER last_known_addr { host: "127.14.191.196" port: 42275 } attrs { promote: false } }
I20260608 09:49:26.797839 18403 raft_consensus.cc:1275] T 0f2ece2fdf95415d8940f41bb7b2ded0 P 9504c355b0974f9888dfb715f46afbaa [term 2 FOLLOWER]: Refusing update from remote peer a8ff4558e4614822ad19cc9daf4ca684: Log matching property violated. Preceding OpId in replica: term: 2 index: 4. Preceding OpId from leader: term: 2 index: 5. (index mismatch)
I20260608 09:49:26.799564 18108 raft_consensus.cc:1275] T 0f2ece2fdf95415d8940f41bb7b2ded0 P d018f88403ae400281c6e9070ff35684 [term 2 FOLLOWER]: Refusing update from remote peer a8ff4558e4614822ad19cc9daf4ca684: Log matching property violated. Preceding OpId in replica: term: 2 index: 4. Preceding OpId from leader: term: 2 index: 5. (index mismatch)
I20260608 09:49:26.799607 18649 consensus_queue.cc:1048] T 0f2ece2fdf95415d8940f41bb7b2ded0 P a8ff4558e4614822ad19cc9daf4ca684 [LEADER]: Connected to new peer: Peer: permanent_uuid: "9504c355b0974f9888dfb715f46afbaa" member_type: VOTER last_known_addr { host: "127.14.191.196" port: 42275 } attrs { promote: false }, Status: LMP_MISMATCH, Last received: 0.0, Next index: 5, Last known committed idx: 4, Time since last communication: 0.002s
I20260608 09:49:26.801753 18648 consensus_queue.cc:1048] T 0f2ece2fdf95415d8940f41bb7b2ded0 P a8ff4558e4614822ad19cc9daf4ca684 [LEADER]: Connected to new peer: Peer: permanent_uuid: "d018f88403ae400281c6e9070ff35684" member_type: VOTER last_known_addr { host: "127.14.191.193" port: 33075 }, Status: LMP_MISMATCH, Last received: 0.0, Next index: 5, Last known committed idx: 4, Time since last communication: 0.000s
I20260608 09:49:26.812062 18648 raft_consensus.cc:2955] T 0f2ece2fdf95415d8940f41bb7b2ded0 P a8ff4558e4614822ad19cc9daf4ca684 [term 2 LEADER]: Committing config change with OpId 2.5: config changed from index 4 to 5, VOTER 91340bee746a4bd18eb8da7ca42d9628 (127.14.191.195) evicted. New config: { opid_index: 5 OBSOLETE_local: false peers { permanent_uuid: "d018f88403ae400281c6e9070ff35684" member_type: VOTER last_known_addr { host: "127.14.191.193" port: 33075 } } peers { permanent_uuid: "a8ff4558e4614822ad19cc9daf4ca684" member_type: VOTER last_known_addr { host: "127.14.191.194" port: 46275 } } peers { permanent_uuid: "9504c355b0974f9888dfb715f46afbaa" member_type: VOTER last_known_addr { host: "127.14.191.196" port: 42275 } attrs { promote: false } } }
I20260608 09:49:26.814028 18108 raft_consensus.cc:2955] T 0f2ece2fdf95415d8940f41bb7b2ded0 P d018f88403ae400281c6e9070ff35684 [term 2 FOLLOWER]: Committing config change with OpId 2.5: config changed from index 4 to 5, VOTER 91340bee746a4bd18eb8da7ca42d9628 (127.14.191.195) evicted. New config: { opid_index: 5 OBSOLETE_local: false peers { permanent_uuid: "d018f88403ae400281c6e9070ff35684" member_type: VOTER last_known_addr { host: "127.14.191.193" port: 33075 } } peers { permanent_uuid: "a8ff4558e4614822ad19cc9daf4ca684" member_type: VOTER last_known_addr { host: "127.14.191.194" port: 46275 } } peers { permanent_uuid: "9504c355b0974f9888dfb715f46afbaa" member_type: VOTER last_known_addr { host: "127.14.191.196" port: 42275 } attrs { promote: false } } }
