I20260608 09:48:42.922538 17763 tablet_bootstrap.cc:654] T d34784cff1e74028ba814d1ba455ec74 P 52da5e0cfa26427f866a9b8e66caa379: Neither blocks nor log segments found. Creating new log.
I20260608 09:48:42.929037 17763 tablet_bootstrap.cc:492] T d34784cff1e74028ba814d1ba455ec74 P 52da5e0cfa26427f866a9b8e66caa379: No bootstrap required, opened a new log
I20260608 09:48:42.929584 17763 ts_tablet_manager.cc:1403] T d34784cff1e74028ba814d1ba455ec74 P 52da5e0cfa26427f866a9b8e66caa379: Time spent bootstrapping tablet: real 0.019s	user 0.015s	sys 0.000s
I20260608 09:48:42.931600 17764 tablet_bootstrap.cc:492] T 859b5e5c399b438fb99e53f404fd0f7d P d4086c59805d442b8c75000b533d50ad: No bootstrap required, opened a new log
I20260608 09:48:42.931931 17766 tablet_bootstrap.cc:492] T 7ecb168c64bd433eabf4847f3e1296b2 P 5196244254194c26a31b0640b7abe80a: No bootstrap required, opened a new log
I20260608 09:48:42.932075 17764 ts_tablet_manager.cc:1403] T 859b5e5c399b438fb99e53f404fd0f7d P d4086c59805d442b8c75000b533d50ad: Time spent bootstrapping tablet: real 0.033s	user 0.009s	sys 0.017s
I20260608 09:48:42.932498 17766 ts_tablet_manager.cc:1403] T 7ecb168c64bd433eabf4847f3e1296b2 P 5196244254194c26a31b0640b7abe80a: Time spent bootstrapping tablet: real 0.041s	user 0.014s	sys 0.012s
I20260608 09:48:42.932868 17763 raft_consensus.cc:359] T d34784cff1e74028ba814d1ba455ec74 P 52da5e0cfa26427f866a9b8e66caa379 [term 0 FOLLOWER]: Replica starting. Triggering 0 pending ops. Active config: opid_index: -1 OBSOLETE_local: false peers { permanent_uuid: "5196244254194c26a31b0640b7abe80a" member_type: VOTER last_known_addr { host: "127.14.55.65" port: 41607 } } peers { permanent_uuid: "52da5e0cfa26427f866a9b8e66caa379" member_type: VOTER last_known_addr { host: "127.14.55.66" port: 46497 } } peers { permanent_uuid: "d4086c59805d442b8c75000b533d50ad" member_type: VOTER last_known_addr { host: "127.14.55.67" port: 42359 } }
I20260608 09:48:42.933674 17763 raft_consensus.cc:385] T d34784cff1e74028ba814d1ba455ec74 P 52da5e0cfa26427f866a9b8e66caa379 [term 0 FOLLOWER]: Consensus starting up: Expiring failure detector timer to make a prompt election more likely
I20260608 09:48:42.934024 17763 raft_consensus.cc:740] T d34784cff1e74028ba814d1ba455ec74 P 52da5e0cfa26427f866a9b8e66caa379 [term 0 FOLLOWER]: Becoming Follower/Learner. State: Replica: 52da5e0cfa26427f866a9b8e66caa379, State: Initialized, Role: FOLLOWER
I20260608 09:48:42.934909 17764 raft_consensus.cc:359] T 859b5e5c399b438fb99e53f404fd0f7d P d4086c59805d442b8c75000b533d50ad [term 0 FOLLOWER]: Replica starting. Triggering 0 pending ops. Active config: opid_index: -1 OBSOLETE_local: false peers { permanent_uuid: "d4086c59805d442b8c75000b533d50ad" member_type: VOTER last_known_addr { host: "127.14.55.67" port: 42359 } } peers { permanent_uuid: "52da5e0cfa26427f866a9b8e66caa379" member_type: VOTER last_known_addr { host: "127.14.55.66" port: 46497 } } peers { permanent_uuid: "5196244254194c26a31b0640b7abe80a" member_type: VOTER last_known_addr { host: "127.14.55.65" port: 41607 } }
I20260608 09:48:42.934871 17763 consensus_queue.cc:260] T d34784cff1e74028ba814d1ba455ec74 P 52da5e0cfa26427f866a9b8e66caa379 [NON_LEADER]: Queue going to NON_LEADER mode. State: All replicated index: 0, Majority replicated index: 0, Committed index: 0, Last appended: 0.0, Last appended by leader: 0, Current term: 0, Majority size: -1, State: 0, Mode: NON_LEADER, active raft config: opid_index: -1 OBSOLETE_local: false peers { permanent_uuid: "5196244254194c26a31b0640b7abe80a" member_type: VOTER last_known_addr { host: "127.14.55.65" port: 41607 } } peers { permanent_uuid: "52da5e0cfa26427f866a9b8e66caa379" member_type: VOTER last_known_addr { host: "127.14.55.66" port: 46497 } } peers { permanent_uuid: "d4086c59805d442b8c75000b533d50ad" member_type: VOTER last_known_addr { host: "127.14.55.67" port: 42359 } }
I20260608 09:48:42.935642 17764 raft_consensus.cc:385] T 859b5e5c399b438fb99e53f404fd0f7d P d4086c59805d442b8c75000b533d50ad [term 0 FOLLOWER]: Consensus starting up: Expiring failure detector timer to make a prompt election more likely
I20260608 09:48:42.935647 17766 raft_consensus.cc:359] T 7ecb168c64bd433eabf4847f3e1296b2 P 5196244254194c26a31b0640b7abe80a [term 0 FOLLOWER]: Replica starting. Triggering 0 pending ops. Active config: opid_index: -1 OBSOLETE_local: false peers { permanent_uuid: "52da5e0cfa26427f866a9b8e66caa379" member_type: VOTER last_known_addr { host: "127.14.55.66" port: 46497 } } peers { permanent_uuid: "5196244254194c26a31b0640b7abe80a" member_type: VOTER last_known_addr { host: "127.14.55.65" port: 41607 } } peers { permanent_uuid: "d4086c59805d442b8c75000b533d50ad" member_type: VOTER last_known_addr { host: "127.14.55.67" port: 42359 } }
I20260608 09:48:42.936223 17764 raft_consensus.cc:740] T 859b5e5c399b438fb99e53f404fd0f7d P d4086c59805d442b8c75000b533d50ad [term 0 FOLLOWER]: Becoming Follower/Learner. State: Replica: d4086c59805d442b8c75000b533d50ad, State: Initialized, Role: FOLLOWER
I20260608 09:48:42.936638 17766 raft_consensus.cc:385] T 7ecb168c64bd433eabf4847f3e1296b2 P 5196244254194c26a31b0640b7abe80a [term 0 FOLLOWER]: Consensus starting up: Expiring failure detector timer to make a prompt election more likely
I20260608 09:48:42.936987 17766 raft_consensus.cc:740] T 7ecb168c64bd433eabf4847f3e1296b2 P 5196244254194c26a31b0640b7abe80a [term 0 FOLLOWER]: Becoming Follower/Learner. State: Replica: 5196244254194c26a31b0640b7abe80a, State: Initialized, Role: FOLLOWER
I20260608 09:48:42.937497 17763 ts_tablet_manager.cc:1434] T d34784cff1e74028ba814d1ba455ec74 P 52da5e0cfa26427f866a9b8e66caa379: Time spent starting tablet: real 0.008s	user 0.006s	sys 0.000s
I20260608 09:48:42.937139 17764 consensus_queue.cc:260] T 859b5e5c399b438fb99e53f404fd0f7d P d4086c59805d442b8c75000b533d50ad [NON_LEADER]: Queue going to NON_LEADER mode. State: All replicated index: 0, Majority replicated index: 0, Committed index: 0, Last appended: 0.0, Last appended by leader: 0, Current term: 0, Majority size: -1, State: 0, Mode: NON_LEADER, active raft config: opid_index: -1 OBSOLETE_local: false peers { permanent_uuid: "d4086c59805d442b8c75000b533d50ad" member_type: VOTER last_known_addr { host: "127.14.55.67" port: 42359 } } peers { permanent_uuid: "52da5e0cfa26427f866a9b8e66caa379" member_type: VOTER last_known_addr { host: "127.14.55.66" port: 46497 } } peers { permanent_uuid: "5196244254194c26a31b0640b7abe80a" member_type: VOTER last_known_addr { host: "127.14.55.65" port: 41607 } }
I20260608 09:48:42.937795 17766 consensus_queue.cc:260] T 7ecb168c64bd433eabf4847f3e1296b2 P 5196244254194c26a31b0640b7abe80a [NON_LEADER]: Queue going to NON_LEADER mode. State: All replicated index: 0, Majority replicated index: 0, Committed index: 0, Last appended: 0.0, Last appended by leader: 0, Current term: 0, Majority size: -1, State: 0, Mode: NON_LEADER, active raft config: opid_index: -1 OBSOLETE_local: false peers { permanent_uuid: "52da5e0cfa26427f866a9b8e66caa379" member_type: VOTER last_known_addr { host: "127.14.55.66" port: 46497 } } peers { permanent_uuid: "5196244254194c26a31b0640b7abe80a" member_type: VOTER last_known_addr { host: "127.14.55.65" port: 41607 } } peers { permanent_uuid: "d4086c59805d442b8c75000b533d50ad" member_type: VOTER last_known_addr { host: "127.14.55.67" port: 42359 } }
I20260608 09:48:42.938645 17763 tablet_bootstrap.cc:492] T 8b8175cc516a4d0a9b9e8d811a23fe73 P 52da5e0cfa26427f866a9b8e66caa379: Bootstrap starting.
I20260608 09:48:42.940208 17766 ts_tablet_manager.cc:1434] T 7ecb168c64bd433eabf4847f3e1296b2 P 5196244254194c26a31b0640b7abe80a: Time spent starting tablet: real 0.007s	user 0.006s	sys 0.000s
I20260608 09:48:42.941293 17766 tablet_bootstrap.cc:492] T 1c273873ac534d60a02d9e38005fbba3 P 5196244254194c26a31b0640b7abe80a: Bootstrap starting.
I20260608 09:48:42.942503 17764 ts_tablet_manager.cc:1434] T 859b5e5c399b438fb99e53f404fd0f7d P d4086c59805d442b8c75000b533d50ad: Time spent starting tablet: real 0.010s	user 0.006s	sys 0.002s
I20260608 09:48:42.943632 17764 tablet_bootstrap.cc:492] T d34784cff1e74028ba814d1ba455ec74 P d4086c59805d442b8c75000b533d50ad: Bootstrap starting.
I20260608 09:48:42.949272 17766 tablet_bootstrap.cc:654] T 1c273873ac534d60a02d9e38005fbba3 P 5196244254194c26a31b0640b7abe80a: Neither blocks nor log segments found. Creating new log.
I20260608 09:48:42.950901 17764 tablet_bootstrap.cc:654] T d34784cff1e74028ba814d1ba455ec74 P d4086c59805d442b8c75000b533d50ad: Neither blocks nor log segments found. Creating new log.
I20260608 09:48:42.949281 17763 tablet_bootstrap.cc:654] T 8b8175cc516a4d0a9b9e8d811a23fe73 P 52da5e0cfa26427f866a9b8e66caa379: Neither blocks nor log segments found. Creating new log.
I20260608 09:48:42.963364 17766 tablet_bootstrap.cc:492] T 1c273873ac534d60a02d9e38005fbba3 P 5196244254194c26a31b0640b7abe80a: No bootstrap required, opened a new log
I20260608 09:48:42.964074 17766 ts_tablet_manager.cc:1403] T 1c273873ac534d60a02d9e38005fbba3 P 5196244254194c26a31b0640b7abe80a: Time spent bootstrapping tablet: real 0.023s	user 0.011s	sys 0.007s
I20260608 09:48:42.965950 17764 tablet_bootstrap.cc:492] T d34784cff1e74028ba814d1ba455ec74 P d4086c59805d442b8c75000b533d50ad: No bootstrap required, opened a new log
I20260608 09:48:42.966418 17763 tablet_bootstrap.cc:492] T 8b8175cc516a4d0a9b9e8d811a23fe73 P 52da5e0cfa26427f866a9b8e66caa379: No bootstrap required, opened a new log
I20260608 09:48:42.966521 17764 ts_tablet_manager.cc:1403] T d34784cff1e74028ba814d1ba455ec74 P d4086c59805d442b8c75000b533d50ad: Time spent bootstrapping tablet: real 0.023s	user 0.009s	sys 0.005s
I20260608 09:48:42.967020 17763 ts_tablet_manager.cc:1403] T 8b8175cc516a4d0a9b9e8d811a23fe73 P 52da5e0cfa26427f866a9b8e66caa379: Time spent bootstrapping tablet: real 0.029s	user 0.008s	sys 0.013s
I20260608 09:48:42.967342 17766 raft_consensus.cc:359] T 1c273873ac534d60a02d9e38005fbba3 P 5196244254194c26a31b0640b7abe80a [term 0 FOLLOWER]: Replica starting. Triggering 0 pending ops. Active config: opid_index: -1 OBSOLETE_local: false peers { permanent_uuid: "5196244254194c26a31b0640b7abe80a" member_type: VOTER last_known_addr { host: "127.14.55.65" port: 41607 } } peers { permanent_uuid: "52da5e0cfa26427f866a9b8e66caa379" member_type: VOTER last_known_addr { host: "127.14.55.66" port: 46497 } } peers { permanent_uuid: "d4086c59805d442b8c75000b533d50ad" member_type: VOTER last_known_addr { host: "127.14.55.67" port: 42359 } }
I20260608 09:48:42.968166 17766 raft_consensus.cc:385] T 1c273873ac534d60a02d9e38005fbba3 P 5196244254194c26a31b0640b7abe80a [term 0 FOLLOWER]: Consensus starting up: Expiring failure detector timer to make a prompt election more likely
I20260608 09:48:42.968468 17766 raft_consensus.cc:740] T 1c273873ac534d60a02d9e38005fbba3 P 5196244254194c26a31b0640b7abe80a [term 0 FOLLOWER]: Becoming Follower/Learner. State: Replica: 5196244254194c26a31b0640b7abe80a, State: Initialized, Role: FOLLOWER
I20260608 09:48:42.969348 17764 raft_consensus.cc:359] T d34784cff1e74028ba814d1ba455ec74 P d4086c59805d442b8c75000b533d50ad [term 0 FOLLOWER]: Replica starting. Triggering 0 pending ops. Active config: opid_index: -1 OBSOLETE_local: false peers { permanent_uuid: "5196244254194c26a31b0640b7abe80a" member_type: VOTER last_known_addr { host: "127.14.55.65" port: 41607 } } peers { permanent_uuid: "52da5e0cfa26427f866a9b8e66caa379" member_type: VOTER last_known_addr { host: "127.14.55.66" port: 46497 } } peers { permanent_uuid: "d4086c59805d442b8c75000b533d50ad" member_type: VOTER last_known_addr { host: "127.14.55.67" port: 42359 } }
I20260608 09:48:42.969322 17766 consensus_queue.cc:260] T 1c273873ac534d60a02d9e38005fbba3 P 5196244254194c26a31b0640b7abe80a [NON_LEADER]: Queue going to NON_LEADER mode. State: All replicated index: 0, Majority replicated index: 0, Committed index: 0, Last appended: 0.0, Last appended by leader: 0, Current term: 0, Majority size: -1, State: 0, Mode: NON_LEADER, active raft config: opid_index: -1 OBSOLETE_local: false peers { permanent_uuid: "5196244254194c26a31b0640b7abe80a" member_type: VOTER last_known_addr { host: "127.14.55.65" port: 41607 } } peers { permanent_uuid: "52da5e0cfa26427f866a9b8e66caa379" member_type: VOTER last_known_addr { host: "127.14.55.66" port: 46497 } } peers { permanent_uuid: "d4086c59805d442b8c75000b533d50ad" member_type: VOTER last_known_addr { host: "127.14.55.67" port: 42359 } }
I20260608 09:48:42.970180 17764 raft_consensus.cc:385] T d34784cff1e74028ba814d1ba455ec74 P d4086c59805d442b8c75000b533d50ad [term 0 FOLLOWER]: Consensus starting up: Expiring failure detector timer to make a prompt election more likely
I20260608 09:48:42.970643 17764 raft_consensus.cc:740] T d34784cff1e74028ba814d1ba455ec74 P d4086c59805d442b8c75000b533d50ad [term 0 FOLLOWER]: Becoming Follower/Learner. State: Replica: d4086c59805d442b8c75000b533d50ad, State: Initialized, Role: FOLLOWER
I20260608 09:48:42.970257 17763 raft_consensus.cc:359] T 8b8175cc516a4d0a9b9e8d811a23fe73 P 52da5e0cfa26427f866a9b8e66caa379 [term 0 FOLLOWER]: Replica starting. Triggering 0 pending ops. Active config: opid_index: -1 OBSOLETE_local: false peers { permanent_uuid: "52da5e0cfa26427f866a9b8e66caa379" member_type: VOTER last_known_addr { host: "127.14.55.66" port: 46497 } } peers { permanent_uuid: "5196244254194c26a31b0640b7abe80a" member_type: VOTER last_known_addr { host: "127.14.55.65" port: 41607 } } peers { permanent_uuid: "d4086c59805d442b8c75000b533d50ad" member_type: VOTER last_known_addr { host: "127.14.55.67" port: 42359 } }
I20260608 09:48:42.971125 17763 raft_consensus.cc:385] T 8b8175cc516a4d0a9b9e8d811a23fe73 P 52da5e0cfa26427f866a9b8e66caa379 [term 0 FOLLOWER]: Consensus starting up: Expiring failure detector timer to make a prompt election more likely
I20260608 09:48:42.971455 17763 raft_consensus.cc:740] T 8b8175cc516a4d0a9b9e8d811a23fe73 P 52da5e0cfa26427f866a9b8e66caa379 [term 0 FOLLOWER]: Becoming Follower/Learner. State: Replica: 52da5e0cfa26427f866a9b8e66caa379, State: Initialized, Role: FOLLOWER
I20260608 09:48:42.971930 17766 ts_tablet_manager.cc:1434] T 1c273873ac534d60a02d9e38005fbba3 P 5196244254194c26a31b0640b7abe80a: Time spent starting tablet: real 0.007s	user 0.008s	sys 0.000s
I20260608 09:48:42.971702 17764 consensus_queue.cc:260] T d34784cff1e74028ba814d1ba455ec74 P d4086c59805d442b8c75000b533d50ad [NON_LEADER]: Queue going to NON_LEADER mode. State: All replicated index: 0, Majority replicated index: 0, Committed index: 0, Last appended: 0.0, Last appended by leader: 0, Current term: 0, Majority size: -1, State: 0, Mode: NON_LEADER, active raft config: opid_index: -1 OBSOLETE_local: false peers { permanent_uuid: "5196244254194c26a31b0640b7abe80a" member_type: VOTER last_known_addr { host: "127.14.55.65" port: 41607 } } peers { permanent_uuid: "52da5e0cfa26427f866a9b8e66caa379" member_type: VOTER last_known_addr { host: "127.14.55.66" port: 46497 } } peers { permanent_uuid: "d4086c59805d442b8c75000b533d50ad" member_type: VOTER last_known_addr { host: "127.14.55.67" port: 42359 } }
I20260608 09:48:42.972460 17763 consensus_queue.cc:260] T 8b8175cc516a4d0a9b9e8d811a23fe73 P 52da5e0cfa26427f866a9b8e66caa379 [NON_LEADER]: Queue going to NON_LEADER mode. State: All replicated index: 0, Majority replicated index: 0, Committed index: 0, Last appended: 0.0, Last appended by leader: 0, Current term: 0, Majority size: -1, State: 0, Mode: NON_LEADER, active raft config: opid_index: -1 OBSOLETE_local: false peers { permanent_uuid: "52da5e0cfa26427f866a9b8e66caa379" member_type: VOTER last_known_addr { host: "127.14.55.66" port: 46497 } } peers { permanent_uuid: "5196244254194c26a31b0640b7abe80a" member_type: VOTER last_known_addr { host: "127.14.55.65" port: 41607 } } peers { permanent_uuid: "d4086c59805d442b8c75000b533d50ad" member_type: VOTER last_known_addr { host: "127.14.55.67" port: 42359 } }
I20260608 09:48:42.973037 17766 tablet_bootstrap.cc:492] T 8b8175cc516a4d0a9b9e8d811a23fe73 P 5196244254194c26a31b0640b7abe80a: Bootstrap starting.
I20260608 09:48:42.974249 17764 ts_tablet_manager.cc:1434] T d34784cff1e74028ba814d1ba455ec74 P d4086c59805d442b8c75000b533d50ad: Time spent starting tablet: real 0.007s	user 0.008s	sys 0.000s
I20260608 09:48:42.975302 17764 tablet_bootstrap.cc:492] T 1c273873ac534d60a02d9e38005fbba3 P d4086c59805d442b8c75000b533d50ad: Bootstrap starting.
I20260608 09:48:42.977653 17763 ts_tablet_manager.cc:1434] T 8b8175cc516a4d0a9b9e8d811a23fe73 P 52da5e0cfa26427f866a9b8e66caa379: Time spent starting tablet: real 0.010s	user 0.008s	sys 0.001s
I20260608 09:48:42.983086 17764 tablet_bootstrap.cc:654] T 1c273873ac534d60a02d9e38005fbba3 P d4086c59805d442b8c75000b533d50ad: Neither blocks nor log segments found. Creating new log.
I20260608 09:48:42.985235 17763 tablet_bootstrap.cc:492] T 22eb0629014648b5a53514e7a4e35e36 P 52da5e0cfa26427f866a9b8e66caa379: Bootstrap starting.
I20260608 09:48:42.987406 17766 tablet_bootstrap.cc:654] T 8b8175cc516a4d0a9b9e8d811a23fe73 P 5196244254194c26a31b0640b7abe80a: Neither blocks nor log segments found. Creating new log.
I20260608 09:48:42.991879 17774 raft_consensus.cc:493] T 53fb2a07b118474ea7c694ebea877f14 P 5196244254194c26a31b0640b7abe80a [term 0 FOLLOWER]: Starting pre-election (no leader contacted us within the election timeout)
I20260608 09:48:42.992676 17774 raft_consensus.cc:515] T 53fb2a07b118474ea7c694ebea877f14 P 5196244254194c26a31b0640b7abe80a [term 0 FOLLOWER]: Starting pre-election with config: opid_index: -1 OBSOLETE_local: false peers { permanent_uuid: "52da5e0cfa26427f866a9b8e66caa379" member_type: VOTER last_known_addr { host: "127.14.55.66" port: 46497 } } peers { permanent_uuid: "5196244254194c26a31b0640b7abe80a" member_type: VOTER last_known_addr { host: "127.14.55.65" port: 41607 } } peers { permanent_uuid: "d4086c59805d442b8c75000b533d50ad" member_type: VOTER last_known_addr { host: "127.14.55.67" port: 42359 } }
I20260608 09:48:42.994071 17763 tablet_bootstrap.cc:654] T 22eb0629014648b5a53514e7a4e35e36 P 52da5e0cfa26427f866a9b8e66caa379: Neither blocks nor log segments found. Creating new log.
I20260608 09:48:42.994313 17767 raft_consensus.cc:493] T d34784cff1e74028ba814d1ba455ec74 P 52da5e0cfa26427f866a9b8e66caa379 [term 0 FOLLOWER]: Starting pre-election (no leader contacted us within the election timeout)
I20260608 09:48:42.994889 17767 raft_consensus.cc:515] T d34784cff1e74028ba814d1ba455ec74 P 52da5e0cfa26427f866a9b8e66caa379 [term 0 FOLLOWER]: Starting pre-election with config: opid_index: -1 OBSOLETE_local: false peers { permanent_uuid: "5196244254194c26a31b0640b7abe80a" member_type: VOTER last_known_addr { host: "127.14.55.65" port: 41607 } } peers { permanent_uuid: "52da5e0cfa26427f866a9b8e66caa379" member_type: VOTER last_known_addr { host: "127.14.55.66" port: 46497 } } peers { permanent_uuid: "d4086c59805d442b8c75000b533d50ad" member_type: VOTER last_known_addr { host: "127.14.55.67" port: 42359 } }
I20260608 09:48:42.997789 17767 leader_election.cc:290] T d34784cff1e74028ba814d1ba455ec74 P 52da5e0cfa26427f866a9b8e66caa379 [CANDIDATE]: Term 1 pre-election: Requested pre-vote from peers 5196244254194c26a31b0640b7abe80a (127.14.55.65:41607), d4086c59805d442b8c75000b533d50ad (127.14.55.67:42359)
I20260608 09:48:43.006717 17774 leader_election.cc:290] T 53fb2a07b118474ea7c694ebea877f14 P 5196244254194c26a31b0640b7abe80a [CANDIDATE]: Term 1 pre-election: Requested pre-vote from peers 52da5e0cfa26427f866a9b8e66caa379 (127.14.55.66:46497), d4086c59805d442b8c75000b533d50ad (127.14.55.67:42359)
I20260608 09:48:43.012153 17766 tablet_bootstrap.cc:492] T 8b8175cc516a4d0a9b9e8d811a23fe73 P 5196244254194c26a31b0640b7abe80a: No bootstrap required, opened a new log
I20260608 09:48:43.012878 17766 ts_tablet_manager.cc:1403] T 8b8175cc516a4d0a9b9e8d811a23fe73 P 5196244254194c26a31b0640b7abe80a: Time spent bootstrapping tablet: real 0.040s	user 0.020s	sys 0.001s
I20260608 09:48:43.020856 17766 raft_consensus.cc:359] T 8b8175cc516a4d0a9b9e8d811a23fe73 P 5196244254194c26a31b0640b7abe80a [term 0 FOLLOWER]: Replica starting. Triggering 0 pending ops. Active config: opid_index: -1 OBSOLETE_local: false peers { permanent_uuid: "52da5e0cfa26427f866a9b8e66caa379" member_type: VOTER last_known_addr { host: "127.14.55.66" port: 46497 } } peers { permanent_uuid: "5196244254194c26a31b0640b7abe80a" member_type: VOTER last_known_addr { host: "127.14.55.65" port: 41607 } } peers { permanent_uuid: "d4086c59805d442b8c75000b533d50ad" member_type: VOTER last_known_addr { host: "127.14.55.67" port: 42359 } }
I20260608 09:48:43.022799 17769 raft_consensus.cc:493] T 8b8175cc516a4d0a9b9e8d811a23fe73 P d4086c59805d442b8c75000b533d50ad [term 0 FOLLOWER]: Starting pre-election (no leader contacted us within the election timeout)
I20260608 09:48:43.023553 17769 raft_consensus.cc:515] T 8b8175cc516a4d0a9b9e8d811a23fe73 P d4086c59805d442b8c75000b533d50ad [term 0 FOLLOWER]: Starting pre-election with config: opid_index: -1 OBSOLETE_local: false peers { permanent_uuid: "52da5e0cfa26427f866a9b8e66caa379" member_type: VOTER last_known_addr { host: "127.14.55.66" port: 46497 } } peers { permanent_uuid: "5196244254194c26a31b0640b7abe80a" member_type: VOTER last_known_addr { host: "127.14.55.65" port: 41607 } } peers { permanent_uuid: "d4086c59805d442b8c75000b533d50ad" member_type: VOTER last_known_addr { host: "127.14.55.67" port: 42359 } }
I20260608 09:48:43.031098 17773 raft_consensus.cc:493] T 7ecb168c64bd433eabf4847f3e1296b2 P d4086c59805d442b8c75000b533d50ad [term 0 FOLLOWER]: Starting pre-election (no leader contacted us within the election timeout)
I20260608 09:48:43.031872 17773 raft_consensus.cc:515] T 7ecb168c64bd433eabf4847f3e1296b2 P d4086c59805d442b8c75000b533d50ad [term 0 FOLLOWER]: Starting pre-election with config: opid_index: -1 OBSOLETE_local: false peers { permanent_uuid: "52da5e0cfa26427f866a9b8e66caa379" member_type: VOTER last_known_addr { host: "127.14.55.66" port: 46497 } } peers { permanent_uuid: "5196244254194c26a31b0640b7abe80a" member_type: VOTER last_known_addr { host: "127.14.55.65" port: 41607 } } peers { permanent_uuid: "d4086c59805d442b8c75000b533d50ad" member_type: VOTER last_known_addr { host: "127.14.55.67" port: 42359 } }
I20260608 09:48:43.035069 17773 leader_election.cc:290] T 7ecb168c64bd433eabf4847f3e1296b2 P d4086c59805d442b8c75000b533d50ad [CANDIDATE]: Term 1 pre-election: Requested pre-vote from peers 52da5e0cfa26427f866a9b8e66caa379 (127.14.55.66:46497), 5196244254194c26a31b0640b7abe80a (127.14.55.65:41607)
I20260608 09:48:43.037642 17769 leader_election.cc:290] T 8b8175cc516a4d0a9b9e8d811a23fe73 P d4086c59805d442b8c75000b533d50ad [CANDIDATE]: Term 1 pre-election: Requested pre-vote from peers 52da5e0cfa26427f866a9b8e66caa379 (127.14.55.66:46497), 5196244254194c26a31b0640b7abe80a (127.14.55.65:41607)
I20260608 09:48:43.038414 17769 raft_consensus.cc:493] T d34784cff1e74028ba814d1ba455ec74 P d4086c59805d442b8c75000b533d50ad [term 0 FOLLOWER]: Starting pre-election (no leader contacted us within the election timeout)
I20260608 09:48:43.039041 17769 raft_consensus.cc:515] T d34784cff1e74028ba814d1ba455ec74 P d4086c59805d442b8c75000b533d50ad [term 0 FOLLOWER]: Starting pre-election with config: opid_index: -1 OBSOLETE_local: false peers { permanent_uuid: "5196244254194c26a31b0640b7abe80a" member_type: VOTER last_known_addr { host: "127.14.55.65" port: 41607 } } peers { permanent_uuid: "52da5e0cfa26427f866a9b8e66caa379" member_type: VOTER last_known_addr { host: "127.14.55.66" port: 46497 } } peers { permanent_uuid: "d4086c59805d442b8c75000b533d50ad" member_type: VOTER last_known_addr { host: "127.14.55.67" port: 42359 } }
I20260608 09:48:43.050120 17769 leader_election.cc:290] T d34784cff1e74028ba814d1ba455ec74 P d4086c59805d442b8c75000b533d50ad [CANDIDATE]: Term 1 pre-election: Requested pre-vote from peers 5196244254194c26a31b0640b7abe80a (127.14.55.65:41607), 52da5e0cfa26427f866a9b8e66caa379 (127.14.55.66:46497)
I20260608 09:48:43.021934 17766 raft_consensus.cc:385] T 8b8175cc516a4d0a9b9e8d811a23fe73 P 5196244254194c26a31b0640b7abe80a [term 0 FOLLOWER]: Consensus starting up: Expiring failure detector timer to make a prompt election more likely
I20260608 09:48:43.059756 17766 raft_consensus.cc:740] T 8b8175cc516a4d0a9b9e8d811a23fe73 P 5196244254194c26a31b0640b7abe80a [term 0 FOLLOWER]: Becoming Follower/Learner. State: Replica: 5196244254194c26a31b0640b7abe80a, State: Initialized, Role: FOLLOWER
I20260608 09:48:43.059985 17763 tablet_bootstrap.cc:492] T 22eb0629014648b5a53514e7a4e35e36 P 52da5e0cfa26427f866a9b8e66caa379: No bootstrap required, opened a new log
I20260608 09:48:43.060570 17763 ts_tablet_manager.cc:1403] T 22eb0629014648b5a53514e7a4e35e36 P 52da5e0cfa26427f866a9b8e66caa379: Time spent bootstrapping tablet: real 0.076s	user 0.037s	sys 0.033s
I20260608 09:48:43.062156 17766 consensus_queue.cc:260] T 8b8175cc516a4d0a9b9e8d811a23fe73 P 5196244254194c26a31b0640b7abe80a [NON_LEADER]: Queue going to NON_LEADER mode. State: All replicated index: 0, Majority replicated index: 0, Committed index: 0, Last appended: 0.0, Last appended by leader: 0, Current term: 0, Majority size: -1, State: 0, Mode: NON_LEADER, active raft config: opid_index: -1 OBSOLETE_local: false peers { permanent_uuid: "52da5e0cfa26427f866a9b8e66caa379" member_type: VOTER last_known_addr { host: "127.14.55.66" port: 46497 } } peers { permanent_uuid: "5196244254194c26a31b0640b7abe80a" member_type: VOTER last_known_addr { host: "127.14.55.65" port: 41607 } } peers { permanent_uuid: "d4086c59805d442b8c75000b533d50ad" member_type: VOTER last_known_addr { host: "127.14.55.67" port: 42359 } }
I20260608 09:48:43.065481 17763 raft_consensus.cc:359] T 22eb0629014648b5a53514e7a4e35e36 P 52da5e0cfa26427f866a9b8e66caa379 [term 0 FOLLOWER]: Replica starting. Triggering 0 pending ops. Active config: opid_index: -1 OBSOLETE_local: false peers { permanent_uuid: "52da5e0cfa26427f866a9b8e66caa379" member_type: VOTER last_known_addr { host: "127.14.55.66" port: 46497 } } peers { permanent_uuid: "5196244254194c26a31b0640b7abe80a" member_type: VOTER last_known_addr { host: "127.14.55.65" port: 41607 } } peers { permanent_uuid: "d4086c59805d442b8c75000b533d50ad" member_type: VOTER last_known_addr { host: "127.14.55.67" port: 42359 } }
I20260608 09:48:43.066303 17763 raft_consensus.cc:385] T 22eb0629014648b5a53514e7a4e35e36 P 52da5e0cfa26427f866a9b8e66caa379 [term 0 FOLLOWER]: Consensus starting up: Expiring failure detector timer to make a prompt election more likely
I20260608 09:48:43.066619 17763 raft_consensus.cc:740] T 22eb0629014648b5a53514e7a4e35e36 P 52da5e0cfa26427f866a9b8e66caa379 [term 0 FOLLOWER]: Becoming Follower/Learner. State: Replica: 52da5e0cfa26427f866a9b8e66caa379, State: Initialized, Role: FOLLOWER
I20260608 09:48:43.067773 17766 ts_tablet_manager.cc:1434] T 8b8175cc516a4d0a9b9e8d811a23fe73 P 5196244254194c26a31b0640b7abe80a: Time spent starting tablet: real 0.054s	user 0.011s	sys 0.000s
I20260608 09:48:43.067663 17763 consensus_queue.cc:260] T 22eb0629014648b5a53514e7a4e35e36 P 52da5e0cfa26427f866a9b8e66caa379 [NON_LEADER]: Queue going to NON_LEADER mode. State: All replicated index: 0, Majority replicated index: 0, Committed index: 0, Last appended: 0.0, Last appended by leader: 0, Current term: 0, Majority size: -1, State: 0, Mode: NON_LEADER, active raft config: opid_index: -1 OBSOLETE_local: false peers { permanent_uuid: "52da5e0cfa26427f866a9b8e66caa379" member_type: VOTER last_known_addr { host: "127.14.55.66" port: 46497 } } peers { permanent_uuid: "5196244254194c26a31b0640b7abe80a" member_type: VOTER last_known_addr { host: "127.14.55.65" port: 41607 } } peers { permanent_uuid: "d4086c59805d442b8c75000b533d50ad" member_type: VOTER last_known_addr { host: "127.14.55.67" port: 42359 } }
I20260608 09:48:43.068877 17766 tablet_bootstrap.cc:492] T 318d84fc2ed046ad8cb9633156c00354 P 5196244254194c26a31b0640b7abe80a: Bootstrap starting.
I20260608 09:48:43.070061 17763 ts_tablet_manager.cc:1434] T 22eb0629014648b5a53514e7a4e35e36 P 52da5e0cfa26427f866a9b8e66caa379: Time spent starting tablet: real 0.009s	user 0.010s	sys 0.000s
I20260608 09:48:43.071164 17763 tablet_bootstrap.cc:492] T 7ecb168c64bd433eabf4847f3e1296b2 P 52da5e0cfa26427f866a9b8e66caa379: Bootstrap starting.
I20260608 09:48:43.076426 17766 tablet_bootstrap.cc:654] T 318d84fc2ed046ad8cb9633156c00354 P 5196244254194c26a31b0640b7abe80a: Neither blocks nor log segments found. Creating new log.
I20260608 09:48:43.085942 17643 tablet_service.cc:1917] Received RequestConsensusVote() RPC: tablet_id: "8b8175cc516a4d0a9b9e8d811a23fe73" candidate_uuid: "d4086c59805d442b8c75000b533d50ad" candidate_term: 1 candidate_status { last_received { term: 0 index: 0 } } ignore_live_leader: false dest_uuid: "52da5e0cfa26427f866a9b8e66caa379" is_pre_election: true
I20260608 09:48:43.086740 17641 tablet_service.cc:1917] Received RequestConsensusVote() RPC: tablet_id: "d34784cff1e74028ba814d1ba455ec74" candidate_uuid: "d4086c59805d442b8c75000b533d50ad" candidate_term: 1 candidate_status { last_received { term: 0 index: 0 } } ignore_live_leader: false dest_uuid: "52da5e0cfa26427f866a9b8e66caa379" is_pre_election: true
I20260608 09:48:43.087270 17643 raft_consensus.cc:2468] T 8b8175cc516a4d0a9b9e8d811a23fe73 P 52da5e0cfa26427f866a9b8e66caa379 [term 0 FOLLOWER]: Leader pre-election vote request: Granting yes vote for candidate d4086c59805d442b8c75000b533d50ad in term 0.
I20260608 09:48:43.087512 17641 raft_consensus.cc:2468] T d34784cff1e74028ba814d1ba455ec74 P 52da5e0cfa26427f866a9b8e66caa379 [term 0 FOLLOWER]: Leader pre-election vote request: Granting yes vote for candidate d4086c59805d442b8c75000b533d50ad in term 0.
I20260608 09:48:43.089263 17642 tablet_service.cc:1917] Received RequestConsensusVote() RPC: tablet_id: "7ecb168c64bd433eabf4847f3e1296b2" candidate_uuid: "d4086c59805d442b8c75000b533d50ad" candidate_term: 1 candidate_status { last_received { term: 0 index: 0 } } ignore_live_leader: false dest_uuid: "52da5e0cfa26427f866a9b8e66caa379" is_pre_election: true
I20260608 09:48:43.091873 17767 raft_consensus.cc:493] T 859b5e5c399b438fb99e53f404fd0f7d P 52da5e0cfa26427f866a9b8e66caa379 [term 0 FOLLOWER]: Starting pre-election (no leader contacted us within the election timeout)
I20260608 09:48:43.092283 17681 leader_election.cc:304] T 8b8175cc516a4d0a9b9e8d811a23fe73 P d4086c59805d442b8c75000b533d50ad [CANDIDATE]: Term 1 pre-election: Election decided. Result: candidate won. Election summary: received 2 responses out of 3 voters: 2 yes votes; 0 no votes. yes voters: 52da5e0cfa26427f866a9b8e66caa379, d4086c59805d442b8c75000b533d50ad; no voters: 
I20260608 09:48:43.092396 17767 raft_consensus.cc:515] T 859b5e5c399b438fb99e53f404fd0f7d P 52da5e0cfa26427f866a9b8e66caa379 [term 0 FOLLOWER]: Starting pre-election with config: opid_index: -1 OBSOLETE_local: false peers { permanent_uuid: "d4086c59805d442b8c75000b533d50ad" member_type: VOTER last_known_addr { host: "127.14.55.67" port: 42359 } } peers { permanent_uuid: "52da5e0cfa26427f866a9b8e66caa379" member_type: VOTER last_known_addr { host: "127.14.55.66" port: 46497 } } peers { permanent_uuid: "5196244254194c26a31b0640b7abe80a" member_type: VOTER last_known_addr { host: "127.14.55.65" port: 41607 } }
I20260608 09:48:43.092957 17763 tablet_bootstrap.cc:654] T 7ecb168c64bd433eabf4847f3e1296b2 P 52da5e0cfa26427f866a9b8e66caa379: Neither blocks nor log segments found. Creating new log.
I20260608 09:48:43.093255 17769 raft_consensus.cc:2804] T 8b8175cc516a4d0a9b9e8d811a23fe73 P d4086c59805d442b8c75000b533d50ad [term 0 FOLLOWER]: Leader pre-election won for term 1
I20260608 09:48:43.093410 17681 leader_election.cc:304] T d34784cff1e74028ba814d1ba455ec74 P d4086c59805d442b8c75000b533d50ad [CANDIDATE]: Term 1 pre-election: Election decided. Result: candidate won. Election summary: received 2 responses out of 3 voters: 2 yes votes; 0 no votes. yes voters: 52da5e0cfa26427f866a9b8e66caa379, d4086c59805d442b8c75000b533d50ad; no voters: 
I20260608 09:48:43.093652 17769 raft_consensus.cc:493] T 8b8175cc516a4d0a9b9e8d811a23fe73 P d4086c59805d442b8c75000b533d50ad [term 0 FOLLOWER]: Starting leader election (no leader contacted us within the election timeout)
I20260608 09:48:43.094117 17769 raft_consensus.cc:3060] T 8b8175cc516a4d0a9b9e8d811a23fe73 P d4086c59805d442b8c75000b533d50ad [term 0 FOLLOWER]: Advancing to term 1
W20260608 09:48:43.094444 17681 leader_election.cc:343] T 7ecb168c64bd433eabf4847f3e1296b2 P d4086c59805d442b8c75000b533d50ad [CANDIDATE]: Term 1 pre-election: Tablet error from VoteRequest() call to peer 52da5e0cfa26427f866a9b8e66caa379 (127.14.55.66:46497): Illegal state: must be running to vote when last-logged opid is not known
I20260608 09:48:43.094635 17767 leader_election.cc:290] T 859b5e5c399b438fb99e53f404fd0f7d P 52da5e0cfa26427f866a9b8e66caa379 [CANDIDATE]: Term 1 pre-election: Requested pre-vote from peers d4086c59805d442b8c75000b533d50ad (127.14.55.67:42359), 5196244254194c26a31b0640b7abe80a (127.14.55.65:41607)
I20260608 09:48:43.097757 17773 raft_consensus.cc:2804] T d34784cff1e74028ba814d1ba455ec74 P d4086c59805d442b8c75000b533d50ad [term 0 FOLLOWER]: Leader pre-election won for term 1
I20260608 09:48:43.100288 17773 raft_consensus.cc:493] T d34784cff1e74028ba814d1ba455ec74 P d4086c59805d442b8c75000b533d50ad [term 0 FOLLOWER]: Starting leader election (no leader contacted us within the election timeout)
I20260608 09:48:43.100773 17773 raft_consensus.cc:3060] T d34784cff1e74028ba814d1ba455ec74 P d4086c59805d442b8c75000b533d50ad [term 0 FOLLOWER]: Advancing to term 1
I20260608 09:48:43.114436 17769 raft_consensus.cc:515] T 8b8175cc516a4d0a9b9e8d811a23fe73 P d4086c59805d442b8c75000b533d50ad [term 1 FOLLOWER]: Starting leader election with config: opid_index: -1 OBSOLETE_local: false peers { permanent_uuid: "52da5e0cfa26427f866a9b8e66caa379" member_type: VOTER last_known_addr { host: "127.14.55.66" port: 46497 } } peers { permanent_uuid: "5196244254194c26a31b0640b7abe80a" member_type: VOTER last_known_addr { host: "127.14.55.65" port: 41607 } } peers { permanent_uuid: "d4086c59805d442b8c75000b533d50ad" member_type: VOTER last_known_addr { host: "127.14.55.67" port: 42359 } }
I20260608 09:48:43.117141 17773 raft_consensus.cc:515] T d34784cff1e74028ba814d1ba455ec74 P d4086c59805d442b8c75000b533d50ad [term 1 FOLLOWER]: Starting leader election with config: opid_index: -1 OBSOLETE_local: false peers { permanent_uuid: "5196244254194c26a31b0640b7abe80a" member_type: VOTER last_known_addr { host: "127.14.55.65" port: 41607 } } peers { permanent_uuid: "52da5e0cfa26427f866a9b8e66caa379" member_type: VOTER last_known_addr { host: "127.14.55.66" port: 46497 } } peers { permanent_uuid: "d4086c59805d442b8c75000b533d50ad" member_type: VOTER last_known_addr { host: "127.14.55.67" port: 42359 } }
I20260608 09:48:43.117878 17769 leader_election.cc:290] T 8b8175cc516a4d0a9b9e8d811a23fe73 P d4086c59805d442b8c75000b533d50ad [CANDIDATE]: Term 1 election: Requested vote from peers 52da5e0cfa26427f866a9b8e66caa379 (127.14.55.66:46497), 5196244254194c26a31b0640b7abe80a (127.14.55.65:41607)
I20260608 09:48:43.118410 17642 tablet_service.cc:1917] Received RequestConsensusVote() RPC: tablet_id: "8b8175cc516a4d0a9b9e8d811a23fe73" candidate_uuid: "d4086c59805d442b8c75000b533d50ad" candidate_term: 1 candidate_status { last_received { term: 0 index: 0 } } ignore_live_leader: false dest_uuid: "52da5e0cfa26427f866a9b8e66caa379"
I20260608 09:48:43.119060 17642 raft_consensus.cc:3060] T 8b8175cc516a4d0a9b9e8d811a23fe73 P 52da5e0cfa26427f866a9b8e66caa379 [term 0 FOLLOWER]: Advancing to term 1
I20260608 09:48:43.119390 17567 tablet_service.cc:1917] Received RequestConsensusVote() RPC: tablet_id: "8b8175cc516a4d0a9b9e8d811a23fe73" candidate_uuid: "d4086c59805d442b8c75000b533d50ad" candidate_term: 1 candidate_status { last_received { term: 0 index: 0 } } ignore_live_leader: false dest_uuid: "5196244254194c26a31b0640b7abe80a" is_pre_election: true
I20260608 09:48:43.120440 17567 raft_consensus.cc:2468] T 8b8175cc516a4d0a9b9e8d811a23fe73 P 5196244254194c26a31b0640b7abe80a [term 0 FOLLOWER]: Leader pre-election vote request: Granting yes vote for candidate d4086c59805d442b8c75000b533d50ad in term 0.
I20260608 09:48:43.120580 17568 tablet_service.cc:1917] Received RequestConsensusVote() RPC: tablet_id: "7ecb168c64bd433eabf4847f3e1296b2" candidate_uuid: "d4086c59805d442b8c75000b533d50ad" candidate_term: 1 candidate_status { last_received { term: 0 index: 0 } } ignore_live_leader: false dest_uuid: "5196244254194c26a31b0640b7abe80a" is_pre_election: true
I20260608 09:48:43.119565 17773 leader_election.cc:290] T d34784cff1e74028ba814d1ba455ec74 P d4086c59805d442b8c75000b533d50ad [CANDIDATE]: Term 1 election: Requested vote from peers 5196244254194c26a31b0640b7abe80a (127.14.55.65:41607), 52da5e0cfa26427f866a9b8e66caa379 (127.14.55.66:46497)
I20260608 09:48:43.120822 17566 tablet_service.cc:1917] Received RequestConsensusVote() RPC: tablet_id: "d34784cff1e74028ba814d1ba455ec74" candidate_uuid: "d4086c59805d442b8c75000b533d50ad" candidate_term: 1 candidate_status { last_received { term: 0 index: 0 } } ignore_live_leader: false dest_uuid: "5196244254194c26a31b0640b7abe80a" is_pre_election: true
I20260608 09:48:43.121788 17568 raft_consensus.cc:2468] T 7ecb168c64bd433eabf4847f3e1296b2 P 5196244254194c26a31b0640b7abe80a [term 0 FOLLOWER]: Leader pre-election vote request: Granting yes vote for candidate d4086c59805d442b8c75000b533d50ad in term 0.
I20260608 09:48:43.122565 17565 tablet_service.cc:1917] Received RequestConsensusVote() RPC: tablet_id: "8b8175cc516a4d0a9b9e8d811a23fe73" candidate_uuid: "d4086c59805d442b8c75000b533d50ad" candidate_term: 1 candidate_status { last_received { term: 0 index: 0 } } ignore_live_leader: false dest_uuid: "5196244254194c26a31b0640b7abe80a"
I20260608 09:48:43.123919 17641 tablet_service.cc:1917] Received RequestConsensusVote() RPC: tablet_id: "d34784cff1e74028ba814d1ba455ec74" candidate_uuid: "d4086c59805d442b8c75000b533d50ad" candidate_term: 1 candidate_status { last_received { term: 0 index: 0 } } ignore_live_leader: false dest_uuid: "52da5e0cfa26427f866a9b8e66caa379"
I20260608 09:48:43.127965 17565 raft_consensus.cc:3060] T 8b8175cc516a4d0a9b9e8d811a23fe73 P 5196244254194c26a31b0640b7abe80a [term 0 FOLLOWER]: Advancing to term 1
I20260608 09:48:43.128175 17641 raft_consensus.cc:3060] T d34784cff1e74028ba814d1ba455ec74 P 52da5e0cfa26427f866a9b8e66caa379 [term 0 FOLLOWER]: Advancing to term 1
I20260608 09:48:43.124248 17567 tablet_service.cc:1917] Received RequestConsensusVote() RPC: tablet_id: "d34784cff1e74028ba814d1ba455ec74" candidate_uuid: "d4086c59805d442b8c75000b533d50ad" candidate_term: 1 candidate_status { last_received { term: 0 index: 0 } } ignore_live_leader: false dest_uuid: "5196244254194c26a31b0640b7abe80a"
I20260608 09:48:43.127942 17642 raft_consensus.cc:2468] T 8b8175cc516a4d0a9b9e8d811a23fe73 P 52da5e0cfa26427f866a9b8e66caa379 [term 1 FOLLOWER]: Leader election vote request: Granting yes vote for candidate d4086c59805d442b8c75000b533d50ad in term 1.
I20260608 09:48:43.133854 17681 leader_election.cc:304] T 8b8175cc516a4d0a9b9e8d811a23fe73 P d4086c59805d442b8c75000b533d50ad [CANDIDATE]: Term 1 election: Election decided. Result: candidate won. Election summary: received 2 responses out of 3 voters: 2 yes votes; 0 no votes. yes voters: 52da5e0cfa26427f866a9b8e66caa379, d4086c59805d442b8c75000b533d50ad; no voters: 
I20260608 09:48:43.135102 17682 leader_election.cc:304] T 7ecb168c64bd433eabf4847f3e1296b2 P d4086c59805d442b8c75000b533d50ad [CANDIDATE]: Term 1 pre-election: Election decided. Result: candidate won. Election summary: received 3 responses out of 3 voters: 2 yes votes; 1 no votes. yes voters: 5196244254194c26a31b0640b7abe80a, d4086c59805d442b8c75000b533d50ad; no voters: 52da5e0cfa26427f866a9b8e66caa379
I20260608 09:48:43.136310 17769 raft_consensus.cc:2804] T 8b8175cc516a4d0a9b9e8d811a23fe73 P d4086c59805d442b8c75000b533d50ad [term 1 FOLLOWER]: Leader election won for term 1
I20260608 09:48:43.137234 17763 tablet_bootstrap.cc:492] T 7ecb168c64bd433eabf4847f3e1296b2 P 52da5e0cfa26427f866a9b8e66caa379: No bootstrap required, opened a new log
W20260608 09:48:43.136806 17682 leader_election.cc:343] T d34784cff1e74028ba814d1ba455ec74 P d4086c59805d442b8c75000b533d50ad [CANDIDATE]: Term 1 pre-election: Tablet error from VoteRequest() call to peer 5196244254194c26a31b0640b7abe80a (127.14.55.65:41607): Illegal state: must be running to vote when last-logged opid is not known
I20260608 09:48:43.137753 17763 ts_tablet_manager.cc:1403] T 7ecb168c64bd433eabf4847f3e1296b2 P 52da5e0cfa26427f866a9b8e66caa379: Time spent bootstrapping tablet: real 0.067s	user 0.014s	sys 0.002s
I20260608 09:48:43.140386 17764 tablet_bootstrap.cc:492] T 1c273873ac534d60a02d9e38005fbba3 P d4086c59805d442b8c75000b533d50ad: No bootstrap required, opened a new log
I20260608 09:48:43.140905 17764 ts_tablet_manager.cc:1403] T 1c273873ac534d60a02d9e38005fbba3 P d4086c59805d442b8c75000b533d50ad: Time spent bootstrapping tablet: real 0.166s	user 0.051s	sys 0.061s
I20260608 09:48:43.143275 17565 raft_consensus.cc:2468] T 8b8175cc516a4d0a9b9e8d811a23fe73 P 5196244254194c26a31b0640b7abe80a [term 1 FOLLOWER]: Leader election vote request: Granting yes vote for candidate d4086c59805d442b8c75000b533d50ad in term 1.
I20260608 09:48:43.144266 17764 raft_consensus.cc:359] T 1c273873ac534d60a02d9e38005fbba3 P d4086c59805d442b8c75000b533d50ad [term 0 FOLLOWER]: Replica starting. Triggering 0 pending ops. Active config: opid_index: -1 OBSOLETE_local: false peers { permanent_uuid: "5196244254194c26a31b0640b7abe80a" member_type: VOTER last_known_addr { host: "127.14.55.65" port: 41607 } } peers { permanent_uuid: "52da5e0cfa26427f866a9b8e66caa379" member_type: VOTER last_known_addr { host: "127.14.55.66" port: 46497 } } peers { permanent_uuid: "d4086c59805d442b8c75000b533d50ad" member_type: VOTER last_known_addr { host: "127.14.55.67" port: 42359 } }
I20260608 09:48:43.145200 17764 raft_consensus.cc:385] T 1c273873ac534d60a02d9e38005fbba3 P d4086c59805d442b8c75000b533d50ad [term 0 FOLLOWER]: Consensus starting up: Expiring failure detector timer to make a prompt election more likely
I20260608 09:48:43.146375 17764 raft_consensus.cc:740] T 1c273873ac534d60a02d9e38005fbba3 P d4086c59805d442b8c75000b533d50ad [term 0 FOLLOWER]: Becoming Follower/Learner. State: Replica: d4086c59805d442b8c75000b533d50ad, State: Initialized, Role: FOLLOWER
I20260608 09:48:43.146672 17641 raft_consensus.cc:2468] T d34784cff1e74028ba814d1ba455ec74 P 52da5e0cfa26427f866a9b8e66caa379 [term 1 FOLLOWER]: Leader election vote request: Granting yes vote for candidate d4086c59805d442b8c75000b533d50ad in term 1.
I20260608 09:48:43.147223 17764 consensus_queue.cc:260] T 1c273873ac534d60a02d9e38005fbba3 P d4086c59805d442b8c75000b533d50ad [NON_LEADER]: Queue going to NON_LEADER mode. State: All replicated index: 0, Majority replicated index: 0, Committed index: 0, Last appended: 0.0, Last appended by leader: 0, Current term: 0, Majority size: -1, State: 0, Mode: NON_LEADER, active raft config: opid_index: -1 OBSOLETE_local: false peers { permanent_uuid: "5196244254194c26a31b0640b7abe80a" member_type: VOTER last_known_addr { host: "127.14.55.65" port: 41607 } } peers { permanent_uuid: "52da5e0cfa26427f866a9b8e66caa379" member_type: VOTER last_known_addr { host: "127.14.55.66" port: 46497 } } peers { permanent_uuid: "d4086c59805d442b8c75000b533d50ad" member_type: VOTER last_known_addr { host: "127.14.55.67" port: 42359 } }
W20260608 09:48:43.147249 17682 leader_election.cc:343] T d34784cff1e74028ba814d1ba455ec74 P d4086c59805d442b8c75000b533d50ad [CANDIDATE]: Term 1 election: Tablet error from VoteRequest() call to peer 5196244254194c26a31b0640b7abe80a (127.14.55.65:41607): Illegal state: must be running to vote when last-logged opid is not known
I20260608 09:48:43.138298 17773 raft_consensus.cc:2804] T 7ecb168c64bd433eabf4847f3e1296b2 P d4086c59805d442b8c75000b533d50ad [term 0 FOLLOWER]: Leader pre-election won for term 1
I20260608 09:48:43.153139 17681 leader_election.cc:304] T d34784cff1e74028ba814d1ba455ec74 P d4086c59805d442b8c75000b533d50ad [CANDIDATE]: Term 1 election: Election decided. Result: candidate won. Election summary: received 3 responses out of 3 voters: 2 yes votes; 1 no votes. yes voters: 52da5e0cfa26427f866a9b8e66caa379, d4086c59805d442b8c75000b533d50ad; no voters: 5196244254194c26a31b0640b7abe80a
I20260608 09:48:43.153206 17763 raft_consensus.cc:359] T 7ecb168c64bd433eabf4847f3e1296b2 P 52da5e0cfa26427f866a9b8e66caa379 [term 0 FOLLOWER]: Replica starting. Triggering 0 pending ops. Active config: opid_index: -1 OBSOLETE_local: false peers { permanent_uuid: "52da5e0cfa26427f866a9b8e66caa379" member_type: VOTER last_known_addr { host: "127.14.55.66" port: 46497 } } peers { permanent_uuid: "5196244254194c26a31b0640b7abe80a" member_type: VOTER last_known_addr { host: "127.14.55.65" port: 41607 } } peers { permanent_uuid: "d4086c59805d442b8c75000b533d50ad" member_type: VOTER last_known_addr { host: "127.14.55.67" port: 42359 } }
I20260608 09:48:43.156339 17763 raft_consensus.cc:385] T 7ecb168c64bd433eabf4847f3e1296b2 P 52da5e0cfa26427f866a9b8e66caa379 [term 0 FOLLOWER]: Consensus starting up: Expiring failure detector timer to make a prompt election more likely
I20260608 09:48:43.157666 17717 tablet_service.cc:1917] Received RequestConsensusVote() RPC: tablet_id: "53fb2a07b118474ea7c694ebea877f14" candidate_uuid: "5196244254194c26a31b0640b7abe80a" candidate_term: 1 candidate_status { last_received { term: 0 index: 0 } } ignore_live_leader: false dest_uuid: "d4086c59805d442b8c75000b533d50ad" is_pre_election: true
I20260608 09:48:43.156826 17763 raft_consensus.cc:740] T 7ecb168c64bd433eabf4847f3e1296b2 P 52da5e0cfa26427f866a9b8e66caa379 [term 0 FOLLOWER]: Becoming Follower/Learner. State: Replica: 52da5e0cfa26427f866a9b8e66caa379, State: Initialized, Role: FOLLOWER
I20260608 09:48:43.160236 17567 tablet_service.cc:1917] Received RequestConsensusVote() RPC: tablet_id: "859b5e5c399b438fb99e53f404fd0f7d" candidate_uuid: "52da5e0cfa26427f866a9b8e66caa379" candidate_term: 1 candidate_status { last_received { term: 0 index: 0 } } ignore_live_leader: false dest_uuid: "5196244254194c26a31b0640b7abe80a" is_pre_election: true
I20260608 09:48:43.161132 17567 raft_consensus.cc:2468] T 859b5e5c399b438fb99e53f404fd0f7d P 5196244254194c26a31b0640b7abe80a [term 0 FOLLOWER]: Leader pre-election vote request: Granting yes vote for candidate 52da5e0cfa26427f866a9b8e66caa379 in term 0.
I20260608 09:48:43.163185 17565 tablet_service.cc:1917] Received RequestConsensusVote() RPC: tablet_id: "d34784cff1e74028ba814d1ba455ec74" candidate_uuid: "52da5e0cfa26427f866a9b8e66caa379" candidate_term: 1 candidate_status { last_received { term: 0 index: 0 } } ignore_live_leader: false dest_uuid: "5196244254194c26a31b0640b7abe80a" is_pre_election: true
I20260608 09:48:43.164433 17608 leader_election.cc:304] T 859b5e5c399b438fb99e53f404fd0f7d P 52da5e0cfa26427f866a9b8e66caa379 [CANDIDATE]: Term 1 pre-election: Election decided. Result: candidate won. Election summary: received 2 responses out of 3 voters: 2 yes votes; 0 no votes. yes voters: 5196244254194c26a31b0640b7abe80a, 52da5e0cfa26427f866a9b8e66caa379; no voters: 
I20260608 09:48:43.165692 17767 raft_consensus.cc:2804] T 859b5e5c399b438fb99e53f404fd0f7d P 52da5e0cfa26427f866a9b8e66caa379 [term 0 FOLLOWER]: Leader pre-election won for term 1
I20260608 09:48:43.166218 17767 raft_consensus.cc:493] T 859b5e5c399b438fb99e53f404fd0f7d P 52da5e0cfa26427f866a9b8e66caa379 [term 0 FOLLOWER]: Starting leader election (no leader contacted us within the election timeout)
I20260608 09:48:43.166653 17767 raft_consensus.cc:3060] T 859b5e5c399b438fb99e53f404fd0f7d P 52da5e0cfa26427f866a9b8e66caa379 [term 0 FOLLOWER]: Advancing to term 1
I20260608 09:48:43.167320 17641 tablet_service.cc:1917] Received RequestConsensusVote() RPC: tablet_id: "53fb2a07b118474ea7c694ebea877f14" candidate_uuid: "5196244254194c26a31b0640b7abe80a" candidate_term: 1 candidate_status { last_received { term: 0 index: 0 } } ignore_live_leader: false dest_uuid: "52da5e0cfa26427f866a9b8e66caa379" is_pre_election: true
I20260608 09:48:43.156241 17773 raft_consensus.cc:493] T 7ecb168c64bd433eabf4847f3e1296b2 P d4086c59805d442b8c75000b533d50ad [term 0 FOLLOWER]: Starting leader election (no leader contacted us within the election timeout)
I20260608 09:48:43.168205 17641 raft_consensus.cc:2468] T 53fb2a07b118474ea7c694ebea877f14 P 52da5e0cfa26427f866a9b8e66caa379 [term 0 FOLLOWER]: Leader pre-election vote request: Granting yes vote for candidate 5196244254194c26a31b0640b7abe80a in term 0.
I20260608 09:48:43.168542 17773 raft_consensus.cc:3060] T 7ecb168c64bd433eabf4847f3e1296b2 P d4086c59805d442b8c75000b533d50ad [term 0 FOLLOWER]: Advancing to term 1
W20260608 09:48:43.169729 17533 leader_election.cc:343] T 53fb2a07b118474ea7c694ebea877f14 P 5196244254194c26a31b0640b7abe80a [CANDIDATE]: Term 1 pre-election: Tablet error from VoteRequest() call to peer d4086c59805d442b8c75000b533d50ad (127.14.55.67:42359): Illegal state: must be running to vote when last-logged opid is not known
W20260608 09:48:43.168195 17608 leader_election.cc:343] T d34784cff1e74028ba814d1ba455ec74 P 52da5e0cfa26427f866a9b8e66caa379 [CANDIDATE]: Term 1 pre-election: Tablet error from VoteRequest() call to peer 5196244254194c26a31b0640b7abe80a (127.14.55.65:41607): Illegal state: must be running to vote when last-logged opid is not known
I20260608 09:48:43.179564 17766 tablet_bootstrap.cc:492] T 318d84fc2ed046ad8cb9633156c00354 P 5196244254194c26a31b0640b7abe80a: No bootstrap required, opened a new log
