I20260608 09:49:02.956661 15528 consensus_queue.cc:237] T a9eee376d7d747b883541626a333c32a P 9c1cc400d9e642c2b5676e78fba9d25f [LEADER]: Queue going to LEADER mode. State: All replicated index: 0, Majority replicated index: 1, Committed index: 1, Last appended: 1.1, Last appended by leader: 1, Current term: 2, Majority size: 2, State: 0, Mode: LEADER, active raft config: opid_index: -1 OBSOLETE_local: false peers { permanent_uuid: "ffb1606df58b48059b56c90e5ffa4ee3" member_type: VOTER last_known_addr { host: "127.11.208.2" port: 35443 } } peers { permanent_uuid: "9c1cc400d9e642c2b5676e78fba9d25f" member_type: VOTER last_known_addr { host: "127.11.208.1" port: 39167 } } peers { permanent_uuid: "9f007ada3fad42bd9bc9e784bf566eea" member_type: VOTER last_known_addr { host: "127.11.208.3" port: 40777 } }
I20260608 09:49:02.958846 15151 raft_consensus.cc:2468] T a9eee376d7d747b883541626a333c32a P ffb1606df58b48059b56c90e5ffa4ee3 [term 2 FOLLOWER]: Leader election vote request: Granting yes vote for candidate 9c1cc400d9e642c2b5676e78fba9d25f in term 2.
I20260608 09:49:02.960119 15152 leader_election.cc:290] T 9340000e84ce47c3a3914fb25f4f6531 P ffb1606df58b48059b56c90e5ffa4ee3 [CANDIDATE]: Term 2 election: Requested vote from peers 9c1cc400d9e642c2b5676e78fba9d25f (127.11.208.1:39167), 9f007ada3fad42bd9bc9e784bf566eea (127.11.208.3:40777)
I20260608 09:49:02.967738 15375 raft_consensus.cc:1275] T 04d0fc808e3e4da48b5e0ce1081619f2 P 012d9ec46cfd4e7ea18b3bc64432031e [term 1 LEARNER]: Refusing update from remote peer ffb1606df58b48059b56c90e5ffa4ee3: Log matching property violated. Preceding OpId in replica: term: 1 index: 2. Preceding OpId from leader: term: 1 index: 3. (index mismatch)
I20260608 09:49:02.972826 15075 raft_consensus.cc:1275] T 04d0fc808e3e4da48b5e0ce1081619f2 P 9c1cc400d9e642c2b5676e78fba9d25f [term 1 FOLLOWER]: Refusing update from remote peer ffb1606df58b48059b56c90e5ffa4ee3: Log matching property violated. Preceding OpId in replica: term: 1 index: 2. Preceding OpId from leader: term: 1 index: 3. (index mismatch)
I20260608 09:49:02.976550 15542 consensus_queue.cc:1048] T 04d0fc808e3e4da48b5e0ce1081619f2 P ffb1606df58b48059b56c90e5ffa4ee3 [LEADER]: Connected to new peer: Peer: permanent_uuid: "9c1cc400d9e642c2b5676e78fba9d25f" member_type: VOTER last_known_addr { host: "127.11.208.1" port: 39167 }, Status: LMP_MISMATCH, Last received: 0.0, Next index: 3, Last known committed idx: 2, Time since last communication: 0.001s
I20260608 09:49:02.979102 15542 consensus_queue.cc:1048] T 04d0fc808e3e4da48b5e0ce1081619f2 P ffb1606df58b48059b56c90e5ffa4ee3 [LEADER]: Connected to new peer: Peer: permanent_uuid: "012d9ec46cfd4e7ea18b3bc64432031e" member_type: VOTER last_known_addr { host: "127.11.208.4" port: 38109 } attrs { promote: false }, Status: LMP_MISMATCH, Last received: 0.0, Next index: 3, Last known committed idx: 2, Time since last communication: 0.001s
I20260608 09:49:02.980964 15537 raft_consensus.cc:1064] T 91a3b5b4e287440d972cfb99e0faa4f4 P 9f007ada3fad42bd9bc9e784bf566eea: attempting to promote NON_VOTER 012d9ec46cfd4e7ea18b3bc64432031e to VOTER
I20260608 09:49:02.991389 15226 tablet_service.cc:1917] Received RequestConsensusVote() RPC: tablet_id: "9340000e84ce47c3a3914fb25f4f6531" candidate_uuid: "ffb1606df58b48059b56c90e5ffa4ee3" candidate_term: 2 candidate_status { last_received { term: 1 index: 2 } } ignore_live_leader: true dest_uuid: "9f007ada3fad42bd9bc9e784bf566eea"
I20260608 09:49:02.992408 15224 raft_consensus.cc:1275] T 04d0fc808e3e4da48b5e0ce1081619f2 P 9f007ada3fad42bd9bc9e784bf566eea [term 1 FOLLOWER]: Refusing update from remote peer ffb1606df58b48059b56c90e5ffa4ee3: Log matching property violated. Preceding OpId in replica: term: 1 index: 2. Preceding OpId from leader: term: 1 index: 3. (index mismatch)
I20260608 09:49:02.992607 15226 raft_consensus.cc:3055] T 9340000e84ce47c3a3914fb25f4f6531 P 9f007ada3fad42bd9bc9e784bf566eea [term 1 LEADER]: Stepping down as leader of term 1
I20260608 09:49:02.993064 15226 raft_consensus.cc:740] T 9340000e84ce47c3a3914fb25f4f6531 P 9f007ada3fad42bd9bc9e784bf566eea [term 1 LEADER]: Becoming Follower/Learner. State: Replica: 9f007ada3fad42bd9bc9e784bf566eea, State: Running, Role: LEADER
I20260608 09:49:02.994021 15226 consensus_queue.cc:260] T 9340000e84ce47c3a3914fb25f4f6531 P 9f007ada3fad42bd9bc9e784bf566eea [NON_LEADER]: Queue going to NON_LEADER mode. State: All replicated index: 0, Majority replicated index: 2, Committed index: 2, Last appended: 1.2, Last appended by leader: 2, Current term: 1, Majority size: -1, State: 0, Mode: NON_LEADER, active raft config: opid_index: 2 OBSOLETE_local: false peers { permanent_uuid: "9c1cc400d9e642c2b5676e78fba9d25f" member_type: VOTER last_known_addr { host: "127.11.208.1" port: 39167 } attrs { replace: true } } peers { permanent_uuid: "ffb1606df58b48059b56c90e5ffa4ee3" member_type: VOTER last_known_addr { host: "127.11.208.2" port: 35443 } } peers { permanent_uuid: "9f007ada3fad42bd9bc9e784bf566eea" member_type: VOTER last_known_addr { host: "127.11.208.3" port: 40777 } } peers { permanent_uuid: "012d9ec46cfd4e7ea18b3bc64432031e" member_type: NON_VOTER last_known_addr { host: "127.11.208.4" port: 38109 } attrs { promote: true } }
I20260608 09:49:02.995774 15226 raft_consensus.cc:3060] T 9340000e84ce47c3a3914fb25f4f6531 P 9f007ada3fad42bd9bc9e784bf566eea [term 1 FOLLOWER]: Advancing to term 2
I20260608 09:49:02.984905 15537 consensus_queue.cc:237] T 91a3b5b4e287440d972cfb99e0faa4f4 P 9f007ada3fad42bd9bc9e784bf566eea [LEADER]: Queue going to LEADER mode. State: All replicated index: 0, Majority replicated index: 2, Committed index: 2, Last appended: 1.2, Last appended by leader: 0, Current term: 1, Majority size: 3, State: 0, Mode: LEADER, active raft config: opid_index: 3 OBSOLETE_local: false peers { permanent_uuid: "ffb1606df58b48059b56c90e5ffa4ee3" member_type: VOTER last_known_addr { host: "127.11.208.2" port: 35443 } } peers { permanent_uuid: "9c1cc400d9e642c2b5676e78fba9d25f" member_type: VOTER last_known_addr { host: "127.11.208.1" port: 39167 } attrs { replace: true } } peers { permanent_uuid: "9f007ada3fad42bd9bc9e784bf566eea" member_type: VOTER last_known_addr { host: "127.11.208.3" port: 40777 } } peers { permanent_uuid: "012d9ec46cfd4e7ea18b3bc64432031e" member_type: VOTER last_known_addr { host: "127.11.208.4" port: 38109 } attrs { promote: false } }
I20260608 09:49:03.004492 15136 tablet_service.cc:1558] Processing DeleteTablet for tablet 4652e480a3c44d86b5baaef91e45bc6b with delete_type TABLET_DATA_TOMBSTONED (TS ffb1606df58b48059b56c90e5ffa4ee3 not found in new config with opid_index 4) from {username='slave'} at 127.0.0.1:51438
I20260608 09:49:03.016461 15226 raft_consensus.cc:2468] T 9340000e84ce47c3a3914fb25f4f6531 P 9f007ada3fad42bd9bc9e784bf566eea [term 2 FOLLOWER]: Leader election vote request: Granting yes vote for candidate ffb1606df58b48059b56c90e5ffa4ee3 in term 2.
I20260608 09:49:02.995391 15563 consensus_queue.cc:1048] T 04d0fc808e3e4da48b5e0ce1081619f2 P ffb1606df58b48059b56c90e5ffa4ee3 [LEADER]: Connected to new peer: Peer: permanent_uuid: "9f007ada3fad42bd9bc9e784bf566eea" member_type: VOTER last_known_addr { host: "127.11.208.3" port: 40777 } attrs { replace: true }, Status: LMP_MISMATCH, Last received: 0.0, Next index: 3, Last known committed idx: 2, Time since last communication: 0.023s
I20260608 09:49:03.026249 15567 tablet_replica.cc:333] T 4652e480a3c44d86b5baaef91e45bc6b P ffb1606df58b48059b56c90e5ffa4ee3: stopping tablet replica
I20260608 09:49:03.027287 15152 raft_consensus.cc:1275] T 91a3b5b4e287440d972cfb99e0faa4f4 P ffb1606df58b48059b56c90e5ffa4ee3 [term 1 FOLLOWER]: Refusing update from remote peer 9f007ada3fad42bd9bc9e784bf566eea: Log matching property violated. Preceding OpId in replica: term: 1 index: 2. Preceding OpId from leader: term: 1 index: 3. (index mismatch)
I20260608 09:49:03.030576 15074 raft_consensus.cc:1275] T 9a6a531139f944d4b0c2f920a88cd893 P 9c1cc400d9e642c2b5676e78fba9d25f [term 2 FOLLOWER]: Refusing update from remote peer 012d9ec46cfd4e7ea18b3bc64432031e: Log matching property violated. Preceding OpId in replica: term: 1 index: 1. Preceding OpId from leader: term: 2 index: 2. (index mismatch)
I20260608 09:49:03.026270 15075 raft_consensus.cc:1275] T 91a3b5b4e287440d972cfb99e0faa4f4 P 9c1cc400d9e642c2b5676e78fba9d25f [term 1 FOLLOWER]: Refusing update from remote peer 9f007ada3fad42bd9bc9e784bf566eea: Log matching property violated. Preceding OpId in replica: term: 1 index: 2. Preceding OpId from leader: term: 1 index: 3. (index mismatch)
I20260608 09:49:03.032344 15551 consensus_queue.cc:1048] T 91a3b5b4e287440d972cfb99e0faa4f4 P 9f007ada3fad42bd9bc9e784bf566eea [LEADER]: Connected to new peer: Peer: permanent_uuid: "ffb1606df58b48059b56c90e5ffa4ee3" member_type: VOTER last_known_addr { host: "127.11.208.2" port: 35443 }, Status: LMP_MISMATCH, Last received: 0.0, Next index: 3, Last known committed idx: 2, Time since last communication: 0.000s
I20260608 09:49:03.032542 15514 consensus_queue.cc:1048] T 9a6a531139f944d4b0c2f920a88cd893 P 012d9ec46cfd4e7ea18b3bc64432031e [LEADER]: Connected to new peer: Peer: permanent_uuid: "9c1cc400d9e642c2b5676e78fba9d25f" member_type: VOTER last_known_addr { host: "127.11.208.1" port: 39167 }, Status: LMP_MISMATCH, Last received: 0.0, Next index: 2, Last known committed idx: 1, Time since last communication: 0.000s
I20260608 09:49:03.033154 15567 raft_consensus.cc:2243] T 4652e480a3c44d86b5baaef91e45bc6b P ffb1606df58b48059b56c90e5ffa4ee3 [term 1 FOLLOWER]: Raft consensus shutting down.
I20260608 09:49:03.033699 15503 consensus_queue.cc:1048] T 91a3b5b4e287440d972cfb99e0faa4f4 P 9f007ada3fad42bd9bc9e784bf566eea [LEADER]: Connected to new peer: Peer: permanent_uuid: "9c1cc400d9e642c2b5676e78fba9d25f" member_type: VOTER last_known_addr { host: "127.11.208.1" port: 39167 } attrs { replace: true }, Status: LMP_MISMATCH, Last received: 0.0, Next index: 3, Last known committed idx: 2, Time since last communication: 0.000s
I20260608 09:49:03.027796 15376 raft_consensus.cc:1275] T 91a3b5b4e287440d972cfb99e0faa4f4 P 012d9ec46cfd4e7ea18b3bc64432031e [term 1 LEARNER]: Refusing update from remote peer 9f007ada3fad42bd9bc9e784bf566eea: Log matching property violated. Preceding OpId in replica: term: 1 index: 2. Preceding OpId from leader: term: 1 index: 3. (index mismatch)
I20260608 09:49:03.036504 15542 raft_consensus.cc:2955] T 04d0fc808e3e4da48b5e0ce1081619f2 P ffb1606df58b48059b56c90e5ffa4ee3 [term 1 LEADER]: Committing config change with OpId 1.3: config changed from index 2 to 3, 012d9ec46cfd4e7ea18b3bc64432031e (127.11.208.4) changed from NON_VOTER to VOTER. New config: { opid_index: 3 OBSOLETE_local: false peers { permanent_uuid: "9c1cc400d9e642c2b5676e78fba9d25f" member_type: VOTER last_known_addr { host: "127.11.208.1" port: 39167 } } peers { permanent_uuid: "ffb1606df58b48059b56c90e5ffa4ee3" member_type: VOTER last_known_addr { host: "127.11.208.2" port: 35443 } } peers { permanent_uuid: "9f007ada3fad42bd9bc9e784bf566eea" member_type: VOTER last_known_addr { host: "127.11.208.3" port: 40777 } attrs { replace: true } } peers { permanent_uuid: "012d9ec46cfd4e7ea18b3bc64432031e" member_type: VOTER last_known_addr { host: "127.11.208.4" port: 38109 } attrs { promote: false } } }
I20260608 09:49:03.037417 14975 catalog_manager.cc:5696] T a9eee376d7d747b883541626a333c32a P 9c1cc400d9e642c2b5676e78fba9d25f reported cstate change: term changed from 1 to 2, leader changed from 9f007ada3fad42bd9bc9e784bf566eea (127.11.208.3) to 9c1cc400d9e642c2b5676e78fba9d25f (127.11.208.1). New cstate: current_term: 2 leader_uuid: "9c1cc400d9e642c2b5676e78fba9d25f" committed_config { opid_index: -1 OBSOLETE_local: false peers { permanent_uuid: "ffb1606df58b48059b56c90e5ffa4ee3" member_type: VOTER last_known_addr { host: "127.11.208.2" port: 35443 } health_report { overall_health: UNKNOWN } } peers { permanent_uuid: "9c1cc400d9e642c2b5676e78fba9d25f" member_type: VOTER last_known_addr { host: "127.11.208.1" port: 39167 } health_report { overall_health: HEALTHY } } peers { permanent_uuid: "9f007ada3fad42bd9bc9e784bf566eea" member_type: VOTER last_known_addr { host: "127.11.208.3" port: 40777 } health_report { overall_health: UNKNOWN } } }
I20260608 09:49:03.033957 15567 raft_consensus.cc:2272] T 4652e480a3c44d86b5baaef91e45bc6b P ffb1606df58b48059b56c90e5ffa4ee3 [term 1 FOLLOWER]: Raft consensus is shut down!
I20260608 09:49:03.039194 15502 consensus_queue.cc:1048] T 91a3b5b4e287440d972cfb99e0faa4f4 P 9f007ada3fad42bd9bc9e784bf566eea [LEADER]: Connected to new peer: Peer: permanent_uuid: "012d9ec46cfd4e7ea18b3bc64432031e" member_type: VOTER last_known_addr { host: "127.11.208.4" port: 38109 } attrs { promote: false }, Status: LMP_MISMATCH, Last received: 0.0, Next index: 3, Last known committed idx: 2, Time since last communication: 0.000s
I20260608 09:49:03.052045 15375 raft_consensus.cc:2955] T 04d0fc808e3e4da48b5e0ce1081619f2 P 012d9ec46cfd4e7ea18b3bc64432031e [term 1 FOLLOWER]: Committing config change with OpId 1.3: config changed from index 2 to 3, 012d9ec46cfd4e7ea18b3bc64432031e (127.11.208.4) changed from NON_VOTER to VOTER. New config: { opid_index: 3 OBSOLETE_local: false peers { permanent_uuid: "9c1cc400d9e642c2b5676e78fba9d25f" member_type: VOTER last_known_addr { host: "127.11.208.1" port: 39167 } } peers { permanent_uuid: "ffb1606df58b48059b56c90e5ffa4ee3" member_type: VOTER last_known_addr { host: "127.11.208.2" port: 35443 } } peers { permanent_uuid: "9f007ada3fad42bd9bc9e784bf566eea" member_type: VOTER last_known_addr { host: "127.11.208.3" port: 40777 } attrs { replace: true } } peers { permanent_uuid: "012d9ec46cfd4e7ea18b3bc64432031e" member_type: VOTER last_known_addr { host: "127.11.208.4" port: 38109 } attrs { promote: false } } }
I20260608 09:49:03.062713 15567 ts_tablet_manager.cc:1916] T 4652e480a3c44d86b5baaef91e45bc6b P ffb1606df58b48059b56c90e5ffa4ee3: Deleting tablet data with delete state TABLET_DATA_TOMBSTONED
I20260608 09:49:03.081755 15225 raft_consensus.cc:2955] T 04d0fc808e3e4da48b5e0ce1081619f2 P 9f007ada3fad42bd9bc9e784bf566eea [term 1 FOLLOWER]: Committing config change with OpId 1.3: config changed from index 2 to 3, 012d9ec46cfd4e7ea18b3bc64432031e (127.11.208.4) changed from NON_VOTER to VOTER. New config: { opid_index: 3 OBSOLETE_local: false peers { permanent_uuid: "9c1cc400d9e642c2b5676e78fba9d25f" member_type: VOTER last_known_addr { host: "127.11.208.1" port: 39167 } } peers { permanent_uuid: "ffb1606df58b48059b56c90e5ffa4ee3" member_type: VOTER last_known_addr { host: "127.11.208.2" port: 35443 } } peers { permanent_uuid: "9f007ada3fad42bd9bc9e784bf566eea" member_type: VOTER last_known_addr { host: "127.11.208.3" port: 40777 } attrs { replace: true } } peers { permanent_uuid: "012d9ec46cfd4e7ea18b3bc64432031e" member_type: VOTER last_known_addr { host: "127.11.208.4" port: 38109 } attrs { promote: false } } }
I20260608 09:49:03.084052 15502 raft_consensus.cc:2955] T 91a3b5b4e287440d972cfb99e0faa4f4 P 9f007ada3fad42bd9bc9e784bf566eea [term 1 LEADER]: Committing config change with OpId 1.3: config changed from index 2 to 3, 012d9ec46cfd4e7ea18b3bc64432031e (127.11.208.4) changed from NON_VOTER to VOTER. New config: { opid_index: 3 OBSOLETE_local: false peers { permanent_uuid: "ffb1606df58b48059b56c90e5ffa4ee3" member_type: VOTER last_known_addr { host: "127.11.208.2" port: 35443 } } peers { permanent_uuid: "9c1cc400d9e642c2b5676e78fba9d25f" member_type: VOTER last_known_addr { host: "127.11.208.1" port: 39167 } attrs { replace: true } } peers { permanent_uuid: "9f007ada3fad42bd9bc9e784bf566eea" member_type: VOTER last_known_addr { host: "127.11.208.3" port: 40777 } } peers { permanent_uuid: "012d9ec46cfd4e7ea18b3bc64432031e" member_type: VOTER last_known_addr { host: "127.11.208.4" port: 38109 } attrs { promote: false } } }
I20260608 09:49:03.093791 15075 raft_consensus.cc:2955] T 91a3b5b4e287440d972cfb99e0faa4f4 P 9c1cc400d9e642c2b5676e78fba9d25f [term 1 FOLLOWER]: Committing config change with OpId 1.3: config changed from index 2 to 3, 012d9ec46cfd4e7ea18b3bc64432031e (127.11.208.4) changed from NON_VOTER to VOTER. New config: { opid_index: 3 OBSOLETE_local: false peers { permanent_uuid: "ffb1606df58b48059b56c90e5ffa4ee3" member_type: VOTER last_known_addr { host: "127.11.208.2" port: 35443 } } peers { permanent_uuid: "9c1cc400d9e642c2b5676e78fba9d25f" member_type: VOTER last_known_addr { host: "127.11.208.1" port: 39167 } attrs { replace: true } } peers { permanent_uuid: "9f007ada3fad42bd9bc9e784bf566eea" member_type: VOTER last_known_addr { host: "127.11.208.3" port: 40777 } } peers { permanent_uuid: "012d9ec46cfd4e7ea18b3bc64432031e" member_type: VOTER last_known_addr { host: "127.11.208.4" port: 38109 } attrs { promote: false } } }
I20260608 09:49:03.098412 15074 raft_consensus.cc:2955] T 04d0fc808e3e4da48b5e0ce1081619f2 P 9c1cc400d9e642c2b5676e78fba9d25f [term 1 FOLLOWER]: Committing config change with OpId 1.3: config changed from index 2 to 3, 012d9ec46cfd4e7ea18b3bc64432031e (127.11.208.4) changed from NON_VOTER to VOTER. New config: { opid_index: 3 OBSOLETE_local: false peers { permanent_uuid: "9c1cc400d9e642c2b5676e78fba9d25f" member_type: VOTER last_known_addr { host: "127.11.208.1" port: 39167 } } peers { permanent_uuid: "ffb1606df58b48059b56c90e5ffa4ee3" member_type: VOTER last_known_addr { host: "127.11.208.2" port: 35443 } } peers { permanent_uuid: "9f007ada3fad42bd9bc9e784bf566eea" member_type: VOTER last_known_addr { host: "127.11.208.3" port: 40777 } attrs { replace: true } } peers { permanent_uuid: "012d9ec46cfd4e7ea18b3bc64432031e" member_type: VOTER last_known_addr { host: "127.11.208.4" port: 38109 } attrs { promote: false } } }
I20260608 09:49:03.086349 15377 raft_consensus.cc:2955] T 91a3b5b4e287440d972cfb99e0faa4f4 P 012d9ec46cfd4e7ea18b3bc64432031e [term 1 FOLLOWER]: Committing config change with OpId 1.3: config changed from index 2 to 3, 012d9ec46cfd4e7ea18b3bc64432031e (127.11.208.4) changed from NON_VOTER to VOTER. New config: { opid_index: 3 OBSOLETE_local: false peers { permanent_uuid: "ffb1606df58b48059b56c90e5ffa4ee3" member_type: VOTER last_known_addr { host: "127.11.208.2" port: 35443 } } peers { permanent_uuid: "9c1cc400d9e642c2b5676e78fba9d25f" member_type: VOTER last_known_addr { host: "127.11.208.1" port: 39167 } attrs { replace: true } } peers { permanent_uuid: "9f007ada3fad42bd9bc9e784bf566eea" member_type: VOTER last_known_addr { host: "127.11.208.3" port: 40777 } } peers { permanent_uuid: "012d9ec46cfd4e7ea18b3bc64432031e" member_type: VOTER last_known_addr { host: "127.11.208.4" port: 38109 } attrs { promote: false } } }
I20260608 09:49:03.107086 15567 ts_tablet_manager.cc:1929] T 4652e480a3c44d86b5baaef91e45bc6b P ffb1606df58b48059b56c90e5ffa4ee3: tablet deleted with delete type TABLET_DATA_TOMBSTONED: last-logged OpId 1.3
I20260608 09:49:03.107695 15567 log.cc:1199] T 4652e480a3c44d86b5baaef91e45bc6b P ffb1606df58b48059b56c90e5ffa4ee3: Deleting WAL directory at /tmp/dist-test-taskCUJXF3/test-tmp/auto_rebalancer-test.0.AutoRebalancerTest.RangeAwareRebalancesNewRangeReplicas.1780912058250759-12096-0/minicluster-data/ts-1-root/wals/4652e480a3c44d86b5baaef91e45bc6b
I20260608 09:49:03.108870 14975 catalog_manager.cc:5696] T 04d0fc808e3e4da48b5e0ce1081619f2 P 012d9ec46cfd4e7ea18b3bc64432031e reported cstate change: config changed from index 2 to 3, 012d9ec46cfd4e7ea18b3bc64432031e (127.11.208.4) changed from NON_VOTER to VOTER. New cstate: current_term: 1 leader_uuid: "ffb1606df58b48059b56c90e5ffa4ee3" committed_config { opid_index: 3 OBSOLETE_local: false peers { permanent_uuid: "9c1cc400d9e642c2b5676e78fba9d25f" member_type: VOTER last_known_addr { host: "127.11.208.1" port: 39167 } } peers { permanent_uuid: "ffb1606df58b48059b56c90e5ffa4ee3" member_type: VOTER last_known_addr { host: "127.11.208.2" port: 35443 } } peers { permanent_uuid: "9f007ada3fad42bd9bc9e784bf566eea" member_type: VOTER last_known_addr { host: "127.11.208.3" port: 40777 } attrs { replace: true } } peers { permanent_uuid: "012d9ec46cfd4e7ea18b3bc64432031e" member_type: VOTER last_known_addr { host: "127.11.208.4" port: 38109 } attrs { promote: false } } }
I20260608 09:49:03.113852 14959 catalog_manager.cc:5027] TS ffb1606df58b48059b56c90e5ffa4ee3 (127.11.208.2:35443): tablet 4652e480a3c44d86b5baaef91e45bc6b (table range_aware_rebalance_new_range [id=a748072bb3f2452dab8ba0bdc8849043]) successfully deleted
I20260608 09:49:03.123674 15152 raft_consensus.cc:2955] T 91a3b5b4e287440d972cfb99e0faa4f4 P ffb1606df58b48059b56c90e5ffa4ee3 [term 1 FOLLOWER]: Committing config change with OpId 1.3: config changed from index 2 to 3, 012d9ec46cfd4e7ea18b3bc64432031e (127.11.208.4) changed from NON_VOTER to VOTER. New config: { opid_index: 3 OBSOLETE_local: false peers { permanent_uuid: "ffb1606df58b48059b56c90e5ffa4ee3" member_type: VOTER last_known_addr { host: "127.11.208.2" port: 35443 } } peers { permanent_uuid: "9c1cc400d9e642c2b5676e78fba9d25f" member_type: VOTER last_known_addr { host: "127.11.208.1" port: 39167 } attrs { replace: true } } peers { permanent_uuid: "9f007ada3fad42bd9bc9e784bf566eea" member_type: VOTER last_known_addr { host: "127.11.208.3" port: 40777 } } peers { permanent_uuid: "012d9ec46cfd4e7ea18b3bc64432031e" member_type: VOTER last_known_addr { host: "127.11.208.4" port: 38109 } attrs { promote: false } } }
I20260608 09:49:03.127574 14973 catalog_manager.cc:5696] T 91a3b5b4e287440d972cfb99e0faa4f4 P 9f007ada3fad42bd9bc9e784bf566eea reported cstate change: config changed from index 2 to 3, 012d9ec46cfd4e7ea18b3bc64432031e (127.11.208.4) changed from NON_VOTER to VOTER. New cstate: current_term: 1 leader_uuid: "9f007ada3fad42bd9bc9e784bf566eea" committed_config { opid_index: 3 OBSOLETE_local: false peers { permanent_uuid: "ffb1606df58b48059b56c90e5ffa4ee3" member_type: VOTER last_known_addr { host: "127.11.208.2" port: 35443 } health_report { overall_health: HEALTHY } } peers { permanent_uuid: "9c1cc400d9e642c2b5676e78fba9d25f" member_type: VOTER last_known_addr { host: "127.11.208.1" port: 39167 } attrs { replace: true } health_report { overall_health: HEALTHY } } peers { permanent_uuid: "9f007ada3fad42bd9bc9e784bf566eea" member_type: VOTER last_known_addr { host: "127.11.208.3" port: 40777 } health_report { overall_health: HEALTHY } } peers { permanent_uuid: "012d9ec46cfd4e7ea18b3bc64432031e" member_type: VOTER last_known_addr { host: "127.11.208.4" port: 38109 } attrs { promote: false } health_report { overall_health: HEALTHY } } }
I20260608 09:49:03.147518 15152 consensus_queue.cc:237] T 04d0fc808e3e4da48b5e0ce1081619f2 P ffb1606df58b48059b56c90e5ffa4ee3 [LEADER]: Queue going to LEADER mode. State: All replicated index: 0, Majority replicated index: 3, Committed index: 3, Last appended: 1.3, Last appended by leader: 0, Current term: 1, Majority size: 2, State: 0, Mode: LEADER, active raft config: opid_index: 4 OBSOLETE_local: false peers { permanent_uuid: "9c1cc400d9e642c2b5676e78fba9d25f" member_type: VOTER last_known_addr { host: "127.11.208.1" port: 39167 } } peers { permanent_uuid: "ffb1606df58b48059b56c90e5ffa4ee3" member_type: VOTER last_known_addr { host: "127.11.208.2" port: 35443 } } peers { permanent_uuid: "012d9ec46cfd4e7ea18b3bc64432031e" member_type: VOTER last_known_addr { host: "127.11.208.4" port: 38109 } attrs { promote: false } }
I20260608 09:49:03.155375 15075 raft_consensus.cc:1275] T 04d0fc808e3e4da48b5e0ce1081619f2 P 9c1cc400d9e642c2b5676e78fba9d25f [term 1 FOLLOWER]: Refusing update from remote peer ffb1606df58b48059b56c90e5ffa4ee3: Log matching property violated. Preceding OpId in replica: term: 1 index: 3. Preceding OpId from leader: term: 1 index: 4. (index mismatch)
I20260608 09:49:03.157438 15563 consensus_queue.cc:1048] T 04d0fc808e3e4da48b5e0ce1081619f2 P ffb1606df58b48059b56c90e5ffa4ee3 [LEADER]: Connected to new peer: Peer: permanent_uuid: "9c1cc400d9e642c2b5676e78fba9d25f" member_type: VOTER last_known_addr { host: "127.11.208.1" port: 39167 }, Status: LMP_MISMATCH, Last received: 0.0, Next index: 4, Last known committed idx: 3, Time since last communication: 0.000s
I20260608 09:49:03.155467 15376 raft_consensus.cc:1275] T 04d0fc808e3e4da48b5e0ce1081619f2 P 012d9ec46cfd4e7ea18b3bc64432031e [term 1 FOLLOWER]: Refusing update from remote peer ffb1606df58b48059b56c90e5ffa4ee3: Log matching property violated. Preceding OpId in replica: term: 1 index: 3. Preceding OpId from leader: term: 1 index: 4. (index mismatch)
I20260608 09:49:03.161276 15563 consensus_queue.cc:1048] T 04d0fc808e3e4da48b5e0ce1081619f2 P ffb1606df58b48059b56c90e5ffa4ee3 [LEADER]: Connected to new peer: Peer: permanent_uuid: "012d9ec46cfd4e7ea18b3bc64432031e" member_type: VOTER last_known_addr { host: "127.11.208.4" port: 38109 } attrs { promote: false }, Status: LMP_MISMATCH, Last received: 0.0, Next index: 4, Last known committed idx: 3, Time since last communication: 0.000s
I20260608 09:49:03.162315 15225 consensus_queue.cc:237] T 91a3b5b4e287440d972cfb99e0faa4f4 P 9f007ada3fad42bd9bc9e784bf566eea [LEADER]: Queue going to LEADER mode. State: All replicated index: 0, Majority replicated index: 3, Committed index: 3, Last appended: 1.3, Last appended by leader: 0, Current term: 1, Majority size: 2, State: 0, Mode: LEADER, active raft config: opid_index: 4 OBSOLETE_local: false peers { permanent_uuid: "ffb1606df58b48059b56c90e5ffa4ee3" member_type: VOTER last_known_addr { host: "127.11.208.2" port: 35443 } } peers { permanent_uuid: "9f007ada3fad42bd9bc9e784bf566eea" member_type: VOTER last_known_addr { host: "127.11.208.3" port: 40777 } } peers { permanent_uuid: "012d9ec46cfd4e7ea18b3bc64432031e" member_type: VOTER last_known_addr { host: "127.11.208.4" port: 38109 } attrs { promote: false } }
I20260608 09:49:03.170058 15152 raft_consensus.cc:1275] T 91a3b5b4e287440d972cfb99e0faa4f4 P ffb1606df58b48059b56c90e5ffa4ee3 [term 1 FOLLOWER]: Refusing update from remote peer 9f007ada3fad42bd9bc9e784bf566eea: Log matching property violated. Preceding OpId in replica: term: 1 index: 3. Preceding OpId from leader: term: 1 index: 4. (index mismatch)
I20260608 09:49:03.172977 15377 raft_consensus.cc:1275] T 91a3b5b4e287440d972cfb99e0faa4f4 P 012d9ec46cfd4e7ea18b3bc64432031e [term 1 FOLLOWER]: Refusing update from remote peer 9f007ada3fad42bd9bc9e784bf566eea: Log matching property violated. Preceding OpId in replica: term: 1 index: 3. Preceding OpId from leader: term: 1 index: 4. (index mismatch)
I20260608 09:49:03.174962 15551 consensus_queue.cc:1048] T 91a3b5b4e287440d972cfb99e0faa4f4 P 9f007ada3fad42bd9bc9e784bf566eea [LEADER]: Connected to new peer: Peer: permanent_uuid: "ffb1606df58b48059b56c90e5ffa4ee3" member_type: VOTER last_known_addr { host: "127.11.208.2" port: 35443 }, Status: LMP_MISMATCH, Last received: 0.0, Next index: 4, Last known committed idx: 3, Time since last communication: 0.001s
I20260608 09:49:03.177207 15537 consensus_queue.cc:1048] T 91a3b5b4e287440d972cfb99e0faa4f4 P 9f007ada3fad42bd9bc9e784bf566eea [LEADER]: Connected to new peer: Peer: permanent_uuid: "012d9ec46cfd4e7ea18b3bc64432031e" member_type: VOTER last_known_addr { host: "127.11.208.4" port: 38109 } attrs { promote: false }, Status: LMP_MISMATCH, Last received: 0.0, Next index: 4, Last known committed idx: 3, Time since last communication: 0.000s
I20260608 09:49:03.189049 15543 raft_consensus.cc:2955] T 04d0fc808e3e4da48b5e0ce1081619f2 P ffb1606df58b48059b56c90e5ffa4ee3 [term 1 LEADER]: Committing config change with OpId 1.4: config changed from index 3 to 4, VOTER 9f007ada3fad42bd9bc9e784bf566eea (127.11.208.3) evicted. New config: { opid_index: 4 OBSOLETE_local: false peers { permanent_uuid: "9c1cc400d9e642c2b5676e78fba9d25f" member_type: VOTER last_known_addr { host: "127.11.208.1" port: 39167 } } peers { permanent_uuid: "ffb1606df58b48059b56c90e5ffa4ee3" member_type: VOTER last_known_addr { host: "127.11.208.2" port: 35443 } } peers { permanent_uuid: "012d9ec46cfd4e7ea18b3bc64432031e" member_type: VOTER last_known_addr { host: "127.11.208.4" port: 38109 } attrs { promote: false } } }
I20260608 09:49:03.191310 15502 raft_consensus.cc:2955] T 91a3b5b4e287440d972cfb99e0faa4f4 P 9f007ada3fad42bd9bc9e784bf566eea [term 1 LEADER]: Committing config change with OpId 1.4: config changed from index 3 to 4, VOTER 9c1cc400d9e642c2b5676e78fba9d25f (127.11.208.1) evicted. New config: { opid_index: 4 OBSOLETE_local: false peers { permanent_uuid: "ffb1606df58b48059b56c90e5ffa4ee3" member_type: VOTER last_known_addr { host: "127.11.208.2" port: 35443 } } peers { permanent_uuid: "9f007ada3fad42bd9bc9e784bf566eea" member_type: VOTER last_known_addr { host: "127.11.208.3" port: 40777 } } peers { permanent_uuid: "012d9ec46cfd4e7ea18b3bc64432031e" member_type: VOTER last_known_addr { host: "127.11.208.4" port: 38109 } attrs { promote: false } } }
I20260608 09:49:03.193475 15377 raft_consensus.cc:2955] T 91a3b5b4e287440d972cfb99e0faa4f4 P 012d9ec46cfd4e7ea18b3bc64432031e [term 1 FOLLOWER]: Committing config change with OpId 1.4: config changed from index 3 to 4, VOTER 9c1cc400d9e642c2b5676e78fba9d25f (127.11.208.1) evicted. New config: { opid_index: 4 OBSOLETE_local: false peers { permanent_uuid: "ffb1606df58b48059b56c90e5ffa4ee3" member_type: VOTER last_known_addr { host: "127.11.208.2" port: 35443 } } peers { permanent_uuid: "9f007ada3fad42bd9bc9e784bf566eea" member_type: VOTER last_known_addr { host: "127.11.208.3" port: 40777 } } peers { permanent_uuid: "012d9ec46cfd4e7ea18b3bc64432031e" member_type: VOTER last_known_addr { host: "127.11.208.4" port: 38109 } attrs { promote: false } } }
I20260608 09:49:03.201390 15075 raft_consensus.cc:2955] T 04d0fc808e3e4da48b5e0ce1081619f2 P 9c1cc400d9e642c2b5676e78fba9d25f [term 1 FOLLOWER]: Committing config change with OpId 1.4: config changed from index 3 to 4, VOTER 9f007ada3fad42bd9bc9e784bf566eea (127.11.208.3) evicted. New config: { opid_index: 4 OBSOLETE_local: false peers { permanent_uuid: "9c1cc400d9e642c2b5676e78fba9d25f" member_type: VOTER last_known_addr { host: "127.11.208.1" port: 39167 } } peers { permanent_uuid: "ffb1606df58b48059b56c90e5ffa4ee3" member_type: VOTER last_known_addr { host: "127.11.208.2" port: 35443 } } peers { permanent_uuid: "012d9ec46cfd4e7ea18b3bc64432031e" member_type: VOTER last_known_addr { host: "127.11.208.4" port: 38109 } attrs { promote: false } } }
I20260608 09:49:03.202879 15152 raft_consensus.cc:2955] T 91a3b5b4e287440d972cfb99e0faa4f4 P ffb1606df58b48059b56c90e5ffa4ee3 [term 1 FOLLOWER]: Committing config change with OpId 1.4: config changed from index 3 to 4, VOTER 9c1cc400d9e642c2b5676e78fba9d25f (127.11.208.1) evicted. New config: { opid_index: 4 OBSOLETE_local: false peers { permanent_uuid: "ffb1606df58b48059b56c90e5ffa4ee3" member_type: VOTER last_known_addr { host: "127.11.208.2" port: 35443 } } peers { permanent_uuid: "9f007ada3fad42bd9bc9e784bf566eea" member_type: VOTER last_known_addr { host: "127.11.208.3" port: 40777 } } peers { permanent_uuid: "012d9ec46cfd4e7ea18b3bc64432031e" member_type: VOTER last_known_addr { host: "127.11.208.4" port: 38109 } attrs { promote: false } } }
I20260608 09:49:03.208593 15376 raft_consensus.cc:2955] T 04d0fc808e3e4da48b5e0ce1081619f2 P 012d9ec46cfd4e7ea18b3bc64432031e [term 1 FOLLOWER]: Committing config change with OpId 1.4: config changed from index 3 to 4, VOTER 9f007ada3fad42bd9bc9e784bf566eea (127.11.208.3) evicted. New config: { opid_index: 4 OBSOLETE_local: false peers { permanent_uuid: "9c1cc400d9e642c2b5676e78fba9d25f" member_type: VOTER last_known_addr { host: "127.11.208.1" port: 39167 } } peers { permanent_uuid: "ffb1606df58b48059b56c90e5ffa4ee3" member_type: VOTER last_known_addr { host: "127.11.208.2" port: 35443 } } peers { permanent_uuid: "012d9ec46cfd4e7ea18b3bc64432031e" member_type: VOTER last_known_addr { host: "127.11.208.4" port: 38109 } attrs { promote: false } } }
I20260608 09:49:03.213052 14959 catalog_manager.cc:5209] ChangeConfig:REMOVE_PEER RPC for tablet 04d0fc808e3e4da48b5e0ce1081619f2 with cas_config_opid_index 3: ChangeConfig:REMOVE_PEER succeeded (attempt 1)
I20260608 09:49:03.216917 14974 catalog_manager.cc:5696] T 04d0fc808e3e4da48b5e0ce1081619f2 P 9c1cc400d9e642c2b5676e78fba9d25f reported cstate change: config changed from index 3 to 4, VOTER 9f007ada3fad42bd9bc9e784bf566eea (127.11.208.3) evicted. New cstate: current_term: 1 leader_uuid: "ffb1606df58b48059b56c90e5ffa4ee3" committed_config { opid_index: 4 OBSOLETE_local: false peers { permanent_uuid: "9c1cc400d9e642c2b5676e78fba9d25f" member_type: VOTER last_known_addr { host: "127.11.208.1" port: 39167 } } peers { permanent_uuid: "ffb1606df58b48059b56c90e5ffa4ee3" member_type: VOTER last_known_addr { host: "127.11.208.2" port: 35443 } } peers { permanent_uuid: "012d9ec46cfd4e7ea18b3bc64432031e" member_type: VOTER last_known_addr { host: "127.11.208.4" port: 38109 } attrs { promote: false } } }
I20260608 09:49:03.222268 14962 catalog_manager.cc:5209] ChangeConfig:REMOVE_PEER RPC for tablet 91a3b5b4e287440d972cfb99e0faa4f4 with cas_config_opid_index 3: ChangeConfig:REMOVE_PEER succeeded (attempt 1)
I20260608 09:49:03.223904 14973 catalog_manager.cc:5696] T 91a3b5b4e287440d972cfb99e0faa4f4 P 9f007ada3fad42bd9bc9e784bf566eea reported cstate change: config changed from index 3 to 4, VOTER 9c1cc400d9e642c2b5676e78fba9d25f (127.11.208.1) evicted. New cstate: current_term: 1 leader_uuid: "9f007ada3fad42bd9bc9e784bf566eea" committed_config { opid_index: 4 OBSOLETE_local: false peers { permanent_uuid: "ffb1606df58b48059b56c90e5ffa4ee3" member_type: VOTER last_known_addr { host: "127.11.208.2" port: 35443 } health_report { overall_health: HEALTHY } } peers { permanent_uuid: "9f007ada3fad42bd9bc9e784bf566eea" member_type: VOTER last_known_addr { host: "127.11.208.3" port: 40777 } health_report { overall_health: HEALTHY } } peers { permanent_uuid: "012d9ec46cfd4e7ea18b3bc64432031e" member_type: VOTER last_known_addr { host: "127.11.208.4" port: 38109 } attrs { promote: false } health_report { overall_health: HEALTHY } } }
I20260608 09:49:03.240020 15212 tablet_service.cc:1558] Processing DeleteTablet for tablet 04d0fc808e3e4da48b5e0ce1081619f2 with delete_type TABLET_DATA_TOMBSTONED (TS 9f007ada3fad42bd9bc9e784bf566eea not found in new config with opid_index 4) from {username='slave'} at 127.0.0.1:50442
I20260608 09:49:03.242539 15574 tablet_replica.cc:333] T 04d0fc808e3e4da48b5e0ce1081619f2 P 9f007ada3fad42bd9bc9e784bf566eea: stopping tablet replica
I20260608 09:49:03.244168 15574 raft_consensus.cc:2243] T 04d0fc808e3e4da48b5e0ce1081619f2 P 9f007ada3fad42bd9bc9e784bf566eea [term 1 FOLLOWER]: Raft consensus shutting down.
I20260608 09:49:03.244984 15574 raft_consensus.cc:2272] T 04d0fc808e3e4da48b5e0ce1081619f2 P 9f007ada3fad42bd9bc9e784bf566eea [term 1 FOLLOWER]: Raft consensus is shut down!
I20260608 09:49:03.248997 15062 tablet_service.cc:1558] Processing DeleteTablet for tablet 91a3b5b4e287440d972cfb99e0faa4f4 with delete_type TABLET_DATA_TOMBSTONED (TS 9c1cc400d9e642c2b5676e78fba9d25f not found in new config with opid_index 4) from {username='slave'} at 127.0.0.1:43338
I20260608 09:49:03.252099 15575 tablet_replica.cc:333] T 91a3b5b4e287440d972cfb99e0faa4f4 P 9c1cc400d9e642c2b5676e78fba9d25f: stopping tablet replica
I20260608 09:49:03.253191 15575 raft_consensus.cc:2243] T 91a3b5b4e287440d972cfb99e0faa4f4 P 9c1cc400d9e642c2b5676e78fba9d25f [term 1 FOLLOWER]: Raft consensus shutting down.
I20260608 09:49:03.253999 15575 raft_consensus.cc:2272] T 91a3b5b4e287440d972cfb99e0faa4f4 P 9c1cc400d9e642c2b5676e78fba9d25f [term 1 FOLLOWER]: Raft consensus is shut down!
I20260608 09:49:03.255342 15574 ts_tablet_manager.cc:1916] T 04d0fc808e3e4da48b5e0ce1081619f2 P 9f007ada3fad42bd9bc9e784bf566eea: Deleting tablet data with delete state TABLET_DATA_TOMBSTONED
I20260608 09:49:03.257527 15575 ts_tablet_manager.cc:1916] T 91a3b5b4e287440d972cfb99e0faa4f4 P 9c1cc400d9e642c2b5676e78fba9d25f: Deleting tablet data with delete state TABLET_DATA_TOMBSTONED
I20260608 09:49:03.273860 15075 raft_consensus.cc:1275] T 9340000e84ce47c3a3914fb25f4f6531 P 9c1cc400d9e642c2b5676e78fba9d25f [term 2 FOLLOWER]: Refusing update from remote peer ffb1606df58b48059b56c90e5ffa4ee3: Log matching property violated. Preceding OpId in replica: term: 1 index: 2. Preceding OpId from leader: term: 2 index: 3. (index mismatch)
I20260608 09:49:03.276014 15574 ts_tablet_manager.cc:1929] T 04d0fc808e3e4da48b5e0ce1081619f2 P 9f007ada3fad42bd9bc9e784bf566eea: tablet deleted with delete type TABLET_DATA_TOMBSTONED: last-logged OpId 1.3
I20260608 09:49:03.275880 15563 consensus_queue.cc:1048] T 9340000e84ce47c3a3914fb25f4f6531 P ffb1606df58b48059b56c90e5ffa4ee3 [LEADER]: Connected to new peer: Peer: permanent_uuid: "9c1cc400d9e642c2b5676e78fba9d25f" member_type: VOTER last_known_addr { host: "127.11.208.1" port: 39167 } attrs { replace: true }, Status: LMP_MISMATCH, Last received: 0.0, Next index: 3, Last known committed idx: 2, Time since last communication: 0.001s
I20260608 09:49:03.276643 15574 log.cc:1199] T 04d0fc808e3e4da48b5e0ce1081619f2 P 9f007ada3fad42bd9bc9e784bf566eea: Deleting WAL directory at /tmp/dist-test-taskCUJXF3/test-tmp/auto_rebalancer-test.0.AutoRebalancerTest.RangeAwareRebalancesNewRangeReplicas.1780912058250759-12096-0/minicluster-data/ts-2-root/wals/04d0fc808e3e4da48b5e0ce1081619f2
I20260608 09:49:03.277336 15575 ts_tablet_manager.cc:1929] T 91a3b5b4e287440d972cfb99e0faa4f4 P 9c1cc400d9e642c2b5676e78fba9d25f: tablet deleted with delete type TABLET_DATA_TOMBSTONED: last-logged OpId 1.3
I20260608 09:49:03.277851 15575 log.cc:1199] T 91a3b5b4e287440d972cfb99e0faa4f4 P 9c1cc400d9e642c2b5676e78fba9d25f: Deleting WAL directory at /tmp/dist-test-taskCUJXF3/test-tmp/auto_rebalancer-test.0.AutoRebalancerTest.RangeAwareRebalancesNewRangeReplicas.1780912058250759-12096-0/minicluster-data/ts-0-root/wals/91a3b5b4e287440d972cfb99e0faa4f4
I20260608 09:49:03.278708 14962 catalog_manager.cc:5027] TS 9f007ada3fad42bd9bc9e784bf566eea (127.11.208.3:40777): tablet 04d0fc808e3e4da48b5e0ce1081619f2 (table range_aware_rebalance_new_range [id=a748072bb3f2452dab8ba0bdc8849043]) successfully deleted
I20260608 09:49:03.280220 14960 catalog_manager.cc:5027] TS 9c1cc400d9e642c2b5676e78fba9d25f (127.11.208.1:39167): tablet 91a3b5b4e287440d972cfb99e0faa4f4 (table range_aware_rebalance_new_range [id=a748072bb3f2452dab8ba0bdc8849043]) successfully deleted
I20260608 09:49:03.294324 15376 raft_consensus.cc:3060] T 9340000e84ce47c3a3914fb25f4f6531 P 012d9ec46cfd4e7ea18b3bc64432031e [term 1 LEARNER]: Advancing to term 2
I20260608 09:49:03.296736 15225 raft_consensus.cc:1275] T 9340000e84ce47c3a3914fb25f4f6531 P 9f007ada3fad42bd9bc9e784bf566eea [term 2 FOLLOWER]: Refusing update from remote peer ffb1606df58b48059b56c90e5ffa4ee3: Log matching property violated. Preceding OpId in replica: term: 1 index: 2. Preceding OpId from leader: term: 2 index: 3. (index mismatch)
I20260608 09:49:03.298667 15542 consensus_queue.cc:1048] T 9340000e84ce47c3a3914fb25f4f6531 P ffb1606df58b48059b56c90e5ffa4ee3 [LEADER]: Connected to new peer: Peer: permanent_uuid: "9f007ada3fad42bd9bc9e784bf566eea" member_type: VOTER last_known_addr { host: "127.11.208.3" port: 40777 }, Status: LMP_MISMATCH, Last received: 0.0, Next index: 3, Last known committed idx: 2, Time since last communication: 0.000s
I20260608 09:49:03.302394 15376 raft_consensus.cc:1275] T 9340000e84ce47c3a3914fb25f4f6531 P 012d9ec46cfd4e7ea18b3bc64432031e [term 2 LEARNER]: Refusing update from remote peer ffb1606df58b48059b56c90e5ffa4ee3: Log matching property violated. Preceding OpId in replica: term: 1 index: 2. Preceding OpId from leader: term: 2 index: 3. (index mismatch)
I20260608 09:49:03.305454 15543 consensus_queue.cc:1048] T 9340000e84ce47c3a3914fb25f4f6531 P ffb1606df58b48059b56c90e5ffa4ee3 [LEADER]: Connected to new peer: Peer: permanent_uuid: "012d9ec46cfd4e7ea18b3bc64432031e" member_type: NON_VOTER last_known_addr { host: "127.11.208.4" port: 38109 } attrs { promote: true }, Status: LMP_MISMATCH, Last received: 0.0, Next index: 3, Last known committed idx: 2, Time since last communication: 0.001s
I20260608 09:49:03.325464 15543 raft_consensus.cc:1064] T 9340000e84ce47c3a3914fb25f4f6531 P ffb1606df58b48059b56c90e5ffa4ee3: attempting to promote NON_VOTER 012d9ec46cfd4e7ea18b3bc64432031e to VOTER
I20260608 09:49:03.328550 15543 consensus_queue.cc:237] T 9340000e84ce47c3a3914fb25f4f6531 P ffb1606df58b48059b56c90e5ffa4ee3 [LEADER]: Queue going to LEADER mode. State: All replicated index: 0, Majority replicated index: 3, Committed index: 3, Last appended: 2.3, Last appended by leader: 2, Current term: 2, Majority size: 3, State: 0, Mode: LEADER, active raft config: opid_index: 4 OBSOLETE_local: false peers { permanent_uuid: "9c1cc400d9e642c2b5676e78fba9d25f" member_type: VOTER last_known_addr { host: "127.11.208.1" port: 39167 } attrs { replace: true } } peers { permanent_uuid: "ffb1606df58b48059b56c90e5ffa4ee3" member_type: VOTER last_known_addr { host: "127.11.208.2" port: 35443 } } peers { permanent_uuid: "9f007ada3fad42bd9bc9e784bf566eea" member_type: VOTER last_known_addr { host: "127.11.208.3" port: 40777 } } peers { permanent_uuid: "012d9ec46cfd4e7ea18b3bc64432031e" member_type: VOTER last_known_addr { host: "127.11.208.4" port: 38109 } attrs { promote: false } }
I20260608 09:49:03.338379 15376 raft_consensus.cc:1275] T 9340000e84ce47c3a3914fb25f4f6531 P 012d9ec46cfd4e7ea18b3bc64432031e [term 2 LEARNER]: Refusing update from remote peer ffb1606df58b48059b56c90e5ffa4ee3: Log matching property violated. Preceding OpId in replica: term: 2 index: 3. Preceding OpId from leader: term: 2 index: 4. (index mismatch)
I20260608 09:49:03.338644 15225 raft_consensus.cc:1275] T 9340000e84ce47c3a3914fb25f4f6531 P 9f007ada3fad42bd9bc9e784bf566eea [term 2 FOLLOWER]: Refusing update from remote peer ffb1606df58b48059b56c90e5ffa4ee3: Log matching property violated. Preceding OpId in replica: term: 2 index: 3. Preceding OpId from leader: term: 2 index: 4. (index mismatch)
I20260608 09:49:03.339475 15075 raft_consensus.cc:1275] T 9340000e84ce47c3a3914fb25f4f6531 P 9c1cc400d9e642c2b5676e78fba9d25f [term 2 FOLLOWER]: Refusing update from remote peer ffb1606df58b48059b56c90e5ffa4ee3: Log matching property violated. Preceding OpId in replica: term: 2 index: 3. Preceding OpId from leader: term: 2 index: 4. (index mismatch)
I20260608 09:49:03.340133 15542 consensus_queue.cc:1048] T 9340000e84ce47c3a3914fb25f4f6531 P ffb1606df58b48059b56c90e5ffa4ee3 [LEADER]: Connected to new peer: Peer: permanent_uuid: "9f007ada3fad42bd9bc9e784bf566eea" member_type: VOTER last_known_addr { host: "127.11.208.3" port: 40777 }, Status: LMP_MISMATCH, Last received: 0.0, Next index: 4, Last known committed idx: 3, Time since last communication: 0.000s
I20260608 09:49:03.340992 15563 consensus_queue.cc:1048] T 9340000e84ce47c3a3914fb25f4f6531 P ffb1606df58b48059b56c90e5ffa4ee3 [LEADER]: Connected to new peer: Peer: permanent_uuid: "012d9ec46cfd4e7ea18b3bc64432031e" member_type: VOTER last_known_addr { host: "127.11.208.4" port: 38109 } attrs { promote: false }, Status: LMP_MISMATCH, Last received: 0.0, Next index: 4, Last known committed idx: 3, Time since last communication: 0.000s
I20260608 09:49:03.341881 15543 consensus_queue.cc:1048] T 9340000e84ce47c3a3914fb25f4f6531 P ffb1606df58b48059b56c90e5ffa4ee3 [LEADER]: Connected to new peer: Peer: permanent_uuid: "9c1cc400d9e642c2b5676e78fba9d25f" member_type: VOTER last_known_addr { host: "127.11.208.1" port: 39167 } attrs { replace: true }, Status: LMP_MISMATCH, Last received: 0.0, Next index: 4, Last known committed idx: 3, Time since last communication: 0.000s
I20260608 09:49:03.352825 15563 raft_consensus.cc:2955] T 9340000e84ce47c3a3914fb25f4f6531 P ffb1606df58b48059b56c90e5ffa4ee3 [term 2 LEADER]: Committing config change with OpId 2.4: config changed from index 2 to 4, 012d9ec46cfd4e7ea18b3bc64432031e (127.11.208.4) changed from NON_VOTER to VOTER. New config: { opid_index: 4 OBSOLETE_local: false peers { permanent_uuid: "9c1cc400d9e642c2b5676e78fba9d25f" member_type: VOTER last_known_addr { host: "127.11.208.1" port: 39167 } attrs { replace: true } } peers { permanent_uuid: "ffb1606df58b48059b56c90e5ffa4ee3" member_type: VOTER last_known_addr { host: "127.11.208.2" port: 35443 } } peers { permanent_uuid: "9f007ada3fad42bd9bc9e784bf566eea" member_type: VOTER last_known_addr { host: "127.11.208.3" port: 40777 } } peers { permanent_uuid: "012d9ec46cfd4e7ea18b3bc64432031e" member_type: VOTER last_known_addr { host: "127.11.208.4" port: 38109 } attrs { promote: false } } }
I20260608 09:49:03.356336 15376 raft_consensus.cc:2955] T 9340000e84ce47c3a3914fb25f4f6531 P 012d9ec46cfd4e7ea18b3bc64432031e [term 2 FOLLOWER]: Committing config change with OpId 2.4: config changed from index 2 to 4, 012d9ec46cfd4e7ea18b3bc64432031e (127.11.208.4) changed from NON_VOTER to VOTER. New config: { opid_index: 4 OBSOLETE_local: false peers { permanent_uuid: "9c1cc400d9e642c2b5676e78fba9d25f" member_type: VOTER last_known_addr { host: "127.11.208.1" port: 39167 } attrs { replace: true } } peers { permanent_uuid: "ffb1606df58b48059b56c90e5ffa4ee3" member_type: VOTER last_known_addr { host: "127.11.208.2" port: 35443 } } peers { permanent_uuid: "9f007ada3fad42bd9bc9e784bf566eea" member_type: VOTER last_known_addr { host: "127.11.208.3" port: 40777 } } peers { permanent_uuid: "012d9ec46cfd4e7ea18b3bc64432031e" member_type: VOTER last_known_addr { host: "127.11.208.4" port: 38109 } attrs { promote: false } } }
I20260608 09:49:03.356570 15225 raft_consensus.cc:2955] T 9340000e84ce47c3a3914fb25f4f6531 P 9f007ada3fad42bd9bc9e784bf566eea [term 2 FOLLOWER]: Committing config change with OpId 2.4: config changed from index 2 to 4, 012d9ec46cfd4e7ea18b3bc64432031e (127.11.208.4) changed from NON_VOTER to VOTER. New config: { opid_index: 4 OBSOLETE_local: false peers { permanent_uuid: "9c1cc400d9e642c2b5676e78fba9d25f" member_type: VOTER last_known_addr { host: "127.11.208.1" port: 39167 } attrs { replace: true } } peers { permanent_uuid: "ffb1606df58b48059b56c90e5ffa4ee3" member_type: VOTER last_known_addr { host: "127.11.208.2" port: 35443 } } peers { permanent_uuid: "9f007ada3fad42bd9bc9e784bf566eea" member_type: VOTER last_known_addr { host: "127.11.208.3" port: 40777 } } peers { permanent_uuid: "012d9ec46cfd4e7ea18b3bc64432031e" member_type: VOTER last_known_addr { host: "127.11.208.4" port: 38109 } attrs { promote: false } } }
I20260608 09:49:03.367139 15075 raft_consensus.cc:2955] T 9340000e84ce47c3a3914fb25f4f6531 P 9c1cc400d9e642c2b5676e78fba9d25f [term 2 FOLLOWER]: Committing config change with OpId 2.4: config changed from index 2 to 4, 012d9ec46cfd4e7ea18b3bc64432031e (127.11.208.4) changed from NON_VOTER to VOTER. New config: { opid_index: 4 OBSOLETE_local: false peers { permanent_uuid: "9c1cc400d9e642c2b5676e78fba9d25f" member_type: VOTER last_known_addr { host: "127.11.208.1" port: 39167 } attrs { replace: true } } peers { permanent_uuid: "ffb1606df58b48059b56c90e5ffa4ee3" member_type: VOTER last_known_addr { host: "127.11.208.2" port: 35443 } } peers { permanent_uuid: "9f007ada3fad42bd9bc9e784bf566eea" member_type: VOTER last_known_addr { host: "127.11.208.3" port: 40777 } } peers { permanent_uuid: "012d9ec46cfd4e7ea18b3bc64432031e" member_type: VOTER last_known_addr { host: "127.11.208.4" port: 38109 } attrs { promote: false } } }
I20260608 09:49:03.374321 14972 catalog_manager.cc:5696] T 9340000e84ce47c3a3914fb25f4f6531 P 012d9ec46cfd4e7ea18b3bc64432031e reported cstate change: config changed from index 2 to 4, 012d9ec46cfd4e7ea18b3bc64432031e (127.11.208.4) changed from NON_VOTER to VOTER. New cstate: current_term: 2 leader_uuid: "ffb1606df58b48059b56c90e5ffa4ee3" committed_config { opid_index: 4 OBSOLETE_local: false peers { permanent_uuid: "9c1cc400d9e642c2b5676e78fba9d25f" member_type: VOTER last_known_addr { host: "127.11.208.1" port: 39167 } attrs { replace: true } } peers { permanent_uuid: "ffb1606df58b48059b56c90e5ffa4ee3" member_type: VOTER last_known_addr { host: "127.11.208.2" port: 35443 } } peers { permanent_uuid: "9f007ada3fad42bd9bc9e784bf566eea" member_type: VOTER last_known_addr { host: "127.11.208.3" port: 40777 } } peers { permanent_uuid: "012d9ec46cfd4e7ea18b3bc64432031e" member_type: VOTER last_known_addr { host: "127.11.208.4" port: 38109 } attrs { promote: false } } }
I20260608 09:49:03.393589 15152 consensus_queue.cc:237] T 9340000e84ce47c3a3914fb25f4f6531 P ffb1606df58b48059b56c90e5ffa4ee3 [LEADER]: Queue going to LEADER mode. State: All replicated index: 0, Majority replicated index: 4, Committed index: 4, Last appended: 2.4, Last appended by leader: 2, Current term: 2, Majority size: 2, State: 0, Mode: LEADER, active raft config: opid_index: 5 OBSOLETE_local: false peers { permanent_uuid: "ffb1606df58b48059b56c90e5ffa4ee3" member_type: VOTER last_known_addr { host: "127.11.208.2" port: 35443 } } peers { permanent_uuid: "9f007ada3fad42bd9bc9e784bf566eea" member_type: VOTER last_known_addr { host: "127.11.208.3" port: 40777 } } peers { permanent_uuid: "012d9ec46cfd4e7ea18b3bc64432031e" member_type: VOTER last_known_addr { host: "127.11.208.4" port: 38109 } attrs { promote: false } }
I20260608 09:49:03.399823 15376 raft_consensus.cc:1275] T 9340000e84ce47c3a3914fb25f4f6531 P 012d9ec46cfd4e7ea18b3bc64432031e [term 2 FOLLOWER]: Refusing update from remote peer ffb1606df58b48059b56c90e5ffa4ee3: Log matching property violated. Preceding OpId in replica: term: 2 index: 4. Preceding OpId from leader: term: 2 index: 5. (index mismatch)
I20260608 09:49:03.400451 15225 raft_consensus.cc:1275] T 9340000e84ce47c3a3914fb25f4f6531 P 9f007ada3fad42bd9bc9e784bf566eea [term 2 FOLLOWER]: Refusing update from remote peer ffb1606df58b48059b56c90e5ffa4ee3: Log matching property violated. Preceding OpId in replica: term: 2 index: 4. Preceding OpId from leader: term: 2 index: 5. (index mismatch)
