I20260608 09:48:44.819645 31631 consensus_queue.cc:260] T d0b7f439c08b44a480a0199815c7c6b4 P 3a4159c2657249dbb5d11e9b6d0af614 [NON_LEADER]: Queue going to NON_LEADER mode. State: All replicated index: 0, Majority replicated index: 1, Committed index: 1, Last appended: 1.1, Last appended by leader: 1, Current term: 1, Majority size: -1, State: 0, Mode: NON_LEADER, active raft config: opid_index: -1 OBSOLETE_local: false peers { permanent_uuid: "e905e29ab6544baaa732b1bb7bc73326" member_type: VOTER last_known_addr { host: "127.27.223.65" port: 34489 } } peers { permanent_uuid: "3a4159c2657249dbb5d11e9b6d0af614" member_type: VOTER last_known_addr { host: "127.27.223.66" port: 46591 } } peers { permanent_uuid: "73992c0b564e4008b55cf01480b13f68" member_type: VOTER last_known_addr { host: "127.27.223.68" port: 44247 } }
I20260608 09:48:44.821408 31631 raft_consensus.cc:3060] T d0b7f439c08b44a480a0199815c7c6b4 P 3a4159c2657249dbb5d11e9b6d0af614 [term 1 FOLLOWER]: Advancing to term 2
I20260608 09:48:44.835433 31631 raft_consensus.cc:2468] T d0b7f439c08b44a480a0199815c7c6b4 P 3a4159c2657249dbb5d11e9b6d0af614 [term 2 FOLLOWER]: Leader election vote request: Granting yes vote for candidate 73992c0b564e4008b55cf01480b13f68 in term 2.
W20260608 09:48:44.963835 31504 auto_rebalancer.cc:591] Failed to schedule move for tablet e6a4caf4d0fb4853a2e5236a266c0ffc: Illegal state: Leader has not yet committed an operation in its own term
I20260608 09:48:45.052664 31994 consensus_queue.cc:1048] T 117b39dfa8cf4c7bb53a19276df12593 P e905e29ab6544baaa732b1bb7bc73326 [LEADER]: Connected to new peer: Peer: permanent_uuid: "73992c0b564e4008b55cf01480b13f68" member_type: VOTER last_known_addr { host: "127.27.223.68" port: 44247 }, Status: LMP_MISMATCH, Last received: 0.0, Next index: 1, Last known committed idx: 0, Time since last communication: 0.000s
I20260608 09:48:45.057067 31995 ts_tablet_manager.cc:933] T 43444af4bbd040aa96798855c32ae18d P 73992c0b564e4008b55cf01480b13f68: Initiating tablet copy from peer 3a4159c2657249dbb5d11e9b6d0af614 (127.27.223.66:46591)
I20260608 09:48:45.067698 31995 tablet_copy_client.cc:323] T 43444af4bbd040aa96798855c32ae18d P 73992c0b564e4008b55cf01480b13f68: tablet copy: Beginning tablet copy session from remote peer at address 127.27.223.66:46591
I20260608 09:48:45.077224 31706 consensus_queue.cc:237] T 770875539820408fb9f7d62869012ecb P 6669072aab1e4f5d9a9deaa81c29d38d [LEADER]: Queue going to LEADER mode. State: All replicated index: 0, Majority replicated index: 1, Committed index: 1, Last appended: 1.1, Last appended by leader: 0, Current term: 1, Majority size: 2, State: 0, Mode: LEADER, active raft config: opid_index: 2 OBSOLETE_local: false peers { permanent_uuid: "e905e29ab6544baaa732b1bb7bc73326" member_type: VOTER last_known_addr { host: "127.27.223.65" port: 34489 } attrs { replace: true } } peers { permanent_uuid: "3a4159c2657249dbb5d11e9b6d0af614" member_type: VOTER last_known_addr { host: "127.27.223.66" port: 46591 } } peers { permanent_uuid: "6669072aab1e4f5d9a9deaa81c29d38d" member_type: VOTER last_known_addr { host: "127.27.223.67" port: 35175 } } peers { permanent_uuid: "73992c0b564e4008b55cf01480b13f68" member_type: NON_VOTER last_known_addr { host: "127.27.223.68" port: 44247 } attrs { promote: true } }
I20260608 09:48:45.078722 31951 consensus_queue.cc:1048] T 117b39dfa8cf4c7bb53a19276df12593 P e905e29ab6544baaa732b1bb7bc73326 [LEADER]: Connected to new peer: Peer: permanent_uuid: "6669072aab1e4f5d9a9deaa81c29d38d" member_type: VOTER last_known_addr { host: "127.27.223.67" port: 35175 }, Status: LMP_MISMATCH, Last received: 0.0, Next index: 1, Last known committed idx: 0, Time since last communication: 0.000s
I20260608 09:48:45.085914 31643 tablet_copy_service.cc:140] P 3a4159c2657249dbb5d11e9b6d0af614: Received BeginTabletCopySession request for tablet 43444af4bbd040aa96798855c32ae18d from peer 73992c0b564e4008b55cf01480b13f68 ({username='slave'} at 127.0.0.1:41490)
I20260608 09:48:45.086537 31643 tablet_copy_service.cc:161] P 3a4159c2657249dbb5d11e9b6d0af614: Beginning new tablet copy session on tablet 43444af4bbd040aa96798855c32ae18d from peer 73992c0b564e4008b55cf01480b13f68 at {username='slave'} at 127.0.0.1:41490: session id = 73992c0b564e4008b55cf01480b13f68-43444af4bbd040aa96798855c32ae18d
I20260608 09:48:45.094532 31643 tablet_copy_source_session.cc:215] T 43444af4bbd040aa96798855c32ae18d P 3a4159c2657249dbb5d11e9b6d0af614: Tablet Copy: opened 0 blocks and 1 log segments
I20260608 09:48:45.096065 31556 raft_consensus.cc:1275] T 770875539820408fb9f7d62869012ecb P e905e29ab6544baaa732b1bb7bc73326 [term 1 FOLLOWER]: Refusing update from remote peer 6669072aab1e4f5d9a9deaa81c29d38d: Log matching property violated. Preceding OpId in replica: term: 1 index: 1. Preceding OpId from leader: term: 1 index: 2. (index mismatch)
I20260608 09:48:45.097698 31990 consensus_queue.cc:1048] T 770875539820408fb9f7d62869012ecb P 6669072aab1e4f5d9a9deaa81c29d38d [LEADER]: Connected to new peer: Peer: permanent_uuid: "e905e29ab6544baaa732b1bb7bc73326" member_type: VOTER last_known_addr { host: "127.27.223.65" port: 34489 } attrs { replace: true }, Status: LMP_MISMATCH, Last received: 0.0, Next index: 2, Last known committed idx: 1, Time since last communication: 0.000s
I20260608 09:48:45.098281 31995 data_dirs.cc:400] Could only allocate 1 dirs of requested 3 for tablet 43444af4bbd040aa96798855c32ae18d. 1 dirs total, 0 dirs full, 0 dirs failed
I20260608 09:48:45.116158 31990 raft_consensus.cc:2955] T 770875539820408fb9f7d62869012ecb P 6669072aab1e4f5d9a9deaa81c29d38d [term 1 LEADER]: Committing config change with OpId 1.2: config changed from index -1 to 2, NON_VOTER 73992c0b564e4008b55cf01480b13f68 (127.27.223.68) added. New config: { opid_index: 2 OBSOLETE_local: false peers { permanent_uuid: "e905e29ab6544baaa732b1bb7bc73326" member_type: VOTER last_known_addr { host: "127.27.223.65" port: 34489 } attrs { replace: true } } peers { permanent_uuid: "3a4159c2657249dbb5d11e9b6d0af614" member_type: VOTER last_known_addr { host: "127.27.223.66" port: 46591 } } peers { permanent_uuid: "6669072aab1e4f5d9a9deaa81c29d38d" member_type: VOTER last_known_addr { host: "127.27.223.67" port: 35175 } } peers { permanent_uuid: "73992c0b564e4008b55cf01480b13f68" member_type: NON_VOTER last_known_addr { host: "127.27.223.68" port: 44247 } attrs { promote: true } } }
I20260608 09:48:45.118348 31995 tablet_copy_client.cc:806] T 43444af4bbd040aa96798855c32ae18d P 73992c0b564e4008b55cf01480b13f68: tablet copy: Starting download of 0 data blocks...
I20260608 09:48:45.118932 31995 tablet_copy_client.cc:670] T 43444af4bbd040aa96798855c32ae18d P 73992c0b564e4008b55cf01480b13f68: tablet copy: Starting download of 1 WAL segments...
I20260608 09:48:45.120618 31947 consensus_queue.cc:1048] T bc072d8aaefb43a2a753701d93b1b3af P 73992c0b564e4008b55cf01480b13f68 [LEADER]: Connected to new peer: Peer: permanent_uuid: "3a4159c2657249dbb5d11e9b6d0af614" member_type: VOTER last_known_addr { host: "127.27.223.66" port: 46591 }, Status: LMP_MISMATCH, Last received: 0.0, Next index: 1, Last known committed idx: 0, Time since last communication: 0.000s
I20260608 09:48:45.129488 31995 tablet_copy_client.cc:538] T 43444af4bbd040aa96798855c32ae18d P 73992c0b564e4008b55cf01480b13f68: tablet copy: Tablet Copy complete. Replacing tablet superblock.
I20260608 09:48:45.132663 31633 raft_consensus.cc:1275] T 770875539820408fb9f7d62869012ecb P 3a4159c2657249dbb5d11e9b6d0af614 [term 1 FOLLOWER]: Refusing update from remote peer 6669072aab1e4f5d9a9deaa81c29d38d: Log matching property violated. Preceding OpId in replica: term: 1 index: 1. Preceding OpId from leader: term: 1 index: 2. (index mismatch)
I20260608 09:48:45.134163 31556 raft_consensus.cc:2955] T 770875539820408fb9f7d62869012ecb P e905e29ab6544baaa732b1bb7bc73326 [term 1 FOLLOWER]: Committing config change with OpId 1.2: config changed from index -1 to 2, NON_VOTER 73992c0b564e4008b55cf01480b13f68 (127.27.223.68) added. New config: { opid_index: 2 OBSOLETE_local: false peers { permanent_uuid: "e905e29ab6544baaa732b1bb7bc73326" member_type: VOTER last_known_addr { host: "127.27.223.65" port: 34489 } attrs { replace: true } } peers { permanent_uuid: "3a4159c2657249dbb5d11e9b6d0af614" member_type: VOTER last_known_addr { host: "127.27.223.66" port: 46591 } } peers { permanent_uuid: "6669072aab1e4f5d9a9deaa81c29d38d" member_type: VOTER last_known_addr { host: "127.27.223.67" port: 35175 } } peers { permanent_uuid: "73992c0b564e4008b55cf01480b13f68" member_type: NON_VOTER last_known_addr { host: "127.27.223.68" port: 44247 } attrs { promote: true } } }
W20260608 09:48:45.136224 31671 consensus_peers.cc:597] T 770875539820408fb9f7d62869012ecb P 6669072aab1e4f5d9a9deaa81c29d38d -> Peer 73992c0b564e4008b55cf01480b13f68 (127.27.223.68:44247): Couldn't send request to peer 73992c0b564e4008b55cf01480b13f68. Error code: TABLET_NOT_FOUND (6). Status: Not found: Tablet not found: 770875539820408fb9f7d62869012ecb. This is attempt 1: this message will repeat every 5th retry.
I20260608 09:48:45.138553 31456 catalog_manager.cc:5696] T 65520648db9a4f2c91146272089460c5 P 6669072aab1e4f5d9a9deaa81c29d38d reported cstate change: config changed from index -1 to 2, NON_VOTER 73992c0b564e4008b55cf01480b13f68 (127.27.223.68) added. New cstate: current_term: 1 leader_uuid: "e905e29ab6544baaa732b1bb7bc73326" committed_config { opid_index: 2 OBSOLETE_local: false peers { permanent_uuid: "e905e29ab6544baaa732b1bb7bc73326" member_type: VOTER last_known_addr { host: "127.27.223.65" port: 34489 } } peers { permanent_uuid: "3a4159c2657249dbb5d11e9b6d0af614" member_type: VOTER last_known_addr { host: "127.27.223.66" port: 46591 } } peers { permanent_uuid: "6669072aab1e4f5d9a9deaa81c29d38d" member_type: VOTER last_known_addr { host: "127.27.223.67" port: 35175 } attrs { replace: true } } peers { permanent_uuid: "73992c0b564e4008b55cf01480b13f68" member_type: NON_VOTER last_known_addr { host: "127.27.223.68" port: 44247 } attrs { promote: true } } }
I20260608 09:48:45.140553 31633 raft_consensus.cc:1275] T e6a4caf4d0fb4853a2e5236a266c0ffc P 3a4159c2657249dbb5d11e9b6d0af614 [term 2 FOLLOWER]: Refusing update from remote peer 6669072aab1e4f5d9a9deaa81c29d38d: Log matching property violated. Preceding OpId in replica: term: 1 index: 1. Preceding OpId from leader: term: 2 index: 2. (index mismatch)
I20260608 09:48:45.142176 31994 raft_consensus.cc:993] T 117b39dfa8cf4c7bb53a19276df12593 P e905e29ab6544baaa732b1bb7bc73326: : Instructing follower 6669072aab1e4f5d9a9deaa81c29d38d to start an election
I20260608 09:48:45.143460 31994 raft_consensus.cc:1081] T 117b39dfa8cf4c7bb53a19276df12593 P e905e29ab6544baaa732b1bb7bc73326 [term 1 LEADER]: Signalling peer 6669072aab1e4f5d9a9deaa81c29d38d to start an election
I20260608 09:48:45.142639 31896 consensus_queue.cc:1048] T 770875539820408fb9f7d62869012ecb P 6669072aab1e4f5d9a9deaa81c29d38d [LEADER]: Connected to new peer: Peer: permanent_uuid: "3a4159c2657249dbb5d11e9b6d0af614" member_type: VOTER last_known_addr { host: "127.27.223.66" port: 46591 }, Status: LMP_MISMATCH, Last received: 0.0, Next index: 2, Last known committed idx: 1, Time since last communication: 0.001s
I20260608 09:48:45.147912 31704 tablet_service.cc:2044] Received Run Leader Election RPC: tablet_id: "117b39dfa8cf4c7bb53a19276df12593"
dest_uuid: "6669072aab1e4f5d9a9deaa81c29d38d"
 from {username='slave'} at 127.0.0.1:55456
I20260608 09:48:45.147858 31990 consensus_queue.cc:1048] T e6a4caf4d0fb4853a2e5236a266c0ffc P 6669072aab1e4f5d9a9deaa81c29d38d [LEADER]: Connected to new peer: Peer: permanent_uuid: "3a4159c2657249dbb5d11e9b6d0af614" member_type: VOTER last_known_addr { host: "127.27.223.66" port: 46591 }, Status: LMP_MISMATCH, Last received: 0.0, Next index: 2, Last known committed idx: 1, Time since last communication: 0.000s
I20260608 09:48:45.148592 31704 raft_consensus.cc:493] T 117b39dfa8cf4c7bb53a19276df12593 P 6669072aab1e4f5d9a9deaa81c29d38d [term 1 FOLLOWER]: Starting forced leader election (received explicit request)
I20260608 09:48:45.151187 31704 raft_consensus.cc:3060] T 117b39dfa8cf4c7bb53a19276df12593 P 6669072aab1e4f5d9a9deaa81c29d38d [term 1 FOLLOWER]: Advancing to term 2
I20260608 09:48:45.145949 31452 catalog_manager.cc:5696] T d0b7f439c08b44a480a0199815c7c6b4 P 73992c0b564e4008b55cf01480b13f68 reported cstate change: term changed from 1 to 2, leader changed from 3a4159c2657249dbb5d11e9b6d0af614 (127.27.223.66) to 73992c0b564e4008b55cf01480b13f68 (127.27.223.68). New cstate: current_term: 2 leader_uuid: "73992c0b564e4008b55cf01480b13f68" committed_config { opid_index: -1 OBSOLETE_local: false peers { permanent_uuid: "e905e29ab6544baaa732b1bb7bc73326" member_type: VOTER last_known_addr { host: "127.27.223.65" port: 34489 } health_report { overall_health: UNKNOWN } } peers { permanent_uuid: "3a4159c2657249dbb5d11e9b6d0af614" member_type: VOTER last_known_addr { host: "127.27.223.66" port: 46591 } health_report { overall_health: UNKNOWN } } peers { permanent_uuid: "73992c0b564e4008b55cf01480b13f68" member_type: VOTER last_known_addr { host: "127.27.223.68" port: 44247 } health_report { overall_health: HEALTHY } } }
I20260608 09:48:45.162001 31704 raft_consensus.cc:515] T 117b39dfa8cf4c7bb53a19276df12593 P 6669072aab1e4f5d9a9deaa81c29d38d [term 2 FOLLOWER]: Starting forced leader election with config: opid_index: -1 OBSOLETE_local: false peers { permanent_uuid: "73992c0b564e4008b55cf01480b13f68" member_type: VOTER last_known_addr { host: "127.27.223.68" port: 44247 } } peers { permanent_uuid: "e905e29ab6544baaa732b1bb7bc73326" member_type: VOTER last_known_addr { host: "127.27.223.65" port: 34489 } } peers { permanent_uuid: "6669072aab1e4f5d9a9deaa81c29d38d" member_type: VOTER last_known_addr { host: "127.27.223.67" port: 35175 } }
I20260608 09:48:45.165354 31858 tablet_service.cc:1917] Received RequestConsensusVote() RPC: tablet_id: "117b39dfa8cf4c7bb53a19276df12593" candidate_uuid: "6669072aab1e4f5d9a9deaa81c29d38d" candidate_term: 2 candidate_status { last_received { term: 1 index: 1 } } ignore_live_leader: true dest_uuid: "73992c0b564e4008b55cf01480b13f68"
I20260608 09:48:45.165889 31858 raft_consensus.cc:3060] T 117b39dfa8cf4c7bb53a19276df12593 P 73992c0b564e4008b55cf01480b13f68 [term 1 FOLLOWER]: Advancing to term 2
I20260608 09:48:45.160750 31556 raft_consensus.cc:1275] T e6a4caf4d0fb4853a2e5236a266c0ffc P e905e29ab6544baaa732b1bb7bc73326 [term 2 FOLLOWER]: Refusing update from remote peer 6669072aab1e4f5d9a9deaa81c29d38d: Log matching property violated. Preceding OpId in replica: term: 1 index: 1. Preceding OpId from leader: term: 2 index: 2. (index mismatch)
I20260608 09:48:45.172830 31858 raft_consensus.cc:2468] T 117b39dfa8cf4c7bb53a19276df12593 P 73992c0b564e4008b55cf01480b13f68 [term 2 FOLLOWER]: Leader election vote request: Granting yes vote for candidate 6669072aab1e4f5d9a9deaa81c29d38d in term 2.
I20260608 09:48:45.174100 31671 leader_election.cc:304] T 117b39dfa8cf4c7bb53a19276df12593 P 6669072aab1e4f5d9a9deaa81c29d38d [CANDIDATE]: Term 2 election: Election decided. Result: candidate won. Election summary: received 2 responses out of 3 voters: 2 yes votes; 0 no votes. yes voters: 6669072aab1e4f5d9a9deaa81c29d38d, 73992c0b564e4008b55cf01480b13f68; no voters: 
I20260608 09:48:45.175616 31990 raft_consensus.cc:2804] T 117b39dfa8cf4c7bb53a19276df12593 P 6669072aab1e4f5d9a9deaa81c29d38d [term 2 FOLLOWER]: Leader election won for term 2
I20260608 09:48:45.179626 31990 raft_consensus.cc:697] T 117b39dfa8cf4c7bb53a19276df12593 P 6669072aab1e4f5d9a9deaa81c29d38d [term 2 LEADER]: Becoming Leader. State: Replica: 6669072aab1e4f5d9a9deaa81c29d38d, State: Running, Role: LEADER
I20260608 09:48:45.180475 31990 consensus_queue.cc:237] T 117b39dfa8cf4c7bb53a19276df12593 P 6669072aab1e4f5d9a9deaa81c29d38d [LEADER]: Queue going to LEADER mode. State: All replicated index: 0, Majority replicated index: 1, Committed index: 1, Last appended: 1.1, Last appended by leader: 1, Current term: 2, Majority size: 2, State: 0, Mode: LEADER, active raft config: opid_index: -1 OBSOLETE_local: false peers { permanent_uuid: "73992c0b564e4008b55cf01480b13f68" member_type: VOTER last_known_addr { host: "127.27.223.68" port: 44247 } } peers { permanent_uuid: "e905e29ab6544baaa732b1bb7bc73326" member_type: VOTER last_known_addr { host: "127.27.223.65" port: 34489 } } peers { permanent_uuid: "6669072aab1e4f5d9a9deaa81c29d38d" member_type: VOTER last_known_addr { host: "127.27.223.67" port: 35175 } }
I20260608 09:48:45.174947 31896 consensus_queue.cc:1048] T e6a4caf4d0fb4853a2e5236a266c0ffc P 6669072aab1e4f5d9a9deaa81c29d38d [LEADER]: Connected to new peer: Peer: permanent_uuid: "e905e29ab6544baaa732b1bb7bc73326" member_type: VOTER last_known_addr { host: "127.27.223.65" port: 34489 }, Status: LMP_MISMATCH, Last received: 0.0, Next index: 2, Last known committed idx: 1, Time since last communication: 0.001s
I20260608 09:48:45.185045 31704 leader_election.cc:290] T 117b39dfa8cf4c7bb53a19276df12593 P 6669072aab1e4f5d9a9deaa81c29d38d [CANDIDATE]: Term 2 election: Requested vote from peers 73992c0b564e4008b55cf01480b13f68 (127.27.223.68:44247), e905e29ab6544baaa732b1bb7bc73326 (127.27.223.65:34489)
I20260608 09:48:45.194118 31555 tablet_service.cc:1917] Received RequestConsensusVote() RPC: tablet_id: "117b39dfa8cf4c7bb53a19276df12593" candidate_uuid: "6669072aab1e4f5d9a9deaa81c29d38d" candidate_term: 2 candidate_status { last_received { term: 1 index: 1 } } ignore_live_leader: true dest_uuid: "e905e29ab6544baaa732b1bb7bc73326"
I20260608 09:48:45.194938 31555 raft_consensus.cc:3055] T 117b39dfa8cf4c7bb53a19276df12593 P e905e29ab6544baaa732b1bb7bc73326 [term 1 LEADER]: Stepping down as leader of term 1
I20260608 09:48:45.195399 31555 raft_consensus.cc:740] T 117b39dfa8cf4c7bb53a19276df12593 P e905e29ab6544baaa732b1bb7bc73326 [term 1 LEADER]: Becoming Follower/Learner. State: Replica: e905e29ab6544baaa732b1bb7bc73326, State: Running, Role: LEADER
I20260608 09:48:45.196781 31555 consensus_queue.cc:260] T 117b39dfa8cf4c7bb53a19276df12593 P e905e29ab6544baaa732b1bb7bc73326 [NON_LEADER]: Queue going to NON_LEADER mode. State: All replicated index: 0, Majority replicated index: 1, Committed index: 1, Last appended: 1.1, Last appended by leader: 1, Current term: 1, Majority size: -1, State: 0, Mode: NON_LEADER, active raft config: opid_index: -1 OBSOLETE_local: false peers { permanent_uuid: "73992c0b564e4008b55cf01480b13f68" member_type: VOTER last_known_addr { host: "127.27.223.68" port: 44247 } } peers { permanent_uuid: "e905e29ab6544baaa732b1bb7bc73326" member_type: VOTER last_known_addr { host: "127.27.223.65" port: 34489 } } peers { permanent_uuid: "6669072aab1e4f5d9a9deaa81c29d38d" member_type: VOTER last_known_addr { host: "127.27.223.67" port: 35175 } }
I20260608 09:48:45.198081 31555 raft_consensus.cc:3060] T 117b39dfa8cf4c7bb53a19276df12593 P e905e29ab6544baaa732b1bb7bc73326 [term 1 FOLLOWER]: Advancing to term 2
I20260608 09:48:45.206238 31995 tablet_bootstrap.cc:492] T 43444af4bbd040aa96798855c32ae18d P 73992c0b564e4008b55cf01480b13f68: Bootstrap starting.
I20260608 09:48:45.202808 31633 raft_consensus.cc:2955] T 770875539820408fb9f7d62869012ecb P 3a4159c2657249dbb5d11e9b6d0af614 [term 1 FOLLOWER]: Committing config change with OpId 1.2: config changed from index -1 to 2, NON_VOTER 73992c0b564e4008b55cf01480b13f68 (127.27.223.68) added. New config: { opid_index: 2 OBSOLETE_local: false peers { permanent_uuid: "e905e29ab6544baaa732b1bb7bc73326" member_type: VOTER last_known_addr { host: "127.27.223.65" port: 34489 } attrs { replace: true } } peers { permanent_uuid: "3a4159c2657249dbb5d11e9b6d0af614" member_type: VOTER last_known_addr { host: "127.27.223.66" port: 46591 } } peers { permanent_uuid: "6669072aab1e4f5d9a9deaa81c29d38d" member_type: VOTER last_known_addr { host: "127.27.223.67" port: 35175 } } peers { permanent_uuid: "73992c0b564e4008b55cf01480b13f68" member_type: NON_VOTER last_known_addr { host: "127.27.223.68" port: 44247 } attrs { promote: true } } }
I20260608 09:48:45.235285 31455 catalog_manager.cc:5696] T 770875539820408fb9f7d62869012ecb P 6669072aab1e4f5d9a9deaa81c29d38d reported cstate change: config changed from index -1 to 2, NON_VOTER 73992c0b564e4008b55cf01480b13f68 (127.27.223.68) added. New cstate: current_term: 1 leader_uuid: "6669072aab1e4f5d9a9deaa81c29d38d" committed_config { opid_index: 2 OBSOLETE_local: false peers { permanent_uuid: "e905e29ab6544baaa732b1bb7bc73326" member_type: VOTER last_known_addr { host: "127.27.223.65" port: 34489 } attrs { replace: true } health_report { overall_health: HEALTHY } } peers { permanent_uuid: "3a4159c2657249dbb5d11e9b6d0af614" member_type: VOTER last_known_addr { host: "127.27.223.66" port: 46591 } health_report { overall_health: UNKNOWN } } peers { permanent_uuid: "6669072aab1e4f5d9a9deaa81c29d38d" member_type: VOTER last_known_addr { host: "127.27.223.67" port: 35175 } health_report { overall_health: HEALTHY } } peers { permanent_uuid: "73992c0b564e4008b55cf01480b13f68" member_type: NON_VOTER last_known_addr { host: "127.27.223.68" port: 44247 } attrs { promote: true } health_report { overall_health: UNKNOWN } } }
I20260608 09:48:45.226418 31555 raft_consensus.cc:2468] T 117b39dfa8cf4c7bb53a19276df12593 P e905e29ab6544baaa732b1bb7bc73326 [term 2 FOLLOWER]: Leader election vote request: Granting yes vote for candidate 6669072aab1e4f5d9a9deaa81c29d38d in term 2.
I20260608 09:48:45.265949 32006 ts_tablet_manager.cc:933] T 65520648db9a4f2c91146272089460c5 P 73992c0b564e4008b55cf01480b13f68: Initiating tablet copy from peer e905e29ab6544baaa732b1bb7bc73326 (127.27.223.65:34489)
I20260608 09:48:45.277971 32006 tablet_copy_client.cc:323] T 65520648db9a4f2c91146272089460c5 P 73992c0b564e4008b55cf01480b13f68: tablet copy: Beginning tablet copy session from remote peer at address 127.27.223.65:34489
I20260608 09:48:45.279844 31568 tablet_copy_service.cc:140] P e905e29ab6544baaa732b1bb7bc73326: Received BeginTabletCopySession request for tablet 65520648db9a4f2c91146272089460c5 from peer 73992c0b564e4008b55cf01480b13f68 ({username='slave'} at 127.0.0.1:55328)
I20260608 09:48:45.280392 31568 tablet_copy_service.cc:161] P e905e29ab6544baaa732b1bb7bc73326: Beginning new tablet copy session on tablet 65520648db9a4f2c91146272089460c5 from peer 73992c0b564e4008b55cf01480b13f68 at {username='slave'} at 127.0.0.1:55328: session id = 73992c0b564e4008b55cf01480b13f68-65520648db9a4f2c91146272089460c5
I20260608 09:48:45.295130 31568 tablet_copy_source_session.cc:215] T 65520648db9a4f2c91146272089460c5 P e905e29ab6544baaa732b1bb7bc73326: Tablet Copy: opened 0 blocks and 1 log segments
I20260608 09:48:45.299041 32006 data_dirs.cc:400] Could only allocate 1 dirs of requested 3 for tablet 65520648db9a4f2c91146272089460c5. 1 dirs total, 0 dirs full, 0 dirs failed
I20260608 09:48:45.324940 32006 tablet_copy_client.cc:806] T 65520648db9a4f2c91146272089460c5 P 73992c0b564e4008b55cf01480b13f68: tablet copy: Starting download of 0 data blocks...
I20260608 09:48:45.327248 32006 tablet_copy_client.cc:670] T 65520648db9a4f2c91146272089460c5 P 73992c0b564e4008b55cf01480b13f68: tablet copy: Starting download of 1 WAL segments...
I20260608 09:48:45.330693 32006 tablet_copy_client.cc:538] T 65520648db9a4f2c91146272089460c5 P 73992c0b564e4008b55cf01480b13f68: tablet copy: Tablet Copy complete. Replacing tablet superblock.
I20260608 09:48:45.338665 32006 tablet_bootstrap.cc:492] T 65520648db9a4f2c91146272089460c5 P 73992c0b564e4008b55cf01480b13f68: Bootstrap starting.
I20260608 09:48:45.342311 31995 tablet_bootstrap.cc:492] T 43444af4bbd040aa96798855c32ae18d P 73992c0b564e4008b55cf01480b13f68: Bootstrap replayed 1/1 log segments. Stats: ops{read=2 overwritten=0 applied=2 ignored=0} inserts{seen=0 ignored=0} mutations{seen=0 ignored=0} orphaned_commits=0. Pending: 0 replicates
I20260608 09:48:45.343307 31995 tablet_bootstrap.cc:492] T 43444af4bbd040aa96798855c32ae18d P 73992c0b564e4008b55cf01480b13f68: Bootstrap complete.
I20260608 09:48:45.343966 31995 ts_tablet_manager.cc:1403] T 43444af4bbd040aa96798855c32ae18d P 73992c0b564e4008b55cf01480b13f68: Time spent bootstrapping tablet: real 0.138s	user 0.035s	sys 0.031s
I20260608 09:48:45.348104 31995 raft_consensus.cc:359] T 43444af4bbd040aa96798855c32ae18d P 73992c0b564e4008b55cf01480b13f68 [term 1 LEARNER]: Replica starting. Triggering 0 pending ops. Active config: opid_index: 2 OBSOLETE_local: false peers { permanent_uuid: "e905e29ab6544baaa732b1bb7bc73326" member_type: VOTER last_known_addr { host: "127.27.223.65" port: 34489 } attrs { replace: true } } peers { permanent_uuid: "3a4159c2657249dbb5d11e9b6d0af614" member_type: VOTER last_known_addr { host: "127.27.223.66" port: 46591 } } peers { permanent_uuid: "6669072aab1e4f5d9a9deaa81c29d38d" member_type: VOTER last_known_addr { host: "127.27.223.67" port: 35175 } } peers { permanent_uuid: "73992c0b564e4008b55cf01480b13f68" member_type: NON_VOTER last_known_addr { host: "127.27.223.68" port: 44247 } attrs { promote: true } }
I20260608 09:48:45.348897 31995 raft_consensus.cc:740] T 43444af4bbd040aa96798855c32ae18d P 73992c0b564e4008b55cf01480b13f68 [term 1 LEARNER]: Becoming Follower/Learner. State: Replica: 73992c0b564e4008b55cf01480b13f68, State: Initialized, Role: LEARNER
I20260608 09:48:45.352756 31995 consensus_queue.cc:260] T 43444af4bbd040aa96798855c32ae18d P 73992c0b564e4008b55cf01480b13f68 [NON_LEADER]: Queue going to NON_LEADER mode. State: All replicated index: 0, Majority replicated index: 0, Committed index: 2, Last appended: 1.2, Last appended by leader: 2, Current term: 0, Majority size: -1, State: 0, Mode: NON_LEADER, active raft config: opid_index: 2 OBSOLETE_local: false peers { permanent_uuid: "e905e29ab6544baaa732b1bb7bc73326" member_type: VOTER last_known_addr { host: "127.27.223.65" port: 34489 } attrs { replace: true } } peers { permanent_uuid: "3a4159c2657249dbb5d11e9b6d0af614" member_type: VOTER last_known_addr { host: "127.27.223.66" port: 46591 } } peers { permanent_uuid: "6669072aab1e4f5d9a9deaa81c29d38d" member_type: VOTER last_known_addr { host: "127.27.223.67" port: 35175 } } peers { permanent_uuid: "73992c0b564e4008b55cf01480b13f68" member_type: NON_VOTER last_known_addr { host: "127.27.223.68" port: 44247 } attrs { promote: true } }
I20260608 09:48:45.362807 31995 ts_tablet_manager.cc:1434] T 43444af4bbd040aa96798855c32ae18d P 73992c0b564e4008b55cf01480b13f68: Time spent starting tablet: real 0.018s	user 0.005s	sys 0.001s
I20260608 09:48:45.362268 31455 catalog_manager.cc:5696] T 117b39dfa8cf4c7bb53a19276df12593 P 6669072aab1e4f5d9a9deaa81c29d38d reported cstate change: term changed from 1 to 2, leader changed from e905e29ab6544baaa732b1bb7bc73326 (127.27.223.65) to 6669072aab1e4f5d9a9deaa81c29d38d (127.27.223.67). New cstate: current_term: 2 leader_uuid: "6669072aab1e4f5d9a9deaa81c29d38d" committed_config { opid_index: -1 OBSOLETE_local: false peers { permanent_uuid: "73992c0b564e4008b55cf01480b13f68" member_type: VOTER last_known_addr { host: "127.27.223.68" port: 44247 } health_report { overall_health: UNKNOWN } } peers { permanent_uuid: "e905e29ab6544baaa732b1bb7bc73326" member_type: VOTER last_known_addr { host: "127.27.223.65" port: 34489 } health_report { overall_health: UNKNOWN } } peers { permanent_uuid: "6669072aab1e4f5d9a9deaa81c29d38d" member_type: VOTER last_known_addr { host: "127.27.223.67" port: 35175 } health_report { overall_health: HEALTHY } } }
I20260608 09:48:45.365422 31633 raft_consensus.cc:1275] T d0b7f439c08b44a480a0199815c7c6b4 P 3a4159c2657249dbb5d11e9b6d0af614 [term 2 FOLLOWER]: Refusing update from remote peer 73992c0b564e4008b55cf01480b13f68: Log matching property violated. Preceding OpId in replica: term: 1 index: 1. Preceding OpId from leader: term: 2 index: 2. (index mismatch)
I20260608 09:48:45.362864 32006 tablet_bootstrap.cc:492] T 65520648db9a4f2c91146272089460c5 P 73992c0b564e4008b55cf01480b13f68: Bootstrap replayed 1/1 log segments. Stats: ops{read=2 overwritten=0 applied=2 ignored=0} inserts{seen=0 ignored=0} mutations{seen=0 ignored=0} orphaned_commits=0. Pending: 0 replicates
I20260608 09:48:45.367614 32006 tablet_bootstrap.cc:492] T 65520648db9a4f2c91146272089460c5 P 73992c0b564e4008b55cf01480b13f68: Bootstrap complete.
I20260608 09:48:45.368423 32006 ts_tablet_manager.cc:1403] T 65520648db9a4f2c91146272089460c5 P 73992c0b564e4008b55cf01480b13f68: Time spent bootstrapping tablet: real 0.030s	user 0.017s	sys 0.010s
I20260608 09:48:45.370334 31950 consensus_queue.cc:1048] T d0b7f439c08b44a480a0199815c7c6b4 P 73992c0b564e4008b55cf01480b13f68 [LEADER]: Connected to new peer: Peer: permanent_uuid: "3a4159c2657249dbb5d11e9b6d0af614" member_type: VOTER last_known_addr { host: "127.27.223.66" port: 46591 }, Status: LMP_MISMATCH, Last received: 0.0, Next index: 2, Last known committed idx: 1, Time since last communication: 0.000s
I20260608 09:48:45.370890 31643 tablet_copy_service.cc:342] P 3a4159c2657249dbb5d11e9b6d0af614: Request end of tablet copy session 73992c0b564e4008b55cf01480b13f68-43444af4bbd040aa96798855c32ae18d received from {username='slave'} at 127.0.0.1:41490
I20260608 09:48:45.371308 31643 tablet_copy_service.cc:434] P 3a4159c2657249dbb5d11e9b6d0af614: ending tablet copy session 73992c0b564e4008b55cf01480b13f68-43444af4bbd040aa96798855c32ae18d on tablet 43444af4bbd040aa96798855c32ae18d with peer 73992c0b564e4008b55cf01480b13f68
I20260608 09:48:45.375764 32006 raft_consensus.cc:359] T 65520648db9a4f2c91146272089460c5 P 73992c0b564e4008b55cf01480b13f68 [term 1 LEARNER]: Replica starting. Triggering 0 pending ops. Active config: opid_index: 2 OBSOLETE_local: false peers { permanent_uuid: "e905e29ab6544baaa732b1bb7bc73326" member_type: VOTER last_known_addr { host: "127.27.223.65" port: 34489 } } peers { permanent_uuid: "3a4159c2657249dbb5d11e9b6d0af614" member_type: VOTER last_known_addr { host: "127.27.223.66" port: 46591 } } peers { permanent_uuid: "6669072aab1e4f5d9a9deaa81c29d38d" member_type: VOTER last_known_addr { host: "127.27.223.67" port: 35175 } attrs { replace: true } } peers { permanent_uuid: "73992c0b564e4008b55cf01480b13f68" member_type: NON_VOTER last_known_addr { host: "127.27.223.68" port: 44247 } attrs { promote: true } }
I20260608 09:48:45.376722 32006 raft_consensus.cc:740] T 65520648db9a4f2c91146272089460c5 P 73992c0b564e4008b55cf01480b13f68 [term 1 LEARNER]: Becoming Follower/Learner. State: Replica: 73992c0b564e4008b55cf01480b13f68, State: Initialized, Role: LEARNER
I20260608 09:48:45.377609 32006 consensus_queue.cc:260] T 65520648db9a4f2c91146272089460c5 P 73992c0b564e4008b55cf01480b13f68 [NON_LEADER]: Queue going to NON_LEADER mode. State: All replicated index: 0, Majority replicated index: 0, Committed index: 2, Last appended: 1.2, Last appended by leader: 2, Current term: 0, Majority size: -1, State: 0, Mode: NON_LEADER, active raft config: opid_index: 2 OBSOLETE_local: false peers { permanent_uuid: "e905e29ab6544baaa732b1bb7bc73326" member_type: VOTER last_known_addr { host: "127.27.223.65" port: 34489 } } peers { permanent_uuid: "3a4159c2657249dbb5d11e9b6d0af614" member_type: VOTER last_known_addr { host: "127.27.223.66" port: 46591 } } peers { permanent_uuid: "6669072aab1e4f5d9a9deaa81c29d38d" member_type: VOTER last_known_addr { host: "127.27.223.67" port: 35175 } attrs { replace: true } } peers { permanent_uuid: "73992c0b564e4008b55cf01480b13f68" member_type: NON_VOTER last_known_addr { host: "127.27.223.68" port: 44247 } attrs { promote: true } }
I20260608 09:48:45.380393 32006 ts_tablet_manager.cc:1434] T 65520648db9a4f2c91146272089460c5 P 73992c0b564e4008b55cf01480b13f68: Time spent starting tablet: real 0.012s	user 0.006s	sys 0.001s
I20260608 09:48:45.382663 31568 tablet_copy_service.cc:342] P e905e29ab6544baaa732b1bb7bc73326: Request end of tablet copy session 73992c0b564e4008b55cf01480b13f68-65520648db9a4f2c91146272089460c5 received from {username='slave'} at 127.0.0.1:55328
I20260608 09:48:45.383075 31568 tablet_copy_service.cc:434] P e905e29ab6544baaa732b1bb7bc73326: ending tablet copy session 73992c0b564e4008b55cf01480b13f68-65520648db9a4f2c91146272089460c5 on tablet 65520648db9a4f2c91146272089460c5 with peer 73992c0b564e4008b55cf01480b13f68
I20260608 09:48:45.386700 31555 raft_consensus.cc:1275] T d0b7f439c08b44a480a0199815c7c6b4 P e905e29ab6544baaa732b1bb7bc73326 [term 2 FOLLOWER]: Refusing update from remote peer 73992c0b564e4008b55cf01480b13f68: Log matching property violated. Preceding OpId in replica: term: 1 index: 1. Preceding OpId from leader: term: 2 index: 2. (index mismatch)
I20260608 09:48:45.388818 31947 consensus_queue.cc:1048] T d0b7f439c08b44a480a0199815c7c6b4 P 73992c0b564e4008b55cf01480b13f68 [LEADER]: Connected to new peer: Peer: permanent_uuid: "e905e29ab6544baaa732b1bb7bc73326" member_type: VOTER last_known_addr { host: "127.27.223.65" port: 34489 }, Status: LMP_MISMATCH, Last received: 0.0, Next index: 2, Last known committed idx: 1, Time since last communication: 0.000s
I20260608 09:48:45.584218 31858 raft_consensus.cc:1217] T 43444af4bbd040aa96798855c32ae18d P 73992c0b564e4008b55cf01480b13f68 [term 1 LEARNER]: Deduplicated request from leader. Original: 1.1->[1.2-1.2]   Dedup: 1.2->[]
I20260608 09:48:45.589146 31858 raft_consensus.cc:1275] T 117b39dfa8cf4c7bb53a19276df12593 P 73992c0b564e4008b55cf01480b13f68 [term 2 FOLLOWER]: Refusing update from remote peer 6669072aab1e4f5d9a9deaa81c29d38d: Log matching property violated. Preceding OpId in replica: term: 1 index: 1. Preceding OpId from leader: term: 2 index: 2. (index mismatch)
I20260608 09:48:45.590848 32005 consensus_queue.cc:1048] T 117b39dfa8cf4c7bb53a19276df12593 P 6669072aab1e4f5d9a9deaa81c29d38d [LEADER]: Connected to new peer: Peer: permanent_uuid: "73992c0b564e4008b55cf01480b13f68" member_type: VOTER last_known_addr { host: "127.27.223.68" port: 44247 }, Status: LMP_MISMATCH, Last received: 0.0, Next index: 2, Last known committed idx: 1, Time since last communication: 0.000s
I20260608 09:48:45.603971 31555 raft_consensus.cc:1275] T 117b39dfa8cf4c7bb53a19276df12593 P e905e29ab6544baaa732b1bb7bc73326 [term 2 FOLLOWER]: Refusing update from remote peer 6669072aab1e4f5d9a9deaa81c29d38d: Log matching property violated. Preceding OpId in replica: term: 1 index: 1. Preceding OpId from leader: term: 2 index: 2. (index mismatch)
I20260608 09:48:45.606333 31896 consensus_queue.cc:1048] T 117b39dfa8cf4c7bb53a19276df12593 P 6669072aab1e4f5d9a9deaa81c29d38d [LEADER]: Connected to new peer: Peer: permanent_uuid: "e905e29ab6544baaa732b1bb7bc73326" member_type: VOTER last_known_addr { host: "127.27.223.65" port: 34489 }, Status: LMP_MISMATCH, Last received: 0.0, Next index: 2, Last known committed idx: 1, Time since last communication: 0.000s
I20260608 09:48:45.616886 31854 raft_consensus.cc:1217] T 65520648db9a4f2c91146272089460c5 P 73992c0b564e4008b55cf01480b13f68 [term 1 LEARNER]: Deduplicated request from leader. Original: 1.1->[1.2-1.2]   Dedup: 1.2->[]
I20260608 09:48:45.675693 32006 ts_tablet_manager.cc:933] T 770875539820408fb9f7d62869012ecb P 73992c0b564e4008b55cf01480b13f68: Initiating tablet copy from peer 6669072aab1e4f5d9a9deaa81c29d38d (127.27.223.67:35175)
I20260608 09:48:45.677412 32006 tablet_copy_client.cc:323] T 770875539820408fb9f7d62869012ecb P 73992c0b564e4008b55cf01480b13f68: tablet copy: Beginning tablet copy session from remote peer at address 127.27.223.67:35175
I20260608 09:48:45.679163 31717 tablet_copy_service.cc:140] P 6669072aab1e4f5d9a9deaa81c29d38d: Received BeginTabletCopySession request for tablet 770875539820408fb9f7d62869012ecb from peer 73992c0b564e4008b55cf01480b13f68 ({username='slave'} at 127.0.0.1:55468)
I20260608 09:48:45.679668 31717 tablet_copy_service.cc:161] P 6669072aab1e4f5d9a9deaa81c29d38d: Beginning new tablet copy session on tablet 770875539820408fb9f7d62869012ecb from peer 73992c0b564e4008b55cf01480b13f68 at {username='slave'} at 127.0.0.1:55468: session id = 73992c0b564e4008b55cf01480b13f68-770875539820408fb9f7d62869012ecb
I20260608 09:48:45.685562 31717 tablet_copy_source_session.cc:215] T 770875539820408fb9f7d62869012ecb P 6669072aab1e4f5d9a9deaa81c29d38d: Tablet Copy: opened 0 blocks and 1 log segments
I20260608 09:48:45.688426 32006 data_dirs.cc:400] Could only allocate 1 dirs of requested 3 for tablet 770875539820408fb9f7d62869012ecb. 1 dirs total, 0 dirs full, 0 dirs failed
I20260608 09:48:45.703418 32006 tablet_copy_client.cc:806] T 770875539820408fb9f7d62869012ecb P 73992c0b564e4008b55cf01480b13f68: tablet copy: Starting download of 0 data blocks...
I20260608 09:48:45.704027 32006 tablet_copy_client.cc:670] T 770875539820408fb9f7d62869012ecb P 73992c0b564e4008b55cf01480b13f68: tablet copy: Starting download of 1 WAL segments...
I20260608 09:48:45.707350 32006 tablet_copy_client.cc:538] T 770875539820408fb9f7d62869012ecb P 73992c0b564e4008b55cf01480b13f68: tablet copy: Tablet Copy complete. Replacing tablet superblock.
I20260608 09:48:45.715517 32006 tablet_bootstrap.cc:492] T 770875539820408fb9f7d62869012ecb P 73992c0b564e4008b55cf01480b13f68: Bootstrap starting.
I20260608 09:48:45.735875 32006 tablet_bootstrap.cc:492] T 770875539820408fb9f7d62869012ecb P 73992c0b564e4008b55cf01480b13f68: Bootstrap replayed 1/1 log segments. Stats: ops{read=2 overwritten=0 applied=2 ignored=0} inserts{seen=0 ignored=0} mutations{seen=0 ignored=0} orphaned_commits=0. Pending: 0 replicates
I20260608 09:48:45.736806 32006 tablet_bootstrap.cc:492] T 770875539820408fb9f7d62869012ecb P 73992c0b564e4008b55cf01480b13f68: Bootstrap complete.
I20260608 09:48:45.737480 32006 ts_tablet_manager.cc:1403] T 770875539820408fb9f7d62869012ecb P 73992c0b564e4008b55cf01480b13f68: Time spent bootstrapping tablet: real 0.022s	user 0.019s	sys 0.000s
I20260608 09:48:45.740489 32006 raft_consensus.cc:359] T 770875539820408fb9f7d62869012ecb P 73992c0b564e4008b55cf01480b13f68 [term 1 LEARNER]: Replica starting. Triggering 0 pending ops. Active config: opid_index: 2 OBSOLETE_local: false peers { permanent_uuid: "e905e29ab6544baaa732b1bb7bc73326" member_type: VOTER last_known_addr { host: "127.27.223.65" port: 34489 } attrs { replace: true } } peers { permanent_uuid: "3a4159c2657249dbb5d11e9b6d0af614" member_type: VOTER last_known_addr { host: "127.27.223.66" port: 46591 } } peers { permanent_uuid: "6669072aab1e4f5d9a9deaa81c29d38d" member_type: VOTER last_known_addr { host: "127.27.223.67" port: 35175 } } peers { permanent_uuid: "73992c0b564e4008b55cf01480b13f68" member_type: NON_VOTER last_known_addr { host: "127.27.223.68" port: 44247 } attrs { promote: true } }
I20260608 09:48:45.741317 32006 raft_consensus.cc:740] T 770875539820408fb9f7d62869012ecb P 73992c0b564e4008b55cf01480b13f68 [term 1 LEARNER]: Becoming Follower/Learner. State: Replica: 73992c0b564e4008b55cf01480b13f68, State: Initialized, Role: LEARNER
I20260608 09:48:45.741962 32006 consensus_queue.cc:260] T 770875539820408fb9f7d62869012ecb P 73992c0b564e4008b55cf01480b13f68 [NON_LEADER]: Queue going to NON_LEADER mode. State: All replicated index: 0, Majority replicated index: 0, Committed index: 2, Last appended: 1.2, Last appended by leader: 2, Current term: 0, Majority size: -1, State: 0, Mode: NON_LEADER, active raft config: opid_index: 2 OBSOLETE_local: false peers { permanent_uuid: "e905e29ab6544baaa732b1bb7bc73326" member_type: VOTER last_known_addr { host: "127.27.223.65" port: 34489 } attrs { replace: true } } peers { permanent_uuid: "3a4159c2657249dbb5d11e9b6d0af614" member_type: VOTER last_known_addr { host: "127.27.223.66" port: 46591 } } peers { permanent_uuid: "6669072aab1e4f5d9a9deaa81c29d38d" member_type: VOTER last_known_addr { host: "127.27.223.67" port: 35175 } } peers { permanent_uuid: "73992c0b564e4008b55cf01480b13f68" member_type: NON_VOTER last_known_addr { host: "127.27.223.68" port: 44247 } attrs { promote: true } }
I20260608 09:48:45.744581 32006 ts_tablet_manager.cc:1434] T 770875539820408fb9f7d62869012ecb P 73992c0b564e4008b55cf01480b13f68: Time spent starting tablet: real 0.007s	user 0.008s	sys 0.000s
I20260608 09:48:45.746815 31717 tablet_copy_service.cc:342] P 6669072aab1e4f5d9a9deaa81c29d38d: Request end of tablet copy session 73992c0b564e4008b55cf01480b13f68-770875539820408fb9f7d62869012ecb received from {username='slave'} at 127.0.0.1:55468
I20260608 09:48:45.747191 31717 tablet_copy_service.cc:434] P 6669072aab1e4f5d9a9deaa81c29d38d: ending tablet copy session 73992c0b564e4008b55cf01480b13f68-770875539820408fb9f7d62869012ecb on tablet 770875539820408fb9f7d62869012ecb with peer 73992c0b564e4008b55cf01480b13f68
W20260608 09:48:45.896445 31487 debug-util.cc:398] Leaking SignalData structure 0x7b08000aeac0 after lost signal to thread 28544
W20260608 09:48:45.897634 31487 debug-util.cc:398] Leaking SignalData structure 0x7b08000e6260 after lost signal to thread 31490
W20260608 09:48:45.898845 31487 debug-util.cc:398] Leaking SignalData structure 0x7b0800263660 after lost signal to thread 31582
W20260608 09:48:45.899968 31487 debug-util.cc:398] Leaking SignalData structure 0x7b0800261a80 after lost signal to thread 31657
W20260608 09:48:45.901026 31487 debug-util.cc:398] Leaking SignalData structure 0x7b0800075920 after lost signal to thread 31731
W20260608 09:48:45.902169 31487 debug-util.cc:398] Leaking SignalData structure 0x7b08001a2f40 after lost signal to thread 31882
I20260608 09:48:46.144490 31948 raft_consensus.cc:1064] T 43444af4bbd040aa96798855c32ae18d P 3a4159c2657249dbb5d11e9b6d0af614: attempting to promote NON_VOTER 73992c0b564e4008b55cf01480b13f68 to VOTER
I20260608 09:48:46.146400 31948 consensus_queue.cc:237] T 43444af4bbd040aa96798855c32ae18d P 3a4159c2657249dbb5d11e9b6d0af614 [LEADER]: Queue going to LEADER mode. State: All replicated index: 0, Majority replicated index: 2, Committed index: 2, Last appended: 1.2, Last appended by leader: 0, Current term: 1, Majority size: 3, State: 0, Mode: LEADER, active raft config: opid_index: 3 OBSOLETE_local: false peers { permanent_uuid: "e905e29ab6544baaa732b1bb7bc73326" member_type: VOTER last_known_addr { host: "127.27.223.65" port: 34489 } attrs { replace: true } } peers { permanent_uuid: "3a4159c2657249dbb5d11e9b6d0af614" member_type: VOTER last_known_addr { host: "127.27.223.66" port: 46591 } } peers { permanent_uuid: "6669072aab1e4f5d9a9deaa81c29d38d" member_type: VOTER last_known_addr { host: "127.27.223.67" port: 35175 } } peers { permanent_uuid: "73992c0b564e4008b55cf01480b13f68" member_type: VOTER last_known_addr { host: "127.27.223.68" port: 44247 } attrs { promote: false } }
I20260608 09:48:46.153235 31854 raft_consensus.cc:1275] T 43444af4bbd040aa96798855c32ae18d P 73992c0b564e4008b55cf01480b13f68 [term 1 LEARNER]: Refusing update from remote peer 3a4159c2657249dbb5d11e9b6d0af614: Log matching property violated. Preceding OpId in replica: term: 1 index: 2. Preceding OpId from leader: term: 1 index: 3. (index mismatch)
I20260608 09:48:46.155638 31704 raft_consensus.cc:1275] T 43444af4bbd040aa96798855c32ae18d P 6669072aab1e4f5d9a9deaa81c29d38d [term 1 FOLLOWER]: Refusing update from remote peer 3a4159c2657249dbb5d11e9b6d0af614: Log matching property violated. Preceding OpId in replica: term: 1 index: 2. Preceding OpId from leader: term: 1 index: 3. (index mismatch)
I20260608 09:48:46.158756 32014 consensus_queue.cc:1048] T 43444af4bbd040aa96798855c32ae18d P 3a4159c2657249dbb5d11e9b6d0af614 [LEADER]: Connected to new peer: Peer: permanent_uuid: "73992c0b564e4008b55cf01480b13f68" member_type: VOTER last_known_addr { host: "127.27.223.68" port: 44247 } attrs { promote: false }, Status: LMP_MISMATCH, Last received: 0.0, Next index: 3, Last known committed idx: 2, Time since last communication: 0.053s
I20260608 09:48:46.220534 32017 consensus_queue.cc:1048] T 43444af4bbd040aa96798855c32ae18d P 3a4159c2657249dbb5d11e9b6d0af614 [LEADER]: Connected to new peer: Peer: permanent_uuid: "6669072aab1e4f5d9a9deaa81c29d38d" member_type: VOTER last_known_addr { host: "127.27.223.67" port: 35175 }, Status: LMP_MISMATCH, Last received: 0.0, Next index: 3, Last known committed idx: 2, Time since last communication: 0.000s
I20260608 09:48:46.247802 31555 raft_consensus.cc:1275] T 43444af4bbd040aa96798855c32ae18d P e905e29ab6544baaa732b1bb7bc73326 [term 1 FOLLOWER]: Refusing update from remote peer 3a4159c2657249dbb5d11e9b6d0af614: Log matching property violated. Preceding OpId in replica: term: 1 index: 2. Preceding OpId from leader: term: 1 index: 3. (index mismatch)
I20260608 09:48:46.251310 32014 consensus_queue.cc:1048] T 43444af4bbd040aa96798855c32ae18d P 3a4159c2657249dbb5d11e9b6d0af614 [LEADER]: Connected to new peer: Peer: permanent_uuid: "e905e29ab6544baaa732b1bb7bc73326" member_type: VOTER last_known_addr { host: "127.27.223.65" port: 34489 } attrs { replace: true }, Status: LMP_MISMATCH, Last received: 0.0, Next index: 3, Last known committed idx: 2, Time since last communication: 0.002s
W20260608 09:48:46.252729 31673 outbound_call.cc:321] RPC callback for RPC call kudu.consensus.ConsensusService.UpdateConsensus -> {remote=127.27.223.65:34489, user_credentials={real_user=slave}} blocked reactor thread for 82417.1us
I20260608 09:48:46.261812 31854 raft_consensus.cc:1217] T 770875539820408fb9f7d62869012ecb P 73992c0b564e4008b55cf01480b13f68 [term 1 LEARNER]: Deduplicated request from leader. Original: 1.1->[1.2-1.2]   Dedup: 1.2->[]
I20260608 09:48:46.275688 32012 raft_consensus.cc:2955] T 43444af4bbd040aa96798855c32ae18d P 3a4159c2657249dbb5d11e9b6d0af614 [term 1 LEADER]: Committing config change with OpId 1.3: config changed from index 2 to 3, 73992c0b564e4008b55cf01480b13f68 (127.27.223.68) changed from NON_VOTER to VOTER. New config: { opid_index: 3 OBSOLETE_local: false peers { permanent_uuid: "e905e29ab6544baaa732b1bb7bc73326" member_type: VOTER last_known_addr { host: "127.27.223.65" port: 34489 } attrs { replace: true } } peers { permanent_uuid: "3a4159c2657249dbb5d11e9b6d0af614" member_type: VOTER last_known_addr { host: "127.27.223.66" port: 46591 } } peers { permanent_uuid: "6669072aab1e4f5d9a9deaa81c29d38d" member_type: VOTER last_known_addr { host: "127.27.223.67" port: 35175 } } peers { permanent_uuid: "73992c0b564e4008b55cf01480b13f68" member_type: VOTER last_known_addr { host: "127.27.223.68" port: 44247 } attrs { promote: false } } }
I20260608 09:48:46.279074 32021 raft_consensus.cc:1064] T 65520648db9a4f2c91146272089460c5 P e905e29ab6544baaa732b1bb7bc73326: attempting to promote NON_VOTER 73992c0b564e4008b55cf01480b13f68 to VOTER
I20260608 09:48:46.284148 32021 consensus_queue.cc:237] T 65520648db9a4f2c91146272089460c5 P e905e29ab6544baaa732b1bb7bc73326 [LEADER]: Queue going to LEADER mode. State: All replicated index: 0, Majority replicated index: 2, Committed index: 2, Last appended: 1.2, Last appended by leader: 0, Current term: 1, Majority size: 3, State: 0, Mode: LEADER, active raft config: opid_index: 3 OBSOLETE_local: false peers { permanent_uuid: "e905e29ab6544baaa732b1bb7bc73326" member_type: VOTER last_known_addr { host: "127.27.223.65" port: 34489 } } peers { permanent_uuid: "3a4159c2657249dbb5d11e9b6d0af614" member_type: VOTER last_known_addr { host: "127.27.223.66" port: 46591 } } peers { permanent_uuid: "6669072aab1e4f5d9a9deaa81c29d38d" member_type: VOTER last_known_addr { host: "127.27.223.67" port: 35175 } attrs { replace: true } } peers { permanent_uuid: "73992c0b564e4008b55cf01480b13f68" member_type: VOTER last_known_addr { host: "127.27.223.68" port: 44247 } attrs { promote: false } }
I20260608 09:48:46.294387 31555 raft_consensus.cc:2955] T 43444af4bbd040aa96798855c32ae18d P e905e29ab6544baaa732b1bb7bc73326 [term 1 FOLLOWER]: Committing config change with OpId 1.3: config changed from index 2 to 3, 73992c0b564e4008b55cf01480b13f68 (127.27.223.68) changed from NON_VOTER to VOTER. New config: { opid_index: 3 OBSOLETE_local: false peers { permanent_uuid: "e905e29ab6544baaa732b1bb7bc73326" member_type: VOTER last_known_addr { host: "127.27.223.65" port: 34489 } attrs { replace: true } } peers { permanent_uuid: "3a4159c2657249dbb5d11e9b6d0af614" member_type: VOTER last_known_addr { host: "127.27.223.66" port: 46591 } } peers { permanent_uuid: "6669072aab1e4f5d9a9deaa81c29d38d" member_type: VOTER last_known_addr { host: "127.27.223.67" port: 35175 } } peers { permanent_uuid: "73992c0b564e4008b55cf01480b13f68" member_type: VOTER last_known_addr { host: "127.27.223.68" port: 44247 } attrs { promote: false } } }
I20260608 09:48:46.310592 31854 raft_consensus.cc:2955] T 43444af4bbd040aa96798855c32ae18d P 73992c0b564e4008b55cf01480b13f68 [term 1 FOLLOWER]: Committing config change with OpId 1.3: config changed from index 2 to 3, 73992c0b564e4008b55cf01480b13f68 (127.27.223.68) changed from NON_VOTER to VOTER. New config: { opid_index: 3 OBSOLETE_local: false peers { permanent_uuid: "e905e29ab6544baaa732b1bb7bc73326" member_type: VOTER last_known_addr { host: "127.27.223.65" port: 34489 } attrs { replace: true } } peers { permanent_uuid: "3a4159c2657249dbb5d11e9b6d0af614" member_type: VOTER last_known_addr { host: "127.27.223.66" port: 46591 } } peers { permanent_uuid: "6669072aab1e4f5d9a9deaa81c29d38d" member_type: VOTER last_known_addr { host: "127.27.223.67" port: 35175 } } peers { permanent_uuid: "73992c0b564e4008b55cf01480b13f68" member_type: VOTER last_known_addr { host: "127.27.223.68" port: 44247 } attrs { promote: false } } }
I20260608 09:48:46.313432 31858 raft_consensus.cc:1275] T 65520648db9a4f2c91146272089460c5 P 73992c0b564e4008b55cf01480b13f68 [term 1 LEARNER]: Refusing update from remote peer e905e29ab6544baaa732b1bb7bc73326: Log matching property violated. Preceding OpId in replica: term: 1 index: 2. Preceding OpId from leader: term: 1 index: 3. (index mismatch)
