I20260608 09:48:41.067445   718 consensus_queue.cc:260] T 3427f39576e24d869de96fefbfa149ae P d64086031e9f4f29b8005d085c9bcf30 [NON_LEADER]: Queue going to NON_LEADER mode. State: All replicated index: 0, Majority replicated index: 0, Committed index: 0, Last appended: 0.0, Last appended by leader: 0, Current term: 0, Majority size: -1, State: 0, Mode: NON_LEADER, active raft config: opid_index: -1 OBSOLETE_local: false peers { permanent_uuid: "3ab9ed52141948b8a3e1d8401670e123" member_type: VOTER last_known_addr { host: "127.29.162.1" port: 36385 } } peers { permanent_uuid: "33c1daac63e7463f82ecc158582a450d" member_type: VOTER last_known_addr { host: "127.29.162.2" port: 36741 } } peers { permanent_uuid: "d64086031e9f4f29b8005d085c9bcf30" member_type: VOTER last_known_addr { host: "127.29.162.3" port: 34521 } }
I20260608 09:48:41.071823   673 tablet_service.cc:1917] Received RequestConsensusVote() RPC: tablet_id: "ba812751d8df4d5384f5e807f65b0bbc" candidate_uuid: "33c1daac63e7463f82ecc158582a450d" candidate_term: 1 candidate_status { last_received { term: 0 index: 0 } } ignore_live_leader: false dest_uuid: "d64086031e9f4f29b8005d085c9bcf30" is_pre_election: true
I20260608 09:48:41.072456   723 leader_election.cc:290] T 3427f39576e24d869de96fefbfa149ae P 3ab9ed52141948b8a3e1d8401670e123 [CANDIDATE]: Term 1 pre-election: Requested pre-vote from peers 33c1daac63e7463f82ecc158582a450d (127.29.162.2:36741), d64086031e9f4f29b8005d085c9bcf30 (127.29.162.3:34521)
I20260608 09:48:41.072585   673 raft_consensus.cc:2468] T ba812751d8df4d5384f5e807f65b0bbc P d64086031e9f4f29b8005d085c9bcf30 [term 0 FOLLOWER]: Leader pre-election vote request: Granting yes vote for candidate 33c1daac63e7463f82ecc158582a450d in term 0.
I20260608 09:48:41.074491   488 leader_election.cc:304] T 209d3ab3ac7c41c58bd26f007cf29fe7 P 3ab9ed52141948b8a3e1d8401670e123 [CANDIDATE]: Term 1 pre-election: Election decided. Result: candidate won. Election summary: received 2 responses out of 3 voters: 2 yes votes; 0 no votes. yes voters: 33c1daac63e7463f82ecc158582a450d, 3ab9ed52141948b8a3e1d8401670e123; no voters: 
I20260608 09:48:41.076658   718 ts_tablet_manager.cc:1434] T 3427f39576e24d869de96fefbfa149ae P d64086031e9f4f29b8005d085c9bcf30: Time spent starting tablet: real 0.034s	user 0.008s	sys 0.000s
I20260608 09:48:41.078238   723 raft_consensus.cc:2804] T 209d3ab3ac7c41c58bd26f007cf29fe7 P 3ab9ed52141948b8a3e1d8401670e123 [term 0 FOLLOWER]: Leader pre-election won for term 1
I20260608 09:48:41.082247   723 raft_consensus.cc:493] T 209d3ab3ac7c41c58bd26f007cf29fe7 P 3ab9ed52141948b8a3e1d8401670e123 [term 0 FOLLOWER]: Starting leader election (no leader contacted us within the election timeout)
I20260608 09:48:41.082713   723 raft_consensus.cc:3060] T 209d3ab3ac7c41c58bd26f007cf29fe7 P 3ab9ed52141948b8a3e1d8401670e123 [term 0 FOLLOWER]: Advancing to term 1
I20260608 09:48:41.083341   563 leader_election.cc:304] T ba812751d8df4d5384f5e807f65b0bbc P 33c1daac63e7463f82ecc158582a450d [CANDIDATE]: Term 1 pre-election: Election decided. Result: candidate won. Election summary: received 2 responses out of 3 voters: 2 yes votes; 0 no votes. yes voters: 33c1daac63e7463f82ecc158582a450d, d64086031e9f4f29b8005d085c9bcf30; no voters: 
I20260608 09:48:41.084388   725 raft_consensus.cc:2804] T ba812751d8df4d5384f5e807f65b0bbc P 33c1daac63e7463f82ecc158582a450d [term 0 FOLLOWER]: Leader pre-election won for term 1
I20260608 09:48:41.084944   725 raft_consensus.cc:493] T ba812751d8df4d5384f5e807f65b0bbc P 33c1daac63e7463f82ecc158582a450d [term 0 FOLLOWER]: Starting leader election (no leader contacted us within the election timeout)
I20260608 09:48:41.085556   725 raft_consensus.cc:3060] T ba812751d8df4d5384f5e807f65b0bbc P 33c1daac63e7463f82ecc158582a450d [term 0 FOLLOWER]: Advancing to term 1
I20260608 09:48:41.093102   599 tablet_service.cc:1917] Received RequestConsensusVote() RPC: tablet_id: "3427f39576e24d869de96fefbfa149ae" candidate_uuid: "3ab9ed52141948b8a3e1d8401670e123" candidate_term: 1 candidate_status { last_received { term: 0 index: 0 } } ignore_live_leader: false dest_uuid: "33c1daac63e7463f82ecc158582a450d" is_pre_election: true
I20260608 09:48:41.094290   599 raft_consensus.cc:2468] T 3427f39576e24d869de96fefbfa149ae P 33c1daac63e7463f82ecc158582a450d [term 0 FOLLOWER]: Leader pre-election vote request: Granting yes vote for candidate 3ab9ed52141948b8a3e1d8401670e123 in term 0.
I20260608 09:48:41.093336   723 raft_consensus.cc:515] T 209d3ab3ac7c41c58bd26f007cf29fe7 P 3ab9ed52141948b8a3e1d8401670e123 [term 1 FOLLOWER]: Starting leader election with config: opid_index: -1 OBSOLETE_local: false peers { permanent_uuid: "3ab9ed52141948b8a3e1d8401670e123" member_type: VOTER last_known_addr { host: "127.29.162.1" port: 36385 } } peers { permanent_uuid: "33c1daac63e7463f82ecc158582a450d" member_type: VOTER last_known_addr { host: "127.29.162.2" port: 36741 } } peers { permanent_uuid: "d64086031e9f4f29b8005d085c9bcf30" member_type: VOTER last_known_addr { host: "127.29.162.3" port: 34521 } }
I20260608 09:48:41.099436   723 leader_election.cc:290] T 209d3ab3ac7c41c58bd26f007cf29fe7 P 3ab9ed52141948b8a3e1d8401670e123 [CANDIDATE]: Term 1 election: Requested vote from peers 33c1daac63e7463f82ecc158582a450d (127.29.162.2:36741), d64086031e9f4f29b8005d085c9bcf30 (127.29.162.3:34521)
I20260608 09:48:41.101392   673 tablet_service.cc:1917] Received RequestConsensusVote() RPC: tablet_id: "209d3ab3ac7c41c58bd26f007cf29fe7" candidate_uuid: "3ab9ed52141948b8a3e1d8401670e123" candidate_term: 1 candidate_status { last_received { term: 0 index: 0 } } ignore_live_leader: false dest_uuid: "d64086031e9f4f29b8005d085c9bcf30" is_pre_election: true
I20260608 09:48:41.102478   673 raft_consensus.cc:2468] T 209d3ab3ac7c41c58bd26f007cf29fe7 P d64086031e9f4f29b8005d085c9bcf30 [term 0 FOLLOWER]: Leader pre-election vote request: Granting yes vote for candidate 3ab9ed52141948b8a3e1d8401670e123 in term 0.
I20260608 09:48:41.105510   725 raft_consensus.cc:515] T ba812751d8df4d5384f5e807f65b0bbc P 33c1daac63e7463f82ecc158582a450d [term 1 FOLLOWER]: Starting leader election with config: opid_index: -1 OBSOLETE_local: false peers { permanent_uuid: "d64086031e9f4f29b8005d085c9bcf30" member_type: VOTER last_known_addr { host: "127.29.162.3" port: 34521 } } peers { permanent_uuid: "3ab9ed52141948b8a3e1d8401670e123" member_type: VOTER last_known_addr { host: "127.29.162.1" port: 36385 } } peers { permanent_uuid: "33c1daac63e7463f82ecc158582a450d" member_type: VOTER last_known_addr { host: "127.29.162.2" port: 36741 } }
I20260608 09:48:41.106122   488 leader_election.cc:304] T 3427f39576e24d869de96fefbfa149ae P 3ab9ed52141948b8a3e1d8401670e123 [CANDIDATE]: Term 1 pre-election: Election decided. Result: candidate won. Election summary: received 2 responses out of 3 voters: 2 yes votes; 0 no votes. yes voters: 33c1daac63e7463f82ecc158582a450d, 3ab9ed52141948b8a3e1d8401670e123; no voters: 
I20260608 09:48:41.111925   599 tablet_service.cc:1917] Received RequestConsensusVote() RPC: tablet_id: "209d3ab3ac7c41c58bd26f007cf29fe7" candidate_uuid: "3ab9ed52141948b8a3e1d8401670e123" candidate_term: 1 candidate_status { last_received { term: 0 index: 0 } } ignore_live_leader: false dest_uuid: "33c1daac63e7463f82ecc158582a450d"
I20260608 09:48:41.112644   599 raft_consensus.cc:3060] T 209d3ab3ac7c41c58bd26f007cf29fe7 P 33c1daac63e7463f82ecc158582a450d [term 0 FOLLOWER]: Advancing to term 1
I20260608 09:48:41.112126   723 raft_consensus.cc:2804] T 3427f39576e24d869de96fefbfa149ae P 3ab9ed52141948b8a3e1d8401670e123 [term 0 FOLLOWER]: Leader pre-election won for term 1
I20260608 09:48:41.113159   723 raft_consensus.cc:493] T 3427f39576e24d869de96fefbfa149ae P 3ab9ed52141948b8a3e1d8401670e123 [term 0 FOLLOWER]: Starting leader election (no leader contacted us within the election timeout)
I20260608 09:48:41.113574   723 raft_consensus.cc:3060] T 3427f39576e24d869de96fefbfa149ae P 3ab9ed52141948b8a3e1d8401670e123 [term 0 FOLLOWER]: Advancing to term 1
I20260608 09:48:41.111925   673 tablet_service.cc:1917] Received RequestConsensusVote() RPC: tablet_id: "ba812751d8df4d5384f5e807f65b0bbc" candidate_uuid: "33c1daac63e7463f82ecc158582a450d" candidate_term: 1 candidate_status { last_received { term: 0 index: 0 } } ignore_live_leader: false dest_uuid: "d64086031e9f4f29b8005d085c9bcf30"
I20260608 09:48:41.118822   673 raft_consensus.cc:3060] T ba812751d8df4d5384f5e807f65b0bbc P d64086031e9f4f29b8005d085c9bcf30 [term 0 FOLLOWER]: Advancing to term 1
I20260608 09:48:41.120939   524 tablet_service.cc:1917] Received RequestConsensusVote() RPC: tablet_id: "ba812751d8df4d5384f5e807f65b0bbc" candidate_uuid: "33c1daac63e7463f82ecc158582a450d" candidate_term: 1 candidate_status { last_received { term: 0 index: 0 } } ignore_live_leader: false dest_uuid: "3ab9ed52141948b8a3e1d8401670e123" is_pre_election: true
I20260608 09:48:41.122421   523 tablet_service.cc:1917] Received RequestConsensusVote() RPC: tablet_id: "ba812751d8df4d5384f5e807f65b0bbc" candidate_uuid: "33c1daac63e7463f82ecc158582a450d" candidate_term: 1 candidate_status { last_received { term: 0 index: 0 } } ignore_live_leader: false dest_uuid: "3ab9ed52141948b8a3e1d8401670e123"
I20260608 09:48:41.123085   725 leader_election.cc:290] T ba812751d8df4d5384f5e807f65b0bbc P 33c1daac63e7463f82ecc158582a450d [CANDIDATE]: Term 1 election: Requested vote from peers d64086031e9f4f29b8005d085c9bcf30 (127.29.162.3:34521), 3ab9ed52141948b8a3e1d8401670e123 (127.29.162.1:36385)
I20260608 09:48:41.122502   599 raft_consensus.cc:2468] T 209d3ab3ac7c41c58bd26f007cf29fe7 P 33c1daac63e7463f82ecc158582a450d [term 1 FOLLOWER]: Leader election vote request: Granting yes vote for candidate 3ab9ed52141948b8a3e1d8401670e123 in term 1.
I20260608 09:48:41.121734   524 raft_consensus.cc:2468] T ba812751d8df4d5384f5e807f65b0bbc P 3ab9ed52141948b8a3e1d8401670e123 [term 0 FOLLOWER]: Leader pre-election vote request: Granting yes vote for candidate 33c1daac63e7463f82ecc158582a450d in term 0.
I20260608 09:48:41.124410   723 raft_consensus.cc:515] T 3427f39576e24d869de96fefbfa149ae P 3ab9ed52141948b8a3e1d8401670e123 [term 1 FOLLOWER]: Starting leader election with config: opid_index: -1 OBSOLETE_local: false peers { permanent_uuid: "3ab9ed52141948b8a3e1d8401670e123" member_type: VOTER last_known_addr { host: "127.29.162.1" port: 36385 } } peers { permanent_uuid: "33c1daac63e7463f82ecc158582a450d" member_type: VOTER last_known_addr { host: "127.29.162.2" port: 36741 } } peers { permanent_uuid: "d64086031e9f4f29b8005d085c9bcf30" member_type: VOTER last_known_addr { host: "127.29.162.3" port: 34521 } }
I20260608 09:48:41.125123   488 leader_election.cc:304] T 209d3ab3ac7c41c58bd26f007cf29fe7 P 3ab9ed52141948b8a3e1d8401670e123 [CANDIDATE]: Term 1 election: Election decided. Result: candidate won. Election summary: received 2 responses out of 3 voters: 2 yes votes; 0 no votes. yes voters: 33c1daac63e7463f82ecc158582a450d, 3ab9ed52141948b8a3e1d8401670e123; no voters: 
I20260608 09:48:41.127417   723 leader_election.cc:290] T 3427f39576e24d869de96fefbfa149ae P 3ab9ed52141948b8a3e1d8401670e123 [CANDIDATE]: Term 1 election: Requested vote from peers 33c1daac63e7463f82ecc158582a450d (127.29.162.2:36741), d64086031e9f4f29b8005d085c9bcf30 (127.29.162.3:34521)
I20260608 09:48:41.127635   672 tablet_service.cc:1917] Received RequestConsensusVote() RPC: tablet_id: "3427f39576e24d869de96fefbfa149ae" candidate_uuid: "3ab9ed52141948b8a3e1d8401670e123" candidate_term: 1 candidate_status { last_received { term: 0 index: 0 } } ignore_live_leader: false dest_uuid: "d64086031e9f4f29b8005d085c9bcf30" is_pre_election: true
I20260608 09:48:41.128249   723 raft_consensus.cc:2804] T 209d3ab3ac7c41c58bd26f007cf29fe7 P 3ab9ed52141948b8a3e1d8401670e123 [term 1 FOLLOWER]: Leader election won for term 1
I20260608 09:48:41.128355   672 raft_consensus.cc:2468] T 3427f39576e24d869de96fefbfa149ae P d64086031e9f4f29b8005d085c9bcf30 [term 0 FOLLOWER]: Leader pre-election vote request: Granting yes vote for candidate 3ab9ed52141948b8a3e1d8401670e123 in term 0.
I20260608 09:48:41.129146   723 raft_consensus.cc:697] T 209d3ab3ac7c41c58bd26f007cf29fe7 P 3ab9ed52141948b8a3e1d8401670e123 [term 1 LEADER]: Becoming Leader. State: Replica: 3ab9ed52141948b8a3e1d8401670e123, State: Running, Role: LEADER
I20260608 09:48:41.129624   524 tablet_service.cc:1917] Received RequestConsensusVote() RPC: tablet_id: "f9a9d516c9c248f7af32ff32e19acb74" candidate_uuid: "d64086031e9f4f29b8005d085c9bcf30" candidate_term: 1 candidate_status { last_received { term: 0 index: 0 } } ignore_live_leader: false dest_uuid: "3ab9ed52141948b8a3e1d8401670e123" is_pre_election: true
I20260608 09:48:41.130203   723 consensus_queue.cc:237] T 209d3ab3ac7c41c58bd26f007cf29fe7 P 3ab9ed52141948b8a3e1d8401670e123 [LEADER]: Queue going to LEADER mode. State: All replicated index: 0, Majority replicated index: 0, Committed index: 0, Last appended: 0.0, Last appended by leader: 0, Current term: 1, Majority size: 2, State: 0, Mode: LEADER, active raft config: opid_index: -1 OBSOLETE_local: false peers { permanent_uuid: "3ab9ed52141948b8a3e1d8401670e123" member_type: VOTER last_known_addr { host: "127.29.162.1" port: 36385 } } peers { permanent_uuid: "33c1daac63e7463f82ecc158582a450d" member_type: VOTER last_known_addr { host: "127.29.162.2" port: 36741 } } peers { permanent_uuid: "d64086031e9f4f29b8005d085c9bcf30" member_type: VOTER last_known_addr { host: "127.29.162.3" port: 34521 } }
I20260608 09:48:41.130553   524 raft_consensus.cc:2468] T f9a9d516c9c248f7af32ff32e19acb74 P 3ab9ed52141948b8a3e1d8401670e123 [term 0 FOLLOWER]: Leader pre-election vote request: Granting yes vote for candidate d64086031e9f4f29b8005d085c9bcf30 in term 0.
I20260608 09:48:41.130525   673 raft_consensus.cc:2468] T ba812751d8df4d5384f5e807f65b0bbc P d64086031e9f4f29b8005d085c9bcf30 [term 1 FOLLOWER]: Leader election vote request: Granting yes vote for candidate 33c1daac63e7463f82ecc158582a450d in term 1.
I20260608 09:48:41.132992   672 tablet_service.cc:1917] Received RequestConsensusVote() RPC: tablet_id: "209d3ab3ac7c41c58bd26f007cf29fe7" candidate_uuid: "3ab9ed52141948b8a3e1d8401670e123" candidate_term: 1 candidate_status { last_received { term: 0 index: 0 } } ignore_live_leader: false dest_uuid: "d64086031e9f4f29b8005d085c9bcf30"
I20260608 09:48:41.132826   599 tablet_service.cc:1917] Received RequestConsensusVote() RPC: tablet_id: "f9a9d516c9c248f7af32ff32e19acb74" candidate_uuid: "d64086031e9f4f29b8005d085c9bcf30" candidate_term: 1 candidate_status { last_received { term: 0 index: 0 } } ignore_live_leader: false dest_uuid: "33c1daac63e7463f82ecc158582a450d" is_pre_election: true
I20260608 09:48:41.133551   672 raft_consensus.cc:3060] T 209d3ab3ac7c41c58bd26f007cf29fe7 P d64086031e9f4f29b8005d085c9bcf30 [term 0 FOLLOWER]: Advancing to term 1
I20260608 09:48:41.134064   599 raft_consensus.cc:2468] T f9a9d516c9c248f7af32ff32e19acb74 P 33c1daac63e7463f82ecc158582a450d [term 0 FOLLOWER]: Leader pre-election vote request: Granting yes vote for candidate d64086031e9f4f29b8005d085c9bcf30 in term 0.
I20260608 09:48:41.134162   563 leader_election.cc:304] T ba812751d8df4d5384f5e807f65b0bbc P 33c1daac63e7463f82ecc158582a450d [CANDIDATE]: Term 1 election: Election decided. Result: candidate won. Election summary: received 3 responses out of 3 voters: 2 yes votes; 1 no votes. yes voters: 33c1daac63e7463f82ecc158582a450d, d64086031e9f4f29b8005d085c9bcf30; no voters: 3ab9ed52141948b8a3e1d8401670e123
I20260608 09:48:41.133666   638 leader_election.cc:304] T f9a9d516c9c248f7af32ff32e19acb74 P d64086031e9f4f29b8005d085c9bcf30 [CANDIDATE]: Term 1 pre-election: Election decided. Result: candidate won. Election summary: received 2 responses out of 3 voters: 2 yes votes; 0 no votes. yes voters: 3ab9ed52141948b8a3e1d8401670e123, d64086031e9f4f29b8005d085c9bcf30; no voters: 
I20260608 09:48:41.142442   726 raft_consensus.cc:2804] T f9a9d516c9c248f7af32ff32e19acb74 P d64086031e9f4f29b8005d085c9bcf30 [term 0 FOLLOWER]: Leader pre-election won for term 1
I20260608 09:48:41.142923   726 raft_consensus.cc:493] T f9a9d516c9c248f7af32ff32e19acb74 P d64086031e9f4f29b8005d085c9bcf30 [term 0 FOLLOWER]: Starting leader election (no leader contacted us within the election timeout)
I20260608 09:48:41.143355   726 raft_consensus.cc:3060] T f9a9d516c9c248f7af32ff32e19acb74 P d64086031e9f4f29b8005d085c9bcf30 [term 0 FOLLOWER]: Advancing to term 1
I20260608 09:48:41.144658   599 tablet_service.cc:1917] Received RequestConsensusVote() RPC: tablet_id: "3427f39576e24d869de96fefbfa149ae" candidate_uuid: "3ab9ed52141948b8a3e1d8401670e123" candidate_term: 1 candidate_status { last_received { term: 0 index: 0 } } ignore_live_leader: false dest_uuid: "33c1daac63e7463f82ecc158582a450d"
I20260608 09:48:41.142004   672 raft_consensus.cc:2468] T 209d3ab3ac7c41c58bd26f007cf29fe7 P d64086031e9f4f29b8005d085c9bcf30 [term 1 FOLLOWER]: Leader election vote request: Granting yes vote for candidate 3ab9ed52141948b8a3e1d8401670e123 in term 1.
I20260608 09:48:41.145541   599 raft_consensus.cc:3060] T 3427f39576e24d869de96fefbfa149ae P 33c1daac63e7463f82ecc158582a450d [term 0 FOLLOWER]: Advancing to term 1
I20260608 09:48:41.150820   673 tablet_service.cc:1917] Received RequestConsensusVote() RPC: tablet_id: "3427f39576e24d869de96fefbfa149ae" candidate_uuid: "3ab9ed52141948b8a3e1d8401670e123" candidate_term: 1 candidate_status { last_received { term: 0 index: 0 } } ignore_live_leader: false dest_uuid: "d64086031e9f4f29b8005d085c9bcf30"
I20260608 09:48:41.151527   673 raft_consensus.cc:3060] T 3427f39576e24d869de96fefbfa149ae P d64086031e9f4f29b8005d085c9bcf30 [term 0 FOLLOWER]: Advancing to term 1
I20260608 09:48:41.151731   726 raft_consensus.cc:515] T f9a9d516c9c248f7af32ff32e19acb74 P d64086031e9f4f29b8005d085c9bcf30 [term 1 FOLLOWER]: Starting leader election with config: opid_index: -1 OBSOLETE_local: false peers { permanent_uuid: "3ab9ed52141948b8a3e1d8401670e123" member_type: VOTER last_known_addr { host: "127.29.162.1" port: 36385 } } peers { permanent_uuid: "33c1daac63e7463f82ecc158582a450d" member_type: VOTER last_known_addr { host: "127.29.162.2" port: 36741 } } peers { permanent_uuid: "d64086031e9f4f29b8005d085c9bcf30" member_type: VOTER last_known_addr { host: "127.29.162.3" port: 34521 } }
I20260608 09:48:41.152386   419 catalog_manager.cc:5696] T 209d3ab3ac7c41c58bd26f007cf29fe7 P 3ab9ed52141948b8a3e1d8401670e123 reported cstate change: term changed from 0 to 1, leader changed from <none> to 3ab9ed52141948b8a3e1d8401670e123 (127.29.162.1). New cstate: current_term: 1 leader_uuid: "3ab9ed52141948b8a3e1d8401670e123" committed_config { opid_index: -1 OBSOLETE_local: false peers { permanent_uuid: "3ab9ed52141948b8a3e1d8401670e123" member_type: VOTER last_known_addr { host: "127.29.162.1" port: 36385 } health_report { overall_health: HEALTHY } } peers { permanent_uuid: "33c1daac63e7463f82ecc158582a450d" member_type: VOTER last_known_addr { host: "127.29.162.2" port: 36741 } health_report { overall_health: UNKNOWN } } peers { permanent_uuid: "d64086031e9f4f29b8005d085c9bcf30" member_type: VOTER last_known_addr { host: "127.29.162.3" port: 34521 } health_report { overall_health: UNKNOWN } } }
I20260608 09:48:41.155251   524 tablet_service.cc:1917] Received RequestConsensusVote() RPC: tablet_id: "f9a9d516c9c248f7af32ff32e19acb74" candidate_uuid: "d64086031e9f4f29b8005d085c9bcf30" candidate_term: 1 candidate_status { last_received { term: 0 index: 0 } } ignore_live_leader: false dest_uuid: "3ab9ed52141948b8a3e1d8401670e123"
I20260608 09:48:41.156677   524 raft_consensus.cc:3060] T f9a9d516c9c248f7af32ff32e19acb74 P 3ab9ed52141948b8a3e1d8401670e123 [term 0 FOLLOWER]: Advancing to term 1
I20260608 09:48:41.158074   598 tablet_service.cc:1917] Received RequestConsensusVote() RPC: tablet_id: "f9a9d516c9c248f7af32ff32e19acb74" candidate_uuid: "d64086031e9f4f29b8005d085c9bcf30" candidate_term: 1 candidate_status { last_received { term: 0 index: 0 } } ignore_live_leader: false dest_uuid: "33c1daac63e7463f82ecc158582a450d"
I20260608 09:48:41.158771   598 raft_consensus.cc:3060] T f9a9d516c9c248f7af32ff32e19acb74 P 33c1daac63e7463f82ecc158582a450d [term 0 FOLLOWER]: Advancing to term 1
I20260608 09:48:41.160063   673 raft_consensus.cc:2468] T 3427f39576e24d869de96fefbfa149ae P d64086031e9f4f29b8005d085c9bcf30 [term 1 FOLLOWER]: Leader election vote request: Granting yes vote for candidate 3ab9ed52141948b8a3e1d8401670e123 in term 1.
I20260608 09:48:41.161571   488 leader_election.cc:304] T 3427f39576e24d869de96fefbfa149ae P 3ab9ed52141948b8a3e1d8401670e123 [CANDIDATE]: Term 1 election: Election decided. Result: candidate won. Election summary: received 2 responses out of 3 voters: 2 yes votes; 0 no votes. yes voters: 3ab9ed52141948b8a3e1d8401670e123, d64086031e9f4f29b8005d085c9bcf30; no voters: 
I20260608 09:48:41.162595   723 raft_consensus.cc:2804] T 3427f39576e24d869de96fefbfa149ae P 3ab9ed52141948b8a3e1d8401670e123 [term 1 FOLLOWER]: Leader election won for term 1
I20260608 09:48:41.163234   723 raft_consensus.cc:697] T 3427f39576e24d869de96fefbfa149ae P 3ab9ed52141948b8a3e1d8401670e123 [term 1 LEADER]: Becoming Leader. State: Replica: 3ab9ed52141948b8a3e1d8401670e123, State: Running, Role: LEADER
I20260608 09:48:41.164397   524 raft_consensus.cc:2468] T f9a9d516c9c248f7af32ff32e19acb74 P 3ab9ed52141948b8a3e1d8401670e123 [term 1 FOLLOWER]: Leader election vote request: Granting yes vote for candidate d64086031e9f4f29b8005d085c9bcf30 in term 1.
I20260608 09:48:41.164269   723 consensus_queue.cc:237] T 3427f39576e24d869de96fefbfa149ae P 3ab9ed52141948b8a3e1d8401670e123 [LEADER]: Queue going to LEADER mode. State: All replicated index: 0, Majority replicated index: 0, Committed index: 0, Last appended: 0.0, Last appended by leader: 0, Current term: 1, Majority size: 2, State: 0, Mode: LEADER, active raft config: opid_index: -1 OBSOLETE_local: false peers { permanent_uuid: "3ab9ed52141948b8a3e1d8401670e123" member_type: VOTER last_known_addr { host: "127.29.162.1" port: 36385 } } peers { permanent_uuid: "33c1daac63e7463f82ecc158582a450d" member_type: VOTER last_known_addr { host: "127.29.162.2" port: 36741 } } peers { permanent_uuid: "d64086031e9f4f29b8005d085c9bcf30" member_type: VOTER last_known_addr { host: "127.29.162.3" port: 34521 } }
I20260608 09:48:41.142478   725 raft_consensus.cc:2804] T ba812751d8df4d5384f5e807f65b0bbc P 33c1daac63e7463f82ecc158582a450d [term 1 FOLLOWER]: Leader election won for term 1
I20260608 09:48:41.165715   638 leader_election.cc:304] T f9a9d516c9c248f7af32ff32e19acb74 P d64086031e9f4f29b8005d085c9bcf30 [CANDIDATE]: Term 1 election: Election decided. Result: candidate won. Election summary: received 2 responses out of 3 voters: 2 yes votes; 0 no votes. yes voters: 3ab9ed52141948b8a3e1d8401670e123, d64086031e9f4f29b8005d085c9bcf30; no voters: 
I20260608 09:48:41.166301   598 raft_consensus.cc:2468] T f9a9d516c9c248f7af32ff32e19acb74 P 33c1daac63e7463f82ecc158582a450d [term 1 FOLLOWER]: Leader election vote request: Granting yes vote for candidate d64086031e9f4f29b8005d085c9bcf30 in term 1.
I20260608 09:48:41.168814   599 raft_consensus.cc:2468] T 3427f39576e24d869de96fefbfa149ae P 33c1daac63e7463f82ecc158582a450d [term 1 FOLLOWER]: Leader election vote request: Granting yes vote for candidate 3ab9ed52141948b8a3e1d8401670e123 in term 1.
I20260608 09:48:41.171046   726 leader_election.cc:290] T f9a9d516c9c248f7af32ff32e19acb74 P d64086031e9f4f29b8005d085c9bcf30 [CANDIDATE]: Term 1 election: Requested vote from peers 3ab9ed52141948b8a3e1d8401670e123 (127.29.162.1:36385), 33c1daac63e7463f82ecc158582a450d (127.29.162.2:36741)
I20260608 09:48:41.171722   726 raft_consensus.cc:2804] T f9a9d516c9c248f7af32ff32e19acb74 P d64086031e9f4f29b8005d085c9bcf30 [term 1 FOLLOWER]: Leader election won for term 1
I20260608 09:48:41.172390   726 raft_consensus.cc:697] T f9a9d516c9c248f7af32ff32e19acb74 P d64086031e9f4f29b8005d085c9bcf30 [term 1 LEADER]: Becoming Leader. State: Replica: d64086031e9f4f29b8005d085c9bcf30, State: Running, Role: LEADER
I20260608 09:48:41.174212   726 consensus_queue.cc:237] T f9a9d516c9c248f7af32ff32e19acb74 P d64086031e9f4f29b8005d085c9bcf30 [LEADER]: Queue going to LEADER mode. State: All replicated index: 0, Majority replicated index: 0, Committed index: 0, Last appended: 0.0, Last appended by leader: 0, Current term: 1, Majority size: 2, State: 0, Mode: LEADER, active raft config: opid_index: -1 OBSOLETE_local: false peers { permanent_uuid: "3ab9ed52141948b8a3e1d8401670e123" member_type: VOTER last_known_addr { host: "127.29.162.1" port: 36385 } } peers { permanent_uuid: "33c1daac63e7463f82ecc158582a450d" member_type: VOTER last_known_addr { host: "127.29.162.2" port: 36741 } } peers { permanent_uuid: "d64086031e9f4f29b8005d085c9bcf30" member_type: VOTER last_known_addr { host: "127.29.162.3" port: 34521 } }
I20260608 09:48:41.178006   725 raft_consensus.cc:697] T ba812751d8df4d5384f5e807f65b0bbc P 33c1daac63e7463f82ecc158582a450d [term 1 LEADER]: Becoming Leader. State: Replica: 33c1daac63e7463f82ecc158582a450d, State: Running, Role: LEADER
I20260608 09:48:41.179710   725 consensus_queue.cc:237] T ba812751d8df4d5384f5e807f65b0bbc P 33c1daac63e7463f82ecc158582a450d [LEADER]: Queue going to LEADER mode. State: All replicated index: 0, Majority replicated index: 0, Committed index: 0, Last appended: 0.0, Last appended by leader: 0, Current term: 1, Majority size: 2, State: 0, Mode: LEADER, active raft config: opid_index: -1 OBSOLETE_local: false peers { permanent_uuid: "d64086031e9f4f29b8005d085c9bcf30" member_type: VOTER last_known_addr { host: "127.29.162.3" port: 34521 } } peers { permanent_uuid: "3ab9ed52141948b8a3e1d8401670e123" member_type: VOTER last_known_addr { host: "127.29.162.1" port: 36385 } } peers { permanent_uuid: "33c1daac63e7463f82ecc158582a450d" member_type: VOTER last_known_addr { host: "127.29.162.2" port: 36741 } }
I20260608 09:48:41.189147   421 catalog_manager.cc:5696] T f9a9d516c9c248f7af32ff32e19acb74 P d64086031e9f4f29b8005d085c9bcf30 reported cstate change: term changed from 0 to 1, leader changed from <none> to d64086031e9f4f29b8005d085c9bcf30 (127.29.162.3). New cstate: current_term: 1 leader_uuid: "d64086031e9f4f29b8005d085c9bcf30" committed_config { opid_index: -1 OBSOLETE_local: false peers { permanent_uuid: "3ab9ed52141948b8a3e1d8401670e123" member_type: VOTER last_known_addr { host: "127.29.162.1" port: 36385 } health_report { overall_health: UNKNOWN } } peers { permanent_uuid: "33c1daac63e7463f82ecc158582a450d" member_type: VOTER last_known_addr { host: "127.29.162.2" port: 36741 } health_report { overall_health: UNKNOWN } } peers { permanent_uuid: "d64086031e9f4f29b8005d085c9bcf30" member_type: VOTER last_known_addr { host: "127.29.162.3" port: 34521 } health_report { overall_health: HEALTHY } } }
I20260608 09:48:41.193378   419 catalog_manager.cc:5696] T 3427f39576e24d869de96fefbfa149ae P 3ab9ed52141948b8a3e1d8401670e123 reported cstate change: term changed from 0 to 1, leader changed from <none> to 3ab9ed52141948b8a3e1d8401670e123 (127.29.162.1). New cstate: current_term: 1 leader_uuid: "3ab9ed52141948b8a3e1d8401670e123" committed_config { opid_index: -1 OBSOLETE_local: false peers { permanent_uuid: "3ab9ed52141948b8a3e1d8401670e123" member_type: VOTER last_known_addr { host: "127.29.162.1" port: 36385 } health_report { overall_health: HEALTHY } } peers { permanent_uuid: "33c1daac63e7463f82ecc158582a450d" member_type: VOTER last_known_addr { host: "127.29.162.2" port: 36741 } health_report { overall_health: UNKNOWN } } peers { permanent_uuid: "d64086031e9f4f29b8005d085c9bcf30" member_type: VOTER last_known_addr { host: "127.29.162.3" port: 34521 } health_report { overall_health: UNKNOWN } } }
I20260608 09:48:41.200659   422 catalog_manager.cc:5696] T ba812751d8df4d5384f5e807f65b0bbc P 33c1daac63e7463f82ecc158582a450d reported cstate change: term changed from 0 to 1, leader changed from <none> to 33c1daac63e7463f82ecc158582a450d (127.29.162.2). New cstate: current_term: 1 leader_uuid: "33c1daac63e7463f82ecc158582a450d" committed_config { opid_index: -1 OBSOLETE_local: false peers { permanent_uuid: "d64086031e9f4f29b8005d085c9bcf30" member_type: VOTER last_known_addr { host: "127.29.162.3" port: 34521 } health_report { overall_health: UNKNOWN } } peers { permanent_uuid: "3ab9ed52141948b8a3e1d8401670e123" member_type: VOTER last_known_addr { host: "127.29.162.1" port: 36385 } health_report { overall_health: UNKNOWN } } peers { permanent_uuid: "33c1daac63e7463f82ecc158582a450d" member_type: VOTER last_known_addr { host: "127.29.162.2" port: 36741 } health_report { overall_health: HEALTHY } } }
I20260608 09:48:41.265793 30344 tablet_server.cc:179] TabletServer@127.29.162.1:0 shutting down...
I20260608 09:48:41.285406 30344 ts_tablet_manager.cc:1507] Shutting down tablet manager...
I20260608 09:48:41.286355 30344 tablet_replica.cc:333] T 3427f39576e24d869de96fefbfa149ae P 3ab9ed52141948b8a3e1d8401670e123: stopping tablet replica
I20260608 09:48:41.286971 30344 raft_consensus.cc:2243] T 3427f39576e24d869de96fefbfa149ae P 3ab9ed52141948b8a3e1d8401670e123 [term 1 LEADER]: Raft consensus shutting down.
I20260608 09:48:41.287554 30344 pending_rounds.cc:70] T 3427f39576e24d869de96fefbfa149ae P 3ab9ed52141948b8a3e1d8401670e123: Trying to abort 1 pending ops.
I20260608 09:48:41.287786 30344 pending_rounds.cc:77] T 3427f39576e24d869de96fefbfa149ae P 3ab9ed52141948b8a3e1d8401670e123: Aborting op as it isn't in flight: id { term: 1 index: 1 } timestamp: 7294616048303235072 op_type: NO_OP noop_request { }
I20260608 09:48:41.288074 30344 raft_consensus.cc:2889] T 3427f39576e24d869de96fefbfa149ae P 3ab9ed52141948b8a3e1d8401670e123 [term 1 LEADER]: NO_OP replication failed: Aborted: Op aborted
I20260608 09:48:41.288419 30344 raft_consensus.cc:2272] T 3427f39576e24d869de96fefbfa149ae P 3ab9ed52141948b8a3e1d8401670e123 [term 1 FOLLOWER]: Raft consensus is shut down!
I20260608 09:48:41.290704 30344 tablet_replica.cc:333] T f9a9d516c9c248f7af32ff32e19acb74 P 3ab9ed52141948b8a3e1d8401670e123: stopping tablet replica
I20260608 09:48:41.291206 30344 raft_consensus.cc:2243] T f9a9d516c9c248f7af32ff32e19acb74 P 3ab9ed52141948b8a3e1d8401670e123 [term 1 FOLLOWER]: Raft consensus shutting down.
I20260608 09:48:41.291533 30344 raft_consensus.cc:2272] T f9a9d516c9c248f7af32ff32e19acb74 P 3ab9ed52141948b8a3e1d8401670e123 [term 1 FOLLOWER]: Raft consensus is shut down!
I20260608 09:48:41.293407 30344 tablet_replica.cc:333] T ba812751d8df4d5384f5e807f65b0bbc P 3ab9ed52141948b8a3e1d8401670e123: stopping tablet replica
I20260608 09:48:41.293963 30344 raft_consensus.cc:2243] T ba812751d8df4d5384f5e807f65b0bbc P 3ab9ed52141948b8a3e1d8401670e123 [term 0 FOLLOWER]: Raft consensus shutting down.
I20260608 09:48:41.294308 30344 raft_consensus.cc:2272] T ba812751d8df4d5384f5e807f65b0bbc P 3ab9ed52141948b8a3e1d8401670e123 [term 0 FOLLOWER]: Raft consensus is shut down!
I20260608 09:48:41.296161 30344 tablet_replica.cc:333] T 209d3ab3ac7c41c58bd26f007cf29fe7 P 3ab9ed52141948b8a3e1d8401670e123: stopping tablet replica
I20260608 09:48:41.296612 30344 raft_consensus.cc:2243] T 209d3ab3ac7c41c58bd26f007cf29fe7 P 3ab9ed52141948b8a3e1d8401670e123 [term 1 LEADER]: Raft consensus shutting down.
I20260608 09:48:41.297163 30344 pending_rounds.cc:70] T 209d3ab3ac7c41c58bd26f007cf29fe7 P 3ab9ed52141948b8a3e1d8401670e123: Trying to abort 1 pending ops.
I20260608 09:48:41.297359 30344 pending_rounds.cc:77] T 209d3ab3ac7c41c58bd26f007cf29fe7 P 3ab9ed52141948b8a3e1d8401670e123: Aborting op as it isn't in flight: id { term: 1 index: 1 } timestamp: 7294616048167186432 op_type: NO_OP noop_request { }
I20260608 09:48:41.297583 30344 raft_consensus.cc:2889] T 209d3ab3ac7c41c58bd26f007cf29fe7 P 3ab9ed52141948b8a3e1d8401670e123 [term 1 LEADER]: NO_OP replication failed: Aborted: Op aborted
I20260608 09:48:41.297807 30344 raft_consensus.cc:2272] T 209d3ab3ac7c41c58bd26f007cf29fe7 P 3ab9ed52141948b8a3e1d8401670e123 [term 1 FOLLOWER]: Raft consensus is shut down!
I20260608 09:48:41.322340 30344 tablet_server.cc:196] TabletServer@127.29.162.1:0 shutdown complete.
I20260608 09:48:41.334378 30344 tablet_server.cc:179] TabletServer@127.29.162.2:0 shutting down...
I20260608 09:48:41.361465 30344 ts_tablet_manager.cc:1507] Shutting down tablet manager...
I20260608 09:48:41.362442 30344 tablet_replica.cc:333] T 209d3ab3ac7c41c58bd26f007cf29fe7 P 33c1daac63e7463f82ecc158582a450d: stopping tablet replica
I20260608 09:48:41.363112 30344 raft_consensus.cc:2243] T 209d3ab3ac7c41c58bd26f007cf29fe7 P 33c1daac63e7463f82ecc158582a450d [term 1 FOLLOWER]: Raft consensus shutting down.
I20260608 09:48:41.363520 30344 raft_consensus.cc:2272] T 209d3ab3ac7c41c58bd26f007cf29fe7 P 33c1daac63e7463f82ecc158582a450d [term 1 FOLLOWER]: Raft consensus is shut down!
I20260608 09:48:41.365541 30344 tablet_replica.cc:333] T f9a9d516c9c248f7af32ff32e19acb74 P 33c1daac63e7463f82ecc158582a450d: stopping tablet replica
I20260608 09:48:41.366176 30344 raft_consensus.cc:2243] T f9a9d516c9c248f7af32ff32e19acb74 P 33c1daac63e7463f82ecc158582a450d [term 1 FOLLOWER]: Raft consensus shutting down.
I20260608 09:48:41.366536 30344 raft_consensus.cc:2272] T f9a9d516c9c248f7af32ff32e19acb74 P 33c1daac63e7463f82ecc158582a450d [term 1 FOLLOWER]: Raft consensus is shut down!
I20260608 09:48:41.368463 30344 tablet_replica.cc:333] T 3427f39576e24d869de96fefbfa149ae P 33c1daac63e7463f82ecc158582a450d: stopping tablet replica
I20260608 09:48:41.368942 30344 raft_consensus.cc:2243] T 3427f39576e24d869de96fefbfa149ae P 33c1daac63e7463f82ecc158582a450d [term 1 FOLLOWER]: Raft consensus shutting down.
I20260608 09:48:41.369284 30344 raft_consensus.cc:2272] T 3427f39576e24d869de96fefbfa149ae P 33c1daac63e7463f82ecc158582a450d [term 1 FOLLOWER]: Raft consensus is shut down!
I20260608 09:48:41.371224 30344 tablet_replica.cc:333] T ba812751d8df4d5384f5e807f65b0bbc P 33c1daac63e7463f82ecc158582a450d: stopping tablet replica
I20260608 09:48:41.371673 30344 raft_consensus.cc:2243] T ba812751d8df4d5384f5e807f65b0bbc P 33c1daac63e7463f82ecc158582a450d [term 1 LEADER]: Raft consensus shutting down.
I20260608 09:48:41.372175 30344 pending_rounds.cc:70] T ba812751d8df4d5384f5e807f65b0bbc P 33c1daac63e7463f82ecc158582a450d: Trying to abort 1 pending ops.
I20260608 09:48:41.372321 30344 pending_rounds.cc:77] T ba812751d8df4d5384f5e807f65b0bbc P 33c1daac63e7463f82ecc158582a450d: Aborting op as it isn't in flight: id { term: 1 index: 1 } timestamp: 7294616048384651264 op_type: NO_OP noop_request { }
I20260608 09:48:41.372555 30344 raft_consensus.cc:2889] T ba812751d8df4d5384f5e807f65b0bbc P 33c1daac63e7463f82ecc158582a450d [term 1 LEADER]: NO_OP replication failed: Aborted: Op aborted
I20260608 09:48:41.372851 30344 raft_consensus.cc:2272] T ba812751d8df4d5384f5e807f65b0bbc P 33c1daac63e7463f82ecc158582a450d [term 1 FOLLOWER]: Raft consensus is shut down!
I20260608 09:48:41.396265 30344 tablet_server.cc:196] TabletServer@127.29.162.2:0 shutdown complete.
I20260608 09:48:41.408473 30344 tablet_server.cc:179] TabletServer@127.29.162.3:0 shutting down...
I20260608 09:48:41.426774 30344 ts_tablet_manager.cc:1507] Shutting down tablet manager...
I20260608 09:48:41.427620 30344 tablet_replica.cc:333] T 209d3ab3ac7c41c58bd26f007cf29fe7 P d64086031e9f4f29b8005d085c9bcf30: stopping tablet replica
I20260608 09:48:41.428182 30344 raft_consensus.cc:2243] T 209d3ab3ac7c41c58bd26f007cf29fe7 P d64086031e9f4f29b8005d085c9bcf30 [term 1 FOLLOWER]: Raft consensus shutting down.
I20260608 09:48:41.428606 30344 raft_consensus.cc:2272] T 209d3ab3ac7c41c58bd26f007cf29fe7 P d64086031e9f4f29b8005d085c9bcf30 [term 1 FOLLOWER]: Raft consensus is shut down!
I20260608 09:48:41.430584 30344 tablet_replica.cc:333] T ba812751d8df4d5384f5e807f65b0bbc P d64086031e9f4f29b8005d085c9bcf30: stopping tablet replica
I20260608 09:48:41.431178 30344 raft_consensus.cc:2243] T ba812751d8df4d5384f5e807f65b0bbc P d64086031e9f4f29b8005d085c9bcf30 [term 1 FOLLOWER]: Raft consensus shutting down.
I20260608 09:48:41.431564 30344 raft_consensus.cc:2272] T ba812751d8df4d5384f5e807f65b0bbc P d64086031e9f4f29b8005d085c9bcf30 [term 1 FOLLOWER]: Raft consensus is shut down!
I20260608 09:48:41.433245 30344 tablet_replica.cc:333] T 3427f39576e24d869de96fefbfa149ae P d64086031e9f4f29b8005d085c9bcf30: stopping tablet replica
I20260608 09:48:41.433746 30344 raft_consensus.cc:2243] T 3427f39576e24d869de96fefbfa149ae P d64086031e9f4f29b8005d085c9bcf30 [term 1 FOLLOWER]: Raft consensus shutting down.
I20260608 09:48:41.434242 30344 raft_consensus.cc:2272] T 3427f39576e24d869de96fefbfa149ae P d64086031e9f4f29b8005d085c9bcf30 [term 1 FOLLOWER]: Raft consensus is shut down!
I20260608 09:48:41.436056 30344 tablet_replica.cc:333] T f9a9d516c9c248f7af32ff32e19acb74 P d64086031e9f4f29b8005d085c9bcf30: stopping tablet replica
I20260608 09:48:41.436491 30344 raft_consensus.cc:2243] T f9a9d516c9c248f7af32ff32e19acb74 P d64086031e9f4f29b8005d085c9bcf30 [term 1 LEADER]: Raft consensus shutting down.
I20260608 09:48:41.437004 30344 pending_rounds.cc:70] T f9a9d516c9c248f7af32ff32e19acb74 P d64086031e9f4f29b8005d085c9bcf30: Trying to abort 1 pending ops.
I20260608 09:48:41.437161 30344 pending_rounds.cc:77] T f9a9d516c9c248f7af32ff32e19acb74 P d64086031e9f4f29b8005d085c9bcf30: Aborting op as it isn't in flight: id { term: 1 index: 1 } timestamp: 7294616048345600000 op_type: NO_OP noop_request { }
I20260608 09:48:41.437392 30344 raft_consensus.cc:2889] T f9a9d516c9c248f7af32ff32e19acb74 P d64086031e9f4f29b8005d085c9bcf30 [term 1 LEADER]: NO_OP replication failed: Aborted: Op aborted
I20260608 09:48:41.437613 30344 raft_consensus.cc:2272] T f9a9d516c9c248f7af32ff32e19acb74 P d64086031e9f4f29b8005d085c9bcf30 [term 1 FOLLOWER]: Raft consensus is shut down!
I20260608 09:48:41.460017 30344 tablet_server.cc:196] TabletServer@127.29.162.3:0 shutdown complete.
I20260608 09:48:41.471160 30344 master.cc:562] Master@127.29.162.62:40497 shutting down...
I20260608 09:48:41.486744 30344 raft_consensus.cc:2243] T 00000000000000000000000000000000 P c6a12787afda4f818531faa600b8b2ee [term 1 LEADER]: Raft consensus shutting down.
I20260608 09:48:41.487308 30344 raft_consensus.cc:2272] T 00000000000000000000000000000000 P c6a12787afda4f818531faa600b8b2ee [term 1 FOLLOWER]: Raft consensus is shut down!
I20260608 09:48:41.487649 30344 tablet_replica.cc:333] T 00000000000000000000000000000000 P c6a12787afda4f818531faa600b8b2ee: stopping tablet replica
I20260608 09:48:41.505774 30344 master.cc:584] Master@127.29.162.62:40497 shutdown complete.
[       OK ] AutoRebalancerTest.RangeAwareBuildClusterInfoGroupsByRange (2098 ms)
[ RUN      ] AutoRebalancerTest.RangeAwareRebalancesNewRangeReplicas
I20260608 09:48:41.540395 30344 internal_mini_cluster.cc:156] Creating distributed mini masters. Addrs: 127.29.162.62:40681
I20260608 09:48:41.541714 30344 file_cache.cc:492] Constructed file cache file cache with capacity 419430
W20260608 09:48:41.547358   752 instance_detector.cc:116] could not retrieve AWS instance metadata: Network error: curl error: HTTP response code said error: The requested URL returned error: 404
W20260608 09:48:41.548019   753 instance_detector.cc:116] could not retrieve Azure instance metadata: Network error: curl error: HTTP response code said error: The requested URL returned error: 404
W20260608 09:48:41.548764   755 instance_detector.cc:116] could not retrieve OpenStack instance metadata: Network error: curl error: HTTP response code said error: The requested URL returned error: 404
I20260608 09:48:41.549654 30344 server_base.cc:1061] running on GCE node
I20260608 09:48:41.550845 30344 hybrid_clock.cc:584] initializing the hybrid clock with 'system_unsync' time source
W20260608 09:48:41.551072 30344 system_unsync_time.cc:38] NTP support is disabled. Clock error bounds will not be accurate. This configuration is not suitable for distributed clusters.
I20260608 09:48:41.551280 30344 hybrid_clock.cc:648] HybridClock initialized: now 1780912121551251 us; error 0 us; skew 500 ppm
I20260608 09:48:41.551949 30344 server_base.cc:861] Flag tcmalloc_max_total_thread_cache_bytes is not working since tcmalloc is not enabled.
I20260608 09:48:41.554754 30344 webserver.cc:533] Webserver started at http://127.29.162.62:37681/ using document root <none> and password file <none>
I20260608 09:48:41.555327 30344 fs_manager.cc:362] Metadata directory not provided
I20260608 09:48:41.555514 30344 fs_manager.cc:368] Using write-ahead log directory (fs_wal_dir) as metadata directory
I20260608 09:48:41.555817 30344 server_base.cc:909] This appears to be a new deployment of Kudu; creating new FS layout
I20260608 09:48:41.556957 30344 fs_manager.cc:1068] Generated new instance metadata in path /tmp/dist-test-taskV5OScQ/test-tmp/auto_rebalancer-test.0.AutoRebalancerTest.RangeAwareRebalancesNewRangeReplicas.1780912035890217-30344-0/minicluster-data/master-0-root/instance:
uuid: "af5c4b2c062042a0824be252e3de927f"
format_stamp: "Formatted at 2026-06-08 09:48:41 on dist-test-slave-vvcr"
I20260608 09:48:41.561947 30344 fs_manager.cc:696] Time spent creating directory manager: real 0.004s	user 0.004s	sys 0.003s
I20260608 09:48:41.565799   760 log_block_manager.cc:4031] Time spent loading block containers with low live blocks: real 0.000s	user 0.000s	sys 0.000s
I20260608 09:48:41.566814 30344 fs_manager.cc:730] Time spent opening block manager: real 0.003s	user 0.003s	sys 0.000s
I20260608 09:48:41.567153 30344 fs_manager.cc:647] Opened local filesystem: /tmp/dist-test-taskV5OScQ/test-tmp/auto_rebalancer-test.0.AutoRebalancerTest.RangeAwareRebalancesNewRangeReplicas.1780912035890217-30344-0/minicluster-data/master-0-root
uuid: "af5c4b2c062042a0824be252e3de927f"
format_stamp: "Formatted at 2026-06-08 09:48:41 on dist-test-slave-vvcr"
I20260608 09:48:41.567458 30344 fs_report.cc:389] FS layout report
--------------------
wal directory: /tmp/dist-test-taskV5OScQ/test-tmp/auto_rebalancer-test.0.AutoRebalancerTest.RangeAwareRebalancesNewRangeReplicas.1780912035890217-30344-0/minicluster-data/master-0-root
metadata directory: /tmp/dist-test-taskV5OScQ/test-tmp/auto_rebalancer-test.0.AutoRebalancerTest.RangeAwareRebalancesNewRangeReplicas.1780912035890217-30344-0/minicluster-data/master-0-root
1 data directories: /tmp/dist-test-taskV5OScQ/test-tmp/auto_rebalancer-test.0.AutoRebalancerTest.RangeAwareRebalancesNewRangeReplicas.1780912035890217-30344-0/minicluster-data/master-0-root/data
Total live blocks: 0
Total live bytes: 0
Total live bytes (after alignment): 0
Total number of LBM containers: 0 (0 full)
Did not check for missing blocks
Did not check for orphaned blocks
Total full LBM containers with extra space: 0 (0 repaired)
Total full LBM container extra space in bytes: 0 (0 repaired)
Total incomplete LBM containers: 0 (0 repaired)
Total LBM partial records: 0 (0 repaired)
Total corrupted LBM metadata records in RocksDB: 0 (0 repaired)
I20260608 09:48:41.593639 30344 rpc_server.cc:225] running with OpenSSL 1.1.1  11 Sep 2018
I20260608 09:48:41.594777 30344 kserver.cc:163] Server-wide thread pool size limit: 3276
I20260608 09:48:41.631618 30344 rpc_server.cc:307] RPC server started. Bound to: 127.29.162.62:40681
I20260608 09:48:41.631731   811 acceptor_pool.cc:272] collecting diagnostics on the listening RPC socket 127.29.162.62:40681 every 8 connection(s)
I20260608 09:48:41.635763   812 data_dirs.cc:400] Could only allocate 1 dirs of requested 3 for tablet 00000000000000000000000000000000. 1 dirs total, 0 dirs full, 0 dirs failed
I20260608 09:48:41.646145   812 tablet_bootstrap.cc:492] T 00000000000000000000000000000000 P af5c4b2c062042a0824be252e3de927f: Bootstrap starting.
I20260608 09:48:41.650712   812 tablet_bootstrap.cc:654] T 00000000000000000000000000000000 P af5c4b2c062042a0824be252e3de927f: Neither blocks nor log segments found. Creating new log.
I20260608 09:48:41.654963   812 tablet_bootstrap.cc:492] T 00000000000000000000000000000000 P af5c4b2c062042a0824be252e3de927f: No bootstrap required, opened a new log
I20260608 09:48:41.657147   812 raft_consensus.cc:359] T 00000000000000000000000000000000 P af5c4b2c062042a0824be252e3de927f [term 0 FOLLOWER]: Replica starting. Triggering 0 pending ops. Active config: opid_index: -1 OBSOLETE_local: true peers { permanent_uuid: "af5c4b2c062042a0824be252e3de927f" member_type: VOTER }
I20260608 09:48:41.657586   812 raft_consensus.cc:385] T 00000000000000000000000000000000 P af5c4b2c062042a0824be252e3de927f [term 0 FOLLOWER]: Consensus starting up: Expiring failure detector timer to make a prompt election more likely
I20260608 09:48:41.657823   812 raft_consensus.cc:740] T 00000000000000000000000000000000 P af5c4b2c062042a0824be252e3de927f [term 0 FOLLOWER]: Becoming Follower/Learner. State: Replica: af5c4b2c062042a0824be252e3de927f, State: Initialized, Role: FOLLOWER
I20260608 09:48:41.658456   812 consensus_queue.cc:260] T 00000000000000000000000000000000 P af5c4b2c062042a0824be252e3de927f [NON_LEADER]: Queue going to NON_LEADER mode. State: All replicated index: 0, Majority replicated index: 0, Committed index: 0, Last appended: 0.0, Last appended by leader: 0, Current term: 0, Majority size: -1, State: 0, Mode: NON_LEADER, active raft config: opid_index: -1 OBSOLETE_local: true peers { permanent_uuid: "af5c4b2c062042a0824be252e3de927f" member_type: VOTER }
I20260608 09:48:41.658939   812 raft_consensus.cc:399] T 00000000000000000000000000000000 P af5c4b2c062042a0824be252e3de927f [term 0 FOLLOWER]: Only one voter in the Raft config. Triggering election immediately
I20260608 09:48:41.659193   812 raft_consensus.cc:493] T 00000000000000000000000000000000 P af5c4b2c062042a0824be252e3de927f [term 0 FOLLOWER]: Starting leader election (initial election of a single-replica configuration)
I20260608 09:48:41.659475   812 raft_consensus.cc:3060] T 00000000000000000000000000000000 P af5c4b2c062042a0824be252e3de927f [term 0 FOLLOWER]: Advancing to term 1
I20260608 09:48:41.664105   812 raft_consensus.cc:515] T 00000000000000000000000000000000 P af5c4b2c062042a0824be252e3de927f [term 1 FOLLOWER]: Starting leader election with config: opid_index: -1 OBSOLETE_local: true peers { permanent_uuid: "af5c4b2c062042a0824be252e3de927f" member_type: VOTER }
I20260608 09:48:41.664721   812 leader_election.cc:304] T 00000000000000000000000000000000 P af5c4b2c062042a0824be252e3de927f [CANDIDATE]: Term 1 election: Election decided. Result: candidate won. Election summary: received 1 responses out of 1 voters: 1 yes votes; 0 no votes. yes voters: af5c4b2c062042a0824be252e3de927f; no voters: 
I20260608 09:48:41.666114   812 leader_election.cc:290] T 00000000000000000000000000000000 P af5c4b2c062042a0824be252e3de927f [CANDIDATE]: Term 1 election: Requested vote from peers 
I20260608 09:48:41.666522   815 raft_consensus.cc:2804] T 00000000000000000000000000000000 P af5c4b2c062042a0824be252e3de927f [term 1 FOLLOWER]: Leader election won for term 1
I20260608 09:48:41.667934   815 raft_consensus.cc:697] T 00000000000000000000000000000000 P af5c4b2c062042a0824be252e3de927f [term 1 LEADER]: Becoming Leader. State: Replica: af5c4b2c062042a0824be252e3de927f, State: Running, Role: LEADER
I20260608 09:48:41.668677   815 consensus_queue.cc:237] T 00000000000000000000000000000000 P af5c4b2c062042a0824be252e3de927f [LEADER]: Queue going to LEADER mode. State: All replicated index: 0, Majority replicated index: 0, Committed index: 0, Last appended: 0.0, Last appended by leader: 0, Current term: 1, Majority size: 1, State: 0, Mode: LEADER, active raft config: opid_index: -1 OBSOLETE_local: true peers { permanent_uuid: "af5c4b2c062042a0824be252e3de927f" member_type: VOTER }
I20260608 09:48:41.669260   812 sys_catalog.cc:565] T 00000000000000000000000000000000 P af5c4b2c062042a0824be252e3de927f [sys.catalog]: configured and running, proceeding with master startup.
I20260608 09:48:41.671908   817 sys_catalog.cc:455] T 00000000000000000000000000000000 P af5c4b2c062042a0824be252e3de927f [sys.catalog]: SysCatalogTable state changed. Reason: New leader af5c4b2c062042a0824be252e3de927f. Latest consensus state: current_term: 1 leader_uuid: "af5c4b2c062042a0824be252e3de927f" committed_config { opid_index: -1 OBSOLETE_local: true peers { permanent_uuid: "af5c4b2c062042a0824be252e3de927f" member_type: VOTER } }
I20260608 09:48:41.671888   816 sys_catalog.cc:455] T 00000000000000000000000000000000 P af5c4b2c062042a0824be252e3de927f [sys.catalog]: SysCatalogTable state changed. Reason: RaftConsensus started. Latest consensus state: current_term: 1 leader_uuid: "af5c4b2c062042a0824be252e3de927f" committed_config { opid_index: -1 OBSOLETE_local: true peers { permanent_uuid: "af5c4b2c062042a0824be252e3de927f" member_type: VOTER } }
I20260608 09:48:41.672618   817 sys_catalog.cc:458] T 00000000000000000000000000000000 P af5c4b2c062042a0824be252e3de927f [sys.catalog]: This master's current role is: LEADER
I20260608 09:48:41.672645   816 sys_catalog.cc:458] T 00000000000000000000000000000000 P af5c4b2c062042a0824be252e3de927f [sys.catalog]: This master's current role is: LEADER
I20260608 09:48:41.678136   820 catalog_manager.cc:1510] Loading table and tablet metadata into memory...
I20260608 09:48:41.686327   820 catalog_manager.cc:1519] Initializing Kudu cluster ID...
I20260608 09:48:41.687371 30344 internal_mini_cluster.cc:184] Waiting to initialize catalog manager on master 0
I20260608 09:48:41.696872   820 catalog_manager.cc:1382] Generated new cluster ID: f2bf5235f99d4b8fa6e1ad0191eb410e
I20260608 09:48:41.697283   820 catalog_manager.cc:1530] Initializing Kudu internal certificate authority...
I20260608 09:48:41.732755   820 catalog_manager.cc:1405] Generated new certificate authority record
I20260608 09:48:41.734190   820 catalog_manager.cc:1539] Loading token signing keys...
I20260608 09:48:41.756188   820 catalog_manager.cc:6069] T 00000000000000000000000000000000 P af5c4b2c062042a0824be252e3de927f: Generated new TSK 0
