I20260601 13:43:35.668763 25915 raft_consensus.cc:2955] T 8d28a920f76b4d83979a7429f957c3fa P 1433a6a54a88474ca197477708d7a466 [term 1 LEADER]: Committing config change with OpId 1.2: config changed from index -1 to 2, NON_VOTER f3db0930dc0e426e8664dc55d89f7d62 (127.22.52.196) added. New config: { opid_index: 2 OBSOLETE_local: false peers { permanent_uuid: "1433a6a54a88474ca197477708d7a466" member_type: VOTER last_known_addr { host: "127.22.52.193" port: 37941 } } peers { permanent_uuid: "476d6a087d80492d9b5d410daaca1215" member_type: VOTER last_known_addr { host: "127.22.52.194" port: 34047 } attrs { replace: true } } peers { permanent_uuid: "841b5f649005474d82ec44cdbbb857d0" member_type: VOTER last_known_addr { host: "127.22.52.195" port: 38881 } } peers { permanent_uuid: "f3db0930dc0e426e8664dc55d89f7d62" member_type: NON_VOTER last_known_addr { host: "127.22.52.196" port: 38481 } attrs { promote: true } } }
I20260601 13:43:35.669144 25846 raft_consensus.cc:2955] T 8d28a920f76b4d83979a7429f957c3fa P 841b5f649005474d82ec44cdbbb857d0 [term 1 FOLLOWER]: Committing config change with OpId 1.2: config changed from index -1 to 2, NON_VOTER f3db0930dc0e426e8664dc55d89f7d62 (127.22.52.196) added. New config: { opid_index: 2 OBSOLETE_local: false peers { permanent_uuid: "1433a6a54a88474ca197477708d7a466" member_type: VOTER last_known_addr { host: "127.22.52.193" port: 37941 } } peers { permanent_uuid: "476d6a087d80492d9b5d410daaca1215" member_type: VOTER last_known_addr { host: "127.22.52.194" port: 34047 } attrs { replace: true } } peers { permanent_uuid: "841b5f649005474d82ec44cdbbb857d0" member_type: VOTER last_known_addr { host: "127.22.52.195" port: 38881 } } peers { permanent_uuid: "f3db0930dc0e426e8664dc55d89f7d62" member_type: NON_VOTER last_known_addr { host: "127.22.52.196" port: 38481 } attrs { promote: true } } }
I20260601 13:43:35.671707 25771 raft_consensus.cc:2955] T 8d28a920f76b4d83979a7429f957c3fa P 476d6a087d80492d9b5d410daaca1215 [term 1 FOLLOWER]: Committing config change with OpId 1.2: config changed from index -1 to 2, NON_VOTER f3db0930dc0e426e8664dc55d89f7d62 (127.22.52.196) added. New config: { opid_index: 2 OBSOLETE_local: false peers { permanent_uuid: "1433a6a54a88474ca197477708d7a466" member_type: VOTER last_known_addr { host: "127.22.52.193" port: 37941 } } peers { permanent_uuid: "476d6a087d80492d9b5d410daaca1215" member_type: VOTER last_known_addr { host: "127.22.52.194" port: 34047 } attrs { replace: true } } peers { permanent_uuid: "841b5f649005474d82ec44cdbbb857d0" member_type: VOTER last_known_addr { host: "127.22.52.195" port: 38881 } } peers { permanent_uuid: "f3db0930dc0e426e8664dc55d89f7d62" member_type: NON_VOTER last_known_addr { host: "127.22.52.196" port: 38481 } attrs { promote: true } } }
I20260601 13:43:35.671895 25591 catalog_manager.cc:5696] T 8d28a920f76b4d83979a7429f957c3fa P 841b5f649005474d82ec44cdbbb857d0 reported cstate change: config changed from index -1 to 2, NON_VOTER f3db0930dc0e426e8664dc55d89f7d62 (127.22.52.196) added. New cstate: current_term: 1 leader_uuid: "1433a6a54a88474ca197477708d7a466" committed_config { opid_index: 2 OBSOLETE_local: false peers { permanent_uuid: "1433a6a54a88474ca197477708d7a466" member_type: VOTER last_known_addr { host: "127.22.52.193" port: 37941 } } peers { permanent_uuid: "476d6a087d80492d9b5d410daaca1215" member_type: VOTER last_known_addr { host: "127.22.52.194" port: 34047 } attrs { replace: true } } peers { permanent_uuid: "841b5f649005474d82ec44cdbbb857d0" member_type: VOTER last_known_addr { host: "127.22.52.195" port: 38881 } } peers { permanent_uuid: "f3db0930dc0e426e8664dc55d89f7d62" member_type: NON_VOTER last_known_addr { host: "127.22.52.196" port: 38481 } attrs { promote: true } } }
I20260601 13:43:35.678001 25771 consensus_queue.cc:237] T 6798b4510fd442b5916f4980e4ecfaa3 P 476d6a087d80492d9b5d410daaca1215 [LEADER]: Queue going to LEADER mode. State: All replicated index: 0, Majority replicated index: 1, Committed index: 1, Last appended: 1.1, Last appended by leader: 0, Current term: 1, Majority size: 2, State: 0, Mode: LEADER, active raft config: opid_index: 2 OBSOLETE_local: false peers { permanent_uuid: "476d6a087d80492d9b5d410daaca1215" member_type: VOTER last_known_addr { host: "127.22.52.194" port: 34047 } } peers { permanent_uuid: "841b5f649005474d82ec44cdbbb857d0" member_type: VOTER last_known_addr { host: "127.22.52.195" port: 38881 } attrs { replace: true } } peers { permanent_uuid: "1433a6a54a88474ca197477708d7a466" member_type: VOTER last_known_addr { host: "127.22.52.193" port: 37941 } } peers { permanent_uuid: "f3db0930dc0e426e8664dc55d89f7d62" member_type: NON_VOTER last_known_addr { host: "127.22.52.196" port: 38481 } attrs { promote: true } }
I20260601 13:43:35.679831 25846 raft_consensus.cc:1275] T 6798b4510fd442b5916f4980e4ecfaa3 P 841b5f649005474d82ec44cdbbb857d0 [term 1 FOLLOWER]: Refusing update from remote peer 476d6a087d80492d9b5d410daaca1215: Log matching property violated. Preceding OpId in replica: term: 1 index: 1. Preceding OpId from leader: term: 1 index: 2. (index mismatch)
I20260601 13:43:35.679831 25694 raft_consensus.cc:1275] T 6798b4510fd442b5916f4980e4ecfaa3 P 1433a6a54a88474ca197477708d7a466 [term 1 FOLLOWER]: Refusing update from remote peer 476d6a087d80492d9b5d410daaca1215: Log matching property violated. Preceding OpId in replica: term: 1 index: 1. Preceding OpId from leader: term: 1 index: 2. (index mismatch)
W20260601 13:43:35.680181 25736 consensus_peers.cc:597] T 6798b4510fd442b5916f4980e4ecfaa3 P 476d6a087d80492d9b5d410daaca1215 -> Peer f3db0930dc0e426e8664dc55d89f7d62 (127.22.52.196:38481): Couldn't send request to peer f3db0930dc0e426e8664dc55d89f7d62. Error code: TABLET_NOT_FOUND (6). Status: Not found: Tablet not found: 6798b4510fd442b5916f4980e4ecfaa3. This is attempt 1: this message will repeat every 5th retry.
I20260601 13:43:35.680289 25927 consensus_queue.cc:1048] T 6798b4510fd442b5916f4980e4ecfaa3 P 476d6a087d80492d9b5d410daaca1215 [LEADER]: Connected to new peer: Peer: permanent_uuid: "841b5f649005474d82ec44cdbbb857d0" member_type: VOTER last_known_addr { host: "127.22.52.195" port: 38881 } attrs { replace: true }, Status: LMP_MISMATCH, Last received: 0.0, Next index: 2, Last known committed idx: 1, Time since last communication: 0.000s
I20260601 13:43:35.680424 25899 consensus_queue.cc:1048] T 6798b4510fd442b5916f4980e4ecfaa3 P 476d6a087d80492d9b5d410daaca1215 [LEADER]: Connected to new peer: Peer: permanent_uuid: "1433a6a54a88474ca197477708d7a466" member_type: VOTER last_known_addr { host: "127.22.52.193" port: 37941 }, Status: LMP_MISMATCH, Last received: 0.0, Next index: 2, Last known committed idx: 1, Time since last communication: 0.000s
I20260601 13:43:35.682289 26064 raft_consensus.cc:2955] T 6798b4510fd442b5916f4980e4ecfaa3 P 476d6a087d80492d9b5d410daaca1215 [term 1 LEADER]: Committing config change with OpId 1.2: config changed from index -1 to 2, NON_VOTER f3db0930dc0e426e8664dc55d89f7d62 (127.22.52.196) added. New config: { opid_index: 2 OBSOLETE_local: false peers { permanent_uuid: "476d6a087d80492d9b5d410daaca1215" member_type: VOTER last_known_addr { host: "127.22.52.194" port: 34047 } } peers { permanent_uuid: "841b5f649005474d82ec44cdbbb857d0" member_type: VOTER last_known_addr { host: "127.22.52.195" port: 38881 } attrs { replace: true } } peers { permanent_uuid: "1433a6a54a88474ca197477708d7a466" member_type: VOTER last_known_addr { host: "127.22.52.193" port: 37941 } } peers { permanent_uuid: "f3db0930dc0e426e8664dc55d89f7d62" member_type: NON_VOTER last_known_addr { host: "127.22.52.196" port: 38481 } attrs { promote: true } } }
I20260601 13:43:35.682776 25694 raft_consensus.cc:2955] T 6798b4510fd442b5916f4980e4ecfaa3 P 1433a6a54a88474ca197477708d7a466 [term 1 FOLLOWER]: Committing config change with OpId 1.2: config changed from index -1 to 2, NON_VOTER f3db0930dc0e426e8664dc55d89f7d62 (127.22.52.196) added. New config: { opid_index: 2 OBSOLETE_local: false peers { permanent_uuid: "476d6a087d80492d9b5d410daaca1215" member_type: VOTER last_known_addr { host: "127.22.52.194" port: 34047 } } peers { permanent_uuid: "841b5f649005474d82ec44cdbbb857d0" member_type: VOTER last_known_addr { host: "127.22.52.195" port: 38881 } attrs { replace: true } } peers { permanent_uuid: "1433a6a54a88474ca197477708d7a466" member_type: VOTER last_known_addr { host: "127.22.52.193" port: 37941 } } peers { permanent_uuid: "f3db0930dc0e426e8664dc55d89f7d62" member_type: NON_VOTER last_known_addr { host: "127.22.52.196" port: 38481 } attrs { promote: true } } }
I20260601 13:43:35.682776 25846 raft_consensus.cc:2955] T 6798b4510fd442b5916f4980e4ecfaa3 P 841b5f649005474d82ec44cdbbb857d0 [term 1 FOLLOWER]: Committing config change with OpId 1.2: config changed from index -1 to 2, NON_VOTER f3db0930dc0e426e8664dc55d89f7d62 (127.22.52.196) added. New config: { opid_index: 2 OBSOLETE_local: false peers { permanent_uuid: "476d6a087d80492d9b5d410daaca1215" member_type: VOTER last_known_addr { host: "127.22.52.194" port: 34047 } } peers { permanent_uuid: "841b5f649005474d82ec44cdbbb857d0" member_type: VOTER last_known_addr { host: "127.22.52.195" port: 38881 } attrs { replace: true } } peers { permanent_uuid: "1433a6a54a88474ca197477708d7a466" member_type: VOTER last_known_addr { host: "127.22.52.193" port: 37941 } } peers { permanent_uuid: "f3db0930dc0e426e8664dc55d89f7d62" member_type: NON_VOTER last_known_addr { host: "127.22.52.196" port: 38481 } attrs { promote: true } } }
I20260601 13:43:35.685371 25592 catalog_manager.cc:5696] T 6798b4510fd442b5916f4980e4ecfaa3 P 841b5f649005474d82ec44cdbbb857d0 reported cstate change: config changed from index -1 to 2, NON_VOTER f3db0930dc0e426e8664dc55d89f7d62 (127.22.52.196) added. New cstate: current_term: 1 leader_uuid: "476d6a087d80492d9b5d410daaca1215" committed_config { opid_index: 2 OBSOLETE_local: false peers { permanent_uuid: "476d6a087d80492d9b5d410daaca1215" member_type: VOTER last_known_addr { host: "127.22.52.194" port: 34047 } } peers { permanent_uuid: "841b5f649005474d82ec44cdbbb857d0" member_type: VOTER last_known_addr { host: "127.22.52.195" port: 38881 } attrs { replace: true } } peers { permanent_uuid: "1433a6a54a88474ca197477708d7a466" member_type: VOTER last_known_addr { host: "127.22.52.193" port: 37941 } } peers { permanent_uuid: "f3db0930dc0e426e8664dc55d89f7d62" member_type: NON_VOTER last_known_addr { host: "127.22.52.196" port: 38481 } attrs { promote: true } } }
W20260601 13:43:35.686590 25639 auto_rebalancer.cc:591] Failed to schedule move for tablet c5783bf963614378b6d9a3782966f118: Illegal state: Leader has not yet committed an operation in its own term
I20260601 13:43:35.726650 25900 consensus_queue.cc:1048] T c5783bf963614378b6d9a3782966f118 P 841b5f649005474d82ec44cdbbb857d0 [LEADER]: Connected to new peer: Peer: permanent_uuid: "1433a6a54a88474ca197477708d7a466" member_type: VOTER last_known_addr { host: "127.22.52.193" port: 37941 }, Status: LMP_MISMATCH, Last received: 0.0, Next index: 1, Last known committed idx: 0, Time since last communication: 0.000s
I20260601 13:43:35.731283 25895 consensus_queue.cc:1048] T c5783bf963614378b6d9a3782966f118 P 841b5f649005474d82ec44cdbbb857d0 [LEADER]: Connected to new peer: Peer: permanent_uuid: "476d6a087d80492d9b5d410daaca1215" member_type: VOTER last_known_addr { host: "127.22.52.194" port: 34047 }, Status: LMP_MISMATCH, Last received: 0.0, Next index: 1, Last known committed idx: 0, Time since last communication: 0.000s
I20260601 13:43:35.749392 25915 consensus_queue.cc:1048] T 549aa3a7ec5d42939a9fec978b3f0469 P 1433a6a54a88474ca197477708d7a466 [LEADER]: Connected to new peer: Peer: permanent_uuid: "f3db0930dc0e426e8664dc55d89f7d62" member_type: VOTER last_known_addr { host: "127.22.52.196" port: 38481 }, Status: LMP_MISMATCH, Last received: 0.0, Next index: 1, Last known committed idx: 0, Time since last communication: 0.000s
I20260601 13:43:35.755580 25906 consensus_queue.cc:1048] T 549aa3a7ec5d42939a9fec978b3f0469 P 1433a6a54a88474ca197477708d7a466 [LEADER]: Connected to new peer: Peer: permanent_uuid: "476d6a087d80492d9b5d410daaca1215" member_type: VOTER last_known_addr { host: "127.22.52.194" port: 34047 }, Status: LMP_MISMATCH, Last received: 0.0, Next index: 1, Last known committed idx: 0, Time since last communication: 0.000s
I20260601 13:43:35.793773 25906 consensus_queue.cc:1048] T 69d22f61c6a24799b3a3cbd0240cd056 P 1433a6a54a88474ca197477708d7a466 [LEADER]: Connected to new peer: Peer: permanent_uuid: "841b5f649005474d82ec44cdbbb857d0" member_type: VOTER last_known_addr { host: "127.22.52.195" port: 38881 }, Status: LMP_MISMATCH, Last received: 0.0, Next index: 1, Last known committed idx: 0, Time since last communication: 0.000s
I20260601 13:43:35.796806 25906 consensus_queue.cc:1048] T 69d22f61c6a24799b3a3cbd0240cd056 P 1433a6a54a88474ca197477708d7a466 [LEADER]: Connected to new peer: Peer: permanent_uuid: "f3db0930dc0e426e8664dc55d89f7d62" member_type: VOTER last_known_addr { host: "127.22.52.196" port: 38481 }, Status: LMP_MISMATCH, Last received: 0.0, Next index: 1, Last known committed idx: 0, Time since last communication: 0.000s
I20260601 13:43:35.816243 25985 raft_consensus.cc:3060] T 2b44c82419444533b55a2d1f91dff72c P f3db0930dc0e426e8664dc55d89f7d62 [term 0 FOLLOWER]: Advancing to term 1
I20260601 13:43:35.818547 25895 consensus_queue.cc:1048] T 2b44c82419444533b55a2d1f91dff72c P 841b5f649005474d82ec44cdbbb857d0 [LEADER]: Connected to new peer: Peer: permanent_uuid: "f3db0930dc0e426e8664dc55d89f7d62" member_type: VOTER last_known_addr { host: "127.22.52.196" port: 38481 }, Status: LMP_MISMATCH, Last received: 0.0, Next index: 1, Last known committed idx: 0, Time since last communication: 0.000s
I20260601 13:43:35.822934 26052 consensus_queue.cc:1048] T 2b44c82419444533b55a2d1f91dff72c P 841b5f649005474d82ec44cdbbb857d0 [LEADER]: Connected to new peer: Peer: permanent_uuid: "1433a6a54a88474ca197477708d7a466" member_type: VOTER last_known_addr { host: "127.22.52.193" port: 37941 }, Status: LMP_MISMATCH, Last received: 0.0, Next index: 1, Last known committed idx: 0, Time since last communication: 0.000s
I20260601 13:43:35.855571 26059 consensus_queue.cc:1048] T d81fc7cb5c0b46dc8fd5b00abc47a5fd P f3db0930dc0e426e8664dc55d89f7d62 [LEADER]: Connected to new peer: Peer: permanent_uuid: "476d6a087d80492d9b5d410daaca1215" member_type: VOTER last_known_addr { host: "127.22.52.194" port: 34047 }, Status: LMP_MISMATCH, Last received: 0.0, Next index: 1, Last known committed idx: 0, Time since last communication: 0.000s
I20260601 13:43:35.860452 26023 consensus_queue.cc:1048] T d81fc7cb5c0b46dc8fd5b00abc47a5fd P f3db0930dc0e426e8664dc55d89f7d62 [LEADER]: Connected to new peer: Peer: permanent_uuid: "841b5f649005474d82ec44cdbbb857d0" member_type: VOTER last_known_addr { host: "127.22.52.195" port: 38881 }, Status: LMP_MISMATCH, Last received: 0.0, Next index: 1, Last known committed idx: 0, Time since last communication: 0.000s
I20260601 13:43:35.887153 26052 raft_consensus.cc:993] T 07109116ce044efa8afa537f2c5c3dd8 P 841b5f649005474d82ec44cdbbb857d0: : Instructing follower 1433a6a54a88474ca197477708d7a466 to start an election
I20260601 13:43:35.887306 26052 raft_consensus.cc:1081] T 07109116ce044efa8afa537f2c5c3dd8 P 841b5f649005474d82ec44cdbbb857d0 [term 1 LEADER]: Signalling peer 1433a6a54a88474ca197477708d7a466 to start an election
I20260601 13:43:35.887982 25694 tablet_service.cc:2044] Received Run Leader Election RPC: tablet_id: "07109116ce044efa8afa537f2c5c3dd8"
dest_uuid: "1433a6a54a88474ca197477708d7a466"
 from {username='slave'} at 127.0.0.1:57352
I20260601 13:43:35.888192 25694 raft_consensus.cc:493] T 07109116ce044efa8afa537f2c5c3dd8 P 1433a6a54a88474ca197477708d7a466 [term 1 FOLLOWER]: Starting forced leader election (received explicit request)
I20260601 13:43:35.888270 25694 raft_consensus.cc:3060] T 07109116ce044efa8afa537f2c5c3dd8 P 1433a6a54a88474ca197477708d7a466 [term 1 FOLLOWER]: Advancing to term 2
I20260601 13:43:35.889369 25694 raft_consensus.cc:515] T 07109116ce044efa8afa537f2c5c3dd8 P 1433a6a54a88474ca197477708d7a466 [term 2 FOLLOWER]: Starting forced leader election with config: opid_index: -1 OBSOLETE_local: false peers { permanent_uuid: "1433a6a54a88474ca197477708d7a466" member_type: VOTER last_known_addr { host: "127.22.52.193" port: 37941 } } peers { permanent_uuid: "476d6a087d80492d9b5d410daaca1215" member_type: VOTER last_known_addr { host: "127.22.52.194" port: 34047 } } peers { permanent_uuid: "841b5f649005474d82ec44cdbbb857d0" member_type: VOTER last_known_addr { host: "127.22.52.195" port: 38881 } }
I20260601 13:43:35.889840 25694 leader_election.cc:290] T 07109116ce044efa8afa537f2c5c3dd8 P 1433a6a54a88474ca197477708d7a466 [CANDIDATE]: Term 2 election: Requested vote from peers 476d6a087d80492d9b5d410daaca1215 (127.22.52.194:34047), 841b5f649005474d82ec44cdbbb857d0 (127.22.52.195:38881)
I20260601 13:43:35.890403 25771 tablet_service.cc:1917] Received RequestConsensusVote() RPC: tablet_id: "07109116ce044efa8afa537f2c5c3dd8" candidate_uuid: "1433a6a54a88474ca197477708d7a466" candidate_term: 2 candidate_status { last_received { term: 1 index: 1 } } ignore_live_leader: true dest_uuid: "476d6a087d80492d9b5d410daaca1215"
I20260601 13:43:35.890466 25846 tablet_service.cc:1917] Received RequestConsensusVote() RPC: tablet_id: "07109116ce044efa8afa537f2c5c3dd8" candidate_uuid: "1433a6a54a88474ca197477708d7a466" candidate_term: 2 candidate_status { last_received { term: 1 index: 1 } } ignore_live_leader: true dest_uuid: "841b5f649005474d82ec44cdbbb857d0"
I20260601 13:43:35.890523 25771 raft_consensus.cc:3060] T 07109116ce044efa8afa537f2c5c3dd8 P 476d6a087d80492d9b5d410daaca1215 [term 1 FOLLOWER]: Advancing to term 2
I20260601 13:43:35.890736 25846 raft_consensus.cc:3055] T 07109116ce044efa8afa537f2c5c3dd8 P 841b5f649005474d82ec44cdbbb857d0 [term 1 LEADER]: Stepping down as leader of term 1
I20260601 13:43:35.890810 25846 raft_consensus.cc:740] T 07109116ce044efa8afa537f2c5c3dd8 P 841b5f649005474d82ec44cdbbb857d0 [term 1 LEADER]: Becoming Follower/Learner. State: Replica: 841b5f649005474d82ec44cdbbb857d0, State: Running, Role: LEADER
I20260601 13:43:35.891034 25846 consensus_queue.cc:260] T 07109116ce044efa8afa537f2c5c3dd8 P 841b5f649005474d82ec44cdbbb857d0 [NON_LEADER]: Queue going to NON_LEADER mode. State: All replicated index: 0, Majority replicated index: 1, Committed index: 1, Last appended: 1.1, Last appended by leader: 1, Current term: 1, Majority size: -1, State: 0, Mode: NON_LEADER, active raft config: opid_index: -1 OBSOLETE_local: false peers { permanent_uuid: "1433a6a54a88474ca197477708d7a466" member_type: VOTER last_known_addr { host: "127.22.52.193" port: 37941 } } peers { permanent_uuid: "476d6a087d80492d9b5d410daaca1215" member_type: VOTER last_known_addr { host: "127.22.52.194" port: 34047 } } peers { permanent_uuid: "841b5f649005474d82ec44cdbbb857d0" member_type: VOTER last_known_addr { host: "127.22.52.195" port: 38881 } }
I20260601 13:43:35.891278 25846 raft_consensus.cc:3060] T 07109116ce044efa8afa537f2c5c3dd8 P 841b5f649005474d82ec44cdbbb857d0 [term 1 FOLLOWER]: Advancing to term 2
I20260601 13:43:35.891760 25771 raft_consensus.cc:2468] T 07109116ce044efa8afa537f2c5c3dd8 P 476d6a087d80492d9b5d410daaca1215 [term 2 FOLLOWER]: Leader election vote request: Granting yes vote for candidate 1433a6a54a88474ca197477708d7a466 in term 2.
I20260601 13:43:35.892174 25659 leader_election.cc:304] T 07109116ce044efa8afa537f2c5c3dd8 P 1433a6a54a88474ca197477708d7a466 [CANDIDATE]: Term 2 election: Election decided. Result: candidate won. Election summary: received 2 responses out of 3 voters: 2 yes votes; 0 no votes. yes voters: 1433a6a54a88474ca197477708d7a466, 476d6a087d80492d9b5d410daaca1215; no voters: 
I20260601 13:43:35.892513 25846 raft_consensus.cc:2468] T 07109116ce044efa8afa537f2c5c3dd8 P 841b5f649005474d82ec44cdbbb857d0 [term 2 FOLLOWER]: Leader election vote request: Granting yes vote for candidate 1433a6a54a88474ca197477708d7a466 in term 2.
I20260601 13:43:35.892774 25915 raft_consensus.cc:2804] T 07109116ce044efa8afa537f2c5c3dd8 P 1433a6a54a88474ca197477708d7a466 [term 2 FOLLOWER]: Leader election won for term 2
I20260601 13:43:35.892876 25915 raft_consensus.cc:697] T 07109116ce044efa8afa537f2c5c3dd8 P 1433a6a54a88474ca197477708d7a466 [term 2 LEADER]: Becoming Leader. State: Replica: 1433a6a54a88474ca197477708d7a466, State: Running, Role: LEADER
I20260601 13:43:35.893054 25915 consensus_queue.cc:237] T 07109116ce044efa8afa537f2c5c3dd8 P 1433a6a54a88474ca197477708d7a466 [LEADER]: Queue going to LEADER mode. State: All replicated index: 0, Majority replicated index: 1, Committed index: 1, Last appended: 1.1, Last appended by leader: 1, Current term: 2, Majority size: 2, State: 0, Mode: LEADER, active raft config: opid_index: -1 OBSOLETE_local: false peers { permanent_uuid: "1433a6a54a88474ca197477708d7a466" member_type: VOTER last_known_addr { host: "127.22.52.193" port: 37941 } } peers { permanent_uuid: "476d6a087d80492d9b5d410daaca1215" member_type: VOTER last_known_addr { host: "127.22.52.194" port: 34047 } } peers { permanent_uuid: "841b5f649005474d82ec44cdbbb857d0" member_type: VOTER last_known_addr { host: "127.22.52.195" port: 38881 } }
I20260601 13:43:35.895218 25591 catalog_manager.cc:5696] T 07109116ce044efa8afa537f2c5c3dd8 P 1433a6a54a88474ca197477708d7a466 reported cstate change: term changed from 1 to 2, leader changed from 841b5f649005474d82ec44cdbbb857d0 (127.22.52.195) to 1433a6a54a88474ca197477708d7a466 (127.22.52.193). New cstate: current_term: 2 leader_uuid: "1433a6a54a88474ca197477708d7a466" committed_config { opid_index: -1 OBSOLETE_local: false peers { permanent_uuid: "1433a6a54a88474ca197477708d7a466" member_type: VOTER last_known_addr { host: "127.22.52.193" port: 37941 } health_report { overall_health: HEALTHY } } peers { permanent_uuid: "476d6a087d80492d9b5d410daaca1215" member_type: VOTER last_known_addr { host: "127.22.52.194" port: 34047 } health_report { overall_health: UNKNOWN } } peers { permanent_uuid: "841b5f649005474d82ec44cdbbb857d0" member_type: VOTER last_known_addr { host: "127.22.52.195" port: 38881 } health_report { overall_health: UNKNOWN } } }
I20260601 13:43:35.944011 26023 consensus_queue.cc:1048] T d62009915f5042d491e378d5cb58f7f7 P f3db0930dc0e426e8664dc55d89f7d62 [LEADER]: Connected to new peer: Peer: permanent_uuid: "476d6a087d80492d9b5d410daaca1215" member_type: VOTER last_known_addr { host: "127.22.52.194" port: 34047 }, Status: LMP_MISMATCH, Last received: 0.0, Next index: 1, Last known committed idx: 0, Time since last communication: 0.000s
I20260601 13:43:35.948217 26023 consensus_queue.cc:1048] T d62009915f5042d491e378d5cb58f7f7 P f3db0930dc0e426e8664dc55d89f7d62 [LEADER]: Connected to new peer: Peer: permanent_uuid: "1433a6a54a88474ca197477708d7a466" member_type: VOTER last_known_addr { host: "127.22.52.193" port: 37941 }, Status: LMP_MISMATCH, Last received: 0.0, Next index: 1, Last known committed idx: 0, Time since last communication: 0.000s
I20260601 13:43:36.026572 25906 consensus_queue.cc:1048] T 19288dfa42e04a399f77ca15e5992c87 P 1433a6a54a88474ca197477708d7a466 [LEADER]: Connected to new peer: Peer: permanent_uuid: "476d6a087d80492d9b5d410daaca1215" member_type: VOTER last_known_addr { host: "127.22.52.194" port: 34047 }, Status: LMP_MISMATCH, Last received: 0.0, Next index: 1, Last known committed idx: 0, Time since last communication: 0.000s
I20260601 13:43:36.030704 25906 consensus_queue.cc:1048] T 19288dfa42e04a399f77ca15e5992c87 P 1433a6a54a88474ca197477708d7a466 [LEADER]: Connected to new peer: Peer: permanent_uuid: "f3db0930dc0e426e8664dc55d89f7d62" member_type: VOTER last_known_addr { host: "127.22.52.196" port: 38481 }, Status: LMP_MISMATCH, Last received: 0.0, Next index: 1, Last known committed idx: 0, Time since last communication: 0.000s
I20260601 13:43:36.042495 26059 consensus_queue.cc:1048] T 475ca0d03ed04fec9ee06197380a9126 P f3db0930dc0e426e8664dc55d89f7d62 [LEADER]: Connected to new peer: Peer: permanent_uuid: "1433a6a54a88474ca197477708d7a466" member_type: VOTER last_known_addr { host: "127.22.52.193" port: 37941 }, Status: LMP_MISMATCH, Last received: 0.0, Next index: 1, Last known committed idx: 0, Time since last communication: 0.000s
I20260601 13:43:36.047657 26023 consensus_queue.cc:1048] T 475ca0d03ed04fec9ee06197380a9126 P f3db0930dc0e426e8664dc55d89f7d62 [LEADER]: Connected to new peer: Peer: permanent_uuid: "841b5f649005474d82ec44cdbbb857d0" member_type: VOTER last_known_addr { host: "127.22.52.195" port: 38881 }, Status: LMP_MISMATCH, Last received: 0.0, Next index: 1, Last known committed idx: 0, Time since last communication: 0.000s
I20260601 13:43:36.061105 25899 consensus_queue.cc:1048] T db3d225b75de4868883e3c959588f6f2 P 476d6a087d80492d9b5d410daaca1215 [LEADER]: Connected to new peer: Peer: permanent_uuid: "f3db0930dc0e426e8664dc55d89f7d62" member_type: VOTER last_known_addr { host: "127.22.52.196" port: 38481 }, Status: LMP_MISMATCH, Last received: 0.0, Next index: 1, Last known committed idx: 0, Time since last communication: 0.000s
I20260601 13:43:36.064319 26098 ts_tablet_manager.cc:933] T 5f01dce4d1634f73914f873445db803a P f3db0930dc0e426e8664dc55d89f7d62: Initiating tablet copy from peer 841b5f649005474d82ec44cdbbb857d0 (127.22.52.195:38881)
I20260601 13:43:36.064857 26098 tablet_copy_client.cc:323] T 5f01dce4d1634f73914f873445db803a P f3db0930dc0e426e8664dc55d89f7d62: tablet copy: Beginning tablet copy session from remote peer at address 127.22.52.195:38881
I20260601 13:43:36.065408 25856 tablet_copy_service.cc:140] P 841b5f649005474d82ec44cdbbb857d0: Received BeginTabletCopySession request for tablet 5f01dce4d1634f73914f873445db803a from peer f3db0930dc0e426e8664dc55d89f7d62 ({username='slave'} at 127.0.0.1:33436)
I20260601 13:43:36.065506 25856 tablet_copy_service.cc:161] P 841b5f649005474d82ec44cdbbb857d0: Beginning new tablet copy session on tablet 5f01dce4d1634f73914f873445db803a from peer f3db0930dc0e426e8664dc55d89f7d62 at {username='slave'} at 127.0.0.1:33436: session id = f3db0930dc0e426e8664dc55d89f7d62-5f01dce4d1634f73914f873445db803a
I20260601 13:43:36.065876 25927 consensus_queue.cc:1048] T db3d225b75de4868883e3c959588f6f2 P 476d6a087d80492d9b5d410daaca1215 [LEADER]: Connected to new peer: Peer: permanent_uuid: "841b5f649005474d82ec44cdbbb857d0" member_type: VOTER last_known_addr { host: "127.22.52.195" port: 38881 }, Status: LMP_MISMATCH, Last received: 0.0, Next index: 1, Last known committed idx: 0, Time since last communication: 0.000s
I20260601 13:43:36.066602 25856 tablet_copy_source_session.cc:215] T 5f01dce4d1634f73914f873445db803a P 841b5f649005474d82ec44cdbbb857d0: Tablet Copy: opened 0 blocks and 1 log segments
I20260601 13:43:36.069267 26098 data_dirs.cc:400] Could only allocate 1 dirs of requested 3 for tablet 5f01dce4d1634f73914f873445db803a. 1 dirs total, 0 dirs full, 0 dirs failed
I20260601 13:43:36.071738 26098 tablet_copy_client.cc:806] T 5f01dce4d1634f73914f873445db803a P f3db0930dc0e426e8664dc55d89f7d62: tablet copy: Starting download of 0 data blocks...
I20260601 13:43:36.071928 26098 tablet_copy_client.cc:670] T 5f01dce4d1634f73914f873445db803a P f3db0930dc0e426e8664dc55d89f7d62: tablet copy: Starting download of 1 WAL segments...
I20260601 13:43:36.073591 26098 tablet_copy_client.cc:538] T 5f01dce4d1634f73914f873445db803a P f3db0930dc0e426e8664dc55d89f7d62: tablet copy: Tablet Copy complete. Replacing tablet superblock.
I20260601 13:43:36.075049 26098 tablet_bootstrap.cc:492] T 5f01dce4d1634f73914f873445db803a P f3db0930dc0e426e8664dc55d89f7d62: Bootstrap starting.
I20260601 13:43:36.079401 26098 tablet_bootstrap.cc:492] T 5f01dce4d1634f73914f873445db803a P f3db0930dc0e426e8664dc55d89f7d62: Bootstrap replayed 1/1 log segments. Stats: ops{read=2 overwritten=0 applied=2 ignored=0} inserts{seen=0 ignored=0} mutations{seen=0 ignored=0} orphaned_commits=0. Pending: 0 replicates
I20260601 13:43:36.079671 26098 tablet_bootstrap.cc:492] T 5f01dce4d1634f73914f873445db803a P f3db0930dc0e426e8664dc55d89f7d62: Bootstrap complete.
I20260601 13:43:36.079844 26098 ts_tablet_manager.cc:1403] T 5f01dce4d1634f73914f873445db803a P f3db0930dc0e426e8664dc55d89f7d62: Time spent bootstrapping tablet: real 0.005s	user 0.004s	sys 0.001s
I20260601 13:43:36.080330 26098 raft_consensus.cc:359] T 5f01dce4d1634f73914f873445db803a P f3db0930dc0e426e8664dc55d89f7d62 [term 1 LEARNER]: Replica starting. Triggering 0 pending ops. Active config: opid_index: 2 OBSOLETE_local: false peers { permanent_uuid: "1433a6a54a88474ca197477708d7a466" member_type: VOTER last_known_addr { host: "127.22.52.193" port: 37941 } attrs { replace: true } } peers { permanent_uuid: "476d6a087d80492d9b5d410daaca1215" member_type: VOTER last_known_addr { host: "127.22.52.194" port: 34047 } } peers { permanent_uuid: "841b5f649005474d82ec44cdbbb857d0" member_type: VOTER last_known_addr { host: "127.22.52.195" port: 38881 } } peers { permanent_uuid: "f3db0930dc0e426e8664dc55d89f7d62" member_type: NON_VOTER last_known_addr { host: "127.22.52.196" port: 38481 } attrs { promote: true } }
I20260601 13:43:36.080470 26098 raft_consensus.cc:740] T 5f01dce4d1634f73914f873445db803a P f3db0930dc0e426e8664dc55d89f7d62 [term 1 LEARNER]: Becoming Follower/Learner. State: Replica: f3db0930dc0e426e8664dc55d89f7d62, State: Initialized, Role: LEARNER
I20260601 13:43:36.080560 26098 consensus_queue.cc:260] T 5f01dce4d1634f73914f873445db803a P f3db0930dc0e426e8664dc55d89f7d62 [NON_LEADER]: Queue going to NON_LEADER mode. State: All replicated index: 0, Majority replicated index: 0, Committed index: 2, Last appended: 1.2, Last appended by leader: 2, Current term: 0, Majority size: -1, State: 0, Mode: NON_LEADER, active raft config: opid_index: 2 OBSOLETE_local: false peers { permanent_uuid: "1433a6a54a88474ca197477708d7a466" member_type: VOTER last_known_addr { host: "127.22.52.193" port: 37941 } attrs { replace: true } } peers { permanent_uuid: "476d6a087d80492d9b5d410daaca1215" member_type: VOTER last_known_addr { host: "127.22.52.194" port: 34047 } } peers { permanent_uuid: "841b5f649005474d82ec44cdbbb857d0" member_type: VOTER last_known_addr { host: "127.22.52.195" port: 38881 } } peers { permanent_uuid: "f3db0930dc0e426e8664dc55d89f7d62" member_type: NON_VOTER last_known_addr { host: "127.22.52.196" port: 38481 } attrs { promote: true } }
I20260601 13:43:36.080857 26098 ts_tablet_manager.cc:1434] T 5f01dce4d1634f73914f873445db803a P f3db0930dc0e426e8664dc55d89f7d62: Time spent starting tablet: real 0.001s	user 0.000s	sys 0.000s
I20260601 13:43:36.081444 25856 tablet_copy_service.cc:342] P 841b5f649005474d82ec44cdbbb857d0: Request end of tablet copy session f3db0930dc0e426e8664dc55d89f7d62-5f01dce4d1634f73914f873445db803a received from {username='slave'} at 127.0.0.1:33436
I20260601 13:43:36.081537 25856 tablet_copy_service.cc:434] P 841b5f649005474d82ec44cdbbb857d0: ending tablet copy session f3db0930dc0e426e8664dc55d89f7d62-5f01dce4d1634f73914f873445db803a on tablet 5f01dce4d1634f73914f873445db803a with peer f3db0930dc0e426e8664dc55d89f7d62
I20260601 13:43:36.182780 26098 ts_tablet_manager.cc:933] T 6798b4510fd442b5916f4980e4ecfaa3 P f3db0930dc0e426e8664dc55d89f7d62: Initiating tablet copy from peer 476d6a087d80492d9b5d410daaca1215 (127.22.52.194:34047)
I20260601 13:43:36.183251 26098 tablet_copy_client.cc:323] T 6798b4510fd442b5916f4980e4ecfaa3 P f3db0930dc0e426e8664dc55d89f7d62: tablet copy: Beginning tablet copy session from remote peer at address 127.22.52.194:34047
I20260601 13:43:36.183986 25781 tablet_copy_service.cc:140] P 476d6a087d80492d9b5d410daaca1215: Received BeginTabletCopySession request for tablet 6798b4510fd442b5916f4980e4ecfaa3 from peer f3db0930dc0e426e8664dc55d89f7d62 ({username='slave'} at 127.0.0.1:34706)
I20260601 13:43:36.184162 25781 tablet_copy_service.cc:161] P 476d6a087d80492d9b5d410daaca1215: Beginning new tablet copy session on tablet 6798b4510fd442b5916f4980e4ecfaa3 from peer f3db0930dc0e426e8664dc55d89f7d62 at {username='slave'} at 127.0.0.1:34706: session id = f3db0930dc0e426e8664dc55d89f7d62-6798b4510fd442b5916f4980e4ecfaa3
I20260601 13:43:36.185281 25781 tablet_copy_source_session.cc:215] T 6798b4510fd442b5916f4980e4ecfaa3 P 476d6a087d80492d9b5d410daaca1215: Tablet Copy: opened 0 blocks and 1 log segments
I20260601 13:43:36.186646 26098 data_dirs.cc:400] Could only allocate 1 dirs of requested 3 for tablet 6798b4510fd442b5916f4980e4ecfaa3. 1 dirs total, 0 dirs full, 0 dirs failed
I20260601 13:43:36.189493 26098 tablet_copy_client.cc:806] T 6798b4510fd442b5916f4980e4ecfaa3 P f3db0930dc0e426e8664dc55d89f7d62: tablet copy: Starting download of 0 data blocks...
I20260601 13:43:36.189724 26098 tablet_copy_client.cc:670] T 6798b4510fd442b5916f4980e4ecfaa3 P f3db0930dc0e426e8664dc55d89f7d62: tablet copy: Starting download of 1 WAL segments...
I20260601 13:43:36.191440 26098 tablet_copy_client.cc:538] T 6798b4510fd442b5916f4980e4ecfaa3 P f3db0930dc0e426e8664dc55d89f7d62: tablet copy: Tablet Copy complete. Replacing tablet superblock.
I20260601 13:43:36.193041 26098 tablet_bootstrap.cc:492] T 6798b4510fd442b5916f4980e4ecfaa3 P f3db0930dc0e426e8664dc55d89f7d62: Bootstrap starting.
I20260601 13:43:36.196606 26098 tablet_bootstrap.cc:492] T 6798b4510fd442b5916f4980e4ecfaa3 P f3db0930dc0e426e8664dc55d89f7d62: Bootstrap replayed 1/1 log segments. Stats: ops{read=2 overwritten=0 applied=2 ignored=0} inserts{seen=0 ignored=0} mutations{seen=0 ignored=0} orphaned_commits=0. Pending: 0 replicates
I20260601 13:43:36.196959 26098 tablet_bootstrap.cc:492] T 6798b4510fd442b5916f4980e4ecfaa3 P f3db0930dc0e426e8664dc55d89f7d62: Bootstrap complete.
I20260601 13:43:36.197297 26098 ts_tablet_manager.cc:1403] T 6798b4510fd442b5916f4980e4ecfaa3 P f3db0930dc0e426e8664dc55d89f7d62: Time spent bootstrapping tablet: real 0.004s	user 0.005s	sys 0.001s
I20260601 13:43:36.197976 26098 raft_consensus.cc:359] T 6798b4510fd442b5916f4980e4ecfaa3 P f3db0930dc0e426e8664dc55d89f7d62 [term 1 LEARNER]: Replica starting. Triggering 0 pending ops. Active config: opid_index: 2 OBSOLETE_local: false peers { permanent_uuid: "476d6a087d80492d9b5d410daaca1215" member_type: VOTER last_known_addr { host: "127.22.52.194" port: 34047 } } peers { permanent_uuid: "841b5f649005474d82ec44cdbbb857d0" member_type: VOTER last_known_addr { host: "127.22.52.195" port: 38881 } attrs { replace: true } } peers { permanent_uuid: "1433a6a54a88474ca197477708d7a466" member_type: VOTER last_known_addr { host: "127.22.52.193" port: 37941 } } peers { permanent_uuid: "f3db0930dc0e426e8664dc55d89f7d62" member_type: NON_VOTER last_known_addr { host: "127.22.52.196" port: 38481 } attrs { promote: true } }
I20260601 13:43:36.198114 26098 raft_consensus.cc:740] T 6798b4510fd442b5916f4980e4ecfaa3 P f3db0930dc0e426e8664dc55d89f7d62 [term 1 LEARNER]: Becoming Follower/Learner. State: Replica: f3db0930dc0e426e8664dc55d89f7d62, State: Initialized, Role: LEARNER
I20260601 13:43:36.198228 26098 consensus_queue.cc:260] T 6798b4510fd442b5916f4980e4ecfaa3 P f3db0930dc0e426e8664dc55d89f7d62 [NON_LEADER]: Queue going to NON_LEADER mode. State: All replicated index: 0, Majority replicated index: 0, Committed index: 2, Last appended: 1.2, Last appended by leader: 2, Current term: 0, Majority size: -1, State: 0, Mode: NON_LEADER, active raft config: opid_index: 2 OBSOLETE_local: false peers { permanent_uuid: "476d6a087d80492d9b5d410daaca1215" member_type: VOTER last_known_addr { host: "127.22.52.194" port: 34047 } } peers { permanent_uuid: "841b5f649005474d82ec44cdbbb857d0" member_type: VOTER last_known_addr { host: "127.22.52.195" port: 38881 } attrs { replace: true } } peers { permanent_uuid: "1433a6a54a88474ca197477708d7a466" member_type: VOTER last_known_addr { host: "127.22.52.193" port: 37941 } } peers { permanent_uuid: "f3db0930dc0e426e8664dc55d89f7d62" member_type: NON_VOTER last_known_addr { host: "127.22.52.196" port: 38481 } attrs { promote: true } }
I20260601 13:43:36.198562 26098 ts_tablet_manager.cc:1434] T 6798b4510fd442b5916f4980e4ecfaa3 P f3db0930dc0e426e8664dc55d89f7d62: Time spent starting tablet: real 0.001s	user 0.001s	sys 0.001s
I20260601 13:43:36.199826 25781 tablet_copy_service.cc:342] P 476d6a087d80492d9b5d410daaca1215: Request end of tablet copy session f3db0930dc0e426e8664dc55d89f7d62-6798b4510fd442b5916f4980e4ecfaa3 received from {username='slave'} at 127.0.0.1:34706
I20260601 13:43:36.199980 25781 tablet_copy_service.cc:434] P 476d6a087d80492d9b5d410daaca1215: ending tablet copy session f3db0930dc0e426e8664dc55d89f7d62-6798b4510fd442b5916f4980e4ecfaa3 on tablet 6798b4510fd442b5916f4980e4ecfaa3 with peer f3db0930dc0e426e8664dc55d89f7d62
I20260601 13:43:36.213274 26098 ts_tablet_manager.cc:933] T 8d28a920f76b4d83979a7429f957c3fa P f3db0930dc0e426e8664dc55d89f7d62: Initiating tablet copy from peer 1433a6a54a88474ca197477708d7a466 (127.22.52.193:37941)
I20260601 13:43:36.213686 26098 tablet_copy_client.cc:323] T 8d28a920f76b4d83979a7429f957c3fa P f3db0930dc0e426e8664dc55d89f7d62: tablet copy: Beginning tablet copy session from remote peer at address 127.22.52.193:37941
I20260601 13:43:36.214538 25705 tablet_copy_service.cc:140] P 1433a6a54a88474ca197477708d7a466: Received BeginTabletCopySession request for tablet 8d28a920f76b4d83979a7429f957c3fa from peer f3db0930dc0e426e8664dc55d89f7d62 ({username='slave'} at 127.0.0.1:57366)
I20260601 13:43:36.214735 25705 tablet_copy_service.cc:161] P 1433a6a54a88474ca197477708d7a466: Beginning new tablet copy session on tablet 8d28a920f76b4d83979a7429f957c3fa from peer f3db0930dc0e426e8664dc55d89f7d62 at {username='slave'} at 127.0.0.1:57366: session id = f3db0930dc0e426e8664dc55d89f7d62-8d28a920f76b4d83979a7429f957c3fa
I20260601 13:43:36.216238 25705 tablet_copy_source_session.cc:215] T 8d28a920f76b4d83979a7429f957c3fa P 1433a6a54a88474ca197477708d7a466: Tablet Copy: opened 0 blocks and 1 log segments
I20260601 13:43:36.217587 26098 data_dirs.cc:400] Could only allocate 1 dirs of requested 3 for tablet 8d28a920f76b4d83979a7429f957c3fa. 1 dirs total, 0 dirs full, 0 dirs failed
I20260601 13:43:36.220305 26098 tablet_copy_client.cc:806] T 8d28a920f76b4d83979a7429f957c3fa P f3db0930dc0e426e8664dc55d89f7d62: tablet copy: Starting download of 0 data blocks...
I20260601 13:43:36.220501 26098 tablet_copy_client.cc:670] T 8d28a920f76b4d83979a7429f957c3fa P f3db0930dc0e426e8664dc55d89f7d62: tablet copy: Starting download of 1 WAL segments...
I20260601 13:43:36.222040 26098 tablet_copy_client.cc:538] T 8d28a920f76b4d83979a7429f957c3fa P f3db0930dc0e426e8664dc55d89f7d62: tablet copy: Tablet Copy complete. Replacing tablet superblock.
I20260601 13:43:36.223820 26098 tablet_bootstrap.cc:492] T 8d28a920f76b4d83979a7429f957c3fa P f3db0930dc0e426e8664dc55d89f7d62: Bootstrap starting.
I20260601 13:43:36.227993 26098 tablet_bootstrap.cc:492] T 8d28a920f76b4d83979a7429f957c3fa P f3db0930dc0e426e8664dc55d89f7d62: Bootstrap replayed 1/1 log segments. Stats: ops{read=2 overwritten=0 applied=2 ignored=0} inserts{seen=0 ignored=0} mutations{seen=0 ignored=0} orphaned_commits=0. Pending: 0 replicates
I20260601 13:43:36.228288 26098 tablet_bootstrap.cc:492] T 8d28a920f76b4d83979a7429f957c3fa P f3db0930dc0e426e8664dc55d89f7d62: Bootstrap complete.
I20260601 13:43:36.228477 26098 ts_tablet_manager.cc:1403] T 8d28a920f76b4d83979a7429f957c3fa P f3db0930dc0e426e8664dc55d89f7d62: Time spent bootstrapping tablet: real 0.005s	user 0.003s	sys 0.001s
I20260601 13:43:36.228974 26098 raft_consensus.cc:359] T 8d28a920f76b4d83979a7429f957c3fa P f3db0930dc0e426e8664dc55d89f7d62 [term 1 LEARNER]: Replica starting. Triggering 0 pending ops. Active config: opid_index: 2 OBSOLETE_local: false peers { permanent_uuid: "1433a6a54a88474ca197477708d7a466" member_type: VOTER last_known_addr { host: "127.22.52.193" port: 37941 } } peers { permanent_uuid: "476d6a087d80492d9b5d410daaca1215" member_type: VOTER last_known_addr { host: "127.22.52.194" port: 34047 } attrs { replace: true } } peers { permanent_uuid: "841b5f649005474d82ec44cdbbb857d0" member_type: VOTER last_known_addr { host: "127.22.52.195" port: 38881 } } peers { permanent_uuid: "f3db0930dc0e426e8664dc55d89f7d62" member_type: NON_VOTER last_known_addr { host: "127.22.52.196" port: 38481 } attrs { promote: true } }
I20260601 13:43:36.229115 26098 raft_consensus.cc:740] T 8d28a920f76b4d83979a7429f957c3fa P f3db0930dc0e426e8664dc55d89f7d62 [term 1 LEARNER]: Becoming Follower/Learner. State: Replica: f3db0930dc0e426e8664dc55d89f7d62, State: Initialized, Role: LEARNER
I20260601 13:43:36.229214 26098 consensus_queue.cc:260] T 8d28a920f76b4d83979a7429f957c3fa P f3db0930dc0e426e8664dc55d89f7d62 [NON_LEADER]: Queue going to NON_LEADER mode. State: All replicated index: 0, Majority replicated index: 0, Committed index: 2, Last appended: 1.2, Last appended by leader: 2, Current term: 0, Majority size: -1, State: 0, Mode: NON_LEADER, active raft config: opid_index: 2 OBSOLETE_local: false peers { permanent_uuid: "1433a6a54a88474ca197477708d7a466" member_type: VOTER last_known_addr { host: "127.22.52.193" port: 37941 } } peers { permanent_uuid: "476d6a087d80492d9b5d410daaca1215" member_type: VOTER last_known_addr { host: "127.22.52.194" port: 34047 } attrs { replace: true } } peers { permanent_uuid: "841b5f649005474d82ec44cdbbb857d0" member_type: VOTER last_known_addr { host: "127.22.52.195" port: 38881 } } peers { permanent_uuid: "f3db0930dc0e426e8664dc55d89f7d62" member_type: NON_VOTER last_known_addr { host: "127.22.52.196" port: 38481 } attrs { promote: true } }
I20260601 13:43:36.229533 26098 ts_tablet_manager.cc:1434] T 8d28a920f76b4d83979a7429f957c3fa P f3db0930dc0e426e8664dc55d89f7d62: Time spent starting tablet: real 0.001s	user 0.002s	sys 0.000s
I20260601 13:43:36.230230 25705 tablet_copy_service.cc:342] P 1433a6a54a88474ca197477708d7a466: Request end of tablet copy session f3db0930dc0e426e8664dc55d89f7d62-8d28a920f76b4d83979a7429f957c3fa received from {username='slave'} at 127.0.0.1:57366
I20260601 13:43:36.230327 25705 tablet_copy_service.cc:434] P 1433a6a54a88474ca197477708d7a466: ending tablet copy session f3db0930dc0e426e8664dc55d89f7d62-8d28a920f76b4d83979a7429f957c3fa on tablet 8d28a920f76b4d83979a7429f957c3fa with peer f3db0930dc0e426e8664dc55d89f7d62
I20260601 13:43:36.342049 25846 raft_consensus.cc:1275] T 07109116ce044efa8afa537f2c5c3dd8 P 841b5f649005474d82ec44cdbbb857d0 [term 2 FOLLOWER]: Refusing update from remote peer 1433a6a54a88474ca197477708d7a466: Log matching property violated. Preceding OpId in replica: term: 1 index: 1. Preceding OpId from leader: term: 2 index: 2. (index mismatch)
I20260601 13:43:36.342588 26078 consensus_queue.cc:1048] T 07109116ce044efa8afa537f2c5c3dd8 P 1433a6a54a88474ca197477708d7a466 [LEADER]: Connected to new peer: Peer: permanent_uuid: "841b5f649005474d82ec44cdbbb857d0" member_type: VOTER last_known_addr { host: "127.22.52.195" port: 38881 }, Status: LMP_MISMATCH, Last received: 0.0, Next index: 2, Last known committed idx: 1, Time since last communication: 0.000s
I20260601 13:43:36.345945 25771 raft_consensus.cc:1275] T 07109116ce044efa8afa537f2c5c3dd8 P 476d6a087d80492d9b5d410daaca1215 [term 2 FOLLOWER]: Refusing update from remote peer 1433a6a54a88474ca197477708d7a466: Log matching property violated. Preceding OpId in replica: term: 1 index: 1. Preceding OpId from leader: term: 2 index: 2. (index mismatch)
I20260601 13:43:36.346412 26078 consensus_queue.cc:1048] T 07109116ce044efa8afa537f2c5c3dd8 P 1433a6a54a88474ca197477708d7a466 [LEADER]: Connected to new peer: Peer: permanent_uuid: "476d6a087d80492d9b5d410daaca1215" member_type: VOTER last_known_addr { host: "127.22.52.194" port: 34047 }, Status: LMP_MISMATCH, Last received: 0.0, Next index: 2, Last known committed idx: 1, Time since last communication: 0.000s
I20260601 13:43:36.513643 25985 raft_consensus.cc:1217] T 5f01dce4d1634f73914f873445db803a P f3db0930dc0e426e8664dc55d89f7d62 [term 1 LEARNER]: Deduplicated request from leader. Original: 1.1->[1.2-1.2]   Dedup: 1.2->[]
I20260601 13:43:36.721524 25985 raft_consensus.cc:1217] T 8d28a920f76b4d83979a7429f957c3fa P f3db0930dc0e426e8664dc55d89f7d62 [term 1 LEARNER]: Deduplicated request from leader. Original: 1.1->[1.2-1.2]   Dedup: 1.2->[]
I20260601 13:43:36.797581 25985 raft_consensus.cc:1217] T 6798b4510fd442b5916f4980e4ecfaa3 P f3db0930dc0e426e8664dc55d89f7d62 [term 1 LEARNER]: Deduplicated request from leader. Original: 1.1->[1.2-1.2]   Dedup: 1.2->[]
I20260601 13:43:37.041483 25900 raft_consensus.cc:1064] T 5f01dce4d1634f73914f873445db803a P 841b5f649005474d82ec44cdbbb857d0: attempting to promote NON_VOTER f3db0930dc0e426e8664dc55d89f7d62 to VOTER
I20260601 13:43:37.042236 25900 consensus_queue.cc:237] T 5f01dce4d1634f73914f873445db803a P 841b5f649005474d82ec44cdbbb857d0 [LEADER]: Queue going to LEADER mode. State: All replicated index: 0, Majority replicated index: 2, Committed index: 2, Last appended: 1.2, Last appended by leader: 0, Current term: 1, Majority size: 3, State: 0, Mode: LEADER, active raft config: opid_index: 3 OBSOLETE_local: false peers { permanent_uuid: "1433a6a54a88474ca197477708d7a466" member_type: VOTER last_known_addr { host: "127.22.52.193" port: 37941 } attrs { replace: true } } peers { permanent_uuid: "476d6a087d80492d9b5d410daaca1215" member_type: VOTER last_known_addr { host: "127.22.52.194" port: 34047 } } peers { permanent_uuid: "841b5f649005474d82ec44cdbbb857d0" member_type: VOTER last_known_addr { host: "127.22.52.195" port: 38881 } } peers { permanent_uuid: "f3db0930dc0e426e8664dc55d89f7d62" member_type: VOTER last_known_addr { host: "127.22.52.196" port: 38481 } attrs { promote: false } }
I20260601 13:43:37.044305 25771 raft_consensus.cc:1275] T 5f01dce4d1634f73914f873445db803a P 476d6a087d80492d9b5d410daaca1215 [term 1 FOLLOWER]: Refusing update from remote peer 841b5f649005474d82ec44cdbbb857d0: Log matching property violated. Preceding OpId in replica: term: 1 index: 2. Preceding OpId from leader: term: 1 index: 3. (index mismatch)
I20260601 13:43:37.044369 25985 raft_consensus.cc:1275] T 5f01dce4d1634f73914f873445db803a P f3db0930dc0e426e8664dc55d89f7d62 [term 1 LEARNER]: Refusing update from remote peer 841b5f649005474d82ec44cdbbb857d0: Log matching property violated. Preceding OpId in replica: term: 1 index: 2. Preceding OpId from leader: term: 1 index: 3. (index mismatch)
I20260601 13:43:37.044538 25694 raft_consensus.cc:1275] T 5f01dce4d1634f73914f873445db803a P 1433a6a54a88474ca197477708d7a466 [term 1 FOLLOWER]: Refusing update from remote peer 841b5f649005474d82ec44cdbbb857d0: Log matching property violated. Preceding OpId in replica: term: 1 index: 2. Preceding OpId from leader: term: 1 index: 3. (index mismatch)
I20260601 13:43:37.044943 26109 consensus_queue.cc:1048] T 5f01dce4d1634f73914f873445db803a P 841b5f649005474d82ec44cdbbb857d0 [LEADER]: Connected to new peer: Peer: permanent_uuid: "476d6a087d80492d9b5d410daaca1215" member_type: VOTER last_known_addr { host: "127.22.52.194" port: 34047 }, Status: LMP_MISMATCH, Last received: 0.0, Next index: 3, Last known committed idx: 2, Time since last communication: 0.000s
I20260601 13:43:37.045181 25900 consensus_queue.cc:1048] T 5f01dce4d1634f73914f873445db803a P 841b5f649005474d82ec44cdbbb857d0 [LEADER]: Connected to new peer: Peer: permanent_uuid: "f3db0930dc0e426e8664dc55d89f7d62" member_type: VOTER last_known_addr { host: "127.22.52.196" port: 38481 } attrs { promote: false }, Status: LMP_MISMATCH, Last received: 0.0, Next index: 3, Last known committed idx: 2, Time since last communication: 0.000s
I20260601 13:43:37.045629 26108 consensus_queue.cc:1048] T 5f01dce4d1634f73914f873445db803a P 841b5f649005474d82ec44cdbbb857d0 [LEADER]: Connected to new peer: Peer: permanent_uuid: "1433a6a54a88474ca197477708d7a466" member_type: VOTER last_known_addr { host: "127.22.52.193" port: 37941 } attrs { replace: true }, Status: LMP_MISMATCH, Last received: 0.0, Next index: 3, Last known committed idx: 2, Time since last communication: 0.000s
I20260601 13:43:37.048235 25900 raft_consensus.cc:2955] T 5f01dce4d1634f73914f873445db803a P 841b5f649005474d82ec44cdbbb857d0 [term 1 LEADER]: Committing config change with OpId 1.3: config changed from index 2 to 3, f3db0930dc0e426e8664dc55d89f7d62 (127.22.52.196) changed from NON_VOTER to VOTER. New config: { opid_index: 3 OBSOLETE_local: false peers { permanent_uuid: "1433a6a54a88474ca197477708d7a466" member_type: VOTER last_known_addr { host: "127.22.52.193" port: 37941 } attrs { replace: true } } peers { permanent_uuid: "476d6a087d80492d9b5d410daaca1215" member_type: VOTER last_known_addr { host: "127.22.52.194" port: 34047 } } peers { permanent_uuid: "841b5f649005474d82ec44cdbbb857d0" member_type: VOTER last_known_addr { host: "127.22.52.195" port: 38881 } } peers { permanent_uuid: "f3db0930dc0e426e8664dc55d89f7d62" member_type: VOTER last_known_addr { host: "127.22.52.196" port: 38481 } attrs { promote: false } } }
I20260601 13:43:37.048893 25694 raft_consensus.cc:2955] T 5f01dce4d1634f73914f873445db803a P 1433a6a54a88474ca197477708d7a466 [term 1 FOLLOWER]: Committing config change with OpId 1.3: config changed from index 2 to 3, f3db0930dc0e426e8664dc55d89f7d62 (127.22.52.196) changed from NON_VOTER to VOTER. New config: { opid_index: 3 OBSOLETE_local: false peers { permanent_uuid: "1433a6a54a88474ca197477708d7a466" member_type: VOTER last_known_addr { host: "127.22.52.193" port: 37941 } attrs { replace: true } } peers { permanent_uuid: "476d6a087d80492d9b5d410daaca1215" member_type: VOTER last_known_addr { host: "127.22.52.194" port: 34047 } } peers { permanent_uuid: "841b5f649005474d82ec44cdbbb857d0" member_type: VOTER last_known_addr { host: "127.22.52.195" port: 38881 } } peers { permanent_uuid: "f3db0930dc0e426e8664dc55d89f7d62" member_type: VOTER last_known_addr { host: "127.22.52.196" port: 38481 } attrs { promote: false } } }
