I20260601 13:43:30.955636 20755 raft_consensus.cc:1275] T 438cf7f0c3824649a3fc0f5dfe3bb917 P 9d3af46ef37d4ec98f37d798d8211c68 [term 2 FOLLOWER]: Refusing update from remote peer 39a97f71675148639603d34e74fe4f65: Log matching property violated. Preceding OpId in replica: term: 1 index: 2. Preceding OpId from leader: term: 2 index: 3. (index mismatch)
I20260601 13:43:30.956401 21121 consensus_queue.cc:1048] T 438cf7f0c3824649a3fc0f5dfe3bb917 P 39a97f71675148639603d34e74fe4f65 [LEADER]: Connected to new peer: Peer: permanent_uuid: "9d3af46ef37d4ec98f37d798d8211c68" member_type: VOTER last_known_addr { host: "127.17.69.66" port: 41325 }, Status: LMP_MISMATCH, Last received: 0.0, Next index: 3, Last known committed idx: 2, Time since last communication: 0.000s
I20260601 13:43:30.958833 20883 raft_consensus.cc:993] T 438cf7f0c3824649a3fc0f5dfe3bb917 P 39a97f71675148639603d34e74fe4f65: : Instructing follower 9d3af46ef37d4ec98f37d798d8211c68 to start an election
I20260601 13:43:30.959009 21121 raft_consensus.cc:1081] T 438cf7f0c3824649a3fc0f5dfe3bb917 P 39a97f71675148639603d34e74fe4f65 [term 2 LEADER]: Signalling peer 9d3af46ef37d4ec98f37d798d8211c68 to start an election
I20260601 13:43:30.959704 20756 tablet_service.cc:2044] Received Run Leader Election RPC: tablet_id: "438cf7f0c3824649a3fc0f5dfe3bb917"
dest_uuid: "9d3af46ef37d4ec98f37d798d8211c68"
 from {username='slave'} at 127.0.0.1:55852
I20260601 13:43:30.959864 20756 raft_consensus.cc:493] T 438cf7f0c3824649a3fc0f5dfe3bb917 P 9d3af46ef37d4ec98f37d798d8211c68 [term 2 FOLLOWER]: Starting forced leader election (received explicit request)
I20260601 13:43:30.959946 20756 raft_consensus.cc:3060] T 438cf7f0c3824649a3fc0f5dfe3bb917 P 9d3af46ef37d4ec98f37d798d8211c68 [term 2 FOLLOWER]: Advancing to term 3
I20260601 13:43:30.960579 20830 raft_consensus.cc:1275] T 438cf7f0c3824649a3fc0f5dfe3bb917 P fefc1eb3bbbb482e95accf2e2079aabd [term 2 FOLLOWER]: Refusing update from remote peer 39a97f71675148639603d34e74fe4f65: Log matching property violated. Preceding OpId in replica: term: 1 index: 2. Preceding OpId from leader: term: 2 index: 3. (index mismatch)
I20260601 13:43:30.960883 20883 raft_consensus.cc:1064] T 438cf7f0c3824649a3fc0f5dfe3bb917 P 39a97f71675148639603d34e74fe4f65: attempting to promote NON_VOTER 6ed0f0413ee747feb6c813936978bf01 to VOTER
W20260601 13:43:30.960955 20883 raft_consensus.cc:1067] T 438cf7f0c3824649a3fc0f5dfe3bb917 P 39a97f71675148639603d34e74fe4f65: Unable to promote non-voter 6ed0f0413ee747feb6c813936978bf01: Service unavailable: leader transfer in progress
I20260601 13:43:30.961038 20883 consensus_queue.cc:1048] T 438cf7f0c3824649a3fc0f5dfe3bb917 P 39a97f71675148639603d34e74fe4f65 [LEADER]: Connected to new peer: Peer: permanent_uuid: "fefc1eb3bbbb482e95accf2e2079aabd" member_type: VOTER last_known_addr { host: "127.17.69.67" port: 35365 }, Status: LMP_MISMATCH, Last received: 0.0, Next index: 3, Last known committed idx: 2, Time since last communication: 0.000s
I20260601 13:43:30.961313 20756 raft_consensus.cc:515] T 438cf7f0c3824649a3fc0f5dfe3bb917 P 9d3af46ef37d4ec98f37d798d8211c68 [term 3 FOLLOWER]: Starting forced leader election with config: opid_index: 2 OBSOLETE_local: false peers { permanent_uuid: "39a97f71675148639603d34e74fe4f65" member_type: VOTER last_known_addr { host: "127.17.69.65" port: 38171 } attrs { replace: true } } peers { permanent_uuid: "fefc1eb3bbbb482e95accf2e2079aabd" member_type: VOTER last_known_addr { host: "127.17.69.67" port: 35365 } } peers { permanent_uuid: "9d3af46ef37d4ec98f37d798d8211c68" member_type: VOTER last_known_addr { host: "127.17.69.66" port: 41325 } } peers { permanent_uuid: "6ed0f0413ee747feb6c813936978bf01" member_type: NON_VOTER last_known_addr { host: "127.17.69.68" port: 33651 } attrs { promote: true } }
I20260601 13:43:30.961783 20756 leader_election.cc:290] T 438cf7f0c3824649a3fc0f5dfe3bb917 P 9d3af46ef37d4ec98f37d798d8211c68 [CANDIDATE]: Term 3 election: Requested vote from peers 39a97f71675148639603d34e74fe4f65 (127.17.69.65:38171), fefc1eb3bbbb482e95accf2e2079aabd (127.17.69.67:35365)
I20260601 13:43:30.962369 20677 tablet_service.cc:1917] Received RequestConsensusVote() RPC: tablet_id: "438cf7f0c3824649a3fc0f5dfe3bb917" candidate_uuid: "9d3af46ef37d4ec98f37d798d8211c68" candidate_term: 3 candidate_status { last_received { term: 2 index: 3 } } ignore_live_leader: true dest_uuid: "39a97f71675148639603d34e74fe4f65"
I20260601 13:43:30.962594 20677 raft_consensus.cc:3055] T 438cf7f0c3824649a3fc0f5dfe3bb917 P 39a97f71675148639603d34e74fe4f65 [term 2 LEADER]: Stepping down as leader of term 2
I20260601 13:43:30.962675 20677 raft_consensus.cc:740] T 438cf7f0c3824649a3fc0f5dfe3bb917 P 39a97f71675148639603d34e74fe4f65 [term 2 LEADER]: Becoming Follower/Learner. State: Replica: 39a97f71675148639603d34e74fe4f65, State: Running, Role: LEADER
I20260601 13:43:30.962844 20677 consensus_queue.cc:260] T 438cf7f0c3824649a3fc0f5dfe3bb917 P 39a97f71675148639603d34e74fe4f65 [NON_LEADER]: Queue going to NON_LEADER mode. State: All replicated index: 0, Majority replicated index: 3, Committed index: 3, Last appended: 2.3, Last appended by leader: 3, Current term: 2, Majority size: -1, State: 0, Mode: NON_LEADER, active raft config: opid_index: 2 OBSOLETE_local: false peers { permanent_uuid: "39a97f71675148639603d34e74fe4f65" member_type: VOTER last_known_addr { host: "127.17.69.65" port: 38171 } attrs { replace: true } } peers { permanent_uuid: "fefc1eb3bbbb482e95accf2e2079aabd" member_type: VOTER last_known_addr { host: "127.17.69.67" port: 35365 } } peers { permanent_uuid: "9d3af46ef37d4ec98f37d798d8211c68" member_type: VOTER last_known_addr { host: "127.17.69.66" port: 41325 } } peers { permanent_uuid: "6ed0f0413ee747feb6c813936978bf01" member_type: NON_VOTER last_known_addr { host: "127.17.69.68" port: 33651 } attrs { promote: true } }
I20260601 13:43:30.963042 20677 raft_consensus.cc:3060] T 438cf7f0c3824649a3fc0f5dfe3bb917 P 39a97f71675148639603d34e74fe4f65 [term 2 FOLLOWER]: Advancing to term 3
I20260601 13:43:30.964135 20677 raft_consensus.cc:2468] T 438cf7f0c3824649a3fc0f5dfe3bb917 P 39a97f71675148639603d34e74fe4f65 [term 3 FOLLOWER]: Leader election vote request: Granting yes vote for candidate 9d3af46ef37d4ec98f37d798d8211c68 in term 3.
I20260601 13:43:30.964527 20719 leader_election.cc:304] T 438cf7f0c3824649a3fc0f5dfe3bb917 P 9d3af46ef37d4ec98f37d798d8211c68 [CANDIDATE]: Term 3 election: Election decided. Result: candidate won. Election summary: received 2 responses out of 3 voters: 2 yes votes; 0 no votes. yes voters: 39a97f71675148639603d34e74fe4f65, 9d3af46ef37d4ec98f37d798d8211c68; no voters: 
I20260601 13:43:30.964737 21112 raft_consensus.cc:2804] T 438cf7f0c3824649a3fc0f5dfe3bb917 P 9d3af46ef37d4ec98f37d798d8211c68 [term 3 FOLLOWER]: Leader election won for term 3
I20260601 13:43:30.964850 21112 raft_consensus.cc:697] T 438cf7f0c3824649a3fc0f5dfe3bb917 P 9d3af46ef37d4ec98f37d798d8211c68 [term 3 LEADER]: Becoming Leader. State: Replica: 9d3af46ef37d4ec98f37d798d8211c68, State: Running, Role: LEADER
I20260601 13:43:30.965096 20831 tablet_service.cc:1917] Received RequestConsensusVote() RPC: tablet_id: "438cf7f0c3824649a3fc0f5dfe3bb917" candidate_uuid: "9d3af46ef37d4ec98f37d798d8211c68" candidate_term: 3 candidate_status { last_received { term: 2 index: 3 } } ignore_live_leader: true dest_uuid: "fefc1eb3bbbb482e95accf2e2079aabd"
I20260601 13:43:30.965111 21112 consensus_queue.cc:237] T 438cf7f0c3824649a3fc0f5dfe3bb917 P 9d3af46ef37d4ec98f37d798d8211c68 [LEADER]: Queue going to LEADER mode. State: All replicated index: 0, Majority replicated index: 2, Committed index: 2, Last appended: 2.3, Last appended by leader: 3, Current term: 3, Majority size: 2, State: 0, Mode: LEADER, active raft config: opid_index: 2 OBSOLETE_local: false peers { permanent_uuid: "39a97f71675148639603d34e74fe4f65" member_type: VOTER last_known_addr { host: "127.17.69.65" port: 38171 } attrs { replace: true } } peers { permanent_uuid: "fefc1eb3bbbb482e95accf2e2079aabd" member_type: VOTER last_known_addr { host: "127.17.69.67" port: 35365 } } peers { permanent_uuid: "9d3af46ef37d4ec98f37d798d8211c68" member_type: VOTER last_known_addr { host: "127.17.69.66" port: 41325 } } peers { permanent_uuid: "6ed0f0413ee747feb6c813936978bf01" member_type: NON_VOTER last_known_addr { host: "127.17.69.68" port: 33651 } attrs { promote: true } }
I20260601 13:43:30.965974 20755 raft_consensus.cc:1240] T 438cf7f0c3824649a3fc0f5dfe3bb917 P 9d3af46ef37d4ec98f37d798d8211c68 [term 3 LEADER]: Rejecting Update request from peer 39a97f71675148639603d34e74fe4f65 for earlier term 2. Current term is 3. Ops: []
I20260601 13:43:30.967813 20575 catalog_manager.cc:5696] T 438cf7f0c3824649a3fc0f5dfe3bb917 P 9d3af46ef37d4ec98f37d798d8211c68 reported cstate change: term changed from 2 to 3, leader changed from 39a97f71675148639603d34e74fe4f65 (127.17.69.65) to 9d3af46ef37d4ec98f37d798d8211c68 (127.17.69.66). New cstate: current_term: 3 leader_uuid: "9d3af46ef37d4ec98f37d798d8211c68" committed_config { opid_index: 2 OBSOLETE_local: false peers { permanent_uuid: "39a97f71675148639603d34e74fe4f65" member_type: VOTER last_known_addr { host: "127.17.69.65" port: 38171 } attrs { replace: true } health_report { overall_health: UNKNOWN } } peers { permanent_uuid: "fefc1eb3bbbb482e95accf2e2079aabd" member_type: VOTER last_known_addr { host: "127.17.69.67" port: 35365 } health_report { overall_health: UNKNOWN } } peers { permanent_uuid: "9d3af46ef37d4ec98f37d798d8211c68" member_type: VOTER last_known_addr { host: "127.17.69.66" port: 41325 } health_report { overall_health: HEALTHY } } peers { permanent_uuid: "6ed0f0413ee747feb6c813936978bf01" member_type: NON_VOTER last_known_addr { host: "127.17.69.68" port: 33651 } attrs { promote: true } health_report { overall_health: UNKNOWN } } }
I20260601 13:43:31.441617 20974 raft_consensus.cc:3060] T 438cf7f0c3824649a3fc0f5dfe3bb917 P 6ed0f0413ee747feb6c813936978bf01 [term 2 LEARNER]: Advancing to term 3
I20260601 13:43:31.442775 20974 raft_consensus.cc:1275] T 438cf7f0c3824649a3fc0f5dfe3bb917 P 6ed0f0413ee747feb6c813936978bf01 [term 3 LEARNER]: Refusing update from remote peer 9d3af46ef37d4ec98f37d798d8211c68: Log matching property violated. Preceding OpId in replica: term: 2 index: 3. Preceding OpId from leader: term: 3 index: 4. (index mismatch)
I20260601 13:43:31.443419 21112 consensus_queue.cc:1048] T 438cf7f0c3824649a3fc0f5dfe3bb917 P 9d3af46ef37d4ec98f37d798d8211c68 [LEADER]: Connected to new peer: Peer: permanent_uuid: "6ed0f0413ee747feb6c813936978bf01" member_type: NON_VOTER last_known_addr { host: "127.17.69.68" port: 33651 } attrs { promote: true }, Status: LMP_MISMATCH, Last received: 0.0, Next index: 4, Last known committed idx: 3, Time since last communication: 0.000s
I20260601 13:43:31.445892 21134 raft_consensus.cc:1064] T 438cf7f0c3824649a3fc0f5dfe3bb917 P 9d3af46ef37d4ec98f37d798d8211c68: attempting to promote NON_VOTER 6ed0f0413ee747feb6c813936978bf01 to VOTER
W20260601 13:43:31.445993 21134 raft_consensus.cc:1067] T 438cf7f0c3824649a3fc0f5dfe3bb917 P 9d3af46ef37d4ec98f37d798d8211c68: Unable to promote non-voter 6ed0f0413ee747feb6c813936978bf01: Illegal state: Leader has not yet committed an operation in its own term
I20260601 13:43:31.549041 20677 raft_consensus.cc:1275] T 438cf7f0c3824649a3fc0f5dfe3bb917 P 39a97f71675148639603d34e74fe4f65 [term 3 FOLLOWER]: Refusing update from remote peer 9d3af46ef37d4ec98f37d798d8211c68: Log matching property violated. Preceding OpId in replica: term: 2 index: 3. Preceding OpId from leader: term: 3 index: 4. (index mismatch)
I20260601 13:43:31.549952 21160 consensus_queue.cc:1048] T 438cf7f0c3824649a3fc0f5dfe3bb917 P 9d3af46ef37d4ec98f37d798d8211c68 [LEADER]: Connected to new peer: Peer: permanent_uuid: "39a97f71675148639603d34e74fe4f65" member_type: VOTER last_known_addr { host: "127.17.69.65" port: 38171 } attrs { replace: true }, Status: LMP_MISMATCH, Last received: 0.0, Next index: 4, Last known committed idx: 3, Time since last communication: 0.000s
I20260601 13:43:31.555190 20830 raft_consensus.cc:3060] T 438cf7f0c3824649a3fc0f5dfe3bb917 P fefc1eb3bbbb482e95accf2e2079aabd [term 2 FOLLOWER]: Advancing to term 3
I20260601 13:43:31.556869 20830 raft_consensus.cc:1275] T 438cf7f0c3824649a3fc0f5dfe3bb917 P fefc1eb3bbbb482e95accf2e2079aabd [term 3 FOLLOWER]: Refusing update from remote peer 9d3af46ef37d4ec98f37d798d8211c68: Log matching property violated. Preceding OpId in replica: term: 2 index: 3. Preceding OpId from leader: term: 3 index: 4. (index mismatch)
I20260601 13:43:31.557397 21134 raft_consensus.cc:1064] T 438cf7f0c3824649a3fc0f5dfe3bb917 P 9d3af46ef37d4ec98f37d798d8211c68: attempting to promote NON_VOTER 6ed0f0413ee747feb6c813936978bf01 to VOTER
I20260601 13:43:31.557513 21162 consensus_queue.cc:1048] T 438cf7f0c3824649a3fc0f5dfe3bb917 P 9d3af46ef37d4ec98f37d798d8211c68 [LEADER]: Connected to new peer: Peer: permanent_uuid: "fefc1eb3bbbb482e95accf2e2079aabd" member_type: VOTER last_known_addr { host: "127.17.69.67" port: 35365 }, Status: LMP_MISMATCH, Last received: 0.0, Next index: 4, Last known committed idx: 3, Time since last communication: 0.000s
I20260601 13:43:31.557893 21134 consensus_queue.cc:237] T 438cf7f0c3824649a3fc0f5dfe3bb917 P 9d3af46ef37d4ec98f37d798d8211c68 [LEADER]: Queue going to LEADER mode. State: All replicated index: 0, Majority replicated index: 4, Committed index: 4, Last appended: 3.4, Last appended by leader: 3, Current term: 3, Majority size: 3, State: 0, Mode: LEADER, active raft config: opid_index: 5 OBSOLETE_local: false peers { permanent_uuid: "39a97f71675148639603d34e74fe4f65" member_type: VOTER last_known_addr { host: "127.17.69.65" port: 38171 } attrs { replace: true } } peers { permanent_uuid: "fefc1eb3bbbb482e95accf2e2079aabd" member_type: VOTER last_known_addr { host: "127.17.69.67" port: 35365 } } peers { permanent_uuid: "9d3af46ef37d4ec98f37d798d8211c68" member_type: VOTER last_known_addr { host: "127.17.69.66" port: 41325 } } peers { permanent_uuid: "6ed0f0413ee747feb6c813936978bf01" member_type: VOTER last_known_addr { host: "127.17.69.68" port: 33651 } attrs { promote: false } }
I20260601 13:43:31.559499 20677 raft_consensus.cc:1275] T 438cf7f0c3824649a3fc0f5dfe3bb917 P 39a97f71675148639603d34e74fe4f65 [term 3 FOLLOWER]: Refusing update from remote peer 9d3af46ef37d4ec98f37d798d8211c68: Log matching property violated. Preceding OpId in replica: term: 3 index: 4. Preceding OpId from leader: term: 3 index: 5. (index mismatch)
I20260601 13:43:31.559702 20830 raft_consensus.cc:1275] T 438cf7f0c3824649a3fc0f5dfe3bb917 P fefc1eb3bbbb482e95accf2e2079aabd [term 3 FOLLOWER]: Refusing update from remote peer 9d3af46ef37d4ec98f37d798d8211c68: Log matching property violated. Preceding OpId in replica: term: 3 index: 4. Preceding OpId from leader: term: 3 index: 5. (index mismatch)
I20260601 13:43:31.560084 20974 raft_consensus.cc:1275] T 438cf7f0c3824649a3fc0f5dfe3bb917 P 6ed0f0413ee747feb6c813936978bf01 [term 3 LEARNER]: Refusing update from remote peer 9d3af46ef37d4ec98f37d798d8211c68: Log matching property violated. Preceding OpId in replica: term: 3 index: 4. Preceding OpId from leader: term: 3 index: 5. (index mismatch)
I20260601 13:43:31.560151 21160 consensus_queue.cc:1048] T 438cf7f0c3824649a3fc0f5dfe3bb917 P 9d3af46ef37d4ec98f37d798d8211c68 [LEADER]: Connected to new peer: Peer: permanent_uuid: "39a97f71675148639603d34e74fe4f65" member_type: VOTER last_known_addr { host: "127.17.69.65" port: 38171 } attrs { replace: true }, Status: LMP_MISMATCH, Last received: 0.0, Next index: 5, Last known committed idx: 4, Time since last communication: 0.000s
I20260601 13:43:31.560330 21162 consensus_queue.cc:1048] T 438cf7f0c3824649a3fc0f5dfe3bb917 P 9d3af46ef37d4ec98f37d798d8211c68 [LEADER]: Connected to new peer: Peer: permanent_uuid: "fefc1eb3bbbb482e95accf2e2079aabd" member_type: VOTER last_known_addr { host: "127.17.69.67" port: 35365 }, Status: LMP_MISMATCH, Last received: 0.0, Next index: 5, Last known committed idx: 4, Time since last communication: 0.000s
I20260601 13:43:31.560631 21162 consensus_queue.cc:1048] T 438cf7f0c3824649a3fc0f5dfe3bb917 P 9d3af46ef37d4ec98f37d798d8211c68 [LEADER]: Connected to new peer: Peer: permanent_uuid: "6ed0f0413ee747feb6c813936978bf01" member_type: VOTER last_known_addr { host: "127.17.69.68" port: 33651 } attrs { promote: false }, Status: LMP_MISMATCH, Last received: 0.0, Next index: 5, Last known committed idx: 4, Time since last communication: 0.000s
I20260601 13:43:31.562337 21134 raft_consensus.cc:2955] T 438cf7f0c3824649a3fc0f5dfe3bb917 P 9d3af46ef37d4ec98f37d798d8211c68 [term 3 LEADER]: Committing config change with OpId 3.5: config changed from index 2 to 5, 6ed0f0413ee747feb6c813936978bf01 (127.17.69.68) changed from NON_VOTER to VOTER. New config: { opid_index: 5 OBSOLETE_local: false peers { permanent_uuid: "39a97f71675148639603d34e74fe4f65" member_type: VOTER last_known_addr { host: "127.17.69.65" port: 38171 } attrs { replace: true } } peers { permanent_uuid: "fefc1eb3bbbb482e95accf2e2079aabd" member_type: VOTER last_known_addr { host: "127.17.69.67" port: 35365 } } peers { permanent_uuid: "9d3af46ef37d4ec98f37d798d8211c68" member_type: VOTER last_known_addr { host: "127.17.69.66" port: 41325 } } peers { permanent_uuid: "6ed0f0413ee747feb6c813936978bf01" member_type: VOTER last_known_addr { host: "127.17.69.68" port: 33651 } attrs { promote: false } } }
I20260601 13:43:31.563239 20830 raft_consensus.cc:2955] T 438cf7f0c3824649a3fc0f5dfe3bb917 P fefc1eb3bbbb482e95accf2e2079aabd [term 3 FOLLOWER]: Committing config change with OpId 3.5: config changed from index 2 to 5, 6ed0f0413ee747feb6c813936978bf01 (127.17.69.68) changed from NON_VOTER to VOTER. New config: { opid_index: 5 OBSOLETE_local: false peers { permanent_uuid: "39a97f71675148639603d34e74fe4f65" member_type: VOTER last_known_addr { host: "127.17.69.65" port: 38171 } attrs { replace: true } } peers { permanent_uuid: "fefc1eb3bbbb482e95accf2e2079aabd" member_type: VOTER last_known_addr { host: "127.17.69.67" port: 35365 } } peers { permanent_uuid: "9d3af46ef37d4ec98f37d798d8211c68" member_type: VOTER last_known_addr { host: "127.17.69.66" port: 41325 } } peers { permanent_uuid: "6ed0f0413ee747feb6c813936978bf01" member_type: VOTER last_known_addr { host: "127.17.69.68" port: 33651 } attrs { promote: false } } }
I20260601 13:43:31.563920 20974 raft_consensus.cc:2955] T 438cf7f0c3824649a3fc0f5dfe3bb917 P 6ed0f0413ee747feb6c813936978bf01 [term 3 FOLLOWER]: Committing config change with OpId 3.5: config changed from index 2 to 5, 6ed0f0413ee747feb6c813936978bf01 (127.17.69.68) changed from NON_VOTER to VOTER. New config: { opid_index: 5 OBSOLETE_local: false peers { permanent_uuid: "39a97f71675148639603d34e74fe4f65" member_type: VOTER last_known_addr { host: "127.17.69.65" port: 38171 } attrs { replace: true } } peers { permanent_uuid: "fefc1eb3bbbb482e95accf2e2079aabd" member_type: VOTER last_known_addr { host: "127.17.69.67" port: 35365 } } peers { permanent_uuid: "9d3af46ef37d4ec98f37d798d8211c68" member_type: VOTER last_known_addr { host: "127.17.69.66" port: 41325 } } peers { permanent_uuid: "6ed0f0413ee747feb6c813936978bf01" member_type: VOTER last_known_addr { host: "127.17.69.68" port: 33651 } attrs { promote: false } } }
I20260601 13:43:31.565989 20677 raft_consensus.cc:2955] T 438cf7f0c3824649a3fc0f5dfe3bb917 P 39a97f71675148639603d34e74fe4f65 [term 3 FOLLOWER]: Committing config change with OpId 3.5: config changed from index 2 to 5, 6ed0f0413ee747feb6c813936978bf01 (127.17.69.68) changed from NON_VOTER to VOTER. New config: { opid_index: 5 OBSOLETE_local: false peers { permanent_uuid: "39a97f71675148639603d34e74fe4f65" member_type: VOTER last_known_addr { host: "127.17.69.65" port: 38171 } attrs { replace: true } } peers { permanent_uuid: "fefc1eb3bbbb482e95accf2e2079aabd" member_type: VOTER last_known_addr { host: "127.17.69.67" port: 35365 } } peers { permanent_uuid: "9d3af46ef37d4ec98f37d798d8211c68" member_type: VOTER last_known_addr { host: "127.17.69.66" port: 41325 } } peers { permanent_uuid: "6ed0f0413ee747feb6c813936978bf01" member_type: VOTER last_known_addr { host: "127.17.69.68" port: 33651 } attrs { promote: false } } }
I20260601 13:43:31.566493 20573 catalog_manager.cc:5696] T 438cf7f0c3824649a3fc0f5dfe3bb917 P 9d3af46ef37d4ec98f37d798d8211c68 reported cstate change: config changed from index 2 to 5, 6ed0f0413ee747feb6c813936978bf01 (127.17.69.68) changed from NON_VOTER to VOTER. New cstate: current_term: 3 leader_uuid: "9d3af46ef37d4ec98f37d798d8211c68" committed_config { opid_index: 5 OBSOLETE_local: false peers { permanent_uuid: "39a97f71675148639603d34e74fe4f65" member_type: VOTER last_known_addr { host: "127.17.69.65" port: 38171 } attrs { replace: true } health_report { overall_health: HEALTHY } } peers { permanent_uuid: "fefc1eb3bbbb482e95accf2e2079aabd" member_type: VOTER last_known_addr { host: "127.17.69.67" port: 35365 } health_report { overall_health: HEALTHY } } peers { permanent_uuid: "9d3af46ef37d4ec98f37d798d8211c68" member_type: VOTER last_known_addr { host: "127.17.69.66" port: 41325 } health_report { overall_health: HEALTHY } } peers { permanent_uuid: "6ed0f0413ee747feb6c813936978bf01" member_type: VOTER last_known_addr { host: "127.17.69.68" port: 33651 } attrs { promote: false } health_report { overall_health: HEALTHY } } }
I20260601 13:43:31.572810 20756 consensus_queue.cc:237] T 438cf7f0c3824649a3fc0f5dfe3bb917 P 9d3af46ef37d4ec98f37d798d8211c68 [LEADER]: Queue going to LEADER mode. State: All replicated index: 0, Majority replicated index: 5, Committed index: 5, Last appended: 3.5, Last appended by leader: 3, Current term: 3, Majority size: 2, State: 0, Mode: LEADER, active raft config: opid_index: 6 OBSOLETE_local: false peers { permanent_uuid: "fefc1eb3bbbb482e95accf2e2079aabd" member_type: VOTER last_known_addr { host: "127.17.69.67" port: 35365 } } peers { permanent_uuid: "9d3af46ef37d4ec98f37d798d8211c68" member_type: VOTER last_known_addr { host: "127.17.69.66" port: 41325 } } peers { permanent_uuid: "6ed0f0413ee747feb6c813936978bf01" member_type: VOTER last_known_addr { host: "127.17.69.68" port: 33651 } attrs { promote: false } }
I20260601 13:43:31.574371 20974 raft_consensus.cc:1275] T 438cf7f0c3824649a3fc0f5dfe3bb917 P 6ed0f0413ee747feb6c813936978bf01 [term 3 FOLLOWER]: Refusing update from remote peer 9d3af46ef37d4ec98f37d798d8211c68: Log matching property violated. Preceding OpId in replica: term: 3 index: 5. Preceding OpId from leader: term: 3 index: 6. (index mismatch)
I20260601 13:43:31.574440 20830 raft_consensus.cc:1275] T 438cf7f0c3824649a3fc0f5dfe3bb917 P fefc1eb3bbbb482e95accf2e2079aabd [term 3 FOLLOWER]: Refusing update from remote peer 9d3af46ef37d4ec98f37d798d8211c68: Log matching property violated. Preceding OpId in replica: term: 3 index: 5. Preceding OpId from leader: term: 3 index: 6. (index mismatch)
I20260601 13:43:31.574919 21134 consensus_queue.cc:1048] T 438cf7f0c3824649a3fc0f5dfe3bb917 P 9d3af46ef37d4ec98f37d798d8211c68 [LEADER]: Connected to new peer: Peer: permanent_uuid: "fefc1eb3bbbb482e95accf2e2079aabd" member_type: VOTER last_known_addr { host: "127.17.69.67" port: 35365 }, Status: LMP_MISMATCH, Last received: 0.0, Next index: 6, Last known committed idx: 5, Time since last communication: 0.000s
I20260601 13:43:31.575271 21112 consensus_queue.cc:1048] T 438cf7f0c3824649a3fc0f5dfe3bb917 P 9d3af46ef37d4ec98f37d798d8211c68 [LEADER]: Connected to new peer: Peer: permanent_uuid: "6ed0f0413ee747feb6c813936978bf01" member_type: VOTER last_known_addr { host: "127.17.69.68" port: 33651 } attrs { promote: false }, Status: LMP_MISMATCH, Last received: 0.0, Next index: 6, Last known committed idx: 5, Time since last communication: 0.000s
I20260601 13:43:31.577045 21112 raft_consensus.cc:2955] T 438cf7f0c3824649a3fc0f5dfe3bb917 P 9d3af46ef37d4ec98f37d798d8211c68 [term 3 LEADER]: Committing config change with OpId 3.6: config changed from index 5 to 6, VOTER 39a97f71675148639603d34e74fe4f65 (127.17.69.65) evicted. New config: { opid_index: 6 OBSOLETE_local: false peers { permanent_uuid: "fefc1eb3bbbb482e95accf2e2079aabd" member_type: VOTER last_known_addr { host: "127.17.69.67" port: 35365 } } peers { permanent_uuid: "9d3af46ef37d4ec98f37d798d8211c68" member_type: VOTER last_known_addr { host: "127.17.69.66" port: 41325 } } peers { permanent_uuid: "6ed0f0413ee747feb6c813936978bf01" member_type: VOTER last_known_addr { host: "127.17.69.68" port: 33651 } attrs { promote: false } } }
I20260601 13:43:31.577616 20974 raft_consensus.cc:2955] T 438cf7f0c3824649a3fc0f5dfe3bb917 P 6ed0f0413ee747feb6c813936978bf01 [term 3 FOLLOWER]: Committing config change with OpId 3.6: config changed from index 5 to 6, VOTER 39a97f71675148639603d34e74fe4f65 (127.17.69.65) evicted. New config: { opid_index: 6 OBSOLETE_local: false peers { permanent_uuid: "fefc1eb3bbbb482e95accf2e2079aabd" member_type: VOTER last_known_addr { host: "127.17.69.67" port: 35365 } } peers { permanent_uuid: "9d3af46ef37d4ec98f37d798d8211c68" member_type: VOTER last_known_addr { host: "127.17.69.66" port: 41325 } } peers { permanent_uuid: "6ed0f0413ee747feb6c813936978bf01" member_type: VOTER last_known_addr { host: "127.17.69.68" port: 33651 } attrs { promote: false } } }
I20260601 13:43:31.578781 20562 catalog_manager.cc:5209] ChangeConfig:REMOVE_PEER RPC for tablet 438cf7f0c3824649a3fc0f5dfe3bb917 with cas_config_opid_index 5: ChangeConfig:REMOVE_PEER succeeded (attempt 1)
I20260601 13:43:31.579571 20830 raft_consensus.cc:2955] T 438cf7f0c3824649a3fc0f5dfe3bb917 P fefc1eb3bbbb482e95accf2e2079aabd [term 3 FOLLOWER]: Committing config change with OpId 3.6: config changed from index 5 to 6, VOTER 39a97f71675148639603d34e74fe4f65 (127.17.69.65) evicted. New config: { opid_index: 6 OBSOLETE_local: false peers { permanent_uuid: "fefc1eb3bbbb482e95accf2e2079aabd" member_type: VOTER last_known_addr { host: "127.17.69.67" port: 35365 } } peers { permanent_uuid: "9d3af46ef37d4ec98f37d798d8211c68" member_type: VOTER last_known_addr { host: "127.17.69.66" port: 41325 } } peers { permanent_uuid: "6ed0f0413ee747feb6c813936978bf01" member_type: VOTER last_known_addr { host: "127.17.69.68" port: 33651 } attrs { promote: false } } }
I20260601 13:43:31.579685 20574 catalog_manager.cc:5696] T 438cf7f0c3824649a3fc0f5dfe3bb917 P 9d3af46ef37d4ec98f37d798d8211c68 reported cstate change: config changed from index 5 to 6, VOTER 39a97f71675148639603d34e74fe4f65 (127.17.69.65) evicted. New cstate: current_term: 3 leader_uuid: "9d3af46ef37d4ec98f37d798d8211c68" committed_config { opid_index: 6 OBSOLETE_local: false peers { permanent_uuid: "fefc1eb3bbbb482e95accf2e2079aabd" member_type: VOTER last_known_addr { host: "127.17.69.67" port: 35365 } health_report { overall_health: UNKNOWN } } peers { permanent_uuid: "9d3af46ef37d4ec98f37d798d8211c68" member_type: VOTER last_known_addr { host: "127.17.69.66" port: 41325 } health_report { overall_health: HEALTHY } } peers { permanent_uuid: "6ed0f0413ee747feb6c813936978bf01" member_type: VOTER last_known_addr { host: "127.17.69.68" port: 33651 } attrs { promote: false } health_report { overall_health: HEALTHY } } }
I20260601 13:43:31.583307 20669 tablet_service.cc:1558] Processing DeleteTablet for tablet 438cf7f0c3824649a3fc0f5dfe3bb917 with delete_type TABLET_DATA_TOMBSTONED (TS 39a97f71675148639603d34e74fe4f65 not found in new config with opid_index 6) from {username='slave'} at 127.0.0.1:46926
I20260601 13:43:31.583828 21169 tablet_replica.cc:333] T 438cf7f0c3824649a3fc0f5dfe3bb917 P 39a97f71675148639603d34e74fe4f65: stopping tablet replica
I20260601 13:43:31.584043 21169 raft_consensus.cc:2243] T 438cf7f0c3824649a3fc0f5dfe3bb917 P 39a97f71675148639603d34e74fe4f65 [term 3 FOLLOWER]: Raft consensus shutting down.
I20260601 13:43:31.584232 21169 raft_consensus.cc:2272] T 438cf7f0c3824649a3fc0f5dfe3bb917 P 39a97f71675148639603d34e74fe4f65 [term 3 FOLLOWER]: Raft consensus is shut down!
I20260601 13:43:31.584932 21169 ts_tablet_manager.cc:1916] T 438cf7f0c3824649a3fc0f5dfe3bb917 P 39a97f71675148639603d34e74fe4f65: Deleting tablet data with delete state TABLET_DATA_TOMBSTONED
I20260601 13:43:31.587955 21169 ts_tablet_manager.cc:1929] T 438cf7f0c3824649a3fc0f5dfe3bb917 P 39a97f71675148639603d34e74fe4f65: tablet deleted with delete type TABLET_DATA_TOMBSTONED: last-logged OpId 3.5
I20260601 13:43:31.588049 21169 log.cc:1199] T 438cf7f0c3824649a3fc0f5dfe3bb917 P 39a97f71675148639603d34e74fe4f65: Deleting WAL directory at /tmp/dist-test-taskpAWj1y/test-tmp/auto_rebalancer-test.0.AutoRebalancerTest.RangeAwareRebalancesNewRangeReplicas.1780321338775403-17685-0/minicluster-data/ts-0-root/wals/438cf7f0c3824649a3fc0f5dfe3bb917
I20260601 13:43:31.589044 20559 catalog_manager.cc:5027] TS 39a97f71675148639603d34e74fe4f65 (127.17.69.65:38171): tablet 438cf7f0c3824649a3fc0f5dfe3bb917 (table range_aware_rebalance_new_range [id=af1609a6891e4beab3f8c1f0f7ec7a30]) successfully deleted
I20260601 13:43:31.845610 20677 consensus_queue.cc:237] T 320988d69662472189c406cc0d6ff4fc P 39a97f71675148639603d34e74fe4f65 [LEADER]: Queue going to LEADER mode. State: All replicated index: 0, Majority replicated index: 1, Committed index: 1, Last appended: 1.1, Last appended by leader: 0, Current term: 1, Majority size: 2, State: 0, Mode: LEADER, active raft config: opid_index: 2 OBSOLETE_local: false peers { permanent_uuid: "6ed0f0413ee747feb6c813936978bf01" member_type: VOTER last_known_addr { host: "127.17.69.68" port: 33651 } attrs { replace: true } } peers { permanent_uuid: "39a97f71675148639603d34e74fe4f65" member_type: VOTER last_known_addr { host: "127.17.69.65" port: 38171 } } peers { permanent_uuid: "fefc1eb3bbbb482e95accf2e2079aabd" member_type: VOTER last_known_addr { host: "127.17.69.67" port: 35365 } } peers { permanent_uuid: "9d3af46ef37d4ec98f37d798d8211c68" member_type: NON_VOTER last_known_addr { host: "127.17.69.66" port: 41325 } attrs { promote: true } }
I20260601 13:43:31.847856 20830 raft_consensus.cc:1275] T 320988d69662472189c406cc0d6ff4fc P fefc1eb3bbbb482e95accf2e2079aabd [term 1 FOLLOWER]: Refusing update from remote peer 39a97f71675148639603d34e74fe4f65: Log matching property violated. Preceding OpId in replica: term: 1 index: 1. Preceding OpId from leader: term: 1 index: 2. (index mismatch)
I20260601 13:43:31.847895 20974 raft_consensus.cc:1275] T 320988d69662472189c406cc0d6ff4fc P 6ed0f0413ee747feb6c813936978bf01 [term 1 FOLLOWER]: Refusing update from remote peer 39a97f71675148639603d34e74fe4f65: Log matching property violated. Preceding OpId in replica: term: 1 index: 1. Preceding OpId from leader: term: 1 index: 2. (index mismatch)
W20260601 13:43:31.847967 20645 consensus_peers.cc:597] T 320988d69662472189c406cc0d6ff4fc P 39a97f71675148639603d34e74fe4f65 -> Peer 9d3af46ef37d4ec98f37d798d8211c68 (127.17.69.66:41325): Couldn't send request to peer 9d3af46ef37d4ec98f37d798d8211c68. Error code: TABLET_NOT_FOUND (6). Status: Not found: Tablet not found: 320988d69662472189c406cc0d6ff4fc. This is attempt 1: this message will repeat every 5th retry.
I20260601 13:43:31.848409 21171 consensus_queue.cc:1048] T 320988d69662472189c406cc0d6ff4fc P 39a97f71675148639603d34e74fe4f65 [LEADER]: Connected to new peer: Peer: permanent_uuid: "fefc1eb3bbbb482e95accf2e2079aabd" member_type: VOTER last_known_addr { host: "127.17.69.67" port: 35365 }, Status: LMP_MISMATCH, Last received: 0.0, Next index: 2, Last known committed idx: 1, Time since last communication: 0.000s
I20260601 13:43:31.848791 21172 consensus_queue.cc:1048] T 320988d69662472189c406cc0d6ff4fc P 39a97f71675148639603d34e74fe4f65 [LEADER]: Connected to new peer: Peer: permanent_uuid: "6ed0f0413ee747feb6c813936978bf01" member_type: VOTER last_known_addr { host: "127.17.69.68" port: 33651 } attrs { replace: true }, Status: LMP_MISMATCH, Last received: 0.0, Next index: 2, Last known committed idx: 1, Time since last communication: 0.000s
I20260601 13:43:31.851429 21171 raft_consensus.cc:2955] T 320988d69662472189c406cc0d6ff4fc P 39a97f71675148639603d34e74fe4f65 [term 1 LEADER]: Committing config change with OpId 1.2: config changed from index -1 to 2, NON_VOTER 9d3af46ef37d4ec98f37d798d8211c68 (127.17.69.66) added. New config: { opid_index: 2 OBSOLETE_local: false peers { permanent_uuid: "6ed0f0413ee747feb6c813936978bf01" member_type: VOTER last_known_addr { host: "127.17.69.68" port: 33651 } attrs { replace: true } } peers { permanent_uuid: "39a97f71675148639603d34e74fe4f65" member_type: VOTER last_known_addr { host: "127.17.69.65" port: 38171 } } peers { permanent_uuid: "fefc1eb3bbbb482e95accf2e2079aabd" member_type: VOTER last_known_addr { host: "127.17.69.67" port: 35365 } } peers { permanent_uuid: "9d3af46ef37d4ec98f37d798d8211c68" member_type: NON_VOTER last_known_addr { host: "127.17.69.66" port: 41325 } attrs { promote: true } } }
I20260601 13:43:31.852175 20974 raft_consensus.cc:2955] T 320988d69662472189c406cc0d6ff4fc P 6ed0f0413ee747feb6c813936978bf01 [term 1 FOLLOWER]: Committing config change with OpId 1.2: config changed from index -1 to 2, NON_VOTER 9d3af46ef37d4ec98f37d798d8211c68 (127.17.69.66) added. New config: { opid_index: 2 OBSOLETE_local: false peers { permanent_uuid: "6ed0f0413ee747feb6c813936978bf01" member_type: VOTER last_known_addr { host: "127.17.69.68" port: 33651 } attrs { replace: true } } peers { permanent_uuid: "39a97f71675148639603d34e74fe4f65" member_type: VOTER last_known_addr { host: "127.17.69.65" port: 38171 } } peers { permanent_uuid: "fefc1eb3bbbb482e95accf2e2079aabd" member_type: VOTER last_known_addr { host: "127.17.69.67" port: 35365 } } peers { permanent_uuid: "9d3af46ef37d4ec98f37d798d8211c68" member_type: NON_VOTER last_known_addr { host: "127.17.69.66" port: 41325 } attrs { promote: true } } }
I20260601 13:43:31.852715 20830 raft_consensus.cc:2955] T 320988d69662472189c406cc0d6ff4fc P fefc1eb3bbbb482e95accf2e2079aabd [term 1 FOLLOWER]: Committing config change with OpId 1.2: config changed from index -1 to 2, NON_VOTER 9d3af46ef37d4ec98f37d798d8211c68 (127.17.69.66) added. New config: { opid_index: 2 OBSOLETE_local: false peers { permanent_uuid: "6ed0f0413ee747feb6c813936978bf01" member_type: VOTER last_known_addr { host: "127.17.69.68" port: 33651 } attrs { replace: true } } peers { permanent_uuid: "39a97f71675148639603d34e74fe4f65" member_type: VOTER last_known_addr { host: "127.17.69.65" port: 38171 } } peers { permanent_uuid: "fefc1eb3bbbb482e95accf2e2079aabd" member_type: VOTER last_known_addr { host: "127.17.69.67" port: 35365 } } peers { permanent_uuid: "9d3af46ef37d4ec98f37d798d8211c68" member_type: NON_VOTER last_known_addr { host: "127.17.69.66" port: 41325 } attrs { promote: true } } }
I20260601 13:43:31.855118 20830 consensus_queue.cc:237] T 0f3a68a9ebd54f8b95431895a34a940a P fefc1eb3bbbb482e95accf2e2079aabd [LEADER]: Queue going to LEADER mode. State: All replicated index: 0, Majority replicated index: 1, Committed index: 1, Last appended: 1.1, Last appended by leader: 0, Current term: 1, Majority size: 2, State: 0, Mode: LEADER, active raft config: opid_index: 2 OBSOLETE_local: false peers { permanent_uuid: "39a97f71675148639603d34e74fe4f65" member_type: VOTER last_known_addr { host: "127.17.69.65" port: 38171 } } peers { permanent_uuid: "9d3af46ef37d4ec98f37d798d8211c68" member_type: VOTER last_known_addr { host: "127.17.69.66" port: 41325 } attrs { replace: true } } peers { permanent_uuid: "fefc1eb3bbbb482e95accf2e2079aabd" member_type: VOTER last_known_addr { host: "127.17.69.67" port: 35365 } } peers { permanent_uuid: "6ed0f0413ee747feb6c813936978bf01" member_type: NON_VOTER last_known_addr { host: "127.17.69.68" port: 33651 } attrs { promote: true } }
I20260601 13:43:31.855216 20569 catalog_manager.cc:5696] T 320988d69662472189c406cc0d6ff4fc P 6ed0f0413ee747feb6c813936978bf01 reported cstate change: config changed from index -1 to 2, NON_VOTER 9d3af46ef37d4ec98f37d798d8211c68 (127.17.69.66) added. New cstate: current_term: 1 leader_uuid: "39a97f71675148639603d34e74fe4f65" committed_config { opid_index: 2 OBSOLETE_local: false peers { permanent_uuid: "6ed0f0413ee747feb6c813936978bf01" member_type: VOTER last_known_addr { host: "127.17.69.68" port: 33651 } attrs { replace: true } } peers { permanent_uuid: "39a97f71675148639603d34e74fe4f65" member_type: VOTER last_known_addr { host: "127.17.69.65" port: 38171 } } peers { permanent_uuid: "fefc1eb3bbbb482e95accf2e2079aabd" member_type: VOTER last_known_addr { host: "127.17.69.67" port: 35365 } } peers { permanent_uuid: "9d3af46ef37d4ec98f37d798d8211c68" member_type: NON_VOTER last_known_addr { host: "127.17.69.66" port: 41325 } attrs { promote: true } } }
W20260601 13:43:31.856971 20796 consensus_peers.cc:597] T 0f3a68a9ebd54f8b95431895a34a940a P fefc1eb3bbbb482e95accf2e2079aabd -> Peer 6ed0f0413ee747feb6c813936978bf01 (127.17.69.68:33651): Couldn't send request to peer 6ed0f0413ee747feb6c813936978bf01. Error code: TABLET_NOT_FOUND (6). Status: Not found: Tablet not found: 0f3a68a9ebd54f8b95431895a34a940a. This is attempt 1: this message will repeat every 5th retry.
I20260601 13:43:31.857693 20677 raft_consensus.cc:1275] T 0f3a68a9ebd54f8b95431895a34a940a P 39a97f71675148639603d34e74fe4f65 [term 1 FOLLOWER]: Refusing update from remote peer fefc1eb3bbbb482e95accf2e2079aabd: Log matching property violated. Preceding OpId in replica: term: 1 index: 1. Preceding OpId from leader: term: 1 index: 2. (index mismatch)
I20260601 13:43:31.858011 20756 raft_consensus.cc:1275] T 0f3a68a9ebd54f8b95431895a34a940a P 9d3af46ef37d4ec98f37d798d8211c68 [term 1 FOLLOWER]: Refusing update from remote peer fefc1eb3bbbb482e95accf2e2079aabd: Log matching property violated. Preceding OpId in replica: term: 1 index: 1. Preceding OpId from leader: term: 1 index: 2. (index mismatch)
I20260601 13:43:31.858403 21039 consensus_queue.cc:1048] T 0f3a68a9ebd54f8b95431895a34a940a P fefc1eb3bbbb482e95accf2e2079aabd [LEADER]: Connected to new peer: Peer: permanent_uuid: "39a97f71675148639603d34e74fe4f65" member_type: VOTER last_known_addr { host: "127.17.69.65" port: 38171 }, Status: LMP_MISMATCH, Last received: 0.0, Next index: 2, Last known committed idx: 1, Time since last communication: 0.000s
I20260601 13:43:31.858765 21176 consensus_queue.cc:1048] T 0f3a68a9ebd54f8b95431895a34a940a P fefc1eb3bbbb482e95accf2e2079aabd [LEADER]: Connected to new peer: Peer: permanent_uuid: "9d3af46ef37d4ec98f37d798d8211c68" member_type: VOTER last_known_addr { host: "127.17.69.66" port: 41325 } attrs { replace: true }, Status: LMP_MISMATCH, Last received: 0.0, Next index: 2, Last known committed idx: 1, Time since last communication: 0.000s
I20260601 13:43:31.861379 21039 raft_consensus.cc:2955] T 0f3a68a9ebd54f8b95431895a34a940a P fefc1eb3bbbb482e95accf2e2079aabd [term 1 LEADER]: Committing config change with OpId 1.2: config changed from index -1 to 2, NON_VOTER 6ed0f0413ee747feb6c813936978bf01 (127.17.69.68) added. New config: { opid_index: 2 OBSOLETE_local: false peers { permanent_uuid: "39a97f71675148639603d34e74fe4f65" member_type: VOTER last_known_addr { host: "127.17.69.65" port: 38171 } } peers { permanent_uuid: "9d3af46ef37d4ec98f37d798d8211c68" member_type: VOTER last_known_addr { host: "127.17.69.66" port: 41325 } attrs { replace: true } } peers { permanent_uuid: "fefc1eb3bbbb482e95accf2e2079aabd" member_type: VOTER last_known_addr { host: "127.17.69.67" port: 35365 } } peers { permanent_uuid: "6ed0f0413ee747feb6c813936978bf01" member_type: NON_VOTER last_known_addr { host: "127.17.69.68" port: 33651 } attrs { promote: true } } }
I20260601 13:43:31.862289 20677 raft_consensus.cc:2955] T 0f3a68a9ebd54f8b95431895a34a940a P 39a97f71675148639603d34e74fe4f65 [term 1 FOLLOWER]: Committing config change with OpId 1.2: config changed from index -1 to 2, NON_VOTER 6ed0f0413ee747feb6c813936978bf01 (127.17.69.68) added. New config: { opid_index: 2 OBSOLETE_local: false peers { permanent_uuid: "39a97f71675148639603d34e74fe4f65" member_type: VOTER last_known_addr { host: "127.17.69.65" port: 38171 } } peers { permanent_uuid: "9d3af46ef37d4ec98f37d798d8211c68" member_type: VOTER last_known_addr { host: "127.17.69.66" port: 41325 } attrs { replace: true } } peers { permanent_uuid: "fefc1eb3bbbb482e95accf2e2079aabd" member_type: VOTER last_known_addr { host: "127.17.69.67" port: 35365 } } peers { permanent_uuid: "6ed0f0413ee747feb6c813936978bf01" member_type: NON_VOTER last_known_addr { host: "127.17.69.68" port: 33651 } attrs { promote: true } } }
I20260601 13:43:31.862327 20756 raft_consensus.cc:2955] T 0f3a68a9ebd54f8b95431895a34a940a P 9d3af46ef37d4ec98f37d798d8211c68 [term 1 FOLLOWER]: Committing config change with OpId 1.2: config changed from index -1 to 2, NON_VOTER 6ed0f0413ee747feb6c813936978bf01 (127.17.69.68) added. New config: { opid_index: 2 OBSOLETE_local: false peers { permanent_uuid: "39a97f71675148639603d34e74fe4f65" member_type: VOTER last_known_addr { host: "127.17.69.65" port: 38171 } } peers { permanent_uuid: "9d3af46ef37d4ec98f37d798d8211c68" member_type: VOTER last_known_addr { host: "127.17.69.66" port: 41325 } attrs { replace: true } } peers { permanent_uuid: "fefc1eb3bbbb482e95accf2e2079aabd" member_type: VOTER last_known_addr { host: "127.17.69.67" port: 35365 } } peers { permanent_uuid: "6ed0f0413ee747feb6c813936978bf01" member_type: NON_VOTER last_known_addr { host: "127.17.69.68" port: 33651 } attrs { promote: true } } }
I20260601 13:43:31.865000 20574 catalog_manager.cc:5696] T 0f3a68a9ebd54f8b95431895a34a940a P 9d3af46ef37d4ec98f37d798d8211c68 reported cstate change: config changed from index -1 to 2, NON_VOTER 6ed0f0413ee747feb6c813936978bf01 (127.17.69.68) added. New cstate: current_term: 1 leader_uuid: "fefc1eb3bbbb482e95accf2e2079aabd" committed_config { opid_index: 2 OBSOLETE_local: false peers { permanent_uuid: "39a97f71675148639603d34e74fe4f65" member_type: VOTER last_known_addr { host: "127.17.69.65" port: 38171 } } peers { permanent_uuid: "9d3af46ef37d4ec98f37d798d8211c68" member_type: VOTER last_known_addr { host: "127.17.69.66" port: 41325 } attrs { replace: true } } peers { permanent_uuid: "fefc1eb3bbbb482e95accf2e2079aabd" member_type: VOTER last_known_addr { host: "127.17.69.67" port: 35365 } } peers { permanent_uuid: "6ed0f0413ee747feb6c813936978bf01" member_type: NON_VOTER last_known_addr { host: "127.17.69.68" port: 33651 } attrs { promote: true } } }
I20260601 13:43:31.865140 20677 consensus_queue.cc:237] T 78ae17e861a44e8c9b0184a8ba856087 P 39a97f71675148639603d34e74fe4f65 [LEADER]: Queue going to LEADER mode. State: All replicated index: 0, Majority replicated index: 2, Committed index: 2, Last appended: 2.2, Last appended by leader: 1, Current term: 2, Majority size: 2, State: 0, Mode: LEADER, active raft config: opid_index: 3 OBSOLETE_local: false peers { permanent_uuid: "39a97f71675148639603d34e74fe4f65" member_type: VOTER last_known_addr { host: "127.17.69.65" port: 38171 } } peers { permanent_uuid: "6ed0f0413ee747feb6c813936978bf01" member_type: VOTER last_known_addr { host: "127.17.69.68" port: 33651 } attrs { replace: true } } peers { permanent_uuid: "9d3af46ef37d4ec98f37d798d8211c68" member_type: VOTER last_known_addr { host: "127.17.69.66" port: 41325 } } peers { permanent_uuid: "fefc1eb3bbbb482e95accf2e2079aabd" member_type: NON_VOTER last_known_addr { host: "127.17.69.67" port: 35365 } attrs { promote: true } }
W20260601 13:43:31.867206 20642 consensus_peers.cc:597] T 78ae17e861a44e8c9b0184a8ba856087 P 39a97f71675148639603d34e74fe4f65 -> Peer fefc1eb3bbbb482e95accf2e2079aabd (127.17.69.67:35365): Couldn't send request to peer fefc1eb3bbbb482e95accf2e2079aabd. Error code: TABLET_NOT_FOUND (6). Status: Not found: Tablet not found: 78ae17e861a44e8c9b0184a8ba856087. This is attempt 1: this message will repeat every 5th retry.
I20260601 13:43:31.867589 20756 raft_consensus.cc:1275] T 78ae17e861a44e8c9b0184a8ba856087 P 9d3af46ef37d4ec98f37d798d8211c68 [term 2 FOLLOWER]: Refusing update from remote peer 39a97f71675148639603d34e74fe4f65: Log matching property violated. Preceding OpId in replica: term: 2 index: 2. Preceding OpId from leader: term: 2 index: 3. (index mismatch)
I20260601 13:43:31.868049 21171 consensus_queue.cc:1048] T 78ae17e861a44e8c9b0184a8ba856087 P 39a97f71675148639603d34e74fe4f65 [LEADER]: Connected to new peer: Peer: permanent_uuid: "9d3af46ef37d4ec98f37d798d8211c68" member_type: VOTER last_known_addr { host: "127.17.69.66" port: 41325 }, Status: LMP_MISMATCH, Last received: 0.0, Next index: 3, Last known committed idx: 2, Time since last communication: 0.000s
I20260601 13:43:31.868435 20974 raft_consensus.cc:1275] T 78ae17e861a44e8c9b0184a8ba856087 P 6ed0f0413ee747feb6c813936978bf01 [term 2 FOLLOWER]: Refusing update from remote peer 39a97f71675148639603d34e74fe4f65: Log matching property violated. Preceding OpId in replica: term: 2 index: 2. Preceding OpId from leader: term: 2 index: 3. (index mismatch)
I20260601 13:43:31.868948 21172 consensus_queue.cc:1048] T 78ae17e861a44e8c9b0184a8ba856087 P 39a97f71675148639603d34e74fe4f65 [LEADER]: Connected to new peer: Peer: permanent_uuid: "6ed0f0413ee747feb6c813936978bf01" member_type: VOTER last_known_addr { host: "127.17.69.68" port: 33651 } attrs { replace: true }, Status: LMP_MISMATCH, Last received: 0.0, Next index: 3, Last known committed idx: 2, Time since last communication: 0.000s
I20260601 13:43:31.870826 21171 raft_consensus.cc:2955] T 78ae17e861a44e8c9b0184a8ba856087 P 39a97f71675148639603d34e74fe4f65 [term 2 LEADER]: Committing config change with OpId 2.3: config changed from index -1 to 3, NON_VOTER fefc1eb3bbbb482e95accf2e2079aabd (127.17.69.67) added. New config: { opid_index: 3 OBSOLETE_local: false peers { permanent_uuid: "39a97f71675148639603d34e74fe4f65" member_type: VOTER last_known_addr { host: "127.17.69.65" port: 38171 } } peers { permanent_uuid: "6ed0f0413ee747feb6c813936978bf01" member_type: VOTER last_known_addr { host: "127.17.69.68" port: 33651 } attrs { replace: true } } peers { permanent_uuid: "9d3af46ef37d4ec98f37d798d8211c68" member_type: VOTER last_known_addr { host: "127.17.69.66" port: 41325 } } peers { permanent_uuid: "fefc1eb3bbbb482e95accf2e2079aabd" member_type: NON_VOTER last_known_addr { host: "127.17.69.67" port: 35365 } attrs { promote: true } } }
I20260601 13:43:31.871379 20756 raft_consensus.cc:2955] T 78ae17e861a44e8c9b0184a8ba856087 P 9d3af46ef37d4ec98f37d798d8211c68 [term 2 FOLLOWER]: Committing config change with OpId 2.3: config changed from index -1 to 3, NON_VOTER fefc1eb3bbbb482e95accf2e2079aabd (127.17.69.67) added. New config: { opid_index: 3 OBSOLETE_local: false peers { permanent_uuid: "39a97f71675148639603d34e74fe4f65" member_type: VOTER last_known_addr { host: "127.17.69.65" port: 38171 } } peers { permanent_uuid: "6ed0f0413ee747feb6c813936978bf01" member_type: VOTER last_known_addr { host: "127.17.69.68" port: 33651 } attrs { replace: true } } peers { permanent_uuid: "9d3af46ef37d4ec98f37d798d8211c68" member_type: VOTER last_known_addr { host: "127.17.69.66" port: 41325 } } peers { permanent_uuid: "fefc1eb3bbbb482e95accf2e2079aabd" member_type: NON_VOTER last_known_addr { host: "127.17.69.67" port: 35365 } attrs { promote: true } } }
I20260601 13:43:31.872126 20974 raft_consensus.cc:2955] T 78ae17e861a44e8c9b0184a8ba856087 P 6ed0f0413ee747feb6c813936978bf01 [term 2 FOLLOWER]: Committing config change with OpId 2.3: config changed from index -1 to 3, NON_VOTER fefc1eb3bbbb482e95accf2e2079aabd (127.17.69.67) added. New config: { opid_index: 3 OBSOLETE_local: false peers { permanent_uuid: "39a97f71675148639603d34e74fe4f65" member_type: VOTER last_known_addr { host: "127.17.69.65" port: 38171 } } peers { permanent_uuid: "6ed0f0413ee747feb6c813936978bf01" member_type: VOTER last_known_addr { host: "127.17.69.68" port: 33651 } attrs { replace: true } } peers { permanent_uuid: "9d3af46ef37d4ec98f37d798d8211c68" member_type: VOTER last_known_addr { host: "127.17.69.66" port: 41325 } } peers { permanent_uuid: "fefc1eb3bbbb482e95accf2e2079aabd" member_type: NON_VOTER last_known_addr { host: "127.17.69.67" port: 35365 } attrs { promote: true } } }
I20260601 13:43:31.873875 20569 catalog_manager.cc:5696] T 78ae17e861a44e8c9b0184a8ba856087 P 39a97f71675148639603d34e74fe4f65 reported cstate change: config changed from index -1 to 3, NON_VOTER fefc1eb3bbbb482e95accf2e2079aabd (127.17.69.67) added. New cstate: current_term: 2 leader_uuid: "39a97f71675148639603d34e74fe4f65" committed_config { opid_index: 3 OBSOLETE_local: false peers { permanent_uuid: "39a97f71675148639603d34e74fe4f65" member_type: VOTER last_known_addr { host: "127.17.69.65" port: 38171 } health_report { overall_health: HEALTHY } } peers { permanent_uuid: "6ed0f0413ee747feb6c813936978bf01" member_type: VOTER last_known_addr { host: "127.17.69.68" port: 33651 } attrs { replace: true } health_report { overall_health: HEALTHY } } peers { permanent_uuid: "9d3af46ef37d4ec98f37d798d8211c68" member_type: VOTER last_known_addr { host: "127.17.69.66" port: 41325 } health_report { overall_health: HEALTHY } } peers { permanent_uuid: "fefc1eb3bbbb482e95accf2e2079aabd" member_type: NON_VOTER last_known_addr { host: "127.17.69.67" port: 35365 } attrs { promote: true } health_report { overall_health: UNKNOWN } } }
