I20260601 13:43:56.987752   907 raft_consensus.cc:740] T 0dd27c66700e446d9c7a4eb28c4726c7 P 7edbe3bdbe834e289b9c75ac3ab1626a [term 0 FOLLOWER]: Becoming Follower/Learner. State: Replica: 7edbe3bdbe834e289b9c75ac3ab1626a, State: Initialized, Role: FOLLOWER
I20260601 13:43:56.987869   894 tablet_bootstrap.cc:492] T f44c3169c1454fbeb5a8cf3685449c5e P e7420d095485401588bad3b6a605ced4: Bootstrap starting.
I20260601 13:43:56.987876   907 consensus_queue.cc:260] T 0dd27c66700e446d9c7a4eb28c4726c7 P 7edbe3bdbe834e289b9c75ac3ab1626a [NON_LEADER]: Queue going to NON_LEADER mode. State: All replicated index: 0, Majority replicated index: 0, Committed index: 0, Last appended: 0.0, Last appended by leader: 0, Current term: 0, Majority size: -1, State: 0, Mode: NON_LEADER, active raft config: opid_index: -1 OBSOLETE_local: false peers { permanent_uuid: "e7420d095485401588bad3b6a605ced4" member_type: VOTER last_known_addr { host: "127.28.22.65" port: 34281 } } peers { permanent_uuid: "3866f1a5f48f46e78a727a23c4946fa0" member_type: VOTER last_known_addr { host: "127.28.22.66" port: 35527 } } peers { permanent_uuid: "7edbe3bdbe834e289b9c75ac3ab1626a" member_type: VOTER last_known_addr { host: "127.28.22.67" port: 37337 } }
I20260601 13:43:56.988106   898 leader_election.cc:290] T 0dd27c66700e446d9c7a4eb28c4726c7 P 3866f1a5f48f46e78a727a23c4946fa0 [CANDIDATE]: Term 1 pre-election: Requested pre-vote from peers e7420d095485401588bad3b6a605ced4 (127.28.22.65:34281), 7edbe3bdbe834e289b9c75ac3ab1626a (127.28.22.67:37337)
I20260601 13:43:56.988286   907 ts_tablet_manager.cc:1434] T 0dd27c66700e446d9c7a4eb28c4726c7 P 7edbe3bdbe834e289b9c75ac3ab1626a: Time spent starting tablet: real 0.001s	user 0.001s	sys 0.000s
I20260601 13:43:56.988487   907 tablet_bootstrap.cc:492] T bc149ad4d09848a48bc47fdf3895cc60 P 7edbe3bdbe834e289b9c75ac3ab1626a: Bootstrap starting.
I20260601 13:43:56.989543   894 tablet_bootstrap.cc:654] T f44c3169c1454fbeb5a8cf3685449c5e P e7420d095485401588bad3b6a605ced4: Neither blocks nor log segments found. Creating new log.
I20260601 13:43:56.989665   907 tablet_bootstrap.cc:654] T bc149ad4d09848a48bc47fdf3895cc60 P 7edbe3bdbe834e289b9c75ac3ab1626a: Neither blocks nor log segments found. Creating new log.
I20260601 13:43:56.991057   894 tablet_bootstrap.cc:492] T f44c3169c1454fbeb5a8cf3685449c5e P e7420d095485401588bad3b6a605ced4: No bootstrap required, opened a new log
I20260601 13:43:56.991176   894 ts_tablet_manager.cc:1403] T f44c3169c1454fbeb5a8cf3685449c5e P e7420d095485401588bad3b6a605ced4: Time spent bootstrapping tablet: real 0.003s	user 0.002s	sys 0.001s
I20260601 13:43:56.991793   896 tablet_bootstrap.cc:492] T 423809d6a85043858b6d38b56fa3de4e P 3866f1a5f48f46e78a727a23c4946fa0: No bootstrap required, opened a new log
I20260601 13:43:56.991739   894 raft_consensus.cc:359] T f44c3169c1454fbeb5a8cf3685449c5e P e7420d095485401588bad3b6a605ced4 [term 0 FOLLOWER]: Replica starting. Triggering 0 pending ops. Active config: opid_index: -1 OBSOLETE_local: false peers { permanent_uuid: "e7420d095485401588bad3b6a605ced4" member_type: VOTER last_known_addr { host: "127.28.22.65" port: 34281 } } peers { permanent_uuid: "3866f1a5f48f46e78a727a23c4946fa0" member_type: VOTER last_known_addr { host: "127.28.22.66" port: 35527 } } peers { permanent_uuid: "7edbe3bdbe834e289b9c75ac3ab1626a" member_type: VOTER last_known_addr { host: "127.28.22.67" port: 37337 } }
I20260601 13:43:56.991868   894 raft_consensus.cc:385] T f44c3169c1454fbeb5a8cf3685449c5e P e7420d095485401588bad3b6a605ced4 [term 0 FOLLOWER]: Consensus starting up: Expiring failure detector timer to make a prompt election more likely
I20260601 13:43:56.991930   894 raft_consensus.cc:740] T f44c3169c1454fbeb5a8cf3685449c5e P e7420d095485401588bad3b6a605ced4 [term 0 FOLLOWER]: Becoming Follower/Learner. State: Replica: e7420d095485401588bad3b6a605ced4, State: Initialized, Role: FOLLOWER
I20260601 13:43:56.992081   894 consensus_queue.cc:260] T f44c3169c1454fbeb5a8cf3685449c5e P e7420d095485401588bad3b6a605ced4 [NON_LEADER]: Queue going to NON_LEADER mode. State: All replicated index: 0, Majority replicated index: 0, Committed index: 0, Last appended: 0.0, Last appended by leader: 0, Current term: 0, Majority size: -1, State: 0, Mode: NON_LEADER, active raft config: opid_index: -1 OBSOLETE_local: false peers { permanent_uuid: "e7420d095485401588bad3b6a605ced4" member_type: VOTER last_known_addr { host: "127.28.22.65" port: 34281 } } peers { permanent_uuid: "3866f1a5f48f46e78a727a23c4946fa0" member_type: VOTER last_known_addr { host: "127.28.22.66" port: 35527 } } peers { permanent_uuid: "7edbe3bdbe834e289b9c75ac3ab1626a" member_type: VOTER last_known_addr { host: "127.28.22.67" port: 37337 } }
I20260601 13:43:56.992413   894 ts_tablet_manager.cc:1434] T f44c3169c1454fbeb5a8cf3685449c5e P e7420d095485401588bad3b6a605ced4: Time spent starting tablet: real 0.001s	user 0.001s	sys 0.000s
I20260601 13:43:56.992605   894 tablet_bootstrap.cc:492] T e166706063124ebeba02c3ecd4d09966 P e7420d095485401588bad3b6a605ced4: Bootstrap starting.
I20260601 13:43:56.994032   894 tablet_bootstrap.cc:654] T e166706063124ebeba02c3ecd4d09966 P e7420d095485401588bad3b6a605ced4: Neither blocks nor log segments found. Creating new log.
I20260601 13:43:56.994933   848 tablet_service.cc:1917] Received RequestConsensusVote() RPC: tablet_id: "0dd27c66700e446d9c7a4eb28c4726c7" candidate_uuid: "3866f1a5f48f46e78a727a23c4946fa0" candidate_term: 1 candidate_status { last_received { term: 0 index: 0 } } ignore_live_leader: false dest_uuid: "7edbe3bdbe834e289b9c75ac3ab1626a" is_pre_election: true
I20260601 13:43:56.995134   848 raft_consensus.cc:2468] T 0dd27c66700e446d9c7a4eb28c4726c7 P 7edbe3bdbe834e289b9c75ac3ab1626a [term 0 FOLLOWER]: Leader pre-election vote request: Granting yes vote for candidate 3866f1a5f48f46e78a727a23c4946fa0 in term 0.
I20260601 13:43:56.991876   896 ts_tablet_manager.cc:1403] T 423809d6a85043858b6d38b56fa3de4e P 3866f1a5f48f46e78a727a23c4946fa0: Time spent bootstrapping tablet: real 0.006s	user 0.002s	sys 0.000s
I20260601 13:43:56.995457   736 leader_election.cc:304] T 0dd27c66700e446d9c7a4eb28c4726c7 P 3866f1a5f48f46e78a727a23c4946fa0 [CANDIDATE]: Term 1 pre-election: Election decided. Result: candidate won. Election summary: received 2 responses out of 3 voters: 2 yes votes; 0 no votes. yes voters: 3866f1a5f48f46e78a727a23c4946fa0, 7edbe3bdbe834e289b9c75ac3ab1626a; no voters: 
I20260601 13:43:56.995643   898 raft_consensus.cc:2804] T 0dd27c66700e446d9c7a4eb28c4726c7 P 3866f1a5f48f46e78a727a23c4946fa0 [term 0 FOLLOWER]: Leader pre-election won for term 1
I20260601 13:43:56.995714   898 raft_consensus.cc:493] T 0dd27c66700e446d9c7a4eb28c4726c7 P 3866f1a5f48f46e78a727a23c4946fa0 [term 0 FOLLOWER]: Starting leader election (no leader contacted us within the election timeout)
I20260601 13:43:56.995759   898 raft_consensus.cc:3060] T 0dd27c66700e446d9c7a4eb28c4726c7 P 3866f1a5f48f46e78a727a23c4946fa0 [term 0 FOLLOWER]: Advancing to term 1
I20260601 13:43:56.995932   896 raft_consensus.cc:359] T 423809d6a85043858b6d38b56fa3de4e P 3866f1a5f48f46e78a727a23c4946fa0 [term 0 FOLLOWER]: Replica starting. Triggering 0 pending ops. Active config: opid_index: -1 OBSOLETE_local: false peers { permanent_uuid: "e7420d095485401588bad3b6a605ced4" member_type: VOTER last_known_addr { host: "127.28.22.65" port: 34281 } } peers { permanent_uuid: "3866f1a5f48f46e78a727a23c4946fa0" member_type: VOTER last_known_addr { host: "127.28.22.66" port: 35527 } } peers { permanent_uuid: "7edbe3bdbe834e289b9c75ac3ab1626a" member_type: VOTER last_known_addr { host: "127.28.22.67" port: 37337 } }
I20260601 13:43:56.996074   896 raft_consensus.cc:385] T 423809d6a85043858b6d38b56fa3de4e P 3866f1a5f48f46e78a727a23c4946fa0 [term 0 FOLLOWER]: Consensus starting up: Expiring failure detector timer to make a prompt election more likely
I20260601 13:43:56.996114   896 raft_consensus.cc:740] T 423809d6a85043858b6d38b56fa3de4e P 3866f1a5f48f46e78a727a23c4946fa0 [term 0 FOLLOWER]: Becoming Follower/Learner. State: Replica: 3866f1a5f48f46e78a727a23c4946fa0, State: Initialized, Role: FOLLOWER
I20260601 13:43:56.996256   896 consensus_queue.cc:260] T 423809d6a85043858b6d38b56fa3de4e P 3866f1a5f48f46e78a727a23c4946fa0 [NON_LEADER]: Queue going to NON_LEADER mode. State: All replicated index: 0, Majority replicated index: 0, Committed index: 0, Last appended: 0.0, Last appended by leader: 0, Current term: 0, Majority size: -1, State: 0, Mode: NON_LEADER, active raft config: opid_index: -1 OBSOLETE_local: false peers { permanent_uuid: "e7420d095485401588bad3b6a605ced4" member_type: VOTER last_known_addr { host: "127.28.22.65" port: 34281 } } peers { permanent_uuid: "3866f1a5f48f46e78a727a23c4946fa0" member_type: VOTER last_known_addr { host: "127.28.22.66" port: 35527 } } peers { permanent_uuid: "7edbe3bdbe834e289b9c75ac3ab1626a" member_type: VOTER last_known_addr { host: "127.28.22.67" port: 37337 } }
I20260601 13:43:56.996439   697 tablet_service.cc:1917] Received RequestConsensusVote() RPC: tablet_id: "0dd27c66700e446d9c7a4eb28c4726c7" candidate_uuid: "3866f1a5f48f46e78a727a23c4946fa0" candidate_term: 1 candidate_status { last_received { term: 0 index: 0 } } ignore_live_leader: false dest_uuid: "e7420d095485401588bad3b6a605ced4" is_pre_election: true
I20260601 13:43:56.996568   697 raft_consensus.cc:2468] T 0dd27c66700e446d9c7a4eb28c4726c7 P e7420d095485401588bad3b6a605ced4 [term 0 FOLLOWER]: Leader pre-election vote request: Granting yes vote for candidate 3866f1a5f48f46e78a727a23c4946fa0 in term 0.
I20260601 13:43:56.996620   896 ts_tablet_manager.cc:1434] T 423809d6a85043858b6d38b56fa3de4e P 3866f1a5f48f46e78a727a23c4946fa0: Time spent starting tablet: real 0.001s	user 0.000s	sys 0.000s
I20260601 13:43:56.996825   896 tablet_bootstrap.cc:492] T e49bfe963a624f36a069461dd1a08bdc P 3866f1a5f48f46e78a727a23c4946fa0: Bootstrap starting.
I20260601 13:43:56.996973   898 raft_consensus.cc:515] T 0dd27c66700e446d9c7a4eb28c4726c7 P 3866f1a5f48f46e78a727a23c4946fa0 [term 1 FOLLOWER]: Starting leader election with config: opid_index: -1 OBSOLETE_local: false peers { permanent_uuid: "e7420d095485401588bad3b6a605ced4" member_type: VOTER last_known_addr { host: "127.28.22.65" port: 34281 } } peers { permanent_uuid: "3866f1a5f48f46e78a727a23c4946fa0" member_type: VOTER last_known_addr { host: "127.28.22.66" port: 35527 } } peers { permanent_uuid: "7edbe3bdbe834e289b9c75ac3ab1626a" member_type: VOTER last_known_addr { host: "127.28.22.67" port: 37337 } }
I20260601 13:43:56.997356   898 leader_election.cc:290] T 0dd27c66700e446d9c7a4eb28c4726c7 P 3866f1a5f48f46e78a727a23c4946fa0 [CANDIDATE]: Term 1 election: Requested vote from peers e7420d095485401588bad3b6a605ced4 (127.28.22.65:34281), 7edbe3bdbe834e289b9c75ac3ab1626a (127.28.22.67:37337)
I20260601 13:43:56.997704   697 tablet_service.cc:1917] Received RequestConsensusVote() RPC: tablet_id: "0dd27c66700e446d9c7a4eb28c4726c7" candidate_uuid: "3866f1a5f48f46e78a727a23c4946fa0" candidate_term: 1 candidate_status { last_received { term: 0 index: 0 } } ignore_live_leader: false dest_uuid: "e7420d095485401588bad3b6a605ced4"
I20260601 13:43:56.997831   697 raft_consensus.cc:3060] T 0dd27c66700e446d9c7a4eb28c4726c7 P e7420d095485401588bad3b6a605ced4 [term 0 FOLLOWER]: Advancing to term 1
I20260601 13:43:56.998049   896 tablet_bootstrap.cc:654] T e49bfe963a624f36a069461dd1a08bdc P 3866f1a5f48f46e78a727a23c4946fa0: Neither blocks nor log segments found. Creating new log.
I20260601 13:43:56.998450   894 tablet_bootstrap.cc:492] T e166706063124ebeba02c3ecd4d09966 P e7420d095485401588bad3b6a605ced4: No bootstrap required, opened a new log
I20260601 13:43:56.998571   894 ts_tablet_manager.cc:1403] T e166706063124ebeba02c3ecd4d09966 P e7420d095485401588bad3b6a605ced4: Time spent bootstrapping tablet: real 0.006s	user 0.000s	sys 0.002s
I20260601 13:43:56.998895   697 raft_consensus.cc:2468] T 0dd27c66700e446d9c7a4eb28c4726c7 P e7420d095485401588bad3b6a605ced4 [term 1 FOLLOWER]: Leader election vote request: Granting yes vote for candidate 3866f1a5f48f46e78a727a23c4946fa0 in term 1.
I20260601 13:43:56.999483   896 tablet_bootstrap.cc:492] T e49bfe963a624f36a069461dd1a08bdc P 3866f1a5f48f46e78a727a23c4946fa0: No bootstrap required, opened a new log
I20260601 13:43:56.999524   739 leader_election.cc:304] T 0dd27c66700e446d9c7a4eb28c4726c7 P 3866f1a5f48f46e78a727a23c4946fa0 [CANDIDATE]: Term 1 election: Election decided. Result: candidate won. Election summary: received 2 responses out of 3 voters: 2 yes votes; 0 no votes. yes voters: 3866f1a5f48f46e78a727a23c4946fa0, e7420d095485401588bad3b6a605ced4; no voters: 
I20260601 13:43:56.999616   896 ts_tablet_manager.cc:1403] T e49bfe963a624f36a069461dd1a08bdc P 3866f1a5f48f46e78a727a23c4946fa0: Time spent bootstrapping tablet: real 0.003s	user 0.000s	sys 0.002s
I20260601 13:43:56.999676   907 tablet_bootstrap.cc:492] T bc149ad4d09848a48bc47fdf3895cc60 P 7edbe3bdbe834e289b9c75ac3ab1626a: No bootstrap required, opened a new log
I20260601 13:43:56.999790   907 ts_tablet_manager.cc:1403] T bc149ad4d09848a48bc47fdf3895cc60 P 7edbe3bdbe834e289b9c75ac3ab1626a: Time spent bootstrapping tablet: real 0.011s	user 0.002s	sys 0.000s
I20260601 13:43:56.999825   902 raft_consensus.cc:2804] T 0dd27c66700e446d9c7a4eb28c4726c7 P 3866f1a5f48f46e78a727a23c4946fa0 [term 1 FOLLOWER]: Leader election won for term 1
I20260601 13:43:56.999909   902 raft_consensus.cc:697] T 0dd27c66700e446d9c7a4eb28c4726c7 P 3866f1a5f48f46e78a727a23c4946fa0 [term 1 LEADER]: Becoming Leader. State: Replica: 3866f1a5f48f46e78a727a23c4946fa0, State: Running, Role: LEADER
I20260601 13:43:57.000104   902 consensus_queue.cc:237] T 0dd27c66700e446d9c7a4eb28c4726c7 P 3866f1a5f48f46e78a727a23c4946fa0 [LEADER]: Queue going to LEADER mode. State: All replicated index: 0, Majority replicated index: 0, Committed index: 0, Last appended: 0.0, Last appended by leader: 0, Current term: 1, Majority size: 2, State: 0, Mode: LEADER, active raft config: opid_index: -1 OBSOLETE_local: false peers { permanent_uuid: "e7420d095485401588bad3b6a605ced4" member_type: VOTER last_known_addr { host: "127.28.22.65" port: 34281 } } peers { permanent_uuid: "3866f1a5f48f46e78a727a23c4946fa0" member_type: VOTER last_known_addr { host: "127.28.22.66" port: 35527 } } peers { permanent_uuid: "7edbe3bdbe834e289b9c75ac3ab1626a" member_type: VOTER last_known_addr { host: "127.28.22.67" port: 37337 } }
I20260601 13:43:57.000156   896 raft_consensus.cc:359] T e49bfe963a624f36a069461dd1a08bdc P 3866f1a5f48f46e78a727a23c4946fa0 [term 0 FOLLOWER]: Replica starting. Triggering 0 pending ops. Active config: opid_index: -1 OBSOLETE_local: false peers { permanent_uuid: "e7420d095485401588bad3b6a605ced4" member_type: VOTER last_known_addr { host: "127.28.22.65" port: 34281 } } peers { permanent_uuid: "3866f1a5f48f46e78a727a23c4946fa0" member_type: VOTER last_known_addr { host: "127.28.22.66" port: 35527 } } peers { permanent_uuid: "7edbe3bdbe834e289b9c75ac3ab1626a" member_type: VOTER last_known_addr { host: "127.28.22.67" port: 37337 } }
I20260601 13:43:57.000288   896 raft_consensus.cc:385] T e49bfe963a624f36a069461dd1a08bdc P 3866f1a5f48f46e78a727a23c4946fa0 [term 0 FOLLOWER]: Consensus starting up: Expiring failure detector timer to make a prompt election more likely
I20260601 13:43:57.000327   907 raft_consensus.cc:359] T bc149ad4d09848a48bc47fdf3895cc60 P 7edbe3bdbe834e289b9c75ac3ab1626a [term 0 FOLLOWER]: Replica starting. Triggering 0 pending ops. Active config: opid_index: -1 OBSOLETE_local: false peers { permanent_uuid: "e7420d095485401588bad3b6a605ced4" member_type: VOTER last_known_addr { host: "127.28.22.65" port: 34281 } } peers { permanent_uuid: "7edbe3bdbe834e289b9c75ac3ab1626a" member_type: VOTER last_known_addr { host: "127.28.22.67" port: 37337 } } peers { permanent_uuid: "3866f1a5f48f46e78a727a23c4946fa0" member_type: VOTER last_known_addr { host: "127.28.22.66" port: 35527 } }
I20260601 13:43:57.000450   907 raft_consensus.cc:385] T bc149ad4d09848a48bc47fdf3895cc60 P 7edbe3bdbe834e289b9c75ac3ab1626a [term 0 FOLLOWER]: Consensus starting up: Expiring failure detector timer to make a prompt election more likely
I20260601 13:43:57.000501   907 raft_consensus.cc:740] T bc149ad4d09848a48bc47fdf3895cc60 P 7edbe3bdbe834e289b9c75ac3ab1626a [term 0 FOLLOWER]: Becoming Follower/Learner. State: Replica: 7edbe3bdbe834e289b9c75ac3ab1626a, State: Initialized, Role: FOLLOWER
I20260601 13:43:57.000622   907 consensus_queue.cc:260] T bc149ad4d09848a48bc47fdf3895cc60 P 7edbe3bdbe834e289b9c75ac3ab1626a [NON_LEADER]: Queue going to NON_LEADER mode. State: All replicated index: 0, Majority replicated index: 0, Committed index: 0, Last appended: 0.0, Last appended by leader: 0, Current term: 0, Majority size: -1, State: 0, Mode: NON_LEADER, active raft config: opid_index: -1 OBSOLETE_local: false peers { permanent_uuid: "e7420d095485401588bad3b6a605ced4" member_type: VOTER last_known_addr { host: "127.28.22.65" port: 34281 } } peers { permanent_uuid: "7edbe3bdbe834e289b9c75ac3ab1626a" member_type: VOTER last_known_addr { host: "127.28.22.67" port: 37337 } } peers { permanent_uuid: "3866f1a5f48f46e78a727a23c4946fa0" member_type: VOTER last_known_addr { host: "127.28.22.66" port: 35527 } }
I20260601 13:43:57.000919   907 ts_tablet_manager.cc:1434] T bc149ad4d09848a48bc47fdf3895cc60 P 7edbe3bdbe834e289b9c75ac3ab1626a: Time spent starting tablet: real 0.001s	user 0.001s	sys 0.000s
I20260601 13:43:57.001127   907 tablet_bootstrap.cc:492] T bfaffd2238914aad853d1e8b211b706b P 7edbe3bdbe834e289b9c75ac3ab1626a: Bootstrap starting.
I20260601 13:43:56.997735   848 tablet_service.cc:1917] Received RequestConsensusVote() RPC: tablet_id: "0dd27c66700e446d9c7a4eb28c4726c7" candidate_uuid: "3866f1a5f48f46e78a727a23c4946fa0" candidate_term: 1 candidate_status { last_received { term: 0 index: 0 } } ignore_live_leader: false dest_uuid: "7edbe3bdbe834e289b9c75ac3ab1626a"
I20260601 13:43:57.001859   848 raft_consensus.cc:3060] T 0dd27c66700e446d9c7a4eb28c4726c7 P 7edbe3bdbe834e289b9c75ac3ab1626a [term 0 FOLLOWER]: Advancing to term 1
I20260601 13:43:57.002269   902 raft_consensus.cc:493] T 79e5f34a972841c9981f71d91087a506 P 3866f1a5f48f46e78a727a23c4946fa0 [term 0 FOLLOWER]: Starting pre-election (no leader contacted us within the election timeout)
I20260601 13:43:57.000339   896 raft_consensus.cc:740] T e49bfe963a624f36a069461dd1a08bdc P 3866f1a5f48f46e78a727a23c4946fa0 [term 0 FOLLOWER]: Becoming Follower/Learner. State: Replica: 3866f1a5f48f46e78a727a23c4946fa0, State: Initialized, Role: FOLLOWER
I20260601 13:43:57.002374   902 raft_consensus.cc:515] T 79e5f34a972841c9981f71d91087a506 P 3866f1a5f48f46e78a727a23c4946fa0 [term 0 FOLLOWER]: Starting pre-election with config: opid_index: -1 OBSOLETE_local: false peers { permanent_uuid: "e7420d095485401588bad3b6a605ced4" member_type: VOTER last_known_addr { host: "127.28.22.65" port: 34281 } } peers { permanent_uuid: "3866f1a5f48f46e78a727a23c4946fa0" member_type: VOTER last_known_addr { host: "127.28.22.66" port: 35527 } } peers { permanent_uuid: "7edbe3bdbe834e289b9c75ac3ab1626a" member_type: VOTER last_known_addr { host: "127.28.22.67" port: 37337 } }
I20260601 13:43:57.002496   896 consensus_queue.cc:260] T e49bfe963a624f36a069461dd1a08bdc P 3866f1a5f48f46e78a727a23c4946fa0 [NON_LEADER]: Queue going to NON_LEADER mode. State: All replicated index: 0, Majority replicated index: 0, Committed index: 0, Last appended: 0.0, Last appended by leader: 0, Current term: 0, Majority size: -1, State: 0, Mode: NON_LEADER, active raft config: opid_index: -1 OBSOLETE_local: false peers { permanent_uuid: "e7420d095485401588bad3b6a605ced4" member_type: VOTER last_known_addr { host: "127.28.22.65" port: 34281 } } peers { permanent_uuid: "3866f1a5f48f46e78a727a23c4946fa0" member_type: VOTER last_known_addr { host: "127.28.22.66" port: 35527 } } peers { permanent_uuid: "7edbe3bdbe834e289b9c75ac3ab1626a" member_type: VOTER last_known_addr { host: "127.28.22.67" port: 37337 } }
I20260601 13:43:57.002817   896 ts_tablet_manager.cc:1434] T e49bfe963a624f36a069461dd1a08bdc P 3866f1a5f48f46e78a727a23c4946fa0: Time spent starting tablet: real 0.003s	user 0.000s	sys 0.001s
I20260601 13:43:57.002707   594 catalog_manager.cc:5696] T 0dd27c66700e446d9c7a4eb28c4726c7 P 3866f1a5f48f46e78a727a23c4946fa0 reported cstate change: term changed from 0 to 1, leader changed from <none> to 3866f1a5f48f46e78a727a23c4946fa0 (127.28.22.66). New cstate: current_term: 1 leader_uuid: "3866f1a5f48f46e78a727a23c4946fa0" committed_config { opid_index: -1 OBSOLETE_local: false peers { permanent_uuid: "e7420d095485401588bad3b6a605ced4" member_type: VOTER last_known_addr { host: "127.28.22.65" port: 34281 } health_report { overall_health: UNKNOWN } } peers { permanent_uuid: "3866f1a5f48f46e78a727a23c4946fa0" member_type: VOTER last_known_addr { host: "127.28.22.66" port: 35527 } health_report { overall_health: HEALTHY } } peers { permanent_uuid: "7edbe3bdbe834e289b9c75ac3ab1626a" member_type: VOTER last_known_addr { host: "127.28.22.67" port: 37337 } health_report { overall_health: UNKNOWN } } }
I20260601 13:43:57.002839   902 leader_election.cc:290] T 79e5f34a972841c9981f71d91087a506 P 3866f1a5f48f46e78a727a23c4946fa0 [CANDIDATE]: Term 1 pre-election: Requested pre-vote from peers e7420d095485401588bad3b6a605ced4 (127.28.22.65:34281), 7edbe3bdbe834e289b9c75ac3ab1626a (127.28.22.67:37337)
I20260601 13:43:57.003053   848 raft_consensus.cc:2468] T 0dd27c66700e446d9c7a4eb28c4726c7 P 7edbe3bdbe834e289b9c75ac3ab1626a [term 1 FOLLOWER]: Leader election vote request: Granting yes vote for candidate 3866f1a5f48f46e78a727a23c4946fa0 in term 1.
I20260601 13:43:57.003196   894 raft_consensus.cc:359] T e166706063124ebeba02c3ecd4d09966 P e7420d095485401588bad3b6a605ced4 [term 0 FOLLOWER]: Replica starting. Triggering 0 pending ops. Active config: opid_index: -1 OBSOLETE_local: false peers { permanent_uuid: "e7420d095485401588bad3b6a605ced4" member_type: VOTER last_known_addr { host: "127.28.22.65" port: 34281 } } peers { permanent_uuid: "3866f1a5f48f46e78a727a23c4946fa0" member_type: VOTER last_known_addr { host: "127.28.22.66" port: 35527 } } peers { permanent_uuid: "7edbe3bdbe834e289b9c75ac3ab1626a" member_type: VOTER last_known_addr { host: "127.28.22.67" port: 37337 } }
I20260601 13:43:57.003304   894 raft_consensus.cc:385] T e166706063124ebeba02c3ecd4d09966 P e7420d095485401588bad3b6a605ced4 [term 0 FOLLOWER]: Consensus starting up: Expiring failure detector timer to make a prompt election more likely
I20260601 13:43:57.003333   894 raft_consensus.cc:740] T e166706063124ebeba02c3ecd4d09966 P e7420d095485401588bad3b6a605ced4 [term 0 FOLLOWER]: Becoming Follower/Learner. State: Replica: e7420d095485401588bad3b6a605ced4, State: Initialized, Role: FOLLOWER
I20260601 13:43:57.003427   847 tablet_service.cc:1917] Received RequestConsensusVote() RPC: tablet_id: "79e5f34a972841c9981f71d91087a506" candidate_uuid: "3866f1a5f48f46e78a727a23c4946fa0" candidate_term: 1 candidate_status { last_received { term: 0 index: 0 } } ignore_live_leader: false dest_uuid: "7edbe3bdbe834e289b9c75ac3ab1626a" is_pre_election: true
I20260601 13:43:57.003440   894 consensus_queue.cc:260] T e166706063124ebeba02c3ecd4d09966 P e7420d095485401588bad3b6a605ced4 [NON_LEADER]: Queue going to NON_LEADER mode. State: All replicated index: 0, Majority replicated index: 0, Committed index: 0, Last appended: 0.0, Last appended by leader: 0, Current term: 0, Majority size: -1, State: 0, Mode: NON_LEADER, active raft config: opid_index: -1 OBSOLETE_local: false peers { permanent_uuid: "e7420d095485401588bad3b6a605ced4" member_type: VOTER last_known_addr { host: "127.28.22.65" port: 34281 } } peers { permanent_uuid: "3866f1a5f48f46e78a727a23c4946fa0" member_type: VOTER last_known_addr { host: "127.28.22.66" port: 35527 } } peers { permanent_uuid: "7edbe3bdbe834e289b9c75ac3ab1626a" member_type: VOTER last_known_addr { host: "127.28.22.67" port: 37337 } }
I20260601 13:43:57.003576   847 raft_consensus.cc:2468] T 79e5f34a972841c9981f71d91087a506 P 7edbe3bdbe834e289b9c75ac3ab1626a [term 0 FOLLOWER]: Leader pre-election vote request: Granting yes vote for candidate 3866f1a5f48f46e78a727a23c4946fa0 in term 0.
I20260601 13:43:57.003731   697 tablet_service.cc:1917] Received RequestConsensusVote() RPC: tablet_id: "79e5f34a972841c9981f71d91087a506" candidate_uuid: "3866f1a5f48f46e78a727a23c4946fa0" candidate_term: 1 candidate_status { last_received { term: 0 index: 0 } } ignore_live_leader: false dest_uuid: "e7420d095485401588bad3b6a605ced4" is_pre_election: true
I20260601 13:43:57.003805   894 ts_tablet_manager.cc:1434] T e166706063124ebeba02c3ecd4d09966 P e7420d095485401588bad3b6a605ced4: Time spent starting tablet: real 0.005s	user 0.000s	sys 0.001s
I20260601 13:43:57.003981   894 tablet_bootstrap.cc:492] T 7fa7d4ab1eb04fa09f25f77ba81ab047 P e7420d095485401588bad3b6a605ced4: Bootstrap starting.
I20260601 13:43:57.002306   907 tablet_bootstrap.cc:654] T bfaffd2238914aad853d1e8b211b706b P 7edbe3bdbe834e289b9c75ac3ab1626a: Neither blocks nor log segments found. Creating new log.
W20260601 13:43:57.004395   739 leader_election.cc:343] T 79e5f34a972841c9981f71d91087a506 P 3866f1a5f48f46e78a727a23c4946fa0 [CANDIDATE]: Term 1 pre-election: Tablet error from VoteRequest() call to peer e7420d095485401588bad3b6a605ced4 (127.28.22.65:34281): Illegal state: must be running to vote when last-logged opid is not known
I20260601 13:43:57.004813   736 leader_election.cc:304] T 79e5f34a972841c9981f71d91087a506 P 3866f1a5f48f46e78a727a23c4946fa0 [CANDIDATE]: Term 1 pre-election: Election decided. Result: candidate won. Election summary: received 3 responses out of 3 voters: 2 yes votes; 1 no votes. yes voters: 3866f1a5f48f46e78a727a23c4946fa0, 7edbe3bdbe834e289b9c75ac3ab1626a; no voters: e7420d095485401588bad3b6a605ced4
I20260601 13:43:57.005057   898 raft_consensus.cc:2804] T 79e5f34a972841c9981f71d91087a506 P 3866f1a5f48f46e78a727a23c4946fa0 [term 0 FOLLOWER]: Leader pre-election won for term 1
I20260601 13:43:57.005127   898 raft_consensus.cc:493] T 79e5f34a972841c9981f71d91087a506 P 3866f1a5f48f46e78a727a23c4946fa0 [term 0 FOLLOWER]: Starting leader election (no leader contacted us within the election timeout)
I20260601 13:43:57.005175   898 raft_consensus.cc:3060] T 79e5f34a972841c9981f71d91087a506 P 3866f1a5f48f46e78a727a23c4946fa0 [term 0 FOLLOWER]: Advancing to term 1
I20260601 13:43:57.005502   894 tablet_bootstrap.cc:654] T 7fa7d4ab1eb04fa09f25f77ba81ab047 P e7420d095485401588bad3b6a605ced4: Neither blocks nor log segments found. Creating new log.
I20260601 13:43:57.006209   898 raft_consensus.cc:515] T 79e5f34a972841c9981f71d91087a506 P 3866f1a5f48f46e78a727a23c4946fa0 [term 1 FOLLOWER]: Starting leader election with config: opid_index: -1 OBSOLETE_local: false peers { permanent_uuid: "e7420d095485401588bad3b6a605ced4" member_type: VOTER last_known_addr { host: "127.28.22.65" port: 34281 } } peers { permanent_uuid: "3866f1a5f48f46e78a727a23c4946fa0" member_type: VOTER last_known_addr { host: "127.28.22.66" port: 35527 } } peers { permanent_uuid: "7edbe3bdbe834e289b9c75ac3ab1626a" member_type: VOTER last_known_addr { host: "127.28.22.67" port: 37337 } }
I20260601 13:43:57.006593   898 leader_election.cc:290] T 79e5f34a972841c9981f71d91087a506 P 3866f1a5f48f46e78a727a23c4946fa0 [CANDIDATE]: Term 1 election: Requested vote from peers e7420d095485401588bad3b6a605ced4 (127.28.22.65:34281), 7edbe3bdbe834e289b9c75ac3ab1626a (127.28.22.67:37337)
I20260601 13:43:57.007364   697 tablet_service.cc:1917] Received RequestConsensusVote() RPC: tablet_id: "79e5f34a972841c9981f71d91087a506" candidate_uuid: "3866f1a5f48f46e78a727a23c4946fa0" candidate_term: 1 candidate_status { last_received { term: 0 index: 0 } } ignore_live_leader: false dest_uuid: "e7420d095485401588bad3b6a605ced4"
I20260601 13:43:57.007447   847 tablet_service.cc:1917] Received RequestConsensusVote() RPC: tablet_id: "79e5f34a972841c9981f71d91087a506" candidate_uuid: "3866f1a5f48f46e78a727a23c4946fa0" candidate_term: 1 candidate_status { last_received { term: 0 index: 0 } } ignore_live_leader: false dest_uuid: "7edbe3bdbe834e289b9c75ac3ab1626a"
I20260601 13:43:57.007643   847 raft_consensus.cc:3060] T 79e5f34a972841c9981f71d91087a506 P 7edbe3bdbe834e289b9c75ac3ab1626a [term 0 FOLLOWER]: Advancing to term 1
W20260601 13:43:57.007686   739 leader_election.cc:343] T 79e5f34a972841c9981f71d91087a506 P 3866f1a5f48f46e78a727a23c4946fa0 [CANDIDATE]: Term 1 election: Tablet error from VoteRequest() call to peer e7420d095485401588bad3b6a605ced4 (127.28.22.65:34281): Illegal state: must be running to vote when last-logged opid is not known
I20260601 13:43:57.008641   847 raft_consensus.cc:2468] T 79e5f34a972841c9981f71d91087a506 P 7edbe3bdbe834e289b9c75ac3ab1626a [term 1 FOLLOWER]: Leader election vote request: Granting yes vote for candidate 3866f1a5f48f46e78a727a23c4946fa0 in term 1.
I20260601 13:43:57.009284   736 leader_election.cc:304] T 79e5f34a972841c9981f71d91087a506 P 3866f1a5f48f46e78a727a23c4946fa0 [CANDIDATE]: Term 1 election: Election decided. Result: candidate won. Election summary: received 3 responses out of 3 voters: 2 yes votes; 1 no votes. yes voters: 3866f1a5f48f46e78a727a23c4946fa0, 7edbe3bdbe834e289b9c75ac3ab1626a; no voters: e7420d095485401588bad3b6a605ced4
I20260601 13:43:57.009473   907 tablet_bootstrap.cc:492] T bfaffd2238914aad853d1e8b211b706b P 7edbe3bdbe834e289b9c75ac3ab1626a: No bootstrap required, opened a new log
I20260601 13:43:57.009545   898 raft_consensus.cc:2804] T 79e5f34a972841c9981f71d91087a506 P 3866f1a5f48f46e78a727a23c4946fa0 [term 1 FOLLOWER]: Leader election won for term 1
I20260601 13:43:57.009579   907 ts_tablet_manager.cc:1403] T bfaffd2238914aad853d1e8b211b706b P 7edbe3bdbe834e289b9c75ac3ab1626a: Time spent bootstrapping tablet: real 0.008s	user 0.002s	sys 0.000s
I20260601 13:43:57.009616   894 tablet_bootstrap.cc:492] T 7fa7d4ab1eb04fa09f25f77ba81ab047 P e7420d095485401588bad3b6a605ced4: No bootstrap required, opened a new log
I20260601 13:43:57.009683   894 ts_tablet_manager.cc:1403] T 7fa7d4ab1eb04fa09f25f77ba81ab047 P e7420d095485401588bad3b6a605ced4: Time spent bootstrapping tablet: real 0.006s	user 0.000s	sys 0.002s
I20260601 13:43:57.010006   898 raft_consensus.cc:697] T 79e5f34a972841c9981f71d91087a506 P 3866f1a5f48f46e78a727a23c4946fa0 [term 1 LEADER]: Becoming Leader. State: Replica: 3866f1a5f48f46e78a727a23c4946fa0, State: Running, Role: LEADER
I20260601 13:43:57.010177   898 consensus_queue.cc:237] T 79e5f34a972841c9981f71d91087a506 P 3866f1a5f48f46e78a727a23c4946fa0 [LEADER]: Queue going to LEADER mode. State: All replicated index: 0, Majority replicated index: 0, Committed index: 0, Last appended: 0.0, Last appended by leader: 0, Current term: 1, Majority size: 2, State: 0, Mode: LEADER, active raft config: opid_index: -1 OBSOLETE_local: false peers { permanent_uuid: "e7420d095485401588bad3b6a605ced4" member_type: VOTER last_known_addr { host: "127.28.22.65" port: 34281 } } peers { permanent_uuid: "3866f1a5f48f46e78a727a23c4946fa0" member_type: VOTER last_known_addr { host: "127.28.22.66" port: 35527 } } peers { permanent_uuid: "7edbe3bdbe834e289b9c75ac3ab1626a" member_type: VOTER last_known_addr { host: "127.28.22.67" port: 37337 } }
I20260601 13:43:57.010183   907 raft_consensus.cc:359] T bfaffd2238914aad853d1e8b211b706b P 7edbe3bdbe834e289b9c75ac3ab1626a [term 0 FOLLOWER]: Replica starting. Triggering 0 pending ops. Active config: opid_index: -1 OBSOLETE_local: false peers { permanent_uuid: "e7420d095485401588bad3b6a605ced4" member_type: VOTER last_known_addr { host: "127.28.22.65" port: 34281 } } peers { permanent_uuid: "3866f1a5f48f46e78a727a23c4946fa0" member_type: VOTER last_known_addr { host: "127.28.22.66" port: 35527 } } peers { permanent_uuid: "7edbe3bdbe834e289b9c75ac3ab1626a" member_type: VOTER last_known_addr { host: "127.28.22.67" port: 37337 } }
I20260601 13:43:57.010371   907 raft_consensus.cc:385] T bfaffd2238914aad853d1e8b211b706b P 7edbe3bdbe834e289b9c75ac3ab1626a [term 0 FOLLOWER]: Consensus starting up: Expiring failure detector timer to make a prompt election more likely
I20260601 13:43:57.010418   907 raft_consensus.cc:740] T bfaffd2238914aad853d1e8b211b706b P 7edbe3bdbe834e289b9c75ac3ab1626a [term 0 FOLLOWER]: Becoming Follower/Learner. State: Replica: 7edbe3bdbe834e289b9c75ac3ab1626a, State: Initialized, Role: FOLLOWER
I20260601 13:43:57.010236   894 raft_consensus.cc:359] T 7fa7d4ab1eb04fa09f25f77ba81ab047 P e7420d095485401588bad3b6a605ced4 [term 0 FOLLOWER]: Replica starting. Triggering 0 pending ops. Active config: opid_index: -1 OBSOLETE_local: false peers { permanent_uuid: "e7420d095485401588bad3b6a605ced4" member_type: VOTER last_known_addr { host: "127.28.22.65" port: 34281 } } peers { permanent_uuid: "3866f1a5f48f46e78a727a23c4946fa0" member_type: VOTER last_known_addr { host: "127.28.22.66" port: 35527 } } peers { permanent_uuid: "7edbe3bdbe834e289b9c75ac3ab1626a" member_type: VOTER last_known_addr { host: "127.28.22.67" port: 37337 } }
I20260601 13:43:57.010555   894 raft_consensus.cc:385] T 7fa7d4ab1eb04fa09f25f77ba81ab047 P e7420d095485401588bad3b6a605ced4 [term 0 FOLLOWER]: Consensus starting up: Expiring failure detector timer to make a prompt election more likely
I20260601 13:43:57.010617   894 raft_consensus.cc:740] T 7fa7d4ab1eb04fa09f25f77ba81ab047 P e7420d095485401588bad3b6a605ced4 [term 0 FOLLOWER]: Becoming Follower/Learner. State: Replica: e7420d095485401588bad3b6a605ced4, State: Initialized, Role: FOLLOWER
I20260601 13:43:57.010594   907 consensus_queue.cc:260] T bfaffd2238914aad853d1e8b211b706b P 7edbe3bdbe834e289b9c75ac3ab1626a [NON_LEADER]: Queue going to NON_LEADER mode. State: All replicated index: 0, Majority replicated index: 0, Committed index: 0, Last appended: 0.0, Last appended by leader: 0, Current term: 0, Majority size: -1, State: 0, Mode: NON_LEADER, active raft config: opid_index: -1 OBSOLETE_local: false peers { permanent_uuid: "e7420d095485401588bad3b6a605ced4" member_type: VOTER last_known_addr { host: "127.28.22.65" port: 34281 } } peers { permanent_uuid: "3866f1a5f48f46e78a727a23c4946fa0" member_type: VOTER last_known_addr { host: "127.28.22.66" port: 35527 } } peers { permanent_uuid: "7edbe3bdbe834e289b9c75ac3ab1626a" member_type: VOTER last_known_addr { host: "127.28.22.67" port: 37337 } }
I20260601 13:43:57.010923   907 ts_tablet_manager.cc:1434] T bfaffd2238914aad853d1e8b211b706b P 7edbe3bdbe834e289b9c75ac3ab1626a: Time spent starting tablet: real 0.001s	user 0.001s	sys 0.000s
I20260601 13:43:57.010885   894 consensus_queue.cc:260] T 7fa7d4ab1eb04fa09f25f77ba81ab047 P e7420d095485401588bad3b6a605ced4 [NON_LEADER]: Queue going to NON_LEADER mode. State: All replicated index: 0, Majority replicated index: 0, Committed index: 0, Last appended: 0.0, Last appended by leader: 0, Current term: 0, Majority size: -1, State: 0, Mode: NON_LEADER, active raft config: opid_index: -1 OBSOLETE_local: false peers { permanent_uuid: "e7420d095485401588bad3b6a605ced4" member_type: VOTER last_known_addr { host: "127.28.22.65" port: 34281 } } peers { permanent_uuid: "3866f1a5f48f46e78a727a23c4946fa0" member_type: VOTER last_known_addr { host: "127.28.22.66" port: 35527 } } peers { permanent_uuid: "7edbe3bdbe834e289b9c75ac3ab1626a" member_type: VOTER last_known_addr { host: "127.28.22.67" port: 37337 } }
I20260601 13:43:57.011163   907 tablet_bootstrap.cc:492] T 69ba9a23fa6245b1a22f4dd9f1e1042d P 7edbe3bdbe834e289b9c75ac3ab1626a: Bootstrap starting.
I20260601 13:43:57.011833   894 ts_tablet_manager.cc:1434] T 7fa7d4ab1eb04fa09f25f77ba81ab047 P e7420d095485401588bad3b6a605ced4: Time spent starting tablet: real 0.002s	user 0.001s	sys 0.000s
I20260601 13:43:57.012038   894 tablet_bootstrap.cc:492] T e49bfe963a624f36a069461dd1a08bdc P e7420d095485401588bad3b6a605ced4: Bootstrap starting.
I20260601 13:43:57.012423   907 tablet_bootstrap.cc:654] T 69ba9a23fa6245b1a22f4dd9f1e1042d P 7edbe3bdbe834e289b9c75ac3ab1626a: Neither blocks nor log segments found. Creating new log.
I20260601 13:43:57.012727   594 catalog_manager.cc:5696] T 79e5f34a972841c9981f71d91087a506 P 3866f1a5f48f46e78a727a23c4946fa0 reported cstate change: term changed from 0 to 1, leader changed from <none> to 3866f1a5f48f46e78a727a23c4946fa0 (127.28.22.66). New cstate: current_term: 1 leader_uuid: "3866f1a5f48f46e78a727a23c4946fa0" committed_config { opid_index: -1 OBSOLETE_local: false peers { permanent_uuid: "e7420d095485401588bad3b6a605ced4" member_type: VOTER last_known_addr { host: "127.28.22.65" port: 34281 } health_report { overall_health: UNKNOWN } } peers { permanent_uuid: "3866f1a5f48f46e78a727a23c4946fa0" member_type: VOTER last_known_addr { host: "127.28.22.66" port: 35527 } health_report { overall_health: HEALTHY } } peers { permanent_uuid: "7edbe3bdbe834e289b9c75ac3ab1626a" member_type: VOTER last_known_addr { host: "127.28.22.67" port: 37337 } health_report { overall_health: UNKNOWN } } }
I20260601 13:43:57.013089   894 tablet_bootstrap.cc:654] T e49bfe963a624f36a069461dd1a08bdc P e7420d095485401588bad3b6a605ced4: Neither blocks nor log segments found. Creating new log.
I20260601 13:43:57.014550   894 tablet_bootstrap.cc:492] T e49bfe963a624f36a069461dd1a08bdc P e7420d095485401588bad3b6a605ced4: No bootstrap required, opened a new log
I20260601 13:43:57.014678   894 ts_tablet_manager.cc:1403] T e49bfe963a624f36a069461dd1a08bdc P e7420d095485401588bad3b6a605ced4: Time spent bootstrapping tablet: real 0.003s	user 0.001s	sys 0.001s
I20260601 13:43:57.015216   894 raft_consensus.cc:359] T e49bfe963a624f36a069461dd1a08bdc P e7420d095485401588bad3b6a605ced4 [term 0 FOLLOWER]: Replica starting. Triggering 0 pending ops. Active config: opid_index: -1 OBSOLETE_local: false peers { permanent_uuid: "e7420d095485401588bad3b6a605ced4" member_type: VOTER last_known_addr { host: "127.28.22.65" port: 34281 } } peers { permanent_uuid: "3866f1a5f48f46e78a727a23c4946fa0" member_type: VOTER last_known_addr { host: "127.28.22.66" port: 35527 } } peers { permanent_uuid: "7edbe3bdbe834e289b9c75ac3ab1626a" member_type: VOTER last_known_addr { host: "127.28.22.67" port: 37337 } }
I20260601 13:43:57.015354   894 raft_consensus.cc:385] T e49bfe963a624f36a069461dd1a08bdc P e7420d095485401588bad3b6a605ced4 [term 0 FOLLOWER]: Consensus starting up: Expiring failure detector timer to make a prompt election more likely
I20260601 13:43:57.015398   894 raft_consensus.cc:740] T e49bfe963a624f36a069461dd1a08bdc P e7420d095485401588bad3b6a605ced4 [term 0 FOLLOWER]: Becoming Follower/Learner. State: Replica: e7420d095485401588bad3b6a605ced4, State: Initialized, Role: FOLLOWER
I20260601 13:43:57.015549   894 consensus_queue.cc:260] T e49bfe963a624f36a069461dd1a08bdc P e7420d095485401588bad3b6a605ced4 [NON_LEADER]: Queue going to NON_LEADER mode. State: All replicated index: 0, Majority replicated index: 0, Committed index: 0, Last appended: 0.0, Last appended by leader: 0, Current term: 0, Majority size: -1, State: 0, Mode: NON_LEADER, active raft config: opid_index: -1 OBSOLETE_local: false peers { permanent_uuid: "e7420d095485401588bad3b6a605ced4" member_type: VOTER last_known_addr { host: "127.28.22.65" port: 34281 } } peers { permanent_uuid: "3866f1a5f48f46e78a727a23c4946fa0" member_type: VOTER last_known_addr { host: "127.28.22.66" port: 35527 } } peers { permanent_uuid: "7edbe3bdbe834e289b9c75ac3ab1626a" member_type: VOTER last_known_addr { host: "127.28.22.67" port: 37337 } }
I20260601 13:43:57.015914   894 ts_tablet_manager.cc:1434] T e49bfe963a624f36a069461dd1a08bdc P e7420d095485401588bad3b6a605ced4: Time spent starting tablet: real 0.001s	user 0.001s	sys 0.001s
I20260601 13:43:57.016153   894 tablet_bootstrap.cc:492] T a9944c60f7a84dd8be00da5e3df92e86 P e7420d095485401588bad3b6a605ced4: Bootstrap starting.
I20260601 13:43:57.016515   907 tablet_bootstrap.cc:492] T 69ba9a23fa6245b1a22f4dd9f1e1042d P 7edbe3bdbe834e289b9c75ac3ab1626a: No bootstrap required, opened a new log
I20260601 13:43:57.016618   907 ts_tablet_manager.cc:1403] T 69ba9a23fa6245b1a22f4dd9f1e1042d P 7edbe3bdbe834e289b9c75ac3ab1626a: Time spent bootstrapping tablet: real 0.006s	user 0.002s	sys 0.000s
I20260601 13:43:57.017122   907 raft_consensus.cc:359] T 69ba9a23fa6245b1a22f4dd9f1e1042d P 7edbe3bdbe834e289b9c75ac3ab1626a [term 0 FOLLOWER]: Replica starting. Triggering 0 pending ops. Active config: opid_index: -1 OBSOLETE_local: false peers { permanent_uuid: "e7420d095485401588bad3b6a605ced4" member_type: VOTER last_known_addr { host: "127.28.22.65" port: 34281 } } peers { permanent_uuid: "3866f1a5f48f46e78a727a23c4946fa0" member_type: VOTER last_known_addr { host: "127.28.22.66" port: 35527 } } peers { permanent_uuid: "7edbe3bdbe834e289b9c75ac3ab1626a" member_type: VOTER last_known_addr { host: "127.28.22.67" port: 37337 } }
I20260601 13:43:57.017270   907 raft_consensus.cc:385] T 69ba9a23fa6245b1a22f4dd9f1e1042d P 7edbe3bdbe834e289b9c75ac3ab1626a [term 0 FOLLOWER]: Consensus starting up: Expiring failure detector timer to make a prompt election more likely
I20260601 13:43:57.017300   894 tablet_bootstrap.cc:654] T a9944c60f7a84dd8be00da5e3df92e86 P e7420d095485401588bad3b6a605ced4: Neither blocks nor log segments found. Creating new log.
I20260601 13:43:57.017313   907 raft_consensus.cc:740] T 69ba9a23fa6245b1a22f4dd9f1e1042d P 7edbe3bdbe834e289b9c75ac3ab1626a [term 0 FOLLOWER]: Becoming Follower/Learner. State: Replica: 7edbe3bdbe834e289b9c75ac3ab1626a, State: Initialized, Role: FOLLOWER
I20260601 13:43:57.017449   907 consensus_queue.cc:260] T 69ba9a23fa6245b1a22f4dd9f1e1042d P 7edbe3bdbe834e289b9c75ac3ab1626a [NON_LEADER]: Queue going to NON_LEADER mode. State: All replicated index: 0, Majority replicated index: 0, Committed index: 0, Last appended: 0.0, Last appended by leader: 0, Current term: 0, Majority size: -1, State: 0, Mode: NON_LEADER, active raft config: opid_index: -1 OBSOLETE_local: false peers { permanent_uuid: "e7420d095485401588bad3b6a605ced4" member_type: VOTER last_known_addr { host: "127.28.22.65" port: 34281 } } peers { permanent_uuid: "3866f1a5f48f46e78a727a23c4946fa0" member_type: VOTER last_known_addr { host: "127.28.22.66" port: 35527 } } peers { permanent_uuid: "7edbe3bdbe834e289b9c75ac3ab1626a" member_type: VOTER last_known_addr { host: "127.28.22.67" port: 37337 } }
I20260601 13:43:57.017803   907 ts_tablet_manager.cc:1434] T 69ba9a23fa6245b1a22f4dd9f1e1042d P 7edbe3bdbe834e289b9c75ac3ab1626a: Time spent starting tablet: real 0.001s	user 0.000s	sys 0.000s
I20260601 13:43:57.018045   907 tablet_bootstrap.cc:492] T 67023c224d7146159a616ceff444a163 P 7edbe3bdbe834e289b9c75ac3ab1626a: Bootstrap starting.
I20260601 13:43:57.019292   907 tablet_bootstrap.cc:654] T 67023c224d7146159a616ceff444a163 P 7edbe3bdbe834e289b9c75ac3ab1626a: Neither blocks nor log segments found. Creating new log.
I20260601 13:43:57.019444   894 tablet_bootstrap.cc:492] T a9944c60f7a84dd8be00da5e3df92e86 P e7420d095485401588bad3b6a605ced4: No bootstrap required, opened a new log
I20260601 13:43:57.019582   894 ts_tablet_manager.cc:1403] T a9944c60f7a84dd8be00da5e3df92e86 P e7420d095485401588bad3b6a605ced4: Time spent bootstrapping tablet: real 0.003s	user 0.001s	sys 0.001s
I20260601 13:43:57.020129   894 raft_consensus.cc:359] T a9944c60f7a84dd8be00da5e3df92e86 P e7420d095485401588bad3b6a605ced4 [term 0 FOLLOWER]: Replica starting. Triggering 0 pending ops. Active config: opid_index: -1 OBSOLETE_local: false peers { permanent_uuid: "e7420d095485401588bad3b6a605ced4" member_type: VOTER last_known_addr { host: "127.28.22.65" port: 34281 } } peers { permanent_uuid: "3866f1a5f48f46e78a727a23c4946fa0" member_type: VOTER last_known_addr { host: "127.28.22.66" port: 35527 } } peers { permanent_uuid: "7edbe3bdbe834e289b9c75ac3ab1626a" member_type: VOTER last_known_addr { host: "127.28.22.67" port: 37337 } }
I20260601 13:43:57.020291   894 raft_consensus.cc:385] T a9944c60f7a84dd8be00da5e3df92e86 P e7420d095485401588bad3b6a605ced4 [term 0 FOLLOWER]: Consensus starting up: Expiring failure detector timer to make a prompt election more likely
I20260601 13:43:57.020344   894 raft_consensus.cc:740] T a9944c60f7a84dd8be00da5e3df92e86 P e7420d095485401588bad3b6a605ced4 [term 0 FOLLOWER]: Becoming Follower/Learner. State: Replica: e7420d095485401588bad3b6a605ced4, State: Initialized, Role: FOLLOWER
I20260601 13:43:57.020493   894 consensus_queue.cc:260] T a9944c60f7a84dd8be00da5e3df92e86 P e7420d095485401588bad3b6a605ced4 [NON_LEADER]: Queue going to NON_LEADER mode. State: All replicated index: 0, Majority replicated index: 0, Committed index: 0, Last appended: 0.0, Last appended by leader: 0, Current term: 0, Majority size: -1, State: 0, Mode: NON_LEADER, active raft config: opid_index: -1 OBSOLETE_local: false peers { permanent_uuid: "e7420d095485401588bad3b6a605ced4" member_type: VOTER last_known_addr { host: "127.28.22.65" port: 34281 } } peers { permanent_uuid: "3866f1a5f48f46e78a727a23c4946fa0" member_type: VOTER last_known_addr { host: "127.28.22.66" port: 35527 } } peers { permanent_uuid: "7edbe3bdbe834e289b9c75ac3ab1626a" member_type: VOTER last_known_addr { host: "127.28.22.67" port: 37337 } }
I20260601 13:43:57.020869   894 ts_tablet_manager.cc:1434] T a9944c60f7a84dd8be00da5e3df92e86 P e7420d095485401588bad3b6a605ced4: Time spent starting tablet: real 0.001s	user 0.000s	sys 0.000s
I20260601 13:43:57.020982   907 tablet_bootstrap.cc:492] T 67023c224d7146159a616ceff444a163 P 7edbe3bdbe834e289b9c75ac3ab1626a: No bootstrap required, opened a new log
I20260601 13:43:57.021092   894 tablet_bootstrap.cc:492] T 69ba9a23fa6245b1a22f4dd9f1e1042d P e7420d095485401588bad3b6a605ced4: Bootstrap starting.
I20260601 13:43:57.021096   907 ts_tablet_manager.cc:1403] T 67023c224d7146159a616ceff444a163 P 7edbe3bdbe834e289b9c75ac3ab1626a: Time spent bootstrapping tablet: real 0.003s	user 0.000s	sys 0.002s
I20260601 13:43:57.021848   907 raft_consensus.cc:359] T 67023c224d7146159a616ceff444a163 P 7edbe3bdbe834e289b9c75ac3ab1626a [term 0 FOLLOWER]: Replica starting. Triggering 0 pending ops. Active config: opid_index: -1 OBSOLETE_local: false peers { permanent_uuid: "e7420d095485401588bad3b6a605ced4" member_type: VOTER last_known_addr { host: "127.28.22.65" port: 34281 } } peers { permanent_uuid: "3866f1a5f48f46e78a727a23c4946fa0" member_type: VOTER last_known_addr { host: "127.28.22.66" port: 35527 } } peers { permanent_uuid: "7edbe3bdbe834e289b9c75ac3ab1626a" member_type: VOTER last_known_addr { host: "127.28.22.67" port: 37337 } }
I20260601 13:43:57.022051   907 raft_consensus.cc:385] T 67023c224d7146159a616ceff444a163 P 7edbe3bdbe834e289b9c75ac3ab1626a [term 0 FOLLOWER]: Consensus starting up: Expiring failure detector timer to make a prompt election more likely
I20260601 13:43:57.022106   907 raft_consensus.cc:740] T 67023c224d7146159a616ceff444a163 P 7edbe3bdbe834e289b9c75ac3ab1626a [term 0 FOLLOWER]: Becoming Follower/Learner. State: Replica: 7edbe3bdbe834e289b9c75ac3ab1626a, State: Initialized, Role: FOLLOWER
I20260601 13:43:57.022287   907 consensus_queue.cc:260] T 67023c224d7146159a616ceff444a163 P 7edbe3bdbe834e289b9c75ac3ab1626a [NON_LEADER]: Queue going to NON_LEADER mode. State: All replicated index: 0, Majority replicated index: 0, Committed index: 0, Last appended: 0.0, Last appended by leader: 0, Current term: 0, Majority size: -1, State: 0, Mode: NON_LEADER, active raft config: opid_index: -1 OBSOLETE_local: false peers { permanent_uuid: "e7420d095485401588bad3b6a605ced4" member_type: VOTER last_known_addr { host: "127.28.22.65" port: 34281 } } peers { permanent_uuid: "3866f1a5f48f46e78a727a23c4946fa0" member_type: VOTER last_known_addr { host: "127.28.22.66" port: 35527 } } peers { permanent_uuid: "7edbe3bdbe834e289b9c75ac3ab1626a" member_type: VOTER last_known_addr { host: "127.28.22.67" port: 37337 } }
I20260601 13:43:57.022457   894 tablet_bootstrap.cc:654] T 69ba9a23fa6245b1a22f4dd9f1e1042d P e7420d095485401588bad3b6a605ced4: Neither blocks nor log segments found. Creating new log.
I20260601 13:43:57.022658   907 ts_tablet_manager.cc:1434] T 67023c224d7146159a616ceff444a163 P 7edbe3bdbe834e289b9c75ac3ab1626a: Time spent starting tablet: real 0.001s	user 0.001s	sys 0.000s
I20260601 13:43:57.022882   907 tablet_bootstrap.cc:492] T 7fa7d4ab1eb04fa09f25f77ba81ab047 P 7edbe3bdbe834e289b9c75ac3ab1626a: Bootstrap starting.
I20260601 13:43:57.024102   894 tablet_bootstrap.cc:492] T 69ba9a23fa6245b1a22f4dd9f1e1042d P e7420d095485401588bad3b6a605ced4: No bootstrap required, opened a new log
I20260601 13:43:57.024171   907 tablet_bootstrap.cc:654] T 7fa7d4ab1eb04fa09f25f77ba81ab047 P 7edbe3bdbe834e289b9c75ac3ab1626a: Neither blocks nor log segments found. Creating new log.
I20260601 13:43:57.024225   894 ts_tablet_manager.cc:1403] T 69ba9a23fa6245b1a22f4dd9f1e1042d P e7420d095485401588bad3b6a605ced4: Time spent bootstrapping tablet: real 0.003s	user 0.002s	sys 0.000s
I20260601 13:43:57.024745   894 raft_consensus.cc:359] T 69ba9a23fa6245b1a22f4dd9f1e1042d P e7420d095485401588bad3b6a605ced4 [term 0 FOLLOWER]: Replica starting. Triggering 0 pending ops. Active config: opid_index: -1 OBSOLETE_local: false peers { permanent_uuid: "e7420d095485401588bad3b6a605ced4" member_type: VOTER last_known_addr { host: "127.28.22.65" port: 34281 } } peers { permanent_uuid: "3866f1a5f48f46e78a727a23c4946fa0" member_type: VOTER last_known_addr { host: "127.28.22.66" port: 35527 } } peers { permanent_uuid: "7edbe3bdbe834e289b9c75ac3ab1626a" member_type: VOTER last_known_addr { host: "127.28.22.67" port: 37337 } }
I20260601 13:43:57.024859   894 raft_consensus.cc:385] T 69ba9a23fa6245b1a22f4dd9f1e1042d P e7420d095485401588bad3b6a605ced4 [term 0 FOLLOWER]: Consensus starting up: Expiring failure detector timer to make a prompt election more likely
