I20260601 13:42:01.820024 22272 consensus_queue.cc:260] T c4410fc000c3414c92c4b7b63c5274c0 P 499007410d5242dbb6836ee0aff4a6d9 [NON_LEADER]: Queue going to NON_LEADER mode. State: All replicated index: 0, Majority replicated index: 0, Committed index: 0, Last appended: 0.0, Last appended by leader: 0, Current term: 0, Majority size: -1, State: 0, Mode: NON_LEADER, active raft config: opid_index: -1 OBSOLETE_local: false peers { permanent_uuid: "499007410d5242dbb6836ee0aff4a6d9" member_type: VOTER last_known_addr { host: "127.20.226.65" port: 34749 } } peers { permanent_uuid: "4b520ad46f204979b5c3e9c9b69c10d9" member_type: VOTER last_known_addr { host: "127.20.226.66" port: 40247 } } peers { permanent_uuid: "87d91a8a705d41639d022c557181b1b3" member_type: VOTER last_known_addr { host: "127.20.226.67" port: 34369 } }
I20260601 13:42:01.820268 22272 ts_tablet_manager.cc:1434] T c4410fc000c3414c92c4b7b63c5274c0 P 499007410d5242dbb6836ee0aff4a6d9: Time spent starting tablet: real 0.001s	user 0.001s	sys 0.000s
I20260601 13:42:01.820459 22272 tablet_bootstrap.cc:492] T 9834f9894d374fe19556399d9424202b P 499007410d5242dbb6836ee0aff4a6d9: Bootstrap starting.
I20260601 13:42:01.821393 22272 tablet_bootstrap.cc:654] T 9834f9894d374fe19556399d9424202b P 499007410d5242dbb6836ee0aff4a6d9: Neither blocks nor log segments found. Creating new log.
I20260601 13:42:01.823160 22065 tablet_service.cc:1917] Received RequestConsensusVote() RPC: tablet_id: "00d3932ef71a47aab03973cb28c85546" candidate_uuid: "87d91a8a705d41639d022c557181b1b3" candidate_term: 1 candidate_status { last_received { term: 0 index: 0 } } ignore_live_leader: false dest_uuid: "499007410d5242dbb6836ee0aff4a6d9" is_pre_election: true
I20260601 13:42:01.823320 22065 raft_consensus.cc:2468] T 00d3932ef71a47aab03973cb28c85546 P 499007410d5242dbb6836ee0aff4a6d9 [term 0 FOLLOWER]: Leader pre-election vote request: Granting yes vote for candidate 87d91a8a705d41639d022c557181b1b3 in term 0.
I20260601 13:42:01.823722 22272 tablet_bootstrap.cc:492] T 9834f9894d374fe19556399d9424202b P 499007410d5242dbb6836ee0aff4a6d9: No bootstrap required, opened a new log
I20260601 13:42:01.823801 22272 ts_tablet_manager.cc:1403] T 9834f9894d374fe19556399d9424202b P 499007410d5242dbb6836ee0aff4a6d9: Time spent bootstrapping tablet: real 0.003s	user 0.001s	sys 0.001s
I20260601 13:42:01.823946 22180 leader_election.cc:304] T 00d3932ef71a47aab03973cb28c85546 P 87d91a8a705d41639d022c557181b1b3 [CANDIDATE]: Term 1 pre-election: Election decided. Result: candidate won. Election summary: received 2 responses out of 3 voters: 2 yes votes; 0 no votes. yes voters: 499007410d5242dbb6836ee0aff4a6d9, 87d91a8a705d41639d022c557181b1b3; no voters: 
I20260601 13:42:01.824126 22290 raft_consensus.cc:2804] T 00d3932ef71a47aab03973cb28c85546 P 87d91a8a705d41639d022c557181b1b3 [term 0 FOLLOWER]: Leader pre-election won for term 1
I20260601 13:42:01.824106 22141 tablet_service.cc:1917] Received RequestConsensusVote() RPC: tablet_id: "00d3932ef71a47aab03973cb28c85546" candidate_uuid: "87d91a8a705d41639d022c557181b1b3" candidate_term: 1 candidate_status { last_received { term: 0 index: 0 } } ignore_live_leader: false dest_uuid: "4b520ad46f204979b5c3e9c9b69c10d9" is_pre_election: true
I20260601 13:42:01.824240 22290 raft_consensus.cc:493] T 00d3932ef71a47aab03973cb28c85546 P 87d91a8a705d41639d022c557181b1b3 [term 0 FOLLOWER]: Starting leader election (no leader contacted us within the election timeout)
I20260601 13:42:01.824291 22141 raft_consensus.cc:2468] T 00d3932ef71a47aab03973cb28c85546 P 4b520ad46f204979b5c3e9c9b69c10d9 [term 0 FOLLOWER]: Leader pre-election vote request: Granting yes vote for candidate 87d91a8a705d41639d022c557181b1b3 in term 0.
I20260601 13:42:01.824303 22290 raft_consensus.cc:3060] T 00d3932ef71a47aab03973cb28c85546 P 87d91a8a705d41639d022c557181b1b3 [term 0 FOLLOWER]: Advancing to term 1
I20260601 13:42:01.824287 22272 raft_consensus.cc:359] T 9834f9894d374fe19556399d9424202b P 499007410d5242dbb6836ee0aff4a6d9 [term 0 FOLLOWER]: Replica starting. Triggering 0 pending ops. Active config: opid_index: -1 OBSOLETE_local: false peers { permanent_uuid: "87d91a8a705d41639d022c557181b1b3" member_type: VOTER last_known_addr { host: "127.20.226.67" port: 34369 } } peers { permanent_uuid: "4b520ad46f204979b5c3e9c9b69c10d9" member_type: VOTER last_known_addr { host: "127.20.226.66" port: 40247 } } peers { permanent_uuid: "499007410d5242dbb6836ee0aff4a6d9" member_type: VOTER last_known_addr { host: "127.20.226.65" port: 34749 } }
I20260601 13:42:01.824554 22272 raft_consensus.cc:385] T 9834f9894d374fe19556399d9424202b P 499007410d5242dbb6836ee0aff4a6d9 [term 0 FOLLOWER]: Consensus starting up: Expiring failure detector timer to make a prompt election more likely
I20260601 13:42:01.824625 22272 raft_consensus.cc:740] T 9834f9894d374fe19556399d9424202b P 499007410d5242dbb6836ee0aff4a6d9 [term 0 FOLLOWER]: Becoming Follower/Learner. State: Replica: 499007410d5242dbb6836ee0aff4a6d9, State: Initialized, Role: FOLLOWER
I20260601 13:42:01.824743 22272 consensus_queue.cc:260] T 9834f9894d374fe19556399d9424202b P 499007410d5242dbb6836ee0aff4a6d9 [NON_LEADER]: Queue going to NON_LEADER mode. State: All replicated index: 0, Majority replicated index: 0, Committed index: 0, Last appended: 0.0, Last appended by leader: 0, Current term: 0, Majority size: -1, State: 0, Mode: NON_LEADER, active raft config: opid_index: -1 OBSOLETE_local: false peers { permanent_uuid: "87d91a8a705d41639d022c557181b1b3" member_type: VOTER last_known_addr { host: "127.20.226.67" port: 34369 } } peers { permanent_uuid: "4b520ad46f204979b5c3e9c9b69c10d9" member_type: VOTER last_known_addr { host: "127.20.226.66" port: 40247 } } peers { permanent_uuid: "499007410d5242dbb6836ee0aff4a6d9" member_type: VOTER last_known_addr { host: "127.20.226.65" port: 34749 } }
I20260601 13:42:01.825034 22272 ts_tablet_manager.cc:1434] T 9834f9894d374fe19556399d9424202b P 499007410d5242dbb6836ee0aff4a6d9: Time spent starting tablet: real 0.001s	user 0.001s	sys 0.000s
I20260601 13:42:01.825222 22272 tablet_bootstrap.cc:492] T e81c07ee0cdd493d84cef7cee7e66e68 P 499007410d5242dbb6836ee0aff4a6d9: Bootstrap starting.
I20260601 13:42:01.825515 22290 raft_consensus.cc:515] T 00d3932ef71a47aab03973cb28c85546 P 87d91a8a705d41639d022c557181b1b3 [term 1 FOLLOWER]: Starting leader election with config: opid_index: -1 OBSOLETE_local: false peers { permanent_uuid: "499007410d5242dbb6836ee0aff4a6d9" member_type: VOTER last_known_addr { host: "127.20.226.65" port: 34749 } } peers { permanent_uuid: "4b520ad46f204979b5c3e9c9b69c10d9" member_type: VOTER last_known_addr { host: "127.20.226.66" port: 40247 } } peers { permanent_uuid: "87d91a8a705d41639d022c557181b1b3" member_type: VOTER last_known_addr { host: "127.20.226.67" port: 34369 } }
I20260601 13:42:01.825628 22281 raft_consensus.cc:493] T c4410fc000c3414c92c4b7b63c5274c0 P 499007410d5242dbb6836ee0aff4a6d9 [term 0 FOLLOWER]: Starting pre-election (no leader contacted us within the election timeout)
I20260601 13:42:01.825711 22281 raft_consensus.cc:515] T c4410fc000c3414c92c4b7b63c5274c0 P 499007410d5242dbb6836ee0aff4a6d9 [term 0 FOLLOWER]: Starting pre-election with config: opid_index: -1 OBSOLETE_local: false peers { permanent_uuid: "499007410d5242dbb6836ee0aff4a6d9" member_type: VOTER last_known_addr { host: "127.20.226.65" port: 34749 } } peers { permanent_uuid: "4b520ad46f204979b5c3e9c9b69c10d9" member_type: VOTER last_known_addr { host: "127.20.226.66" port: 40247 } } peers { permanent_uuid: "87d91a8a705d41639d022c557181b1b3" member_type: VOTER last_known_addr { host: "127.20.226.67" port: 34369 } }
I20260601 13:42:01.826112 22065 tablet_service.cc:1917] Received RequestConsensusVote() RPC: tablet_id: "00d3932ef71a47aab03973cb28c85546" candidate_uuid: "87d91a8a705d41639d022c557181b1b3" candidate_term: 1 candidate_status { last_received { term: 0 index: 0 } } ignore_live_leader: false dest_uuid: "499007410d5242dbb6836ee0aff4a6d9"
I20260601 13:42:01.826201 22281 leader_election.cc:290] T c4410fc000c3414c92c4b7b63c5274c0 P 499007410d5242dbb6836ee0aff4a6d9 [CANDIDATE]: Term 1 pre-election: Requested pre-vote from peers 4b520ad46f204979b5c3e9c9b69c10d9 (127.20.226.66:40247), 87d91a8a705d41639d022c557181b1b3 (127.20.226.67:34369)
I20260601 13:42:01.826229 22065 raft_consensus.cc:3060] T 00d3932ef71a47aab03973cb28c85546 P 499007410d5242dbb6836ee0aff4a6d9 [term 0 FOLLOWER]: Advancing to term 1
I20260601 13:42:01.826217 22272 tablet_bootstrap.cc:654] T e81c07ee0cdd493d84cef7cee7e66e68 P 499007410d5242dbb6836ee0aff4a6d9: Neither blocks nor log segments found. Creating new log.
I20260601 13:42:01.827353 22065 raft_consensus.cc:2468] T 00d3932ef71a47aab03973cb28c85546 P 499007410d5242dbb6836ee0aff4a6d9 [term 1 FOLLOWER]: Leader election vote request: Granting yes vote for candidate 87d91a8a705d41639d022c557181b1b3 in term 1.
I20260601 13:42:01.827510 22272 tablet_bootstrap.cc:492] T e81c07ee0cdd493d84cef7cee7e66e68 P 499007410d5242dbb6836ee0aff4a6d9: No bootstrap required, opened a new log
I20260601 13:42:01.827589 22272 ts_tablet_manager.cc:1403] T e81c07ee0cdd493d84cef7cee7e66e68 P 499007410d5242dbb6836ee0aff4a6d9: Time spent bootstrapping tablet: real 0.002s	user 0.002s	sys 0.000s
I20260601 13:42:01.827648 22180 leader_election.cc:304] T 00d3932ef71a47aab03973cb28c85546 P 87d91a8a705d41639d022c557181b1b3 [CANDIDATE]: Term 1 election: Election decided. Result: candidate won. Election summary: received 2 responses out of 3 voters: 2 yes votes; 0 no votes. yes voters: 499007410d5242dbb6836ee0aff4a6d9, 87d91a8a705d41639d022c557181b1b3; no voters: 
I20260601 13:42:01.827814 22271 raft_consensus.cc:2804] T 00d3932ef71a47aab03973cb28c85546 P 87d91a8a705d41639d022c557181b1b3 [term 1 FOLLOWER]: Leader election won for term 1
I20260601 13:42:01.827967 22271 raft_consensus.cc:697] T 00d3932ef71a47aab03973cb28c85546 P 87d91a8a705d41639d022c557181b1b3 [term 1 LEADER]: Becoming Leader. State: Replica: 87d91a8a705d41639d022c557181b1b3, State: Running, Role: LEADER
I20260601 13:42:01.828028 22272 raft_consensus.cc:359] T e81c07ee0cdd493d84cef7cee7e66e68 P 499007410d5242dbb6836ee0aff4a6d9 [term 0 FOLLOWER]: Replica starting. Triggering 0 pending ops. Active config: opid_index: -1 OBSOLETE_local: false peers { permanent_uuid: "499007410d5242dbb6836ee0aff4a6d9" member_type: VOTER last_known_addr { host: "127.20.226.65" port: 34749 } } peers { permanent_uuid: "4b520ad46f204979b5c3e9c9b69c10d9" member_type: VOTER last_known_addr { host: "127.20.226.66" port: 40247 } } peers { permanent_uuid: "87d91a8a705d41639d022c557181b1b3" member_type: VOTER last_known_addr { host: "127.20.226.67" port: 34369 } }
I20260601 13:42:01.828104 22272 raft_consensus.cc:385] T e81c07ee0cdd493d84cef7cee7e66e68 P 499007410d5242dbb6836ee0aff4a6d9 [term 0 FOLLOWER]: Consensus starting up: Expiring failure detector timer to make a prompt election more likely
I20260601 13:42:01.828137 22272 raft_consensus.cc:740] T e81c07ee0cdd493d84cef7cee7e66e68 P 499007410d5242dbb6836ee0aff4a6d9 [term 0 FOLLOWER]: Becoming Follower/Learner. State: Replica: 499007410d5242dbb6836ee0aff4a6d9, State: Initialized, Role: FOLLOWER
I20260601 13:42:01.828085 22271 consensus_queue.cc:237] T 00d3932ef71a47aab03973cb28c85546 P 87d91a8a705d41639d022c557181b1b3 [LEADER]: Queue going to LEADER mode. State: All replicated index: 0, Majority replicated index: 0, Committed index: 0, Last appended: 0.0, Last appended by leader: 0, Current term: 1, Majority size: 2, State: 0, Mode: LEADER, active raft config: opid_index: -1 OBSOLETE_local: false peers { permanent_uuid: "499007410d5242dbb6836ee0aff4a6d9" member_type: VOTER last_known_addr { host: "127.20.226.65" port: 34749 } } peers { permanent_uuid: "4b520ad46f204979b5c3e9c9b69c10d9" member_type: VOTER last_known_addr { host: "127.20.226.66" port: 40247 } } peers { permanent_uuid: "87d91a8a705d41639d022c557181b1b3" member_type: VOTER last_known_addr { host: "127.20.226.67" port: 34369 } }
I20260601 13:42:01.828265 22272 consensus_queue.cc:260] T e81c07ee0cdd493d84cef7cee7e66e68 P 499007410d5242dbb6836ee0aff4a6d9 [NON_LEADER]: Queue going to NON_LEADER mode. State: All replicated index: 0, Majority replicated index: 0, Committed index: 0, Last appended: 0.0, Last appended by leader: 0, Current term: 0, Majority size: -1, State: 0, Mode: NON_LEADER, active raft config: opid_index: -1 OBSOLETE_local: false peers { permanent_uuid: "499007410d5242dbb6836ee0aff4a6d9" member_type: VOTER last_known_addr { host: "127.20.226.65" port: 34749 } } peers { permanent_uuid: "4b520ad46f204979b5c3e9c9b69c10d9" member_type: VOTER last_known_addr { host: "127.20.226.66" port: 40247 } } peers { permanent_uuid: "87d91a8a705d41639d022c557181b1b3" member_type: VOTER last_known_addr { host: "127.20.226.67" port: 34369 } }
I20260601 13:42:01.828563 22272 ts_tablet_manager.cc:1434] T e81c07ee0cdd493d84cef7cee7e66e68 P 499007410d5242dbb6836ee0aff4a6d9: Time spent starting tablet: real 0.001s	user 0.000s	sys 0.000s
I20260601 13:42:01.829704 21960 catalog_manager.cc:5696] T 00d3932ef71a47aab03973cb28c85546 P 87d91a8a705d41639d022c557181b1b3 reported cstate change: term changed from 0 to 1, leader changed from <none> to 87d91a8a705d41639d022c557181b1b3 (127.20.226.67). New cstate: current_term: 1 leader_uuid: "87d91a8a705d41639d022c557181b1b3" committed_config { opid_index: -1 OBSOLETE_local: false peers { permanent_uuid: "499007410d5242dbb6836ee0aff4a6d9" member_type: VOTER last_known_addr { host: "127.20.226.65" port: 34749 } health_report { overall_health: UNKNOWN } } peers { permanent_uuid: "4b520ad46f204979b5c3e9c9b69c10d9" member_type: VOTER last_known_addr { host: "127.20.226.66" port: 40247 } health_report { overall_health: UNKNOWN } } peers { permanent_uuid: "87d91a8a705d41639d022c557181b1b3" member_type: VOTER last_known_addr { host: "127.20.226.67" port: 34369 } health_report { overall_health: HEALTHY } } }
I20260601 13:42:01.830507 22290 leader_election.cc:290] T 00d3932ef71a47aab03973cb28c85546 P 87d91a8a705d41639d022c557181b1b3 [CANDIDATE]: Term 1 election: Requested vote from peers 499007410d5242dbb6836ee0aff4a6d9 (127.20.226.65:34749), 4b520ad46f204979b5c3e9c9b69c10d9 (127.20.226.66:40247)
I20260601 13:42:01.830677 22141 tablet_service.cc:1917] Received RequestConsensusVote() RPC: tablet_id: "00d3932ef71a47aab03973cb28c85546" candidate_uuid: "87d91a8a705d41639d022c557181b1b3" candidate_term: 1 candidate_status { last_received { term: 0 index: 0 } } ignore_live_leader: false dest_uuid: "4b520ad46f204979b5c3e9c9b69c10d9"
I20260601 13:42:01.830794 22141 raft_consensus.cc:3060] T 00d3932ef71a47aab03973cb28c85546 P 4b520ad46f204979b5c3e9c9b69c10d9 [term 0 FOLLOWER]: Advancing to term 1
I20260601 13:42:01.831709 22141 raft_consensus.cc:2468] T 00d3932ef71a47aab03973cb28c85546 P 4b520ad46f204979b5c3e9c9b69c10d9 [term 1 FOLLOWER]: Leader election vote request: Granting yes vote for candidate 87d91a8a705d41639d022c557181b1b3 in term 1.
I20260601 13:42:01.833302 22217 tablet_service.cc:1917] Received RequestConsensusVote() RPC: tablet_id: "c4410fc000c3414c92c4b7b63c5274c0" candidate_uuid: "499007410d5242dbb6836ee0aff4a6d9" candidate_term: 1 candidate_status { last_received { term: 0 index: 0 } } ignore_live_leader: false dest_uuid: "87d91a8a705d41639d022c557181b1b3" is_pre_election: true
I20260601 13:42:01.833429 22217 raft_consensus.cc:2468] T c4410fc000c3414c92c4b7b63c5274c0 P 87d91a8a705d41639d022c557181b1b3 [term 0 FOLLOWER]: Leader pre-election vote request: Granting yes vote for candidate 499007410d5242dbb6836ee0aff4a6d9 in term 0.
I20260601 13:42:01.833724 22028 leader_election.cc:304] T c4410fc000c3414c92c4b7b63c5274c0 P 499007410d5242dbb6836ee0aff4a6d9 [CANDIDATE]: Term 1 pre-election: Election decided. Result: candidate won. Election summary: received 2 responses out of 3 voters: 2 yes votes; 0 no votes. yes voters: 499007410d5242dbb6836ee0aff4a6d9, 87d91a8a705d41639d022c557181b1b3; no voters: 
I20260601 13:42:01.833902 22281 raft_consensus.cc:2804] T c4410fc000c3414c92c4b7b63c5274c0 P 499007410d5242dbb6836ee0aff4a6d9 [term 0 FOLLOWER]: Leader pre-election won for term 1
I20260601 13:42:01.833962 22281 raft_consensus.cc:493] T c4410fc000c3414c92c4b7b63c5274c0 P 499007410d5242dbb6836ee0aff4a6d9 [term 0 FOLLOWER]: Starting leader election (no leader contacted us within the election timeout)
I20260601 13:42:01.834000 22281 raft_consensus.cc:3060] T c4410fc000c3414c92c4b7b63c5274c0 P 499007410d5242dbb6836ee0aff4a6d9 [term 0 FOLLOWER]: Advancing to term 1
I20260601 13:42:01.834693 22141 tablet_service.cc:1917] Received RequestConsensusVote() RPC: tablet_id: "c4410fc000c3414c92c4b7b63c5274c0" candidate_uuid: "499007410d5242dbb6836ee0aff4a6d9" candidate_term: 1 candidate_status { last_received { term: 0 index: 0 } } ignore_live_leader: false dest_uuid: "4b520ad46f204979b5c3e9c9b69c10d9" is_pre_election: true
I20260601 13:42:01.834802 22141 raft_consensus.cc:2468] T c4410fc000c3414c92c4b7b63c5274c0 P 4b520ad46f204979b5c3e9c9b69c10d9 [term 0 FOLLOWER]: Leader pre-election vote request: Granting yes vote for candidate 499007410d5242dbb6836ee0aff4a6d9 in term 0.
I20260601 13:42:01.835001 22281 raft_consensus.cc:515] T c4410fc000c3414c92c4b7b63c5274c0 P 499007410d5242dbb6836ee0aff4a6d9 [term 1 FOLLOWER]: Starting leader election with config: opid_index: -1 OBSOLETE_local: false peers { permanent_uuid: "499007410d5242dbb6836ee0aff4a6d9" member_type: VOTER last_known_addr { host: "127.20.226.65" port: 34749 } } peers { permanent_uuid: "4b520ad46f204979b5c3e9c9b69c10d9" member_type: VOTER last_known_addr { host: "127.20.226.66" port: 40247 } } peers { permanent_uuid: "87d91a8a705d41639d022c557181b1b3" member_type: VOTER last_known_addr { host: "127.20.226.67" port: 34369 } }
I20260601 13:42:01.835350 22281 leader_election.cc:290] T c4410fc000c3414c92c4b7b63c5274c0 P 499007410d5242dbb6836ee0aff4a6d9 [CANDIDATE]: Term 1 election: Requested vote from peers 4b520ad46f204979b5c3e9c9b69c10d9 (127.20.226.66:40247), 87d91a8a705d41639d022c557181b1b3 (127.20.226.67:34369)
I20260601 13:42:01.835698 22217 tablet_service.cc:1917] Received RequestConsensusVote() RPC: tablet_id: "c4410fc000c3414c92c4b7b63c5274c0" candidate_uuid: "499007410d5242dbb6836ee0aff4a6d9" candidate_term: 1 candidate_status { last_received { term: 0 index: 0 } } ignore_live_leader: false dest_uuid: "87d91a8a705d41639d022c557181b1b3"
I20260601 13:42:01.835701 22141 tablet_service.cc:1917] Received RequestConsensusVote() RPC: tablet_id: "c4410fc000c3414c92c4b7b63c5274c0" candidate_uuid: "499007410d5242dbb6836ee0aff4a6d9" candidate_term: 1 candidate_status { last_received { term: 0 index: 0 } } ignore_live_leader: false dest_uuid: "4b520ad46f204979b5c3e9c9b69c10d9"
I20260601 13:42:01.835821 22217 raft_consensus.cc:3060] T c4410fc000c3414c92c4b7b63c5274c0 P 87d91a8a705d41639d022c557181b1b3 [term 0 FOLLOWER]: Advancing to term 1
I20260601 13:42:01.835865 22141 raft_consensus.cc:3060] T c4410fc000c3414c92c4b7b63c5274c0 P 4b520ad46f204979b5c3e9c9b69c10d9 [term 0 FOLLOWER]: Advancing to term 1
I20260601 13:42:01.836617 22141 raft_consensus.cc:2468] T c4410fc000c3414c92c4b7b63c5274c0 P 4b520ad46f204979b5c3e9c9b69c10d9 [term 1 FOLLOWER]: Leader election vote request: Granting yes vote for candidate 499007410d5242dbb6836ee0aff4a6d9 in term 1.
I20260601 13:42:01.836750 22217 raft_consensus.cc:2468] T c4410fc000c3414c92c4b7b63c5274c0 P 87d91a8a705d41639d022c557181b1b3 [term 1 FOLLOWER]: Leader election vote request: Granting yes vote for candidate 499007410d5242dbb6836ee0aff4a6d9 in term 1.
I20260601 13:42:01.836892 22030 leader_election.cc:304] T c4410fc000c3414c92c4b7b63c5274c0 P 499007410d5242dbb6836ee0aff4a6d9 [CANDIDATE]: Term 1 election: Election decided. Result: candidate won. Election summary: received 2 responses out of 3 voters: 2 yes votes; 0 no votes. yes voters: 499007410d5242dbb6836ee0aff4a6d9, 4b520ad46f204979b5c3e9c9b69c10d9; no voters: 
I20260601 13:42:01.837049 22281 raft_consensus.cc:2804] T c4410fc000c3414c92c4b7b63c5274c0 P 499007410d5242dbb6836ee0aff4a6d9 [term 1 FOLLOWER]: Leader election won for term 1
I20260601 13:42:01.837284 22281 raft_consensus.cc:697] T c4410fc000c3414c92c4b7b63c5274c0 P 499007410d5242dbb6836ee0aff4a6d9 [term 1 LEADER]: Becoming Leader. State: Replica: 499007410d5242dbb6836ee0aff4a6d9, State: Running, Role: LEADER
I20260601 13:42:01.837424 22281 consensus_queue.cc:237] T c4410fc000c3414c92c4b7b63c5274c0 P 499007410d5242dbb6836ee0aff4a6d9 [LEADER]: Queue going to LEADER mode. State: All replicated index: 0, Majority replicated index: 0, Committed index: 0, Last appended: 0.0, Last appended by leader: 0, Current term: 1, Majority size: 2, State: 0, Mode: LEADER, active raft config: opid_index: -1 OBSOLETE_local: false peers { permanent_uuid: "499007410d5242dbb6836ee0aff4a6d9" member_type: VOTER last_known_addr { host: "127.20.226.65" port: 34749 } } peers { permanent_uuid: "4b520ad46f204979b5c3e9c9b69c10d9" member_type: VOTER last_known_addr { host: "127.20.226.66" port: 40247 } } peers { permanent_uuid: "87d91a8a705d41639d022c557181b1b3" member_type: VOTER last_known_addr { host: "127.20.226.67" port: 34369 } }
I20260601 13:42:01.838958 21960 catalog_manager.cc:5696] T c4410fc000c3414c92c4b7b63c5274c0 P 499007410d5242dbb6836ee0aff4a6d9 reported cstate change: term changed from 0 to 1, leader changed from <none> to 499007410d5242dbb6836ee0aff4a6d9 (127.20.226.65). New cstate: current_term: 1 leader_uuid: "499007410d5242dbb6836ee0aff4a6d9" committed_config { opid_index: -1 OBSOLETE_local: false peers { permanent_uuid: "499007410d5242dbb6836ee0aff4a6d9" member_type: VOTER last_known_addr { host: "127.20.226.65" port: 34749 } health_report { overall_health: HEALTHY } } peers { permanent_uuid: "4b520ad46f204979b5c3e9c9b69c10d9" member_type: VOTER last_known_addr { host: "127.20.226.66" port: 40247 } health_report { overall_health: UNKNOWN } } peers { permanent_uuid: "87d91a8a705d41639d022c557181b1b3" member_type: VOTER last_known_addr { host: "127.20.226.67" port: 34369 } health_report { overall_health: UNKNOWN } } }
I20260601 13:42:01.854233 22299 raft_consensus.cc:493] T 81230d5385d84c01bc165d851c127686 P 87d91a8a705d41639d022c557181b1b3 [term 0 FOLLOWER]: Starting pre-election (no leader contacted us within the election timeout)
I20260601 13:42:01.854400 22299 raft_consensus.cc:515] T 81230d5385d84c01bc165d851c127686 P 87d91a8a705d41639d022c557181b1b3 [term 0 FOLLOWER]: Starting pre-election with config: opid_index: -1 OBSOLETE_local: false peers { permanent_uuid: "499007410d5242dbb6836ee0aff4a6d9" member_type: VOTER last_known_addr { host: "127.20.226.65" port: 34749 } } peers { permanent_uuid: "4b520ad46f204979b5c3e9c9b69c10d9" member_type: VOTER last_known_addr { host: "127.20.226.66" port: 40247 } } peers { permanent_uuid: "87d91a8a705d41639d022c557181b1b3" member_type: VOTER last_known_addr { host: "127.20.226.67" port: 34369 } }
I20260601 13:42:01.854943 22299 leader_election.cc:290] T 81230d5385d84c01bc165d851c127686 P 87d91a8a705d41639d022c557181b1b3 [CANDIDATE]: Term 1 pre-election: Requested pre-vote from peers 499007410d5242dbb6836ee0aff4a6d9 (127.20.226.65:34749), 4b520ad46f204979b5c3e9c9b69c10d9 (127.20.226.66:40247)
I20260601 13:42:01.855738 22141 tablet_service.cc:1917] Received RequestConsensusVote() RPC: tablet_id: "81230d5385d84c01bc165d851c127686" candidate_uuid: "87d91a8a705d41639d022c557181b1b3" candidate_term: 1 candidate_status { last_received { term: 0 index: 0 } } ignore_live_leader: false dest_uuid: "4b520ad46f204979b5c3e9c9b69c10d9" is_pre_election: true
I20260601 13:42:01.855738 22065 tablet_service.cc:1917] Received RequestConsensusVote() RPC: tablet_id: "81230d5385d84c01bc165d851c127686" candidate_uuid: "87d91a8a705d41639d022c557181b1b3" candidate_term: 1 candidate_status { last_received { term: 0 index: 0 } } ignore_live_leader: false dest_uuid: "499007410d5242dbb6836ee0aff4a6d9" is_pre_election: true
I20260601 13:42:01.855918 22141 raft_consensus.cc:2468] T 81230d5385d84c01bc165d851c127686 P 4b520ad46f204979b5c3e9c9b69c10d9 [term 0 FOLLOWER]: Leader pre-election vote request: Granting yes vote for candidate 87d91a8a705d41639d022c557181b1b3 in term 0.
I20260601 13:42:01.855921 22065 raft_consensus.cc:2468] T 81230d5385d84c01bc165d851c127686 P 499007410d5242dbb6836ee0aff4a6d9 [term 0 FOLLOWER]: Leader pre-election vote request: Granting yes vote for candidate 87d91a8a705d41639d022c557181b1b3 in term 0.
I20260601 13:42:01.856292 22180 leader_election.cc:304] T 81230d5385d84c01bc165d851c127686 P 87d91a8a705d41639d022c557181b1b3 [CANDIDATE]: Term 1 pre-election: Election decided. Result: candidate won. Election summary: received 2 responses out of 3 voters: 2 yes votes; 0 no votes. yes voters: 499007410d5242dbb6836ee0aff4a6d9, 87d91a8a705d41639d022c557181b1b3; no voters: 
I20260601 13:42:01.856501 22299 raft_consensus.cc:2804] T 81230d5385d84c01bc165d851c127686 P 87d91a8a705d41639d022c557181b1b3 [term 0 FOLLOWER]: Leader pre-election won for term 1
I20260601 13:42:01.856571 22299 raft_consensus.cc:493] T 81230d5385d84c01bc165d851c127686 P 87d91a8a705d41639d022c557181b1b3 [term 0 FOLLOWER]: Starting leader election (no leader contacted us within the election timeout)
I20260601 13:42:01.856602 22299 raft_consensus.cc:3060] T 81230d5385d84c01bc165d851c127686 P 87d91a8a705d41639d022c557181b1b3 [term 0 FOLLOWER]: Advancing to term 1
I20260601 13:42:01.857523 22299 raft_consensus.cc:515] T 81230d5385d84c01bc165d851c127686 P 87d91a8a705d41639d022c557181b1b3 [term 1 FOLLOWER]: Starting leader election with config: opid_index: -1 OBSOLETE_local: false peers { permanent_uuid: "499007410d5242dbb6836ee0aff4a6d9" member_type: VOTER last_known_addr { host: "127.20.226.65" port: 34749 } } peers { permanent_uuid: "4b520ad46f204979b5c3e9c9b69c10d9" member_type: VOTER last_known_addr { host: "127.20.226.66" port: 40247 } } peers { permanent_uuid: "87d91a8a705d41639d022c557181b1b3" member_type: VOTER last_known_addr { host: "127.20.226.67" port: 34369 } }
I20260601 13:42:01.857929 22299 leader_election.cc:290] T 81230d5385d84c01bc165d851c127686 P 87d91a8a705d41639d022c557181b1b3 [CANDIDATE]: Term 1 election: Requested vote from peers 499007410d5242dbb6836ee0aff4a6d9 (127.20.226.65:34749), 4b520ad46f204979b5c3e9c9b69c10d9 (127.20.226.66:40247)
I20260601 13:42:01.858287 22065 tablet_service.cc:1917] Received RequestConsensusVote() RPC: tablet_id: "81230d5385d84c01bc165d851c127686" candidate_uuid: "87d91a8a705d41639d022c557181b1b3" candidate_term: 1 candidate_status { last_received { term: 0 index: 0 } } ignore_live_leader: false dest_uuid: "499007410d5242dbb6836ee0aff4a6d9"
I20260601 13:42:01.858418 22141 tablet_service.cc:1917] Received RequestConsensusVote() RPC: tablet_id: "81230d5385d84c01bc165d851c127686" candidate_uuid: "87d91a8a705d41639d022c557181b1b3" candidate_term: 1 candidate_status { last_received { term: 0 index: 0 } } ignore_live_leader: false dest_uuid: "4b520ad46f204979b5c3e9c9b69c10d9"
I20260601 13:42:01.858449 22065 raft_consensus.cc:3060] T 81230d5385d84c01bc165d851c127686 P 499007410d5242dbb6836ee0aff4a6d9 [term 0 FOLLOWER]: Advancing to term 1
I20260601 13:42:01.858567 22141 raft_consensus.cc:3060] T 81230d5385d84c01bc165d851c127686 P 4b520ad46f204979b5c3e9c9b69c10d9 [term 0 FOLLOWER]: Advancing to term 1
I20260601 13:42:01.859273 22065 raft_consensus.cc:2468] T 81230d5385d84c01bc165d851c127686 P 499007410d5242dbb6836ee0aff4a6d9 [term 1 FOLLOWER]: Leader election vote request: Granting yes vote for candidate 87d91a8a705d41639d022c557181b1b3 in term 1.
I20260601 13:42:01.859284 22141 raft_consensus.cc:2468] T 81230d5385d84c01bc165d851c127686 P 4b520ad46f204979b5c3e9c9b69c10d9 [term 1 FOLLOWER]: Leader election vote request: Granting yes vote for candidate 87d91a8a705d41639d022c557181b1b3 in term 1.
I20260601 13:42:01.859582 22180 leader_election.cc:304] T 81230d5385d84c01bc165d851c127686 P 87d91a8a705d41639d022c557181b1b3 [CANDIDATE]: Term 1 election: Election decided. Result: candidate won. Election summary: received 3 responses out of 3 voters: 3 yes votes; 0 no votes. yes voters: 499007410d5242dbb6836ee0aff4a6d9, 4b520ad46f204979b5c3e9c9b69c10d9, 87d91a8a705d41639d022c557181b1b3; no voters: 
I20260601 13:42:01.859724 22299 raft_consensus.cc:2804] T 81230d5385d84c01bc165d851c127686 P 87d91a8a705d41639d022c557181b1b3 [term 1 FOLLOWER]: Leader election won for term 1
I20260601 13:42:01.859812 22299 raft_consensus.cc:697] T 81230d5385d84c01bc165d851c127686 P 87d91a8a705d41639d022c557181b1b3 [term 1 LEADER]: Becoming Leader. State: Replica: 87d91a8a705d41639d022c557181b1b3, State: Running, Role: LEADER
I20260601 13:42:01.859941 22299 consensus_queue.cc:237] T 81230d5385d84c01bc165d851c127686 P 87d91a8a705d41639d022c557181b1b3 [LEADER]: Queue going to LEADER mode. State: All replicated index: 0, Majority replicated index: 0, Committed index: 0, Last appended: 0.0, Last appended by leader: 0, Current term: 1, Majority size: 2, State: 0, Mode: LEADER, active raft config: opid_index: -1 OBSOLETE_local: false peers { permanent_uuid: "499007410d5242dbb6836ee0aff4a6d9" member_type: VOTER last_known_addr { host: "127.20.226.65" port: 34749 } } peers { permanent_uuid: "4b520ad46f204979b5c3e9c9b69c10d9" member_type: VOTER last_known_addr { host: "127.20.226.66" port: 40247 } } peers { permanent_uuid: "87d91a8a705d41639d022c557181b1b3" member_type: VOTER last_known_addr { host: "127.20.226.67" port: 34369 } }
I20260601 13:42:01.861616 21960 catalog_manager.cc:5696] T 81230d5385d84c01bc165d851c127686 P 87d91a8a705d41639d022c557181b1b3 reported cstate change: term changed from 0 to 1, leader changed from <none> to 87d91a8a705d41639d022c557181b1b3 (127.20.226.67). New cstate: current_term: 1 leader_uuid: "87d91a8a705d41639d022c557181b1b3" committed_config { opid_index: -1 OBSOLETE_local: false peers { permanent_uuid: "499007410d5242dbb6836ee0aff4a6d9" member_type: VOTER last_known_addr { host: "127.20.226.65" port: 34749 } health_report { overall_health: UNKNOWN } } peers { permanent_uuid: "4b520ad46f204979b5c3e9c9b69c10d9" member_type: VOTER last_known_addr { host: "127.20.226.66" port: 40247 } health_report { overall_health: UNKNOWN } } peers { permanent_uuid: "87d91a8a705d41639d022c557181b1b3" member_type: VOTER last_known_addr { host: "127.20.226.67" port: 34369 } health_report { overall_health: HEALTHY } } }
I20260601 13:42:01.864346 22281 raft_consensus.cc:493] T e81c07ee0cdd493d84cef7cee7e66e68 P 499007410d5242dbb6836ee0aff4a6d9 [term 0 FOLLOWER]: Starting pre-election (no leader contacted us within the election timeout)
I20260601 13:42:01.864446 22281 raft_consensus.cc:515] T e81c07ee0cdd493d84cef7cee7e66e68 P 499007410d5242dbb6836ee0aff4a6d9 [term 0 FOLLOWER]: Starting pre-election with config: opid_index: -1 OBSOLETE_local: false peers { permanent_uuid: "499007410d5242dbb6836ee0aff4a6d9" member_type: VOTER last_known_addr { host: "127.20.226.65" port: 34749 } } peers { permanent_uuid: "4b520ad46f204979b5c3e9c9b69c10d9" member_type: VOTER last_known_addr { host: "127.20.226.66" port: 40247 } } peers { permanent_uuid: "87d91a8a705d41639d022c557181b1b3" member_type: VOTER last_known_addr { host: "127.20.226.67" port: 34369 } }
I20260601 13:42:01.864827 22281 leader_election.cc:290] T e81c07ee0cdd493d84cef7cee7e66e68 P 499007410d5242dbb6836ee0aff4a6d9 [CANDIDATE]: Term 1 pre-election: Requested pre-vote from peers 4b520ad46f204979b5c3e9c9b69c10d9 (127.20.226.66:40247), 87d91a8a705d41639d022c557181b1b3 (127.20.226.67:34369)
I20260601 13:42:01.865114 22217 tablet_service.cc:1917] Received RequestConsensusVote() RPC: tablet_id: "e81c07ee0cdd493d84cef7cee7e66e68" candidate_uuid: "499007410d5242dbb6836ee0aff4a6d9" candidate_term: 1 candidate_status { last_received { term: 0 index: 0 } } ignore_live_leader: false dest_uuid: "87d91a8a705d41639d022c557181b1b3" is_pre_election: true
I20260601 13:42:01.865242 22217 raft_consensus.cc:2468] T e81c07ee0cdd493d84cef7cee7e66e68 P 87d91a8a705d41639d022c557181b1b3 [term 0 FOLLOWER]: Leader pre-election vote request: Granting yes vote for candidate 499007410d5242dbb6836ee0aff4a6d9 in term 0.
I20260601 13:42:01.865473 22141 tablet_service.cc:1917] Received RequestConsensusVote() RPC: tablet_id: "e81c07ee0cdd493d84cef7cee7e66e68" candidate_uuid: "499007410d5242dbb6836ee0aff4a6d9" candidate_term: 1 candidate_status { last_received { term: 0 index: 0 } } ignore_live_leader: false dest_uuid: "4b520ad46f204979b5c3e9c9b69c10d9" is_pre_election: true
I20260601 13:42:01.865531 22028 leader_election.cc:304] T e81c07ee0cdd493d84cef7cee7e66e68 P 499007410d5242dbb6836ee0aff4a6d9 [CANDIDATE]: Term 1 pre-election: Election decided. Result: candidate won. Election summary: received 2 responses out of 3 voters: 2 yes votes; 0 no votes. yes voters: 499007410d5242dbb6836ee0aff4a6d9, 87d91a8a705d41639d022c557181b1b3; no voters: 
I20260601 13:42:01.865574 22141 raft_consensus.cc:2468] T e81c07ee0cdd493d84cef7cee7e66e68 P 4b520ad46f204979b5c3e9c9b69c10d9 [term 0 FOLLOWER]: Leader pre-election vote request: Granting yes vote for candidate 499007410d5242dbb6836ee0aff4a6d9 in term 0.
I20260601 13:42:01.865686 22281 raft_consensus.cc:2804] T e81c07ee0cdd493d84cef7cee7e66e68 P 499007410d5242dbb6836ee0aff4a6d9 [term 0 FOLLOWER]: Leader pre-election won for term 1
I20260601 13:42:01.865793 22281 raft_consensus.cc:493] T e81c07ee0cdd493d84cef7cee7e66e68 P 499007410d5242dbb6836ee0aff4a6d9 [term 0 FOLLOWER]: Starting leader election (no leader contacted us within the election timeout)
I20260601 13:42:01.865854 22281 raft_consensus.cc:3060] T e81c07ee0cdd493d84cef7cee7e66e68 P 499007410d5242dbb6836ee0aff4a6d9 [term 0 FOLLOWER]: Advancing to term 1
I20260601 13:42:01.866667 22281 raft_consensus.cc:515] T e81c07ee0cdd493d84cef7cee7e66e68 P 499007410d5242dbb6836ee0aff4a6d9 [term 1 FOLLOWER]: Starting leader election with config: opid_index: -1 OBSOLETE_local: false peers { permanent_uuid: "499007410d5242dbb6836ee0aff4a6d9" member_type: VOTER last_known_addr { host: "127.20.226.65" port: 34749 } } peers { permanent_uuid: "4b520ad46f204979b5c3e9c9b69c10d9" member_type: VOTER last_known_addr { host: "127.20.226.66" port: 40247 } } peers { permanent_uuid: "87d91a8a705d41639d022c557181b1b3" member_type: VOTER last_known_addr { host: "127.20.226.67" port: 34369 } }
I20260601 13:42:01.866988 22281 leader_election.cc:290] T e81c07ee0cdd493d84cef7cee7e66e68 P 499007410d5242dbb6836ee0aff4a6d9 [CANDIDATE]: Term 1 election: Requested vote from peers 4b520ad46f204979b5c3e9c9b69c10d9 (127.20.226.66:40247), 87d91a8a705d41639d022c557181b1b3 (127.20.226.67:34369)
I20260601 13:42:01.867298 22217 tablet_service.cc:1917] Received RequestConsensusVote() RPC: tablet_id: "e81c07ee0cdd493d84cef7cee7e66e68" candidate_uuid: "499007410d5242dbb6836ee0aff4a6d9" candidate_term: 1 candidate_status { last_received { term: 0 index: 0 } } ignore_live_leader: false dest_uuid: "87d91a8a705d41639d022c557181b1b3"
I20260601 13:42:01.867298 22141 tablet_service.cc:1917] Received RequestConsensusVote() RPC: tablet_id: "e81c07ee0cdd493d84cef7cee7e66e68" candidate_uuid: "499007410d5242dbb6836ee0aff4a6d9" candidate_term: 1 candidate_status { last_received { term: 0 index: 0 } } ignore_live_leader: false dest_uuid: "4b520ad46f204979b5c3e9c9b69c10d9"
I20260601 13:42:01.867432 22217 raft_consensus.cc:3060] T e81c07ee0cdd493d84cef7cee7e66e68 P 87d91a8a705d41639d022c557181b1b3 [term 0 FOLLOWER]: Advancing to term 1
I20260601 13:42:01.867432 22141 raft_consensus.cc:3060] T e81c07ee0cdd493d84cef7cee7e66e68 P 4b520ad46f204979b5c3e9c9b69c10d9 [term 0 FOLLOWER]: Advancing to term 1
I20260601 13:42:01.868306 22217 raft_consensus.cc:2468] T e81c07ee0cdd493d84cef7cee7e66e68 P 87d91a8a705d41639d022c557181b1b3 [term 1 FOLLOWER]: Leader election vote request: Granting yes vote for candidate 499007410d5242dbb6836ee0aff4a6d9 in term 1.
I20260601 13:42:01.868306 22141 raft_consensus.cc:2468] T e81c07ee0cdd493d84cef7cee7e66e68 P 4b520ad46f204979b5c3e9c9b69c10d9 [term 1 FOLLOWER]: Leader election vote request: Granting yes vote for candidate 499007410d5242dbb6836ee0aff4a6d9 in term 1.
I20260601 13:42:01.868577 22030 leader_election.cc:304] T e81c07ee0cdd493d84cef7cee7e66e68 P 499007410d5242dbb6836ee0aff4a6d9 [CANDIDATE]: Term 1 election: Election decided. Result: candidate won. Election summary: received 2 responses out of 3 voters: 2 yes votes; 0 no votes. yes voters: 499007410d5242dbb6836ee0aff4a6d9, 4b520ad46f204979b5c3e9c9b69c10d9; no voters: 
I20260601 13:42:01.868726 22281 raft_consensus.cc:2804] T e81c07ee0cdd493d84cef7cee7e66e68 P 499007410d5242dbb6836ee0aff4a6d9 [term 1 FOLLOWER]: Leader election won for term 1
I20260601 13:42:01.868825 22281 raft_consensus.cc:697] T e81c07ee0cdd493d84cef7cee7e66e68 P 499007410d5242dbb6836ee0aff4a6d9 [term 1 LEADER]: Becoming Leader. State: Replica: 499007410d5242dbb6836ee0aff4a6d9, State: Running, Role: LEADER
I20260601 13:42:01.869127 22281 consensus_queue.cc:237] T e81c07ee0cdd493d84cef7cee7e66e68 P 499007410d5242dbb6836ee0aff4a6d9 [LEADER]: Queue going to LEADER mode. State: All replicated index: 0, Majority replicated index: 0, Committed index: 0, Last appended: 0.0, Last appended by leader: 0, Current term: 1, Majority size: 2, State: 0, Mode: LEADER, active raft config: opid_index: -1 OBSOLETE_local: false peers { permanent_uuid: "499007410d5242dbb6836ee0aff4a6d9" member_type: VOTER last_known_addr { host: "127.20.226.65" port: 34749 } } peers { permanent_uuid: "4b520ad46f204979b5c3e9c9b69c10d9" member_type: VOTER last_known_addr { host: "127.20.226.66" port: 40247 } } peers { permanent_uuid: "87d91a8a705d41639d022c557181b1b3" member_type: VOTER last_known_addr { host: "127.20.226.67" port: 34369 } }
I20260601 13:42:01.870968 21960 catalog_manager.cc:5696] T e81c07ee0cdd493d84cef7cee7e66e68 P 499007410d5242dbb6836ee0aff4a6d9 reported cstate change: term changed from 0 to 1, leader changed from <none> to 499007410d5242dbb6836ee0aff4a6d9 (127.20.226.65). New cstate: current_term: 1 leader_uuid: "499007410d5242dbb6836ee0aff4a6d9" committed_config { opid_index: -1 OBSOLETE_local: false peers { permanent_uuid: "499007410d5242dbb6836ee0aff4a6d9" member_type: VOTER last_known_addr { host: "127.20.226.65" port: 34749 } health_report { overall_health: HEALTHY } } peers { permanent_uuid: "4b520ad46f204979b5c3e9c9b69c10d9" member_type: VOTER last_known_addr { host: "127.20.226.66" port: 40247 } health_report { overall_health: UNKNOWN } } peers { permanent_uuid: "87d91a8a705d41639d022c557181b1b3" member_type: VOTER last_known_addr { host: "127.20.226.67" port: 34369 } health_report { overall_health: UNKNOWN } } }
I20260601 13:42:01.907550 22266 raft_consensus.cc:493] T 6a68f853a9ae476d8d64f1425a07cb9c P 4b520ad46f204979b5c3e9c9b69c10d9 [term 0 FOLLOWER]: Starting pre-election (no leader contacted us within the election timeout)
I20260601 13:42:01.907747 22266 raft_consensus.cc:515] T 6a68f853a9ae476d8d64f1425a07cb9c P 4b520ad46f204979b5c3e9c9b69c10d9 [term 0 FOLLOWER]: Starting pre-election with config: opid_index: -1 OBSOLETE_local: false peers { permanent_uuid: "499007410d5242dbb6836ee0aff4a6d9" member_type: VOTER last_known_addr { host: "127.20.226.65" port: 34749 } } peers { permanent_uuid: "4b520ad46f204979b5c3e9c9b69c10d9" member_type: VOTER last_known_addr { host: "127.20.226.66" port: 40247 } } peers { permanent_uuid: "87d91a8a705d41639d022c557181b1b3" member_type: VOTER last_known_addr { host: "127.20.226.67" port: 34369 } }
I20260601 13:42:01.908450 22266 leader_election.cc:290] T 6a68f853a9ae476d8d64f1425a07cb9c P 4b520ad46f204979b5c3e9c9b69c10d9 [CANDIDATE]: Term 1 pre-election: Requested pre-vote from peers 499007410d5242dbb6836ee0aff4a6d9 (127.20.226.65:34749), 87d91a8a705d41639d022c557181b1b3 (127.20.226.67:34369)
I20260601 13:42:01.912964 22217 tablet_service.cc:1917] Received RequestConsensusVote() RPC: tablet_id: "6a68f853a9ae476d8d64f1425a07cb9c" candidate_uuid: "4b520ad46f204979b5c3e9c9b69c10d9" candidate_term: 1 candidate_status { last_received { term: 0 index: 0 } } ignore_live_leader: false dest_uuid: "87d91a8a705d41639d022c557181b1b3" is_pre_election: true
I20260601 13:42:01.912974 22065 tablet_service.cc:1917] Received RequestConsensusVote() RPC: tablet_id: "6a68f853a9ae476d8d64f1425a07cb9c" candidate_uuid: "4b520ad46f204979b5c3e9c9b69c10d9" candidate_term: 1 candidate_status { last_received { term: 0 index: 0 } } ignore_live_leader: false dest_uuid: "499007410d5242dbb6836ee0aff4a6d9" is_pre_election: true
I20260601 13:42:01.913100 22217 raft_consensus.cc:2468] T 6a68f853a9ae476d8d64f1425a07cb9c P 87d91a8a705d41639d022c557181b1b3 [term 0 FOLLOWER]: Leader pre-election vote request: Granting yes vote for candidate 4b520ad46f204979b5c3e9c9b69c10d9 in term 0.
I20260601 13:42:01.913154 22065 raft_consensus.cc:2468] T 6a68f853a9ae476d8d64f1425a07cb9c P 499007410d5242dbb6836ee0aff4a6d9 [term 0 FOLLOWER]: Leader pre-election vote request: Granting yes vote for candidate 4b520ad46f204979b5c3e9c9b69c10d9 in term 0.
I20260601 13:42:01.913429 22105 leader_election.cc:304] T 6a68f853a9ae476d8d64f1425a07cb9c P 4b520ad46f204979b5c3e9c9b69c10d9 [CANDIDATE]: Term 1 pre-election: Election decided. Result: candidate won. Election summary: received 2 responses out of 3 voters: 2 yes votes; 0 no votes. yes voters: 499007410d5242dbb6836ee0aff4a6d9, 4b520ad46f204979b5c3e9c9b69c10d9; no voters: 
I20260601 13:42:01.913693 22266 raft_consensus.cc:2804] T 6a68f853a9ae476d8d64f1425a07cb9c P 4b520ad46f204979b5c3e9c9b69c10d9 [term 0 FOLLOWER]: Leader pre-election won for term 1
I20260601 13:42:01.913775 22266 raft_consensus.cc:493] T 6a68f853a9ae476d8d64f1425a07cb9c P 4b520ad46f204979b5c3e9c9b69c10d9 [term 0 FOLLOWER]: Starting leader election (no leader contacted us within the election timeout)
I20260601 13:42:01.913846 22266 raft_consensus.cc:3060] T 6a68f853a9ae476d8d64f1425a07cb9c P 4b520ad46f204979b5c3e9c9b69c10d9 [term 0 FOLLOWER]: Advancing to term 1
I20260601 13:42:01.914846 22266 raft_consensus.cc:515] T 6a68f853a9ae476d8d64f1425a07cb9c P 4b520ad46f204979b5c3e9c9b69c10d9 [term 1 FOLLOWER]: Starting leader election with config: opid_index: -1 OBSOLETE_local: false peers { permanent_uuid: "499007410d5242dbb6836ee0aff4a6d9" member_type: VOTER last_known_addr { host: "127.20.226.65" port: 34749 } } peers { permanent_uuid: "4b520ad46f204979b5c3e9c9b69c10d9" member_type: VOTER last_known_addr { host: "127.20.226.66" port: 40247 } } peers { permanent_uuid: "87d91a8a705d41639d022c557181b1b3" member_type: VOTER last_known_addr { host: "127.20.226.67" port: 34369 } }
I20260601 13:42:01.915234 22266 leader_election.cc:290] T 6a68f853a9ae476d8d64f1425a07cb9c P 4b520ad46f204979b5c3e9c9b69c10d9 [CANDIDATE]: Term 1 election: Requested vote from peers 499007410d5242dbb6836ee0aff4a6d9 (127.20.226.65:34749), 87d91a8a705d41639d022c557181b1b3 (127.20.226.67:34369)
I20260601 13:42:01.915546 22065 tablet_service.cc:1917] Received RequestConsensusVote() RPC: tablet_id: "6a68f853a9ae476d8d64f1425a07cb9c" candidate_uuid: "4b520ad46f204979b5c3e9c9b69c10d9" candidate_term: 1 candidate_status { last_received { term: 0 index: 0 } } ignore_live_leader: false dest_uuid: "499007410d5242dbb6836ee0aff4a6d9"
I20260601 13:42:01.915678 22065 raft_consensus.cc:3060] T 6a68f853a9ae476d8d64f1425a07cb9c P 499007410d5242dbb6836ee0aff4a6d9 [term 0 FOLLOWER]: Advancing to term 1
I20260601 13:42:01.915683 22217 tablet_service.cc:1917] Received RequestConsensusVote() RPC: tablet_id: "6a68f853a9ae476d8d64f1425a07cb9c" candidate_uuid: "4b520ad46f204979b5c3e9c9b69c10d9" candidate_term: 1 candidate_status { last_received { term: 0 index: 0 } } ignore_live_leader: false dest_uuid: "87d91a8a705d41639d022c557181b1b3"
I20260601 13:42:01.915845 22217 raft_consensus.cc:3060] T 6a68f853a9ae476d8d64f1425a07cb9c P 87d91a8a705d41639d022c557181b1b3 [term 0 FOLLOWER]: Advancing to term 1
I20260601 13:42:01.916486 22065 raft_consensus.cc:2468] T 6a68f853a9ae476d8d64f1425a07cb9c P 499007410d5242dbb6836ee0aff4a6d9 [term 1 FOLLOWER]: Leader election vote request: Granting yes vote for candidate 4b520ad46f204979b5c3e9c9b69c10d9 in term 1.
I20260601 13:42:01.916630 22217 raft_consensus.cc:2468] T 6a68f853a9ae476d8d64f1425a07cb9c P 87d91a8a705d41639d022c557181b1b3 [term 1 FOLLOWER]: Leader election vote request: Granting yes vote for candidate 4b520ad46f204979b5c3e9c9b69c10d9 in term 1.
I20260601 13:42:01.916785 22105 leader_election.cc:304] T 6a68f853a9ae476d8d64f1425a07cb9c P 4b520ad46f204979b5c3e9c9b69c10d9 [CANDIDATE]: Term 1 election: Election decided. Result: candidate won. Election summary: received 2 responses out of 3 voters: 2 yes votes; 0 no votes. yes voters: 499007410d5242dbb6836ee0aff4a6d9, 4b520ad46f204979b5c3e9c9b69c10d9; no voters: 
I20260601 13:42:01.916978 22266 raft_consensus.cc:2804] T 6a68f853a9ae476d8d64f1425a07cb9c P 4b520ad46f204979b5c3e9c9b69c10d9 [term 1 FOLLOWER]: Leader election won for term 1
I20260601 13:42:01.917236 22266 raft_consensus.cc:697] T 6a68f853a9ae476d8d64f1425a07cb9c P 4b520ad46f204979b5c3e9c9b69c10d9 [term 1 LEADER]: Becoming Leader. State: Replica: 4b520ad46f204979b5c3e9c9b69c10d9, State: Running, Role: LEADER
I20260601 13:42:01.917397 22266 consensus_queue.cc:237] T 6a68f853a9ae476d8d64f1425a07cb9c P 4b520ad46f204979b5c3e9c9b69c10d9 [LEADER]: Queue going to LEADER mode. State: All replicated index: 0, Majority replicated index: 0, Committed index: 0, Last appended: 0.0, Last appended by leader: 0, Current term: 1, Majority size: 2, State: 0, Mode: LEADER, active raft config: opid_index: -1 OBSOLETE_local: false peers { permanent_uuid: "499007410d5242dbb6836ee0aff4a6d9" member_type: VOTER last_known_addr { host: "127.20.226.65" port: 34749 } } peers { permanent_uuid: "4b520ad46f204979b5c3e9c9b69c10d9" member_type: VOTER last_known_addr { host: "127.20.226.66" port: 40247 } } peers { permanent_uuid: "87d91a8a705d41639d022c557181b1b3" member_type: VOTER last_known_addr { host: "127.20.226.67" port: 34369 } }
I20260601 13:42:01.919096 21960 catalog_manager.cc:5696] T 6a68f853a9ae476d8d64f1425a07cb9c P 4b520ad46f204979b5c3e9c9b69c10d9 reported cstate change: term changed from 0 to 1, leader changed from <none> to 4b520ad46f204979b5c3e9c9b69c10d9 (127.20.226.66). New cstate: current_term: 1 leader_uuid: "4b520ad46f204979b5c3e9c9b69c10d9" committed_config { opid_index: -1 OBSOLETE_local: false peers { permanent_uuid: "499007410d5242dbb6836ee0aff4a6d9" member_type: VOTER last_known_addr { host: "127.20.226.65" port: 34749 } health_report { overall_health: UNKNOWN } } peers { permanent_uuid: "4b520ad46f204979b5c3e9c9b69c10d9" member_type: VOTER last_known_addr { host: "127.20.226.66" port: 40247 } health_report { overall_health: HEALTHY } } peers { permanent_uuid: "87d91a8a705d41639d022c557181b1b3" member_type: VOTER last_known_addr { host: "127.20.226.67" port: 34369 } health_report { overall_health: UNKNOWN } } }
I20260601 13:42:01.926947 22299 raft_consensus.cc:493] T 9834f9894d374fe19556399d9424202b P 87d91a8a705d41639d022c557181b1b3 [term 0 FOLLOWER]: Starting pre-election (no leader contacted us within the election timeout)
I20260601 13:42:01.927073 22299 raft_consensus.cc:515] T 9834f9894d374fe19556399d9424202b P 87d91a8a705d41639d022c557181b1b3 [term 0 FOLLOWER]: Starting pre-election with config: opid_index: -1 OBSOLETE_local: false peers { permanent_uuid: "87d91a8a705d41639d022c557181b1b3" member_type: VOTER last_known_addr { host: "127.20.226.67" port: 34369 } } peers { permanent_uuid: "4b520ad46f204979b5c3e9c9b69c10d9" member_type: VOTER last_known_addr { host: "127.20.226.66" port: 40247 } } peers { permanent_uuid: "499007410d5242dbb6836ee0aff4a6d9" member_type: VOTER last_known_addr { host: "127.20.226.65" port: 34749 } }
I20260601 13:42:01.927484 22299 leader_election.cc:290] T 9834f9894d374fe19556399d9424202b P 87d91a8a705d41639d022c557181b1b3 [CANDIDATE]: Term 1 pre-election: Requested pre-vote from peers 4b520ad46f204979b5c3e9c9b69c10d9 (127.20.226.66:40247), 499007410d5242dbb6836ee0aff4a6d9 (127.20.226.65:34749)
I20260601 13:42:01.927841 22065 tablet_service.cc:1917] Received RequestConsensusVote() RPC: tablet_id: "9834f9894d374fe19556399d9424202b" candidate_uuid: "87d91a8a705d41639d022c557181b1b3" candidate_term: 1 candidate_status { last_received { term: 0 index: 0 } } ignore_live_leader: false dest_uuid: "499007410d5242dbb6836ee0aff4a6d9" is_pre_election: true
I20260601 13:42:01.927839 22141 tablet_service.cc:1917] Received RequestConsensusVote() RPC: tablet_id: "9834f9894d374fe19556399d9424202b" candidate_uuid: "87d91a8a705d41639d022c557181b1b3" candidate_term: 1 candidate_status { last_received { term: 0 index: 0 } } ignore_live_leader: false dest_uuid: "4b520ad46f204979b5c3e9c9b69c10d9" is_pre_election: true
I20260601 13:42:01.928004 22065 raft_consensus.cc:2468] T 9834f9894d374fe19556399d9424202b P 499007410d5242dbb6836ee0aff4a6d9 [term 0 FOLLOWER]: Leader pre-election vote request: Granting yes vote for candidate 87d91a8a705d41639d022c557181b1b3 in term 0.
I20260601 13:42:01.928020 22141 raft_consensus.cc:2468] T 9834f9894d374fe19556399d9424202b P 4b520ad46f204979b5c3e9c9b69c10d9 [term 0 FOLLOWER]: Leader pre-election vote request: Granting yes vote for candidate 87d91a8a705d41639d022c557181b1b3 in term 0.
I20260601 13:42:01.928310 22180 leader_election.cc:304] T 9834f9894d374fe19556399d9424202b P 87d91a8a705d41639d022c557181b1b3 [CANDIDATE]: Term 1 pre-election: Election decided. Result: candidate won. Election summary: received 2 responses out of 3 voters: 2 yes votes; 0 no votes. yes voters: 499007410d5242dbb6836ee0aff4a6d9, 87d91a8a705d41639d022c557181b1b3; no voters: 
I20260601 13:42:01.928547 22299 raft_consensus.cc:2804] T 9834f9894d374fe19556399d9424202b P 87d91a8a705d41639d022c557181b1b3 [term 0 FOLLOWER]: Leader pre-election won for term 1
I20260601 13:42:01.928643 22299 raft_consensus.cc:493] T 9834f9894d374fe19556399d9424202b P 87d91a8a705d41639d022c557181b1b3 [term 0 FOLLOWER]: Starting leader election (no leader contacted us within the election timeout)
