I20260601 13:43:09.330051  4002 consensus_queue.cc:260] T 5847a78667cf49b8912304d139269ed2 P 1bbb0306b4ba4abd84a7bfed8acc2ee3 [NON_LEADER]: Queue going to NON_LEADER mode. State: All replicated index: 0, Majority replicated index: 0, Committed index: 2, Last appended: 1.2, Last appended by leader: 2, Current term: 0, Majority size: -1, State: 0, Mode: NON_LEADER, active raft config: opid_index: 2 OBSOLETE_local: false peers { permanent_uuid: "4fa4fd414a5143fb826574b76ac7aa6e" member_type: VOTER last_known_addr { host: "127.0.150.193" port: 34335 } } peers { permanent_uuid: "a7eb280f2e784eb78d1edaed735965f9" member_type: VOTER last_known_addr { host: "127.0.150.194" port: 43947 } attrs { replace: true } } peers { permanent_uuid: "0c8207d829d54dc3bac69c5b121457f6" member_type: VOTER last_known_addr { host: "127.0.150.195" port: 40005 } } peers { permanent_uuid: "1bbb0306b4ba4abd84a7bfed8acc2ee3" member_type: NON_VOTER last_known_addr { host: "127.0.150.196" port: 38649 } attrs { promote: true } }
I20260601 13:43:09.330430  4002 ts_tablet_manager.cc:1434] T 5847a78667cf49b8912304d139269ed2 P 1bbb0306b4ba4abd84a7bfed8acc2ee3: Time spent starting tablet: real 0.001s	user 0.001s	sys 0.000s
I20260601 13:43:09.330894  3756 tablet_copy_service.cc:342] P 0c8207d829d54dc3bac69c5b121457f6: Request end of tablet copy session 1bbb0306b4ba4abd84a7bfed8acc2ee3-5847a78667cf49b8912304d139269ed2 received from {username='slave'} at 127.0.0.1:35770
I20260601 13:43:09.330974  3756 tablet_copy_service.cc:434] P 0c8207d829d54dc3bac69c5b121457f6: ending tablet copy session 1bbb0306b4ba4abd84a7bfed8acc2ee3-5847a78667cf49b8912304d139269ed2 on tablet 5847a78667cf49b8912304d139269ed2 with peer 1bbb0306b4ba4abd84a7bfed8acc2ee3
I20260601 13:43:09.343173  4002 ts_tablet_manager.cc:933] T 2a14eec4d2bc4cb3a54bdb7649e8fe5f P 1bbb0306b4ba4abd84a7bfed8acc2ee3: Initiating tablet copy from peer a7eb280f2e784eb78d1edaed735965f9 (127.0.150.194:43947)
I20260601 13:43:09.343542  4002 tablet_copy_client.cc:323] T 2a14eec4d2bc4cb3a54bdb7649e8fe5f P 1bbb0306b4ba4abd84a7bfed8acc2ee3: tablet copy: Beginning tablet copy session from remote peer at address 127.0.150.194:43947
I20260601 13:43:09.344086  3681 tablet_copy_service.cc:140] P a7eb280f2e784eb78d1edaed735965f9: Received BeginTabletCopySession request for tablet 2a14eec4d2bc4cb3a54bdb7649e8fe5f from peer 1bbb0306b4ba4abd84a7bfed8acc2ee3 ({username='slave'} at 127.0.0.1:38622)
I20260601 13:43:09.344187  3681 tablet_copy_service.cc:161] P a7eb280f2e784eb78d1edaed735965f9: Beginning new tablet copy session on tablet 2a14eec4d2bc4cb3a54bdb7649e8fe5f from peer 1bbb0306b4ba4abd84a7bfed8acc2ee3 at {username='slave'} at 127.0.0.1:38622: session id = 1bbb0306b4ba4abd84a7bfed8acc2ee3-2a14eec4d2bc4cb3a54bdb7649e8fe5f
I20260601 13:43:09.345167  3681 tablet_copy_source_session.cc:215] T 2a14eec4d2bc4cb3a54bdb7649e8fe5f P a7eb280f2e784eb78d1edaed735965f9: Tablet Copy: opened 0 blocks and 1 log segments
I20260601 13:43:09.345971  4002 data_dirs.cc:400] Could only allocate 1 dirs of requested 3 for tablet 2a14eec4d2bc4cb3a54bdb7649e8fe5f. 1 dirs total, 0 dirs full, 0 dirs failed
I20260601 13:43:09.347694  4002 tablet_copy_client.cc:806] T 2a14eec4d2bc4cb3a54bdb7649e8fe5f P 1bbb0306b4ba4abd84a7bfed8acc2ee3: tablet copy: Starting download of 0 data blocks...
I20260601 13:43:09.347841  4002 tablet_copy_client.cc:670] T 2a14eec4d2bc4cb3a54bdb7649e8fe5f P 1bbb0306b4ba4abd84a7bfed8acc2ee3: tablet copy: Starting download of 1 WAL segments...
I20260601 13:43:09.348888  4002 tablet_copy_client.cc:538] T 2a14eec4d2bc4cb3a54bdb7649e8fe5f P 1bbb0306b4ba4abd84a7bfed8acc2ee3: tablet copy: Tablet Copy complete. Replacing tablet superblock.
I20260601 13:43:09.350055  4002 tablet_bootstrap.cc:492] T 2a14eec4d2bc4cb3a54bdb7649e8fe5f P 1bbb0306b4ba4abd84a7bfed8acc2ee3: Bootstrap starting.
I20260601 13:43:09.353338  4002 tablet_bootstrap.cc:492] T 2a14eec4d2bc4cb3a54bdb7649e8fe5f P 1bbb0306b4ba4abd84a7bfed8acc2ee3: Bootstrap replayed 1/1 log segments. Stats: ops{read=2 overwritten=0 applied=2 ignored=0} inserts{seen=0 ignored=0} mutations{seen=0 ignored=0} orphaned_commits=0. Pending: 0 replicates
I20260601 13:43:09.353591  4002 tablet_bootstrap.cc:492] T 2a14eec4d2bc4cb3a54bdb7649e8fe5f P 1bbb0306b4ba4abd84a7bfed8acc2ee3: Bootstrap complete.
I20260601 13:43:09.353775  4002 ts_tablet_manager.cc:1403] T 2a14eec4d2bc4cb3a54bdb7649e8fe5f P 1bbb0306b4ba4abd84a7bfed8acc2ee3: Time spent bootstrapping tablet: real 0.004s	user 0.004s	sys 0.000s
I20260601 13:43:09.354197  4002 raft_consensus.cc:359] T 2a14eec4d2bc4cb3a54bdb7649e8fe5f P 1bbb0306b4ba4abd84a7bfed8acc2ee3 [term 1 LEARNER]: Replica starting. Triggering 0 pending ops. Active config: opid_index: 2 OBSOLETE_local: false peers { permanent_uuid: "4fa4fd414a5143fb826574b76ac7aa6e" member_type: VOTER last_known_addr { host: "127.0.150.193" port: 34335 } } peers { permanent_uuid: "a7eb280f2e784eb78d1edaed735965f9" member_type: VOTER last_known_addr { host: "127.0.150.194" port: 43947 } } peers { permanent_uuid: "0c8207d829d54dc3bac69c5b121457f6" member_type: VOTER last_known_addr { host: "127.0.150.195" port: 40005 } attrs { replace: true } } peers { permanent_uuid: "1bbb0306b4ba4abd84a7bfed8acc2ee3" member_type: NON_VOTER last_known_addr { host: "127.0.150.196" port: 38649 } attrs { promote: true } }
I20260601 13:43:09.354300  4002 raft_consensus.cc:740] T 2a14eec4d2bc4cb3a54bdb7649e8fe5f P 1bbb0306b4ba4abd84a7bfed8acc2ee3 [term 1 LEARNER]: Becoming Follower/Learner. State: Replica: 1bbb0306b4ba4abd84a7bfed8acc2ee3, State: Initialized, Role: LEARNER
I20260601 13:43:09.354429  4002 consensus_queue.cc:260] T 2a14eec4d2bc4cb3a54bdb7649e8fe5f P 1bbb0306b4ba4abd84a7bfed8acc2ee3 [NON_LEADER]: Queue going to NON_LEADER mode. State: All replicated index: 0, Majority replicated index: 0, Committed index: 2, Last appended: 1.2, Last appended by leader: 2, Current term: 0, Majority size: -1, State: 0, Mode: NON_LEADER, active raft config: opid_index: 2 OBSOLETE_local: false peers { permanent_uuid: "4fa4fd414a5143fb826574b76ac7aa6e" member_type: VOTER last_known_addr { host: "127.0.150.193" port: 34335 } } peers { permanent_uuid: "a7eb280f2e784eb78d1edaed735965f9" member_type: VOTER last_known_addr { host: "127.0.150.194" port: 43947 } } peers { permanent_uuid: "0c8207d829d54dc3bac69c5b121457f6" member_type: VOTER last_known_addr { host: "127.0.150.195" port: 40005 } attrs { replace: true } } peers { permanent_uuid: "1bbb0306b4ba4abd84a7bfed8acc2ee3" member_type: NON_VOTER last_known_addr { host: "127.0.150.196" port: 38649 } attrs { promote: true } }
I20260601 13:43:09.354784  4002 ts_tablet_manager.cc:1434] T 2a14eec4d2bc4cb3a54bdb7649e8fe5f P 1bbb0306b4ba4abd84a7bfed8acc2ee3: Time spent starting tablet: real 0.001s	user 0.000s	sys 0.000s
I20260601 13:43:09.355393  3681 tablet_copy_service.cc:342] P a7eb280f2e784eb78d1edaed735965f9: Request end of tablet copy session 1bbb0306b4ba4abd84a7bfed8acc2ee3-2a14eec4d2bc4cb3a54bdb7649e8fe5f received from {username='slave'} at 127.0.0.1:38622
I20260601 13:43:09.355469  3681 tablet_copy_service.cc:434] P a7eb280f2e784eb78d1edaed735965f9: ending tablet copy session 1bbb0306b4ba4abd84a7bfed8acc2ee3-2a14eec4d2bc4cb3a54bdb7649e8fe5f on tablet 2a14eec4d2bc4cb3a54bdb7649e8fe5f with peer 1bbb0306b4ba4abd84a7bfed8acc2ee3
I20260601 13:43:09.421129  3746 raft_consensus.cc:1275] T 915caee43488458eaf78ebe1381c26e9 P 0c8207d829d54dc3bac69c5b121457f6 [term 2 FOLLOWER]: Refusing update from remote peer 1bbb0306b4ba4abd84a7bfed8acc2ee3: Log matching property violated. Preceding OpId in replica: term: 1 index: 1. Preceding OpId from leader: term: 2 index: 2. (index mismatch)
I20260601 13:43:09.421664  3986 consensus_queue.cc:1048] T 915caee43488458eaf78ebe1381c26e9 P 1bbb0306b4ba4abd84a7bfed8acc2ee3 [LEADER]: Connected to new peer: Peer: permanent_uuid: "0c8207d829d54dc3bac69c5b121457f6" member_type: VOTER last_known_addr { host: "127.0.150.195" port: 40005 }, Status: LMP_MISMATCH, Last received: 0.0, Next index: 2, Last known committed idx: 1, Time since last communication: 0.000s
I20260601 13:43:09.424142  3670 raft_consensus.cc:1275] T 915caee43488458eaf78ebe1381c26e9 P a7eb280f2e784eb78d1edaed735965f9 [term 2 FOLLOWER]: Refusing update from remote peer 1bbb0306b4ba4abd84a7bfed8acc2ee3: Log matching property violated. Preceding OpId in replica: term: 1 index: 1. Preceding OpId from leader: term: 2 index: 2. (index mismatch)
I20260601 13:43:09.424717  3930 consensus_queue.cc:1048] T 915caee43488458eaf78ebe1381c26e9 P 1bbb0306b4ba4abd84a7bfed8acc2ee3 [LEADER]: Connected to new peer: Peer: permanent_uuid: "a7eb280f2e784eb78d1edaed735965f9" member_type: VOTER last_known_addr { host: "127.0.150.194" port: 43947 }, Status: LMP_MISMATCH, Last received: 0.0, Next index: 2, Last known committed idx: 1, Time since last communication: 0.000s
I20260601 13:43:09.728852  3888 raft_consensus.cc:1217] T 2953f11a9ed141f4ad9288c43e537048 P 1bbb0306b4ba4abd84a7bfed8acc2ee3 [term 1 LEARNER]: Deduplicated request from leader. Original: 1.1->[1.2-1.2]   Dedup: 1.2->[]
I20260601 13:43:09.905401  3888 raft_consensus.cc:1217] T 2a14eec4d2bc4cb3a54bdb7649e8fe5f P 1bbb0306b4ba4abd84a7bfed8acc2ee3 [term 1 LEARNER]: Deduplicated request from leader. Original: 1.1->[1.2-1.2]   Dedup: 1.2->[]
I20260601 13:43:09.922079  3888 raft_consensus.cc:1217] T 5847a78667cf49b8912304d139269ed2 P 1bbb0306b4ba4abd84a7bfed8acc2ee3 [term 1 LEARNER]: Deduplicated request from leader. Original: 1.1->[1.2-1.2]   Dedup: 1.2->[]
I20260601 13:43:10.157966  4009 raft_consensus.cc:1064] T 2953f11a9ed141f4ad9288c43e537048 P 0c8207d829d54dc3bac69c5b121457f6: attempting to promote NON_VOTER 1bbb0306b4ba4abd84a7bfed8acc2ee3 to VOTER
I20260601 13:43:10.158476  4009 consensus_queue.cc:237] T 2953f11a9ed141f4ad9288c43e537048 P 0c8207d829d54dc3bac69c5b121457f6 [LEADER]: Queue going to LEADER mode. State: All replicated index: 0, Majority replicated index: 2, Committed index: 2, Last appended: 1.2, Last appended by leader: 0, Current term: 1, Majority size: 3, State: 0, Mode: LEADER, active raft config: opid_index: 3 OBSOLETE_local: false peers { permanent_uuid: "4fa4fd414a5143fb826574b76ac7aa6e" member_type: VOTER last_known_addr { host: "127.0.150.193" port: 34335 } attrs { replace: true } } peers { permanent_uuid: "a7eb280f2e784eb78d1edaed735965f9" member_type: VOTER last_known_addr { host: "127.0.150.194" port: 43947 } } peers { permanent_uuid: "0c8207d829d54dc3bac69c5b121457f6" member_type: VOTER last_known_addr { host: "127.0.150.195" port: 40005 } } peers { permanent_uuid: "1bbb0306b4ba4abd84a7bfed8acc2ee3" member_type: VOTER last_known_addr { host: "127.0.150.196" port: 38649 } attrs { promote: false } }
I20260601 13:43:10.160254  3888 raft_consensus.cc:1275] T 2953f11a9ed141f4ad9288c43e537048 P 1bbb0306b4ba4abd84a7bfed8acc2ee3 [term 1 LEARNER]: Refusing update from remote peer 0c8207d829d54dc3bac69c5b121457f6: Log matching property violated. Preceding OpId in replica: term: 1 index: 2. Preceding OpId from leader: term: 1 index: 3. (index mismatch)
I20260601 13:43:10.160256  3670 raft_consensus.cc:1275] T 2953f11a9ed141f4ad9288c43e537048 P a7eb280f2e784eb78d1edaed735965f9 [term 1 FOLLOWER]: Refusing update from remote peer 0c8207d829d54dc3bac69c5b121457f6: Log matching property violated. Preceding OpId in replica: term: 1 index: 2. Preceding OpId from leader: term: 1 index: 3. (index mismatch)
I20260601 13:43:10.160254  3592 raft_consensus.cc:1275] T 2953f11a9ed141f4ad9288c43e537048 P 4fa4fd414a5143fb826574b76ac7aa6e [term 1 FOLLOWER]: Refusing update from remote peer 0c8207d829d54dc3bac69c5b121457f6: Log matching property violated. Preceding OpId in replica: term: 1 index: 2. Preceding OpId from leader: term: 1 index: 3. (index mismatch)
I20260601 13:43:10.160743  3804 consensus_queue.cc:1048] T 2953f11a9ed141f4ad9288c43e537048 P 0c8207d829d54dc3bac69c5b121457f6 [LEADER]: Connected to new peer: Peer: permanent_uuid: "4fa4fd414a5143fb826574b76ac7aa6e" member_type: VOTER last_known_addr { host: "127.0.150.193" port: 34335 } attrs { replace: true }, Status: LMP_MISMATCH, Last received: 0.0, Next index: 3, Last known committed idx: 2, Time since last communication: 0.000s
I20260601 13:43:10.160943  4012 consensus_queue.cc:1048] T 2953f11a9ed141f4ad9288c43e537048 P 0c8207d829d54dc3bac69c5b121457f6 [LEADER]: Connected to new peer: Peer: permanent_uuid: "1bbb0306b4ba4abd84a7bfed8acc2ee3" member_type: VOTER last_known_addr { host: "127.0.150.196" port: 38649 } attrs { promote: false }, Status: LMP_MISMATCH, Last received: 0.0, Next index: 3, Last known committed idx: 2, Time since last communication: 0.000s
I20260601 13:43:10.161116  3960 consensus_queue.cc:1048] T 2953f11a9ed141f4ad9288c43e537048 P 0c8207d829d54dc3bac69c5b121457f6 [LEADER]: Connected to new peer: Peer: permanent_uuid: "a7eb280f2e784eb78d1edaed735965f9" member_type: VOTER last_known_addr { host: "127.0.150.194" port: 43947 }, Status: LMP_MISMATCH, Last received: 0.0, Next index: 3, Last known committed idx: 2, Time since last communication: 0.000s
I20260601 13:43:10.163086  3804 raft_consensus.cc:2955] T 2953f11a9ed141f4ad9288c43e537048 P 0c8207d829d54dc3bac69c5b121457f6 [term 1 LEADER]: Committing config change with OpId 1.3: config changed from index 2 to 3, 1bbb0306b4ba4abd84a7bfed8acc2ee3 (127.0.150.196) changed from NON_VOTER to VOTER. New config: { opid_index: 3 OBSOLETE_local: false peers { permanent_uuid: "4fa4fd414a5143fb826574b76ac7aa6e" member_type: VOTER last_known_addr { host: "127.0.150.193" port: 34335 } attrs { replace: true } } peers { permanent_uuid: "a7eb280f2e784eb78d1edaed735965f9" member_type: VOTER last_known_addr { host: "127.0.150.194" port: 43947 } } peers { permanent_uuid: "0c8207d829d54dc3bac69c5b121457f6" member_type: VOTER last_known_addr { host: "127.0.150.195" port: 40005 } } peers { permanent_uuid: "1bbb0306b4ba4abd84a7bfed8acc2ee3" member_type: VOTER last_known_addr { host: "127.0.150.196" port: 38649 } attrs { promote: false } } }
I20260601 13:43:10.163573  3592 raft_consensus.cc:2955] T 2953f11a9ed141f4ad9288c43e537048 P 4fa4fd414a5143fb826574b76ac7aa6e [term 1 FOLLOWER]: Committing config change with OpId 1.3: config changed from index 2 to 3, 1bbb0306b4ba4abd84a7bfed8acc2ee3 (127.0.150.196) changed from NON_VOTER to VOTER. New config: { opid_index: 3 OBSOLETE_local: false peers { permanent_uuid: "4fa4fd414a5143fb826574b76ac7aa6e" member_type: VOTER last_known_addr { host: "127.0.150.193" port: 34335 } attrs { replace: true } } peers { permanent_uuid: "a7eb280f2e784eb78d1edaed735965f9" member_type: VOTER last_known_addr { host: "127.0.150.194" port: 43947 } } peers { permanent_uuid: "0c8207d829d54dc3bac69c5b121457f6" member_type: VOTER last_known_addr { host: "127.0.150.195" port: 40005 } } peers { permanent_uuid: "1bbb0306b4ba4abd84a7bfed8acc2ee3" member_type: VOTER last_known_addr { host: "127.0.150.196" port: 38649 } attrs { promote: false } } }
I20260601 13:43:10.163828  3670 raft_consensus.cc:2955] T 2953f11a9ed141f4ad9288c43e537048 P a7eb280f2e784eb78d1edaed735965f9 [term 1 FOLLOWER]: Committing config change with OpId 1.3: config changed from index 2 to 3, 1bbb0306b4ba4abd84a7bfed8acc2ee3 (127.0.150.196) changed from NON_VOTER to VOTER. New config: { opid_index: 3 OBSOLETE_local: false peers { permanent_uuid: "4fa4fd414a5143fb826574b76ac7aa6e" member_type: VOTER last_known_addr { host: "127.0.150.193" port: 34335 } attrs { replace: true } } peers { permanent_uuid: "a7eb280f2e784eb78d1edaed735965f9" member_type: VOTER last_known_addr { host: "127.0.150.194" port: 43947 } } peers { permanent_uuid: "0c8207d829d54dc3bac69c5b121457f6" member_type: VOTER last_known_addr { host: "127.0.150.195" port: 40005 } } peers { permanent_uuid: "1bbb0306b4ba4abd84a7bfed8acc2ee3" member_type: VOTER last_known_addr { host: "127.0.150.196" port: 38649 } attrs { promote: false } } }
I20260601 13:43:10.165532  3888 raft_consensus.cc:2955] T 2953f11a9ed141f4ad9288c43e537048 P 1bbb0306b4ba4abd84a7bfed8acc2ee3 [term 1 FOLLOWER]: Committing config change with OpId 1.3: config changed from index 2 to 3, 1bbb0306b4ba4abd84a7bfed8acc2ee3 (127.0.150.196) changed from NON_VOTER to VOTER. New config: { opid_index: 3 OBSOLETE_local: false peers { permanent_uuid: "4fa4fd414a5143fb826574b76ac7aa6e" member_type: VOTER last_known_addr { host: "127.0.150.193" port: 34335 } attrs { replace: true } } peers { permanent_uuid: "a7eb280f2e784eb78d1edaed735965f9" member_type: VOTER last_known_addr { host: "127.0.150.194" port: 43947 } } peers { permanent_uuid: "0c8207d829d54dc3bac69c5b121457f6" member_type: VOTER last_known_addr { host: "127.0.150.195" port: 40005 } } peers { permanent_uuid: "1bbb0306b4ba4abd84a7bfed8acc2ee3" member_type: VOTER last_known_addr { host: "127.0.150.196" port: 38649 } attrs { promote: false } } }
I20260601 13:43:10.166621  3488 catalog_manager.cc:5696] T 2953f11a9ed141f4ad9288c43e537048 P 4fa4fd414a5143fb826574b76ac7aa6e reported cstate change: config changed from index 2 to 3, 1bbb0306b4ba4abd84a7bfed8acc2ee3 (127.0.150.196) changed from NON_VOTER to VOTER. New cstate: current_term: 1 leader_uuid: "0c8207d829d54dc3bac69c5b121457f6" committed_config { opid_index: 3 OBSOLETE_local: false peers { permanent_uuid: "4fa4fd414a5143fb826574b76ac7aa6e" member_type: VOTER last_known_addr { host: "127.0.150.193" port: 34335 } attrs { replace: true } } peers { permanent_uuid: "a7eb280f2e784eb78d1edaed735965f9" member_type: VOTER last_known_addr { host: "127.0.150.194" port: 43947 } } peers { permanent_uuid: "0c8207d829d54dc3bac69c5b121457f6" member_type: VOTER last_known_addr { host: "127.0.150.195" port: 40005 } } peers { permanent_uuid: "1bbb0306b4ba4abd84a7bfed8acc2ee3" member_type: VOTER last_known_addr { host: "127.0.150.196" port: 38649 } attrs { promote: false } } }
I20260601 13:43:10.171128  3746 consensus_queue.cc:237] T 2953f11a9ed141f4ad9288c43e537048 P 0c8207d829d54dc3bac69c5b121457f6 [LEADER]: Queue going to LEADER mode. State: All replicated index: 0, Majority replicated index: 3, Committed index: 3, Last appended: 1.3, Last appended by leader: 0, Current term: 1, Majority size: 2, State: 0, Mode: LEADER, active raft config: opid_index: 4 OBSOLETE_local: false peers { permanent_uuid: "a7eb280f2e784eb78d1edaed735965f9" member_type: VOTER last_known_addr { host: "127.0.150.194" port: 43947 } } peers { permanent_uuid: "0c8207d829d54dc3bac69c5b121457f6" member_type: VOTER last_known_addr { host: "127.0.150.195" port: 40005 } } peers { permanent_uuid: "1bbb0306b4ba4abd84a7bfed8acc2ee3" member_type: VOTER last_known_addr { host: "127.0.150.196" port: 38649 } attrs { promote: false } }
I20260601 13:43:10.172291  3670 raft_consensus.cc:1275] T 2953f11a9ed141f4ad9288c43e537048 P a7eb280f2e784eb78d1edaed735965f9 [term 1 FOLLOWER]: Refusing update from remote peer 0c8207d829d54dc3bac69c5b121457f6: Log matching property violated. Preceding OpId in replica: term: 1 index: 3. Preceding OpId from leader: term: 1 index: 4. (index mismatch)
I20260601 13:43:10.172317  3888 raft_consensus.cc:1275] T 2953f11a9ed141f4ad9288c43e537048 P 1bbb0306b4ba4abd84a7bfed8acc2ee3 [term 1 FOLLOWER]: Refusing update from remote peer 0c8207d829d54dc3bac69c5b121457f6: Log matching property violated. Preceding OpId in replica: term: 1 index: 3. Preceding OpId from leader: term: 1 index: 4. (index mismatch)
I20260601 13:43:10.172639  3960 consensus_queue.cc:1048] T 2953f11a9ed141f4ad9288c43e537048 P 0c8207d829d54dc3bac69c5b121457f6 [LEADER]: Connected to new peer: Peer: permanent_uuid: "a7eb280f2e784eb78d1edaed735965f9" member_type: VOTER last_known_addr { host: "127.0.150.194" port: 43947 }, Status: LMP_MISMATCH, Last received: 0.0, Next index: 4, Last known committed idx: 3, Time since last communication: 0.000s
I20260601 13:43:10.172806  4012 consensus_queue.cc:1048] T 2953f11a9ed141f4ad9288c43e537048 P 0c8207d829d54dc3bac69c5b121457f6 [LEADER]: Connected to new peer: Peer: permanent_uuid: "1bbb0306b4ba4abd84a7bfed8acc2ee3" member_type: VOTER last_known_addr { host: "127.0.150.196" port: 38649 } attrs { promote: false }, Status: LMP_MISMATCH, Last received: 0.0, Next index: 4, Last known committed idx: 3, Time since last communication: 0.000s
I20260601 13:43:10.174242  4009 raft_consensus.cc:2955] T 2953f11a9ed141f4ad9288c43e537048 P 0c8207d829d54dc3bac69c5b121457f6 [term 1 LEADER]: Committing config change with OpId 1.4: config changed from index 3 to 4, VOTER 4fa4fd414a5143fb826574b76ac7aa6e (127.0.150.193) evicted. New config: { opid_index: 4 OBSOLETE_local: false peers { permanent_uuid: "a7eb280f2e784eb78d1edaed735965f9" member_type: VOTER last_known_addr { host: "127.0.150.194" port: 43947 } } peers { permanent_uuid: "0c8207d829d54dc3bac69c5b121457f6" member_type: VOTER last_known_addr { host: "127.0.150.195" port: 40005 } } peers { permanent_uuid: "1bbb0306b4ba4abd84a7bfed8acc2ee3" member_type: VOTER last_known_addr { host: "127.0.150.196" port: 38649 } attrs { promote: false } } }
I20260601 13:43:10.174659  3888 raft_consensus.cc:2955] T 2953f11a9ed141f4ad9288c43e537048 P 1bbb0306b4ba4abd84a7bfed8acc2ee3 [term 1 FOLLOWER]: Committing config change with OpId 1.4: config changed from index 3 to 4, VOTER 4fa4fd414a5143fb826574b76ac7aa6e (127.0.150.193) evicted. New config: { opid_index: 4 OBSOLETE_local: false peers { permanent_uuid: "a7eb280f2e784eb78d1edaed735965f9" member_type: VOTER last_known_addr { host: "127.0.150.194" port: 43947 } } peers { permanent_uuid: "0c8207d829d54dc3bac69c5b121457f6" member_type: VOTER last_known_addr { host: "127.0.150.195" port: 40005 } } peers { permanent_uuid: "1bbb0306b4ba4abd84a7bfed8acc2ee3" member_type: VOTER last_known_addr { host: "127.0.150.196" port: 38649 } attrs { promote: false } } }
I20260601 13:43:10.176784  3473 catalog_manager.cc:5209] ChangeConfig:REMOVE_PEER RPC for tablet 2953f11a9ed141f4ad9288c43e537048 with cas_config_opid_index 3: ChangeConfig:REMOVE_PEER succeeded (attempt 1)
I20260601 13:43:10.177167  3487 catalog_manager.cc:5696] T 2953f11a9ed141f4ad9288c43e537048 P 1bbb0306b4ba4abd84a7bfed8acc2ee3 reported cstate change: config changed from index 3 to 4, VOTER 4fa4fd414a5143fb826574b76ac7aa6e (127.0.150.193) evicted. New cstate: current_term: 1 leader_uuid: "0c8207d829d54dc3bac69c5b121457f6" committed_config { opid_index: 4 OBSOLETE_local: false peers { permanent_uuid: "a7eb280f2e784eb78d1edaed735965f9" member_type: VOTER last_known_addr { host: "127.0.150.194" port: 43947 } } peers { permanent_uuid: "0c8207d829d54dc3bac69c5b121457f6" member_type: VOTER last_known_addr { host: "127.0.150.195" port: 40005 } } peers { permanent_uuid: "1bbb0306b4ba4abd84a7bfed8acc2ee3" member_type: VOTER last_known_addr { host: "127.0.150.196" port: 38649 } attrs { promote: false } } }
I20260601 13:43:10.177322  3670 raft_consensus.cc:2955] T 2953f11a9ed141f4ad9288c43e537048 P a7eb280f2e784eb78d1edaed735965f9 [term 1 FOLLOWER]: Committing config change with OpId 1.4: config changed from index 3 to 4, VOTER 4fa4fd414a5143fb826574b76ac7aa6e (127.0.150.193) evicted. New config: { opid_index: 4 OBSOLETE_local: false peers { permanent_uuid: "a7eb280f2e784eb78d1edaed735965f9" member_type: VOTER last_known_addr { host: "127.0.150.194" port: 43947 } } peers { permanent_uuid: "0c8207d829d54dc3bac69c5b121457f6" member_type: VOTER last_known_addr { host: "127.0.150.195" port: 40005 } } peers { permanent_uuid: "1bbb0306b4ba4abd84a7bfed8acc2ee3" member_type: VOTER last_known_addr { host: "127.0.150.196" port: 38649 } attrs { promote: false } } }
I20260601 13:43:10.180188  3578 tablet_service.cc:1558] Processing DeleteTablet for tablet 2953f11a9ed141f4ad9288c43e537048 with delete_type TABLET_DATA_TOMBSTONED (TS 4fa4fd414a5143fb826574b76ac7aa6e not found in new config with opid_index 4) from {username='slave'} at 127.0.0.1:57742
I20260601 13:43:10.180574  4020 tablet_replica.cc:333] T 2953f11a9ed141f4ad9288c43e537048 P 4fa4fd414a5143fb826574b76ac7aa6e: stopping tablet replica
I20260601 13:43:10.180717  4020 raft_consensus.cc:2243] T 2953f11a9ed141f4ad9288c43e537048 P 4fa4fd414a5143fb826574b76ac7aa6e [term 1 FOLLOWER]: Raft consensus shutting down.
I20260601 13:43:10.180852  4020 raft_consensus.cc:2272] T 2953f11a9ed141f4ad9288c43e537048 P 4fa4fd414a5143fb826574b76ac7aa6e [term 1 FOLLOWER]: Raft consensus is shut down!
I20260601 13:43:10.181452  4020 ts_tablet_manager.cc:1916] T 2953f11a9ed141f4ad9288c43e537048 P 4fa4fd414a5143fb826574b76ac7aa6e: Deleting tablet data with delete state TABLET_DATA_TOMBSTONED
I20260601 13:43:10.183624  4020 ts_tablet_manager.cc:1929] T 2953f11a9ed141f4ad9288c43e537048 P 4fa4fd414a5143fb826574b76ac7aa6e: tablet deleted with delete type TABLET_DATA_TOMBSTONED: last-logged OpId 1.3
I20260601 13:43:10.183710  4020 log.cc:1199] T 2953f11a9ed141f4ad9288c43e537048 P 4fa4fd414a5143fb826574b76ac7aa6e: Deleting WAL directory at /tmp/dist-test-task7qpctb/test-tmp/auto_rebalancer-test.0.AutoRebalancerTest.RangeAwareRebalancesNewRangeReplicas.1780321317000909-603-0/minicluster-data/ts-0-root/wals/2953f11a9ed141f4ad9288c43e537048
I20260601 13:43:10.184250  3473 catalog_manager.cc:5027] TS 4fa4fd414a5143fb826574b76ac7aa6e (127.0.150.193:34335): tablet 2953f11a9ed141f4ad9288c43e537048 (table range_aware_rebalance_new_range [id=48bc90f7d0e243d7aed7383058abef2e]) successfully deleted
I20260601 13:43:10.387055  3826 raft_consensus.cc:1064] T 2a14eec4d2bc4cb3a54bdb7649e8fe5f P a7eb280f2e784eb78d1edaed735965f9: attempting to promote NON_VOTER 1bbb0306b4ba4abd84a7bfed8acc2ee3 to VOTER
I20260601 13:43:10.387519  3826 consensus_queue.cc:237] T 2a14eec4d2bc4cb3a54bdb7649e8fe5f P a7eb280f2e784eb78d1edaed735965f9 [LEADER]: Queue going to LEADER mode. State: All replicated index: 0, Majority replicated index: 2, Committed index: 2, Last appended: 1.2, Last appended by leader: 0, Current term: 1, Majority size: 3, State: 0, Mode: LEADER, active raft config: opid_index: 3 OBSOLETE_local: false peers { permanent_uuid: "4fa4fd414a5143fb826574b76ac7aa6e" member_type: VOTER last_known_addr { host: "127.0.150.193" port: 34335 } } peers { permanent_uuid: "a7eb280f2e784eb78d1edaed735965f9" member_type: VOTER last_known_addr { host: "127.0.150.194" port: 43947 } } peers { permanent_uuid: "0c8207d829d54dc3bac69c5b121457f6" member_type: VOTER last_known_addr { host: "127.0.150.195" port: 40005 } attrs { replace: true } } peers { permanent_uuid: "1bbb0306b4ba4abd84a7bfed8acc2ee3" member_type: VOTER last_known_addr { host: "127.0.150.196" port: 38649 } attrs { promote: false } }
I20260601 13:43:10.389098  3746 raft_consensus.cc:1275] T 2a14eec4d2bc4cb3a54bdb7649e8fe5f P 0c8207d829d54dc3bac69c5b121457f6 [term 1 FOLLOWER]: Refusing update from remote peer a7eb280f2e784eb78d1edaed735965f9: Log matching property violated. Preceding OpId in replica: term: 1 index: 2. Preceding OpId from leader: term: 1 index: 3. (index mismatch)
I20260601 13:43:10.389083  3592 raft_consensus.cc:1275] T 2a14eec4d2bc4cb3a54bdb7649e8fe5f P 4fa4fd414a5143fb826574b76ac7aa6e [term 1 FOLLOWER]: Refusing update from remote peer a7eb280f2e784eb78d1edaed735965f9: Log matching property violated. Preceding OpId in replica: term: 1 index: 2. Preceding OpId from leader: term: 1 index: 3. (index mismatch)
I20260601 13:43:10.389083  3888 raft_consensus.cc:1275] T 2a14eec4d2bc4cb3a54bdb7649e8fe5f P 1bbb0306b4ba4abd84a7bfed8acc2ee3 [term 1 LEARNER]: Refusing update from remote peer a7eb280f2e784eb78d1edaed735965f9: Log matching property violated. Preceding OpId in replica: term: 1 index: 2. Preceding OpId from leader: term: 1 index: 3. (index mismatch)
I20260601 13:43:10.389611  3795 consensus_queue.cc:1048] T 2a14eec4d2bc4cb3a54bdb7649e8fe5f P a7eb280f2e784eb78d1edaed735965f9 [LEADER]: Connected to new peer: Peer: permanent_uuid: "0c8207d829d54dc3bac69c5b121457f6" member_type: VOTER last_known_addr { host: "127.0.150.195" port: 40005 } attrs { replace: true }, Status: LMP_MISMATCH, Last received: 0.0, Next index: 3, Last known committed idx: 2, Time since last communication: 0.000s
I20260601 13:43:10.389956  3965 consensus_queue.cc:1048] T 2a14eec4d2bc4cb3a54bdb7649e8fe5f P a7eb280f2e784eb78d1edaed735965f9 [LEADER]: Connected to new peer: Peer: permanent_uuid: "1bbb0306b4ba4abd84a7bfed8acc2ee3" member_type: VOTER last_known_addr { host: "127.0.150.196" port: 38649 } attrs { promote: false }, Status: LMP_MISMATCH, Last received: 0.0, Next index: 3, Last known committed idx: 2, Time since last communication: 0.000s
I20260601 13:43:10.390156  4021 consensus_queue.cc:1048] T 2a14eec4d2bc4cb3a54bdb7649e8fe5f P a7eb280f2e784eb78d1edaed735965f9 [LEADER]: Connected to new peer: Peer: permanent_uuid: "4fa4fd414a5143fb826574b76ac7aa6e" member_type: VOTER last_known_addr { host: "127.0.150.193" port: 34335 }, Status: LMP_MISMATCH, Last received: 0.0, Next index: 3, Last known committed idx: 2, Time since last communication: 0.000s
I20260601 13:43:10.392051  3795 raft_consensus.cc:2955] T 2a14eec4d2bc4cb3a54bdb7649e8fe5f P a7eb280f2e784eb78d1edaed735965f9 [term 1 LEADER]: Committing config change with OpId 1.3: config changed from index 2 to 3, 1bbb0306b4ba4abd84a7bfed8acc2ee3 (127.0.150.196) changed from NON_VOTER to VOTER. New config: { opid_index: 3 OBSOLETE_local: false peers { permanent_uuid: "4fa4fd414a5143fb826574b76ac7aa6e" member_type: VOTER last_known_addr { host: "127.0.150.193" port: 34335 } } peers { permanent_uuid: "a7eb280f2e784eb78d1edaed735965f9" member_type: VOTER last_known_addr { host: "127.0.150.194" port: 43947 } } peers { permanent_uuid: "0c8207d829d54dc3bac69c5b121457f6" member_type: VOTER last_known_addr { host: "127.0.150.195" port: 40005 } attrs { replace: true } } peers { permanent_uuid: "1bbb0306b4ba4abd84a7bfed8acc2ee3" member_type: VOTER last_known_addr { host: "127.0.150.196" port: 38649 } attrs { promote: false } } }
I20260601 13:43:10.392405  3888 raft_consensus.cc:2955] T 2a14eec4d2bc4cb3a54bdb7649e8fe5f P 1bbb0306b4ba4abd84a7bfed8acc2ee3 [term 1 FOLLOWER]: Committing config change with OpId 1.3: config changed from index 2 to 3, 1bbb0306b4ba4abd84a7bfed8acc2ee3 (127.0.150.196) changed from NON_VOTER to VOTER. New config: { opid_index: 3 OBSOLETE_local: false peers { permanent_uuid: "4fa4fd414a5143fb826574b76ac7aa6e" member_type: VOTER last_known_addr { host: "127.0.150.193" port: 34335 } } peers { permanent_uuid: "a7eb280f2e784eb78d1edaed735965f9" member_type: VOTER last_known_addr { host: "127.0.150.194" port: 43947 } } peers { permanent_uuid: "0c8207d829d54dc3bac69c5b121457f6" member_type: VOTER last_known_addr { host: "127.0.150.195" port: 40005 } attrs { replace: true } } peers { permanent_uuid: "1bbb0306b4ba4abd84a7bfed8acc2ee3" member_type: VOTER last_known_addr { host: "127.0.150.196" port: 38649 } attrs { promote: false } } }
I20260601 13:43:10.392578  3592 raft_consensus.cc:2955] T 2a14eec4d2bc4cb3a54bdb7649e8fe5f P 4fa4fd414a5143fb826574b76ac7aa6e [term 1 FOLLOWER]: Committing config change with OpId 1.3: config changed from index 2 to 3, 1bbb0306b4ba4abd84a7bfed8acc2ee3 (127.0.150.196) changed from NON_VOTER to VOTER. New config: { opid_index: 3 OBSOLETE_local: false peers { permanent_uuid: "4fa4fd414a5143fb826574b76ac7aa6e" member_type: VOTER last_known_addr { host: "127.0.150.193" port: 34335 } } peers { permanent_uuid: "a7eb280f2e784eb78d1edaed735965f9" member_type: VOTER last_known_addr { host: "127.0.150.194" port: 43947 } } peers { permanent_uuid: "0c8207d829d54dc3bac69c5b121457f6" member_type: VOTER last_known_addr { host: "127.0.150.195" port: 40005 } attrs { replace: true } } peers { permanent_uuid: "1bbb0306b4ba4abd84a7bfed8acc2ee3" member_type: VOTER last_known_addr { host: "127.0.150.196" port: 38649 } attrs { promote: false } } }
I20260601 13:43:10.394915  3489 catalog_manager.cc:5696] T 2a14eec4d2bc4cb3a54bdb7649e8fe5f P 4fa4fd414a5143fb826574b76ac7aa6e reported cstate change: config changed from index 2 to 3, 1bbb0306b4ba4abd84a7bfed8acc2ee3 (127.0.150.196) changed from NON_VOTER to VOTER. New cstate: current_term: 1 leader_uuid: "a7eb280f2e784eb78d1edaed735965f9" committed_config { opid_index: 3 OBSOLETE_local: false peers { permanent_uuid: "4fa4fd414a5143fb826574b76ac7aa6e" member_type: VOTER last_known_addr { host: "127.0.150.193" port: 34335 } } peers { permanent_uuid: "a7eb280f2e784eb78d1edaed735965f9" member_type: VOTER last_known_addr { host: "127.0.150.194" port: 43947 } } peers { permanent_uuid: "0c8207d829d54dc3bac69c5b121457f6" member_type: VOTER last_known_addr { host: "127.0.150.195" port: 40005 } attrs { replace: true } } peers { permanent_uuid: "1bbb0306b4ba4abd84a7bfed8acc2ee3" member_type: VOTER last_known_addr { host: "127.0.150.196" port: 38649 } attrs { promote: false } } }
I20260601 13:43:10.395437  3746 raft_consensus.cc:2955] T 2a14eec4d2bc4cb3a54bdb7649e8fe5f P 0c8207d829d54dc3bac69c5b121457f6 [term 1 FOLLOWER]: Committing config change with OpId 1.3: config changed from index 2 to 3, 1bbb0306b4ba4abd84a7bfed8acc2ee3 (127.0.150.196) changed from NON_VOTER to VOTER. New config: { opid_index: 3 OBSOLETE_local: false peers { permanent_uuid: "4fa4fd414a5143fb826574b76ac7aa6e" member_type: VOTER last_known_addr { host: "127.0.150.193" port: 34335 } } peers { permanent_uuid: "a7eb280f2e784eb78d1edaed735965f9" member_type: VOTER last_known_addr { host: "127.0.150.194" port: 43947 } } peers { permanent_uuid: "0c8207d829d54dc3bac69c5b121457f6" member_type: VOTER last_known_addr { host: "127.0.150.195" port: 40005 } attrs { replace: true } } peers { permanent_uuid: "1bbb0306b4ba4abd84a7bfed8acc2ee3" member_type: VOTER last_known_addr { host: "127.0.150.196" port: 38649 } attrs { promote: false } } }
I20260601 13:43:10.398061  3670 consensus_queue.cc:237] T 2a14eec4d2bc4cb3a54bdb7649e8fe5f P a7eb280f2e784eb78d1edaed735965f9 [LEADER]: Queue going to LEADER mode. State: All replicated index: 0, Majority replicated index: 3, Committed index: 3, Last appended: 1.3, Last appended by leader: 0, Current term: 1, Majority size: 2, State: 0, Mode: LEADER, active raft config: opid_index: 4 OBSOLETE_local: false peers { permanent_uuid: "4fa4fd414a5143fb826574b76ac7aa6e" member_type: VOTER last_known_addr { host: "127.0.150.193" port: 34335 } } peers { permanent_uuid: "a7eb280f2e784eb78d1edaed735965f9" member_type: VOTER last_known_addr { host: "127.0.150.194" port: 43947 } } peers { permanent_uuid: "1bbb0306b4ba4abd84a7bfed8acc2ee3" member_type: VOTER last_known_addr { host: "127.0.150.196" port: 38649 } attrs { promote: false } }
I20260601 13:43:10.399369  3888 raft_consensus.cc:1275] T 2a14eec4d2bc4cb3a54bdb7649e8fe5f P 1bbb0306b4ba4abd84a7bfed8acc2ee3 [term 1 FOLLOWER]: Refusing update from remote peer a7eb280f2e784eb78d1edaed735965f9: Log matching property violated. Preceding OpId in replica: term: 1 index: 3. Preceding OpId from leader: term: 1 index: 4. (index mismatch)
I20260601 13:43:10.399559  3592 raft_consensus.cc:1275] T 2a14eec4d2bc4cb3a54bdb7649e8fe5f P 4fa4fd414a5143fb826574b76ac7aa6e [term 1 FOLLOWER]: Refusing update from remote peer a7eb280f2e784eb78d1edaed735965f9: Log matching property violated. Preceding OpId in replica: term: 1 index: 3. Preceding OpId from leader: term: 1 index: 4. (index mismatch)
I20260601 13:43:10.399873  4026 consensus_queue.cc:1048] T 2a14eec4d2bc4cb3a54bdb7649e8fe5f P a7eb280f2e784eb78d1edaed735965f9 [LEADER]: Connected to new peer: Peer: permanent_uuid: "4fa4fd414a5143fb826574b76ac7aa6e" member_type: VOTER last_known_addr { host: "127.0.150.193" port: 34335 }, Status: LMP_MISMATCH, Last received: 0.0, Next index: 4, Last known committed idx: 3, Time since last communication: 0.000s
I20260601 13:43:10.400365  4026 consensus_queue.cc:1048] T 2a14eec4d2bc4cb3a54bdb7649e8fe5f P a7eb280f2e784eb78d1edaed735965f9 [LEADER]: Connected to new peer: Peer: permanent_uuid: "1bbb0306b4ba4abd84a7bfed8acc2ee3" member_type: VOTER last_known_addr { host: "127.0.150.196" port: 38649 } attrs { promote: false }, Status: LMP_MISMATCH, Last received: 0.0, Next index: 4, Last known committed idx: 3, Time since last communication: 0.000s
I20260601 13:43:10.401566  3795 raft_consensus.cc:2955] T 2a14eec4d2bc4cb3a54bdb7649e8fe5f P a7eb280f2e784eb78d1edaed735965f9 [term 1 LEADER]: Committing config change with OpId 1.4: config changed from index 3 to 4, VOTER 0c8207d829d54dc3bac69c5b121457f6 (127.0.150.195) evicted. New config: { opid_index: 4 OBSOLETE_local: false peers { permanent_uuid: "4fa4fd414a5143fb826574b76ac7aa6e" member_type: VOTER last_known_addr { host: "127.0.150.193" port: 34335 } } peers { permanent_uuid: "a7eb280f2e784eb78d1edaed735965f9" member_type: VOTER last_known_addr { host: "127.0.150.194" port: 43947 } } peers { permanent_uuid: "1bbb0306b4ba4abd84a7bfed8acc2ee3" member_type: VOTER last_known_addr { host: "127.0.150.196" port: 38649 } attrs { promote: false } } }
I20260601 13:43:10.402040  3592 raft_consensus.cc:2955] T 2a14eec4d2bc4cb3a54bdb7649e8fe5f P 4fa4fd414a5143fb826574b76ac7aa6e [term 1 FOLLOWER]: Committing config change with OpId 1.4: config changed from index 3 to 4, VOTER 0c8207d829d54dc3bac69c5b121457f6 (127.0.150.195) evicted. New config: { opid_index: 4 OBSOLETE_local: false peers { permanent_uuid: "4fa4fd414a5143fb826574b76ac7aa6e" member_type: VOTER last_known_addr { host: "127.0.150.193" port: 34335 } } peers { permanent_uuid: "a7eb280f2e784eb78d1edaed735965f9" member_type: VOTER last_known_addr { host: "127.0.150.194" port: 43947 } } peers { permanent_uuid: "1bbb0306b4ba4abd84a7bfed8acc2ee3" member_type: VOTER last_known_addr { host: "127.0.150.196" port: 38649 } attrs { promote: false } } }
I20260601 13:43:10.403317  3475 catalog_manager.cc:5209] ChangeConfig:REMOVE_PEER RPC for tablet 2a14eec4d2bc4cb3a54bdb7649e8fe5f with cas_config_opid_index 3: ChangeConfig:REMOVE_PEER succeeded (attempt 1)
I20260601 13:43:10.404011  3485 catalog_manager.cc:5696] T 2a14eec4d2bc4cb3a54bdb7649e8fe5f P a7eb280f2e784eb78d1edaed735965f9 reported cstate change: config changed from index 3 to 4, VOTER 0c8207d829d54dc3bac69c5b121457f6 (127.0.150.195) evicted. New cstate: current_term: 1 leader_uuid: "a7eb280f2e784eb78d1edaed735965f9" committed_config { opid_index: 4 OBSOLETE_local: false peers { permanent_uuid: "4fa4fd414a5143fb826574b76ac7aa6e" member_type: VOTER last_known_addr { host: "127.0.150.193" port: 34335 } health_report { overall_health: HEALTHY } } peers { permanent_uuid: "a7eb280f2e784eb78d1edaed735965f9" member_type: VOTER last_known_addr { host: "127.0.150.194" port: 43947 } health_report { overall_health: HEALTHY } } peers { permanent_uuid: "1bbb0306b4ba4abd84a7bfed8acc2ee3" member_type: VOTER last_known_addr { host: "127.0.150.196" port: 38649 } attrs { promote: false } health_report { overall_health: UNKNOWN } } }
I20260601 13:43:10.404898  3888 raft_consensus.cc:2955] T 2a14eec4d2bc4cb3a54bdb7649e8fe5f P 1bbb0306b4ba4abd84a7bfed8acc2ee3 [term 1 FOLLOWER]: Committing config change with OpId 1.4: config changed from index 3 to 4, VOTER 0c8207d829d54dc3bac69c5b121457f6 (127.0.150.195) evicted. New config: { opid_index: 4 OBSOLETE_local: false peers { permanent_uuid: "4fa4fd414a5143fb826574b76ac7aa6e" member_type: VOTER last_known_addr { host: "127.0.150.193" port: 34335 } } peers { permanent_uuid: "a7eb280f2e784eb78d1edaed735965f9" member_type: VOTER last_known_addr { host: "127.0.150.194" port: 43947 } } peers { permanent_uuid: "1bbb0306b4ba4abd84a7bfed8acc2ee3" member_type: VOTER last_known_addr { host: "127.0.150.196" port: 38649 } attrs { promote: false } } }
I20260601 13:43:10.406700  3734 tablet_service.cc:1558] Processing DeleteTablet for tablet 2a14eec4d2bc4cb3a54bdb7649e8fe5f with delete_type TABLET_DATA_TOMBSTONED (TS 0c8207d829d54dc3bac69c5b121457f6 not found in new config with opid_index 4) from {username='slave'} at 127.0.0.1:35750
I20260601 13:43:10.408066  4027 tablet_replica.cc:333] T 2a14eec4d2bc4cb3a54bdb7649e8fe5f P 0c8207d829d54dc3bac69c5b121457f6: stopping tablet replica
I20260601 13:43:10.408336  4027 raft_consensus.cc:2243] T 2a14eec4d2bc4cb3a54bdb7649e8fe5f P 0c8207d829d54dc3bac69c5b121457f6 [term 1 FOLLOWER]: Raft consensus shutting down.
I20260601 13:43:10.408517  4027 raft_consensus.cc:2272] T 2a14eec4d2bc4cb3a54bdb7649e8fe5f P 0c8207d829d54dc3bac69c5b121457f6 [term 1 FOLLOWER]: Raft consensus is shut down!
I20260601 13:43:10.409087  4027 ts_tablet_manager.cc:1916] T 2a14eec4d2bc4cb3a54bdb7649e8fe5f P 0c8207d829d54dc3bac69c5b121457f6: Deleting tablet data with delete state TABLET_DATA_TOMBSTONED
I20260601 13:43:10.410848  4027 ts_tablet_manager.cc:1929] T 2a14eec4d2bc4cb3a54bdb7649e8fe5f P 0c8207d829d54dc3bac69c5b121457f6: tablet deleted with delete type TABLET_DATA_TOMBSTONED: last-logged OpId 1.3
I20260601 13:43:10.410912  4027 log.cc:1199] T 2a14eec4d2bc4cb3a54bdb7649e8fe5f P 0c8207d829d54dc3bac69c5b121457f6: Deleting WAL directory at /tmp/dist-test-task7qpctb/test-tmp/auto_rebalancer-test.0.AutoRebalancerTest.RangeAwareRebalancesNewRangeReplicas.1780321317000909-603-0/minicluster-data/ts-2-root/wals/2a14eec4d2bc4cb3a54bdb7649e8fe5f
I20260601 13:43:10.411442  3473 catalog_manager.cc:5027] TS 0c8207d829d54dc3bac69c5b121457f6 (127.0.150.195:40005): tablet 2a14eec4d2bc4cb3a54bdb7649e8fe5f (table range_aware_rebalance_new_range [id=48bc90f7d0e243d7aed7383058abef2e]) successfully deleted
I20260601 13:43:10.438144  4009 raft_consensus.cc:1064] T 5847a78667cf49b8912304d139269ed2 P 0c8207d829d54dc3bac69c5b121457f6: attempting to promote NON_VOTER 1bbb0306b4ba4abd84a7bfed8acc2ee3 to VOTER
I20260601 13:43:10.438683  4009 consensus_queue.cc:237] T 5847a78667cf49b8912304d139269ed2 P 0c8207d829d54dc3bac69c5b121457f6 [LEADER]: Queue going to LEADER mode. State: All replicated index: 0, Majority replicated index: 2, Committed index: 2, Last appended: 1.2, Last appended by leader: 0, Current term: 1, Majority size: 3, State: 0, Mode: LEADER, active raft config: opid_index: 3 OBSOLETE_local: false peers { permanent_uuid: "4fa4fd414a5143fb826574b76ac7aa6e" member_type: VOTER last_known_addr { host: "127.0.150.193" port: 34335 } } peers { permanent_uuid: "a7eb280f2e784eb78d1edaed735965f9" member_type: VOTER last_known_addr { host: "127.0.150.194" port: 43947 } attrs { replace: true } } peers { permanent_uuid: "0c8207d829d54dc3bac69c5b121457f6" member_type: VOTER last_known_addr { host: "127.0.150.195" port: 40005 } } peers { permanent_uuid: "1bbb0306b4ba4abd84a7bfed8acc2ee3" member_type: VOTER last_known_addr { host: "127.0.150.196" port: 38649 } attrs { promote: false } }
I20260601 13:43:10.440215  3592 raft_consensus.cc:1275] T 5847a78667cf49b8912304d139269ed2 P 4fa4fd414a5143fb826574b76ac7aa6e [term 1 FOLLOWER]: Refusing update from remote peer 0c8207d829d54dc3bac69c5b121457f6: Log matching property violated. Preceding OpId in replica: term: 1 index: 2. Preceding OpId from leader: term: 1 index: 3. (index mismatch)
I20260601 13:43:10.440366  3670 raft_consensus.cc:1275] T 5847a78667cf49b8912304d139269ed2 P a7eb280f2e784eb78d1edaed735965f9 [term 1 FOLLOWER]: Refusing update from remote peer 0c8207d829d54dc3bac69c5b121457f6: Log matching property violated. Preceding OpId in replica: term: 1 index: 2. Preceding OpId from leader: term: 1 index: 3. (index mismatch)
I20260601 13:43:10.440631  3804 consensus_queue.cc:1048] T 5847a78667cf49b8912304d139269ed2 P 0c8207d829d54dc3bac69c5b121457f6 [LEADER]: Connected to new peer: Peer: permanent_uuid: "4fa4fd414a5143fb826574b76ac7aa6e" member_type: VOTER last_known_addr { host: "127.0.150.193" port: 34335 }, Status: LMP_MISMATCH, Last received: 0.0, Next index: 3, Last known committed idx: 2, Time since last communication: 0.000s
I20260601 13:43:10.440794  3888 raft_consensus.cc:1275] T 5847a78667cf49b8912304d139269ed2 P 1bbb0306b4ba4abd84a7bfed8acc2ee3 [term 1 LEARNER]: Refusing update from remote peer 0c8207d829d54dc3bac69c5b121457f6: Log matching property violated. Preceding OpId in replica: term: 1 index: 2. Preceding OpId from leader: term: 1 index: 3. (index mismatch)
I20260601 13:43:10.441011  3804 consensus_queue.cc:1048] T 5847a78667cf49b8912304d139269ed2 P 0c8207d829d54dc3bac69c5b121457f6 [LEADER]: Connected to new peer: Peer: permanent_uuid: "a7eb280f2e784eb78d1edaed735965f9" member_type: VOTER last_known_addr { host: "127.0.150.194" port: 43947 } attrs { replace: true }, Status: LMP_MISMATCH, Last received: 0.0, Next index: 3, Last known committed idx: 2, Time since last communication: 0.000s
I20260601 13:43:10.441156  4009 consensus_queue.cc:1048] T 5847a78667cf49b8912304d139269ed2 P 0c8207d829d54dc3bac69c5b121457f6 [LEADER]: Connected to new peer: Peer: permanent_uuid: "1bbb0306b4ba4abd84a7bfed8acc2ee3" member_type: VOTER last_known_addr { host: "127.0.150.196" port: 38649 } attrs { promote: false }, Status: LMP_MISMATCH, Last received: 0.0, Next index: 3, Last known committed idx: 2, Time since last communication: 0.000s
I20260601 13:43:10.442929  4012 raft_consensus.cc:2955] T 5847a78667cf49b8912304d139269ed2 P 0c8207d829d54dc3bac69c5b121457f6 [term 1 LEADER]: Committing config change with OpId 1.3: config changed from index 2 to 3, 1bbb0306b4ba4abd84a7bfed8acc2ee3 (127.0.150.196) changed from NON_VOTER to VOTER. New config: { opid_index: 3 OBSOLETE_local: false peers { permanent_uuid: "4fa4fd414a5143fb826574b76ac7aa6e" member_type: VOTER last_known_addr { host: "127.0.150.193" port: 34335 } } peers { permanent_uuid: "a7eb280f2e784eb78d1edaed735965f9" member_type: VOTER last_known_addr { host: "127.0.150.194" port: 43947 } attrs { replace: true } } peers { permanent_uuid: "0c8207d829d54dc3bac69c5b121457f6" member_type: VOTER last_known_addr { host: "127.0.150.195" port: 40005 } } peers { permanent_uuid: "1bbb0306b4ba4abd84a7bfed8acc2ee3" member_type: VOTER last_known_addr { host: "127.0.150.196" port: 38649 } attrs { promote: false } } }
I20260601 13:43:10.443269  3888 raft_consensus.cc:2955] T 5847a78667cf49b8912304d139269ed2 P 1bbb0306b4ba4abd84a7bfed8acc2ee3 [term 1 FOLLOWER]: Committing config change with OpId 1.3: config changed from index 2 to 3, 1bbb0306b4ba4abd84a7bfed8acc2ee3 (127.0.150.196) changed from NON_VOTER to VOTER. New config: { opid_index: 3 OBSOLETE_local: false peers { permanent_uuid: "4fa4fd414a5143fb826574b76ac7aa6e" member_type: VOTER last_known_addr { host: "127.0.150.193" port: 34335 } } peers { permanent_uuid: "a7eb280f2e784eb78d1edaed735965f9" member_type: VOTER last_known_addr { host: "127.0.150.194" port: 43947 } attrs { replace: true } } peers { permanent_uuid: "0c8207d829d54dc3bac69c5b121457f6" member_type: VOTER last_known_addr { host: "127.0.150.195" port: 40005 } } peers { permanent_uuid: "1bbb0306b4ba4abd84a7bfed8acc2ee3" member_type: VOTER last_known_addr { host: "127.0.150.196" port: 38649 } attrs { promote: false } } }
I20260601 13:43:10.443385  3670 raft_consensus.cc:2955] T 5847a78667cf49b8912304d139269ed2 P a7eb280f2e784eb78d1edaed735965f9 [term 1 FOLLOWER]: Committing config change with OpId 1.3: config changed from index 2 to 3, 1bbb0306b4ba4abd84a7bfed8acc2ee3 (127.0.150.196) changed from NON_VOTER to VOTER. New config: { opid_index: 3 OBSOLETE_local: false peers { permanent_uuid: "4fa4fd414a5143fb826574b76ac7aa6e" member_type: VOTER last_known_addr { host: "127.0.150.193" port: 34335 } } peers { permanent_uuid: "a7eb280f2e784eb78d1edaed735965f9" member_type: VOTER last_known_addr { host: "127.0.150.194" port: 43947 } attrs { replace: true } } peers { permanent_uuid: "0c8207d829d54dc3bac69c5b121457f6" member_type: VOTER last_known_addr { host: "127.0.150.195" port: 40005 } } peers { permanent_uuid: "1bbb0306b4ba4abd84a7bfed8acc2ee3" member_type: VOTER last_known_addr { host: "127.0.150.196" port: 38649 } attrs { promote: false } } }
I20260601 13:43:10.445523  3592 raft_consensus.cc:2955] T 5847a78667cf49b8912304d139269ed2 P 4fa4fd414a5143fb826574b76ac7aa6e [term 1 FOLLOWER]: Committing config change with OpId 1.3: config changed from index 2 to 3, 1bbb0306b4ba4abd84a7bfed8acc2ee3 (127.0.150.196) changed from NON_VOTER to VOTER. New config: { opid_index: 3 OBSOLETE_local: false peers { permanent_uuid: "4fa4fd414a5143fb826574b76ac7aa6e" member_type: VOTER last_known_addr { host: "127.0.150.193" port: 34335 } } peers { permanent_uuid: "a7eb280f2e784eb78d1edaed735965f9" member_type: VOTER last_known_addr { host: "127.0.150.194" port: 43947 } attrs { replace: true } } peers { permanent_uuid: "0c8207d829d54dc3bac69c5b121457f6" member_type: VOTER last_known_addr { host: "127.0.150.195" port: 40005 } } peers { permanent_uuid: "1bbb0306b4ba4abd84a7bfed8acc2ee3" member_type: VOTER last_known_addr { host: "127.0.150.196" port: 38649 } attrs { promote: false } } }
I20260601 13:43:10.445711  3485 catalog_manager.cc:5696] T 5847a78667cf49b8912304d139269ed2 P 1bbb0306b4ba4abd84a7bfed8acc2ee3 reported cstate change: config changed from index 2 to 3, 1bbb0306b4ba4abd84a7bfed8acc2ee3 (127.0.150.196) changed from NON_VOTER to VOTER. New cstate: current_term: 1 leader_uuid: "0c8207d829d54dc3bac69c5b121457f6" committed_config { opid_index: 3 OBSOLETE_local: false peers { permanent_uuid: "4fa4fd414a5143fb826574b76ac7aa6e" member_type: VOTER last_known_addr { host: "127.0.150.193" port: 34335 } } peers { permanent_uuid: "a7eb280f2e784eb78d1edaed735965f9" member_type: VOTER last_known_addr { host: "127.0.150.194" port: 43947 } attrs { replace: true } } peers { permanent_uuid: "0c8207d829d54dc3bac69c5b121457f6" member_type: VOTER last_known_addr { host: "127.0.150.195" port: 40005 } } peers { permanent_uuid: "1bbb0306b4ba4abd84a7bfed8acc2ee3" member_type: VOTER last_known_addr { host: "127.0.150.196" port: 38649 } attrs { promote: false } } }
