I20260601 13:43:42.827929 13403 consensus_queue.cc:237] T 83c31437e6754b9dbbb60c3df880a8c0 P bd8256581bf846f88e33d5977800a8b7 [LEADER]: Queue going to LEADER mode. State: All replicated index: 0, Majority replicated index: 0, Committed index: 0, Last appended: 0.0, Last appended by leader: 0, Current term: 1, Majority size: 2, State: 0, Mode: LEADER, active raft config: opid_index: -1 OBSOLETE_local: false peers { permanent_uuid: "d42da5317366430c85622e563c8aec27" member_type: VOTER last_known_addr { host: "127.8.109.129" port: 46479 } } peers { permanent_uuid: "bd8256581bf846f88e33d5977800a8b7" member_type: VOTER last_known_addr { host: "127.8.109.130" port: 39859 } } peers { permanent_uuid: "53f417e88f55479ab00b9b04dc60dfb3" member_type: VOTER last_known_addr { host: "127.8.109.131" port: 36847 } }
I20260601 13:43:42.829866 13068 catalog_manager.cc:5696] T 83c31437e6754b9dbbb60c3df880a8c0 P bd8256581bf846f88e33d5977800a8b7 reported cstate change: term changed from 0 to 1, leader changed from <none> to bd8256581bf846f88e33d5977800a8b7 (127.8.109.130). New cstate: current_term: 1 leader_uuid: "bd8256581bf846f88e33d5977800a8b7" committed_config { opid_index: -1 OBSOLETE_local: false peers { permanent_uuid: "d42da5317366430c85622e563c8aec27" member_type: VOTER last_known_addr { host: "127.8.109.129" port: 46479 } health_report { overall_health: UNKNOWN } } peers { permanent_uuid: "bd8256581bf846f88e33d5977800a8b7" member_type: VOTER last_known_addr { host: "127.8.109.130" port: 39859 } health_report { overall_health: HEALTHY } } peers { permanent_uuid: "53f417e88f55479ab00b9b04dc60dfb3" member_type: VOTER last_known_addr { host: "127.8.109.131" port: 36847 } health_report { overall_health: UNKNOWN } } }
I20260601 13:43:42.837973 13420 raft_consensus.cc:493] T 76ef99631d7443e0b14a6d5037948d48 P d42da5317366430c85622e563c8aec27 [term 0 FOLLOWER]: Starting pre-election (no leader contacted us within the election timeout)
I20260601 13:43:42.838152 13420 raft_consensus.cc:515] T 76ef99631d7443e0b14a6d5037948d48 P d42da5317366430c85622e563c8aec27 [term 0 FOLLOWER]: Starting pre-election with config: opid_index: -1 OBSOLETE_local: false peers { permanent_uuid: "d42da5317366430c85622e563c8aec27" member_type: VOTER last_known_addr { host: "127.8.109.129" port: 46479 } } peers { permanent_uuid: "53f417e88f55479ab00b9b04dc60dfb3" member_type: VOTER last_known_addr { host: "127.8.109.131" port: 36847 } } peers { permanent_uuid: "bd8256581bf846f88e33d5977800a8b7" member_type: VOTER last_known_addr { host: "127.8.109.130" port: 39859 } }
I20260601 13:43:42.838790 13420 leader_election.cc:290] T 76ef99631d7443e0b14a6d5037948d48 P d42da5317366430c85622e563c8aec27 [CANDIDATE]: Term 1 pre-election: Requested pre-vote from peers 53f417e88f55479ab00b9b04dc60dfb3 (127.8.109.131:36847), bd8256581bf846f88e33d5977800a8b7 (127.8.109.130:39859)
I20260601 13:43:42.839345 13249 tablet_service.cc:1917] Received RequestConsensusVote() RPC: tablet_id: "76ef99631d7443e0b14a6d5037948d48" candidate_uuid: "d42da5317366430c85622e563c8aec27" candidate_term: 1 candidate_status { last_received { term: 0 index: 0 } } ignore_live_leader: false dest_uuid: "bd8256581bf846f88e33d5977800a8b7" is_pre_election: true
I20260601 13:43:42.839363 13324 tablet_service.cc:1917] Received RequestConsensusVote() RPC: tablet_id: "76ef99631d7443e0b14a6d5037948d48" candidate_uuid: "d42da5317366430c85622e563c8aec27" candidate_term: 1 candidate_status { last_received { term: 0 index: 0 } } ignore_live_leader: false dest_uuid: "53f417e88f55479ab00b9b04dc60dfb3" is_pre_election: true
I20260601 13:43:42.839629 13249 raft_consensus.cc:2468] T 76ef99631d7443e0b14a6d5037948d48 P bd8256581bf846f88e33d5977800a8b7 [term 0 FOLLOWER]: Leader pre-election vote request: Granting yes vote for candidate d42da5317366430c85622e563c8aec27 in term 0.
I20260601 13:43:42.839706 13324 raft_consensus.cc:2468] T 76ef99631d7443e0b14a6d5037948d48 P 53f417e88f55479ab00b9b04dc60dfb3 [term 0 FOLLOWER]: Leader pre-election vote request: Granting yes vote for candidate d42da5317366430c85622e563c8aec27 in term 0.
I20260601 13:43:42.839958 13136 leader_election.cc:304] T 76ef99631d7443e0b14a6d5037948d48 P d42da5317366430c85622e563c8aec27 [CANDIDATE]: Term 1 pre-election: Election decided. Result: candidate won. Election summary: received 2 responses out of 3 voters: 2 yes votes; 0 no votes. yes voters: bd8256581bf846f88e33d5977800a8b7, d42da5317366430c85622e563c8aec27; no voters: 
I20260601 13:43:42.840173 13420 raft_consensus.cc:2804] T 76ef99631d7443e0b14a6d5037948d48 P d42da5317366430c85622e563c8aec27 [term 0 FOLLOWER]: Leader pre-election won for term 1
I20260601 13:43:42.840257 13420 raft_consensus.cc:493] T 76ef99631d7443e0b14a6d5037948d48 P d42da5317366430c85622e563c8aec27 [term 0 FOLLOWER]: Starting leader election (no leader contacted us within the election timeout)
I20260601 13:43:42.840327 13420 raft_consensus.cc:3060] T 76ef99631d7443e0b14a6d5037948d48 P d42da5317366430c85622e563c8aec27 [term 0 FOLLOWER]: Advancing to term 1
I20260601 13:43:42.841367 13420 raft_consensus.cc:515] T 76ef99631d7443e0b14a6d5037948d48 P d42da5317366430c85622e563c8aec27 [term 1 FOLLOWER]: Starting leader election with config: opid_index: -1 OBSOLETE_local: false peers { permanent_uuid: "d42da5317366430c85622e563c8aec27" member_type: VOTER last_known_addr { host: "127.8.109.129" port: 46479 } } peers { permanent_uuid: "53f417e88f55479ab00b9b04dc60dfb3" member_type: VOTER last_known_addr { host: "127.8.109.131" port: 36847 } } peers { permanent_uuid: "bd8256581bf846f88e33d5977800a8b7" member_type: VOTER last_known_addr { host: "127.8.109.130" port: 39859 } }
W20260601 13:43:42.841701 13200 tablet.cc:2404] T 030805e4750543539e4f575be46a8f5e P d42da5317366430c85622e563c8aec27: Can't schedule compaction. Clean time has not been advanced past its initial value.
I20260601 13:43:42.841781 13420 leader_election.cc:290] T 76ef99631d7443e0b14a6d5037948d48 P d42da5317366430c85622e563c8aec27 [CANDIDATE]: Term 1 election: Requested vote from peers 53f417e88f55479ab00b9b04dc60dfb3 (127.8.109.131:36847), bd8256581bf846f88e33d5977800a8b7 (127.8.109.130:39859)
I20260601 13:43:42.842229 13249 tablet_service.cc:1917] Received RequestConsensusVote() RPC: tablet_id: "76ef99631d7443e0b14a6d5037948d48" candidate_uuid: "d42da5317366430c85622e563c8aec27" candidate_term: 1 candidate_status { last_received { term: 0 index: 0 } } ignore_live_leader: false dest_uuid: "bd8256581bf846f88e33d5977800a8b7"
I20260601 13:43:42.842226 13324 tablet_service.cc:1917] Received RequestConsensusVote() RPC: tablet_id: "76ef99631d7443e0b14a6d5037948d48" candidate_uuid: "d42da5317366430c85622e563c8aec27" candidate_term: 1 candidate_status { last_received { term: 0 index: 0 } } ignore_live_leader: false dest_uuid: "53f417e88f55479ab00b9b04dc60dfb3"
I20260601 13:43:42.842394 13249 raft_consensus.cc:3060] T 76ef99631d7443e0b14a6d5037948d48 P bd8256581bf846f88e33d5977800a8b7 [term 0 FOLLOWER]: Advancing to term 1
I20260601 13:43:42.842402 13324 raft_consensus.cc:3060] T 76ef99631d7443e0b14a6d5037948d48 P 53f417e88f55479ab00b9b04dc60dfb3 [term 0 FOLLOWER]: Advancing to term 1
I20260601 13:43:42.843256 13249 raft_consensus.cc:2468] T 76ef99631d7443e0b14a6d5037948d48 P bd8256581bf846f88e33d5977800a8b7 [term 1 FOLLOWER]: Leader election vote request: Granting yes vote for candidate d42da5317366430c85622e563c8aec27 in term 1.
I20260601 13:43:42.843307 13324 raft_consensus.cc:2468] T 76ef99631d7443e0b14a6d5037948d48 P 53f417e88f55479ab00b9b04dc60dfb3 [term 1 FOLLOWER]: Leader election vote request: Granting yes vote for candidate d42da5317366430c85622e563c8aec27 in term 1.
I20260601 13:43:42.843652 13136 leader_election.cc:304] T 76ef99631d7443e0b14a6d5037948d48 P d42da5317366430c85622e563c8aec27 [CANDIDATE]: Term 1 election: Election decided. Result: candidate won. Election summary: received 2 responses out of 3 voters: 2 yes votes; 0 no votes. yes voters: 53f417e88f55479ab00b9b04dc60dfb3, d42da5317366430c85622e563c8aec27; no voters: 
I20260601 13:43:42.843815 13420 raft_consensus.cc:2804] T 76ef99631d7443e0b14a6d5037948d48 P d42da5317366430c85622e563c8aec27 [term 1 FOLLOWER]: Leader election won for term 1
I20260601 13:43:42.843904 13420 raft_consensus.cc:697] T 76ef99631d7443e0b14a6d5037948d48 P d42da5317366430c85622e563c8aec27 [term 1 LEADER]: Becoming Leader. State: Replica: d42da5317366430c85622e563c8aec27, State: Running, Role: LEADER
I20260601 13:43:42.844053 13420 consensus_queue.cc:237] T 76ef99631d7443e0b14a6d5037948d48 P d42da5317366430c85622e563c8aec27 [LEADER]: Queue going to LEADER mode. State: All replicated index: 0, Majority replicated index: 0, Committed index: 0, Last appended: 0.0, Last appended by leader: 0, Current term: 1, Majority size: 2, State: 0, Mode: LEADER, active raft config: opid_index: -1 OBSOLETE_local: false peers { permanent_uuid: "d42da5317366430c85622e563c8aec27" member_type: VOTER last_known_addr { host: "127.8.109.129" port: 46479 } } peers { permanent_uuid: "53f417e88f55479ab00b9b04dc60dfb3" member_type: VOTER last_known_addr { host: "127.8.109.131" port: 36847 } } peers { permanent_uuid: "bd8256581bf846f88e33d5977800a8b7" member_type: VOTER last_known_addr { host: "127.8.109.130" port: 39859 } }
I20260601 13:43:42.846081 13068 catalog_manager.cc:5696] T 76ef99631d7443e0b14a6d5037948d48 P d42da5317366430c85622e563c8aec27 reported cstate change: term changed from 0 to 1, leader changed from <none> to d42da5317366430c85622e563c8aec27 (127.8.109.129). New cstate: current_term: 1 leader_uuid: "d42da5317366430c85622e563c8aec27" committed_config { opid_index: -1 OBSOLETE_local: false peers { permanent_uuid: "d42da5317366430c85622e563c8aec27" member_type: VOTER last_known_addr { host: "127.8.109.129" port: 46479 } health_report { overall_health: HEALTHY } } peers { permanent_uuid: "53f417e88f55479ab00b9b04dc60dfb3" member_type: VOTER last_known_addr { host: "127.8.109.131" port: 36847 } health_report { overall_health: UNKNOWN } } peers { permanent_uuid: "bd8256581bf846f88e33d5977800a8b7" member_type: VOTER last_known_addr { host: "127.8.109.130" port: 39859 } health_report { overall_health: UNKNOWN } } }
I20260601 13:43:42.892083 13379 raft_consensus.cc:493] T 030805e4750543539e4f575be46a8f5e P 53f417e88f55479ab00b9b04dc60dfb3 [term 0 FOLLOWER]: Starting pre-election (no leader contacted us within the election timeout)
I20260601 13:43:42.892313 13379 raft_consensus.cc:515] T 030805e4750543539e4f575be46a8f5e P 53f417e88f55479ab00b9b04dc60dfb3 [term 0 FOLLOWER]: Starting pre-election with config: opid_index: -1 OBSOLETE_local: false peers { permanent_uuid: "d42da5317366430c85622e563c8aec27" member_type: VOTER last_known_addr { host: "127.8.109.129" port: 46479 } } peers { permanent_uuid: "bd8256581bf846f88e33d5977800a8b7" member_type: VOTER last_known_addr { host: "127.8.109.130" port: 39859 } } peers { permanent_uuid: "53f417e88f55479ab00b9b04dc60dfb3" member_type: VOTER last_known_addr { host: "127.8.109.131" port: 36847 } }
I20260601 13:43:42.893162 13379 leader_election.cc:290] T 030805e4750543539e4f575be46a8f5e P 53f417e88f55479ab00b9b04dc60dfb3 [CANDIDATE]: Term 1 pre-election: Requested pre-vote from peers d42da5317366430c85622e563c8aec27 (127.8.109.129:46479), bd8256581bf846f88e33d5977800a8b7 (127.8.109.130:39859)
I20260601 13:43:42.897367 13173 tablet_service.cc:1917] Received RequestConsensusVote() RPC: tablet_id: "030805e4750543539e4f575be46a8f5e" candidate_uuid: "53f417e88f55479ab00b9b04dc60dfb3" candidate_term: 1 candidate_status { last_received { term: 0 index: 0 } } ignore_live_leader: false dest_uuid: "d42da5317366430c85622e563c8aec27" is_pre_election: true
I20260601 13:43:42.897367 13249 tablet_service.cc:1917] Received RequestConsensusVote() RPC: tablet_id: "030805e4750543539e4f575be46a8f5e" candidate_uuid: "53f417e88f55479ab00b9b04dc60dfb3" candidate_term: 1 candidate_status { last_received { term: 0 index: 0 } } ignore_live_leader: false dest_uuid: "bd8256581bf846f88e33d5977800a8b7" is_pre_election: true
I20260601 13:43:42.897617 13173 raft_consensus.cc:2468] T 030805e4750543539e4f575be46a8f5e P d42da5317366430c85622e563c8aec27 [term 0 FOLLOWER]: Leader pre-election vote request: Granting yes vote for candidate 53f417e88f55479ab00b9b04dc60dfb3 in term 0.
I20260601 13:43:42.897727 13249 raft_consensus.cc:2468] T 030805e4750543539e4f575be46a8f5e P bd8256581bf846f88e33d5977800a8b7 [term 0 FOLLOWER]: Leader pre-election vote request: Granting yes vote for candidate 53f417e88f55479ab00b9b04dc60dfb3 in term 0.
I20260601 13:43:42.898025 13290 leader_election.cc:304] T 030805e4750543539e4f575be46a8f5e P 53f417e88f55479ab00b9b04dc60dfb3 [CANDIDATE]: Term 1 pre-election: Election decided. Result: candidate won. Election summary: received 2 responses out of 3 voters: 2 yes votes; 0 no votes. yes voters: 53f417e88f55479ab00b9b04dc60dfb3, d42da5317366430c85622e563c8aec27; no voters: 
I20260601 13:43:42.898351 13379 raft_consensus.cc:2804] T 030805e4750543539e4f575be46a8f5e P 53f417e88f55479ab00b9b04dc60dfb3 [term 0 FOLLOWER]: Leader pre-election won for term 1
I20260601 13:43:42.898409 13379 raft_consensus.cc:493] T 030805e4750543539e4f575be46a8f5e P 53f417e88f55479ab00b9b04dc60dfb3 [term 0 FOLLOWER]: Starting leader election (no leader contacted us within the election timeout)
I20260601 13:43:42.898437 13379 raft_consensus.cc:3060] T 030805e4750543539e4f575be46a8f5e P 53f417e88f55479ab00b9b04dc60dfb3 [term 0 FOLLOWER]: Advancing to term 1
I20260601 13:43:42.899385 13379 raft_consensus.cc:515] T 030805e4750543539e4f575be46a8f5e P 53f417e88f55479ab00b9b04dc60dfb3 [term 1 FOLLOWER]: Starting leader election with config: opid_index: -1 OBSOLETE_local: false peers { permanent_uuid: "d42da5317366430c85622e563c8aec27" member_type: VOTER last_known_addr { host: "127.8.109.129" port: 46479 } } peers { permanent_uuid: "bd8256581bf846f88e33d5977800a8b7" member_type: VOTER last_known_addr { host: "127.8.109.130" port: 39859 } } peers { permanent_uuid: "53f417e88f55479ab00b9b04dc60dfb3" member_type: VOTER last_known_addr { host: "127.8.109.131" port: 36847 } }
I20260601 13:43:42.899914 13379 leader_election.cc:290] T 030805e4750543539e4f575be46a8f5e P 53f417e88f55479ab00b9b04dc60dfb3 [CANDIDATE]: Term 1 election: Requested vote from peers d42da5317366430c85622e563c8aec27 (127.8.109.129:46479), bd8256581bf846f88e33d5977800a8b7 (127.8.109.130:39859)
I20260601 13:43:42.900532 13173 tablet_service.cc:1917] Received RequestConsensusVote() RPC: tablet_id: "030805e4750543539e4f575be46a8f5e" candidate_uuid: "53f417e88f55479ab00b9b04dc60dfb3" candidate_term: 1 candidate_status { last_received { term: 0 index: 0 } } ignore_live_leader: false dest_uuid: "d42da5317366430c85622e563c8aec27"
I20260601 13:43:42.900683 13173 raft_consensus.cc:3060] T 030805e4750543539e4f575be46a8f5e P d42da5317366430c85622e563c8aec27 [term 0 FOLLOWER]: Advancing to term 1
I20260601 13:43:42.901894 13173 raft_consensus.cc:2468] T 030805e4750543539e4f575be46a8f5e P d42da5317366430c85622e563c8aec27 [term 1 FOLLOWER]: Leader election vote request: Granting yes vote for candidate 53f417e88f55479ab00b9b04dc60dfb3 in term 1.
I20260601 13:43:42.902205 13249 tablet_service.cc:1917] Received RequestConsensusVote() RPC: tablet_id: "030805e4750543539e4f575be46a8f5e" candidate_uuid: "53f417e88f55479ab00b9b04dc60dfb3" candidate_term: 1 candidate_status { last_received { term: 0 index: 0 } } ignore_live_leader: false dest_uuid: "bd8256581bf846f88e33d5977800a8b7"
I20260601 13:43:42.902280 13290 leader_election.cc:304] T 030805e4750543539e4f575be46a8f5e P 53f417e88f55479ab00b9b04dc60dfb3 [CANDIDATE]: Term 1 election: Election decided. Result: candidate won. Election summary: received 2 responses out of 3 voters: 2 yes votes; 0 no votes. yes voters: 53f417e88f55479ab00b9b04dc60dfb3, d42da5317366430c85622e563c8aec27; no voters: 
I20260601 13:43:42.902336 13249 raft_consensus.cc:3060] T 030805e4750543539e4f575be46a8f5e P bd8256581bf846f88e33d5977800a8b7 [term 0 FOLLOWER]: Advancing to term 1
I20260601 13:43:42.902482 13379 raft_consensus.cc:2804] T 030805e4750543539e4f575be46a8f5e P 53f417e88f55479ab00b9b04dc60dfb3 [term 1 FOLLOWER]: Leader election won for term 1
I20260601 13:43:42.902755 13379 raft_consensus.cc:697] T 030805e4750543539e4f575be46a8f5e P 53f417e88f55479ab00b9b04dc60dfb3 [term 1 LEADER]: Becoming Leader. State: Replica: 53f417e88f55479ab00b9b04dc60dfb3, State: Running, Role: LEADER
I20260601 13:43:42.902925 13379 consensus_queue.cc:237] T 030805e4750543539e4f575be46a8f5e P 53f417e88f55479ab00b9b04dc60dfb3 [LEADER]: Queue going to LEADER mode. State: All replicated index: 0, Majority replicated index: 0, Committed index: 0, Last appended: 0.0, Last appended by leader: 0, Current term: 1, Majority size: 2, State: 0, Mode: LEADER, active raft config: opid_index: -1 OBSOLETE_local: false peers { permanent_uuid: "d42da5317366430c85622e563c8aec27" member_type: VOTER last_known_addr { host: "127.8.109.129" port: 46479 } } peers { permanent_uuid: "bd8256581bf846f88e33d5977800a8b7" member_type: VOTER last_known_addr { host: "127.8.109.130" port: 39859 } } peers { permanent_uuid: "53f417e88f55479ab00b9b04dc60dfb3" member_type: VOTER last_known_addr { host: "127.8.109.131" port: 36847 } }
I20260601 13:43:42.903388 13249 raft_consensus.cc:2468] T 030805e4750543539e4f575be46a8f5e P bd8256581bf846f88e33d5977800a8b7 [term 1 FOLLOWER]: Leader election vote request: Granting yes vote for candidate 53f417e88f55479ab00b9b04dc60dfb3 in term 1.
I20260601 13:43:42.904873 13068 catalog_manager.cc:5696] T 030805e4750543539e4f575be46a8f5e P 53f417e88f55479ab00b9b04dc60dfb3 reported cstate change: term changed from 0 to 1, leader changed from <none> to 53f417e88f55479ab00b9b04dc60dfb3 (127.8.109.131). New cstate: current_term: 1 leader_uuid: "53f417e88f55479ab00b9b04dc60dfb3" committed_config { opid_index: -1 OBSOLETE_local: false peers { permanent_uuid: "d42da5317366430c85622e563c8aec27" member_type: VOTER last_known_addr { host: "127.8.109.129" port: 46479 } health_report { overall_health: UNKNOWN } } peers { permanent_uuid: "bd8256581bf846f88e33d5977800a8b7" member_type: VOTER last_known_addr { host: "127.8.109.130" port: 39859 } health_report { overall_health: UNKNOWN } } peers { permanent_uuid: "53f417e88f55479ab00b9b04dc60dfb3" member_type: VOTER last_known_addr { host: "127.8.109.131" port: 36847 } health_report { overall_health: HEALTHY } } }
I20260601 13:43:42.905483 13379 raft_consensus.cc:493] T 568bba1a3c9041408f5a264d2e01bb8e P 53f417e88f55479ab00b9b04dc60dfb3 [term 0 FOLLOWER]: Starting pre-election (no leader contacted us within the election timeout)
I20260601 13:43:42.905606 13379 raft_consensus.cc:515] T 568bba1a3c9041408f5a264d2e01bb8e P 53f417e88f55479ab00b9b04dc60dfb3 [term 0 FOLLOWER]: Starting pre-election with config: opid_index: -1 OBSOLETE_local: false peers { permanent_uuid: "d42da5317366430c85622e563c8aec27" member_type: VOTER last_known_addr { host: "127.8.109.129" port: 46479 } } peers { permanent_uuid: "bd8256581bf846f88e33d5977800a8b7" member_type: VOTER last_known_addr { host: "127.8.109.130" port: 39859 } } peers { permanent_uuid: "53f417e88f55479ab00b9b04dc60dfb3" member_type: VOTER last_known_addr { host: "127.8.109.131" port: 36847 } }
I20260601 13:43:42.906021 13379 leader_election.cc:290] T 568bba1a3c9041408f5a264d2e01bb8e P 53f417e88f55479ab00b9b04dc60dfb3 [CANDIDATE]: Term 1 pre-election: Requested pre-vote from peers d42da5317366430c85622e563c8aec27 (127.8.109.129:46479), bd8256581bf846f88e33d5977800a8b7 (127.8.109.130:39859)
I20260601 13:43:42.906402 13173 tablet_service.cc:1917] Received RequestConsensusVote() RPC: tablet_id: "568bba1a3c9041408f5a264d2e01bb8e" candidate_uuid: "53f417e88f55479ab00b9b04dc60dfb3" candidate_term: 1 candidate_status { last_received { term: 0 index: 0 } } ignore_live_leader: false dest_uuid: "d42da5317366430c85622e563c8aec27" is_pre_election: true
I20260601 13:43:42.906402 13249 tablet_service.cc:1917] Received RequestConsensusVote() RPC: tablet_id: "568bba1a3c9041408f5a264d2e01bb8e" candidate_uuid: "53f417e88f55479ab00b9b04dc60dfb3" candidate_term: 1 candidate_status { last_received { term: 0 index: 0 } } ignore_live_leader: false dest_uuid: "bd8256581bf846f88e33d5977800a8b7" is_pre_election: true
I20260601 13:43:42.906575 13173 raft_consensus.cc:2468] T 568bba1a3c9041408f5a264d2e01bb8e P d42da5317366430c85622e563c8aec27 [term 0 FOLLOWER]: Leader pre-election vote request: Granting yes vote for candidate 53f417e88f55479ab00b9b04dc60dfb3 in term 0.
I20260601 13:43:42.906585 13249 raft_consensus.cc:2468] T 568bba1a3c9041408f5a264d2e01bb8e P bd8256581bf846f88e33d5977800a8b7 [term 0 FOLLOWER]: Leader pre-election vote request: Granting yes vote for candidate 53f417e88f55479ab00b9b04dc60dfb3 in term 0.
I20260601 13:43:42.906996 13287 leader_election.cc:304] T 568bba1a3c9041408f5a264d2e01bb8e P 53f417e88f55479ab00b9b04dc60dfb3 [CANDIDATE]: Term 1 pre-election: Election decided. Result: candidate won. Election summary: received 2 responses out of 3 voters: 2 yes votes; 0 no votes. yes voters: 53f417e88f55479ab00b9b04dc60dfb3, bd8256581bf846f88e33d5977800a8b7; no voters: 
I20260601 13:43:42.907270 13379 raft_consensus.cc:2804] T 568bba1a3c9041408f5a264d2e01bb8e P 53f417e88f55479ab00b9b04dc60dfb3 [term 0 FOLLOWER]: Leader pre-election won for term 1
I20260601 13:43:42.907342 13379 raft_consensus.cc:493] T 568bba1a3c9041408f5a264d2e01bb8e P 53f417e88f55479ab00b9b04dc60dfb3 [term 0 FOLLOWER]: Starting leader election (no leader contacted us within the election timeout)
I20260601 13:43:42.907400 13379 raft_consensus.cc:3060] T 568bba1a3c9041408f5a264d2e01bb8e P 53f417e88f55479ab00b9b04dc60dfb3 [term 0 FOLLOWER]: Advancing to term 1
I20260601 13:43:42.908594 13379 raft_consensus.cc:515] T 568bba1a3c9041408f5a264d2e01bb8e P 53f417e88f55479ab00b9b04dc60dfb3 [term 1 FOLLOWER]: Starting leader election with config: opid_index: -1 OBSOLETE_local: false peers { permanent_uuid: "d42da5317366430c85622e563c8aec27" member_type: VOTER last_known_addr { host: "127.8.109.129" port: 46479 } } peers { permanent_uuid: "bd8256581bf846f88e33d5977800a8b7" member_type: VOTER last_known_addr { host: "127.8.109.130" port: 39859 } } peers { permanent_uuid: "53f417e88f55479ab00b9b04dc60dfb3" member_type: VOTER last_known_addr { host: "127.8.109.131" port: 36847 } }
I20260601 13:43:42.909042 13379 leader_election.cc:290] T 568bba1a3c9041408f5a264d2e01bb8e P 53f417e88f55479ab00b9b04dc60dfb3 [CANDIDATE]: Term 1 election: Requested vote from peers d42da5317366430c85622e563c8aec27 (127.8.109.129:46479), bd8256581bf846f88e33d5977800a8b7 (127.8.109.130:39859)
I20260601 13:43:42.909467 13173 tablet_service.cc:1917] Received RequestConsensusVote() RPC: tablet_id: "568bba1a3c9041408f5a264d2e01bb8e" candidate_uuid: "53f417e88f55479ab00b9b04dc60dfb3" candidate_term: 1 candidate_status { last_received { term: 0 index: 0 } } ignore_live_leader: false dest_uuid: "d42da5317366430c85622e563c8aec27"
I20260601 13:43:42.909533 13249 tablet_service.cc:1917] Received RequestConsensusVote() RPC: tablet_id: "568bba1a3c9041408f5a264d2e01bb8e" candidate_uuid: "53f417e88f55479ab00b9b04dc60dfb3" candidate_term: 1 candidate_status { last_received { term: 0 index: 0 } } ignore_live_leader: false dest_uuid: "bd8256581bf846f88e33d5977800a8b7"
I20260601 13:43:42.909616 13173 raft_consensus.cc:3060] T 568bba1a3c9041408f5a264d2e01bb8e P d42da5317366430c85622e563c8aec27 [term 0 FOLLOWER]: Advancing to term 1
I20260601 13:43:42.909678 13249 raft_consensus.cc:3060] T 568bba1a3c9041408f5a264d2e01bb8e P bd8256581bf846f88e33d5977800a8b7 [term 0 FOLLOWER]: Advancing to term 1
I20260601 13:43:42.910907 13173 raft_consensus.cc:2468] T 568bba1a3c9041408f5a264d2e01bb8e P d42da5317366430c85622e563c8aec27 [term 1 FOLLOWER]: Leader election vote request: Granting yes vote for candidate 53f417e88f55479ab00b9b04dc60dfb3 in term 1.
I20260601 13:43:42.910935 13249 raft_consensus.cc:2468] T 568bba1a3c9041408f5a264d2e01bb8e P bd8256581bf846f88e33d5977800a8b7 [term 1 FOLLOWER]: Leader election vote request: Granting yes vote for candidate 53f417e88f55479ab00b9b04dc60dfb3 in term 1.
I20260601 13:43:42.911260 13290 leader_election.cc:304] T 568bba1a3c9041408f5a264d2e01bb8e P 53f417e88f55479ab00b9b04dc60dfb3 [CANDIDATE]: Term 1 election: Election decided. Result: candidate won. Election summary: received 2 responses out of 3 voters: 2 yes votes; 0 no votes. yes voters: 53f417e88f55479ab00b9b04dc60dfb3, d42da5317366430c85622e563c8aec27; no voters: 
I20260601 13:43:42.911538 13379 raft_consensus.cc:2804] T 568bba1a3c9041408f5a264d2e01bb8e P 53f417e88f55479ab00b9b04dc60dfb3 [term 1 FOLLOWER]: Leader election won for term 1
I20260601 13:43:42.911685 13379 raft_consensus.cc:697] T 568bba1a3c9041408f5a264d2e01bb8e P 53f417e88f55479ab00b9b04dc60dfb3 [term 1 LEADER]: Becoming Leader. State: Replica: 53f417e88f55479ab00b9b04dc60dfb3, State: Running, Role: LEADER
I20260601 13:43:42.911872 13379 consensus_queue.cc:237] T 568bba1a3c9041408f5a264d2e01bb8e P 53f417e88f55479ab00b9b04dc60dfb3 [LEADER]: Queue going to LEADER mode. State: All replicated index: 0, Majority replicated index: 0, Committed index: 0, Last appended: 0.0, Last appended by leader: 0, Current term: 1, Majority size: 2, State: 0, Mode: LEADER, active raft config: opid_index: -1 OBSOLETE_local: false peers { permanent_uuid: "d42da5317366430c85622e563c8aec27" member_type: VOTER last_known_addr { host: "127.8.109.129" port: 46479 } } peers { permanent_uuid: "bd8256581bf846f88e33d5977800a8b7" member_type: VOTER last_known_addr { host: "127.8.109.130" port: 39859 } } peers { permanent_uuid: "53f417e88f55479ab00b9b04dc60dfb3" member_type: VOTER last_known_addr { host: "127.8.109.131" port: 36847 } }
I20260601 13:43:42.913852 13068 catalog_manager.cc:5696] T 568bba1a3c9041408f5a264d2e01bb8e P 53f417e88f55479ab00b9b04dc60dfb3 reported cstate change: term changed from 0 to 1, leader changed from <none> to 53f417e88f55479ab00b9b04dc60dfb3 (127.8.109.131). New cstate: current_term: 1 leader_uuid: "53f417e88f55479ab00b9b04dc60dfb3" committed_config { opid_index: -1 OBSOLETE_local: false peers { permanent_uuid: "d42da5317366430c85622e563c8aec27" member_type: VOTER last_known_addr { host: "127.8.109.129" port: 46479 } health_report { overall_health: UNKNOWN } } peers { permanent_uuid: "bd8256581bf846f88e33d5977800a8b7" member_type: VOTER last_known_addr { host: "127.8.109.130" port: 39859 } health_report { overall_health: UNKNOWN } } peers { permanent_uuid: "53f417e88f55479ab00b9b04dc60dfb3" member_type: VOTER last_known_addr { host: "127.8.109.131" port: 36847 } health_report { overall_health: HEALTHY } } }
I20260601 13:43:42.963814 13379 raft_consensus.cc:493] T b3c63472d1b642faa3da27330e8204b0 P 53f417e88f55479ab00b9b04dc60dfb3 [term 0 FOLLOWER]: Starting pre-election (no leader contacted us within the election timeout)
I20260601 13:43:42.963999 13379 raft_consensus.cc:515] T b3c63472d1b642faa3da27330e8204b0 P 53f417e88f55479ab00b9b04dc60dfb3 [term 0 FOLLOWER]: Starting pre-election with config: opid_index: -1 OBSOLETE_local: false peers { permanent_uuid: "d42da5317366430c85622e563c8aec27" member_type: VOTER last_known_addr { host: "127.8.109.129" port: 46479 } } peers { permanent_uuid: "bd8256581bf846f88e33d5977800a8b7" member_type: VOTER last_known_addr { host: "127.8.109.130" port: 39859 } } peers { permanent_uuid: "53f417e88f55479ab00b9b04dc60dfb3" member_type: VOTER last_known_addr { host: "127.8.109.131" port: 36847 } }
I20260601 13:43:42.964515 13379 leader_election.cc:290] T b3c63472d1b642faa3da27330e8204b0 P 53f417e88f55479ab00b9b04dc60dfb3 [CANDIDATE]: Term 1 pre-election: Requested pre-vote from peers d42da5317366430c85622e563c8aec27 (127.8.109.129:46479), bd8256581bf846f88e33d5977800a8b7 (127.8.109.130:39859)
I20260601 13:43:42.965059 13249 tablet_service.cc:1917] Received RequestConsensusVote() RPC: tablet_id: "b3c63472d1b642faa3da27330e8204b0" candidate_uuid: "53f417e88f55479ab00b9b04dc60dfb3" candidate_term: 1 candidate_status { last_received { term: 0 index: 0 } } ignore_live_leader: false dest_uuid: "bd8256581bf846f88e33d5977800a8b7" is_pre_election: true
I20260601 13:43:42.965212 13249 raft_consensus.cc:2468] T b3c63472d1b642faa3da27330e8204b0 P bd8256581bf846f88e33d5977800a8b7 [term 0 FOLLOWER]: Leader pre-election vote request: Granting yes vote for candidate 53f417e88f55479ab00b9b04dc60dfb3 in term 0.
I20260601 13:43:42.965298 13173 tablet_service.cc:1917] Received RequestConsensusVote() RPC: tablet_id: "b3c63472d1b642faa3da27330e8204b0" candidate_uuid: "53f417e88f55479ab00b9b04dc60dfb3" candidate_term: 1 candidate_status { last_received { term: 0 index: 0 } } ignore_live_leader: false dest_uuid: "d42da5317366430c85622e563c8aec27" is_pre_election: true
I20260601 13:43:42.965569 13173 raft_consensus.cc:2468] T b3c63472d1b642faa3da27330e8204b0 P d42da5317366430c85622e563c8aec27 [term 0 FOLLOWER]: Leader pre-election vote request: Granting yes vote for candidate 53f417e88f55479ab00b9b04dc60dfb3 in term 0.
I20260601 13:43:42.965595 13287 leader_election.cc:304] T b3c63472d1b642faa3da27330e8204b0 P 53f417e88f55479ab00b9b04dc60dfb3 [CANDIDATE]: Term 1 pre-election: Election decided. Result: candidate won. Election summary: received 2 responses out of 3 voters: 2 yes votes; 0 no votes. yes voters: 53f417e88f55479ab00b9b04dc60dfb3, bd8256581bf846f88e33d5977800a8b7; no voters: 
I20260601 13:43:42.965807 13379 raft_consensus.cc:2804] T b3c63472d1b642faa3da27330e8204b0 P 53f417e88f55479ab00b9b04dc60dfb3 [term 0 FOLLOWER]: Leader pre-election won for term 1
I20260601 13:43:42.965894 13379 raft_consensus.cc:493] T b3c63472d1b642faa3da27330e8204b0 P 53f417e88f55479ab00b9b04dc60dfb3 [term 0 FOLLOWER]: Starting leader election (no leader contacted us within the election timeout)
I20260601 13:43:42.965950 13379 raft_consensus.cc:3060] T b3c63472d1b642faa3da27330e8204b0 P 53f417e88f55479ab00b9b04dc60dfb3 [term 0 FOLLOWER]: Advancing to term 1
I20260601 13:43:42.966809 13379 raft_consensus.cc:515] T b3c63472d1b642faa3da27330e8204b0 P 53f417e88f55479ab00b9b04dc60dfb3 [term 1 FOLLOWER]: Starting leader election with config: opid_index: -1 OBSOLETE_local: false peers { permanent_uuid: "d42da5317366430c85622e563c8aec27" member_type: VOTER last_known_addr { host: "127.8.109.129" port: 46479 } } peers { permanent_uuid: "bd8256581bf846f88e33d5977800a8b7" member_type: VOTER last_known_addr { host: "127.8.109.130" port: 39859 } } peers { permanent_uuid: "53f417e88f55479ab00b9b04dc60dfb3" member_type: VOTER last_known_addr { host: "127.8.109.131" port: 36847 } }
I20260601 13:43:42.967224 13379 leader_election.cc:290] T b3c63472d1b642faa3da27330e8204b0 P 53f417e88f55479ab00b9b04dc60dfb3 [CANDIDATE]: Term 1 election: Requested vote from peers d42da5317366430c85622e563c8aec27 (127.8.109.129:46479), bd8256581bf846f88e33d5977800a8b7 (127.8.109.130:39859)
I20260601 13:43:42.967707 13249 tablet_service.cc:1917] Received RequestConsensusVote() RPC: tablet_id: "b3c63472d1b642faa3da27330e8204b0" candidate_uuid: "53f417e88f55479ab00b9b04dc60dfb3" candidate_term: 1 candidate_status { last_received { term: 0 index: 0 } } ignore_live_leader: false dest_uuid: "bd8256581bf846f88e33d5977800a8b7"
I20260601 13:43:42.967814 13249 raft_consensus.cc:3060] T b3c63472d1b642faa3da27330e8204b0 P bd8256581bf846f88e33d5977800a8b7 [term 0 FOLLOWER]: Advancing to term 1
I20260601 13:43:42.967746 13173 tablet_service.cc:1917] Received RequestConsensusVote() RPC: tablet_id: "b3c63472d1b642faa3da27330e8204b0" candidate_uuid: "53f417e88f55479ab00b9b04dc60dfb3" candidate_term: 1 candidate_status { last_received { term: 0 index: 0 } } ignore_live_leader: false dest_uuid: "d42da5317366430c85622e563c8aec27"
I20260601 13:43:42.967993 13173 raft_consensus.cc:3060] T b3c63472d1b642faa3da27330e8204b0 P d42da5317366430c85622e563c8aec27 [term 0 FOLLOWER]: Advancing to term 1
I20260601 13:43:42.968672 13249 raft_consensus.cc:2468] T b3c63472d1b642faa3da27330e8204b0 P bd8256581bf846f88e33d5977800a8b7 [term 1 FOLLOWER]: Leader election vote request: Granting yes vote for candidate 53f417e88f55479ab00b9b04dc60dfb3 in term 1.
I20260601 13:43:42.968971 13287 leader_election.cc:304] T b3c63472d1b642faa3da27330e8204b0 P 53f417e88f55479ab00b9b04dc60dfb3 [CANDIDATE]: Term 1 election: Election decided. Result: candidate won. Election summary: received 2 responses out of 3 voters: 2 yes votes; 0 no votes. yes voters: 53f417e88f55479ab00b9b04dc60dfb3, bd8256581bf846f88e33d5977800a8b7; no voters: 
I20260601 13:43:42.969099 13173 raft_consensus.cc:2468] T b3c63472d1b642faa3da27330e8204b0 P d42da5317366430c85622e563c8aec27 [term 1 FOLLOWER]: Leader election vote request: Granting yes vote for candidate 53f417e88f55479ab00b9b04dc60dfb3 in term 1.
I20260601 13:43:42.969177 13379 raft_consensus.cc:2804] T b3c63472d1b642faa3da27330e8204b0 P 53f417e88f55479ab00b9b04dc60dfb3 [term 1 FOLLOWER]: Leader election won for term 1
I20260601 13:43:42.969316 13379 raft_consensus.cc:697] T b3c63472d1b642faa3da27330e8204b0 P 53f417e88f55479ab00b9b04dc60dfb3 [term 1 LEADER]: Becoming Leader. State: Replica: 53f417e88f55479ab00b9b04dc60dfb3, State: Running, Role: LEADER
I20260601 13:43:42.969517 13379 consensus_queue.cc:237] T b3c63472d1b642faa3da27330e8204b0 P 53f417e88f55479ab00b9b04dc60dfb3 [LEADER]: Queue going to LEADER mode. State: All replicated index: 0, Majority replicated index: 0, Committed index: 0, Last appended: 0.0, Last appended by leader: 0, Current term: 1, Majority size: 2, State: 0, Mode: LEADER, active raft config: opid_index: -1 OBSOLETE_local: false peers { permanent_uuid: "d42da5317366430c85622e563c8aec27" member_type: VOTER last_known_addr { host: "127.8.109.129" port: 46479 } } peers { permanent_uuid: "bd8256581bf846f88e33d5977800a8b7" member_type: VOTER last_known_addr { host: "127.8.109.130" port: 39859 } } peers { permanent_uuid: "53f417e88f55479ab00b9b04dc60dfb3" member_type: VOTER last_known_addr { host: "127.8.109.131" port: 36847 } }
I20260601 13:43:42.971838 13068 catalog_manager.cc:5696] T b3c63472d1b642faa3da27330e8204b0 P 53f417e88f55479ab00b9b04dc60dfb3 reported cstate change: term changed from 0 to 1, leader changed from <none> to 53f417e88f55479ab00b9b04dc60dfb3 (127.8.109.131). New cstate: current_term: 1 leader_uuid: "53f417e88f55479ab00b9b04dc60dfb3" committed_config { opid_index: -1 OBSOLETE_local: false peers { permanent_uuid: "d42da5317366430c85622e563c8aec27" member_type: VOTER last_known_addr { host: "127.8.109.129" port: 46479 } health_report { overall_health: UNKNOWN } } peers { permanent_uuid: "bd8256581bf846f88e33d5977800a8b7" member_type: VOTER last_known_addr { host: "127.8.109.130" port: 39859 } health_report { overall_health: UNKNOWN } } peers { permanent_uuid: "53f417e88f55479ab00b9b04dc60dfb3" member_type: VOTER last_known_addr { host: "127.8.109.131" port: 36847 } health_report { overall_health: HEALTHY } } }
I20260601 13:43:42.976114 13398 raft_consensus.cc:493] T b17cceb2ae4346ec8752210dfbc04364 P bd8256581bf846f88e33d5977800a8b7 [term 0 FOLLOWER]: Starting pre-election (no leader contacted us within the election timeout)
I20260601 13:43:42.976306 13398 raft_consensus.cc:515] T b17cceb2ae4346ec8752210dfbc04364 P bd8256581bf846f88e33d5977800a8b7 [term 0 FOLLOWER]: Starting pre-election with config: opid_index: -1 OBSOLETE_local: false peers { permanent_uuid: "d42da5317366430c85622e563c8aec27" member_type: VOTER last_known_addr { host: "127.8.109.129" port: 46479 } } peers { permanent_uuid: "bd8256581bf846f88e33d5977800a8b7" member_type: VOTER last_known_addr { host: "127.8.109.130" port: 39859 } } peers { permanent_uuid: "53f417e88f55479ab00b9b04dc60dfb3" member_type: VOTER last_known_addr { host: "127.8.109.131" port: 36847 } }
I20260601 13:43:42.976837 13398 leader_election.cc:290] T b17cceb2ae4346ec8752210dfbc04364 P bd8256581bf846f88e33d5977800a8b7 [CANDIDATE]: Term 1 pre-election: Requested pre-vote from peers d42da5317366430c85622e563c8aec27 (127.8.109.129:46479), 53f417e88f55479ab00b9b04dc60dfb3 (127.8.109.131:36847)
I20260601 13:43:42.977267 13173 tablet_service.cc:1917] Received RequestConsensusVote() RPC: tablet_id: "b17cceb2ae4346ec8752210dfbc04364" candidate_uuid: "bd8256581bf846f88e33d5977800a8b7" candidate_term: 1 candidate_status { last_received { term: 0 index: 0 } } ignore_live_leader: false dest_uuid: "d42da5317366430c85622e563c8aec27" is_pre_election: true
I20260601 13:43:42.977316 13324 tablet_service.cc:1917] Received RequestConsensusVote() RPC: tablet_id: "b17cceb2ae4346ec8752210dfbc04364" candidate_uuid: "bd8256581bf846f88e33d5977800a8b7" candidate_term: 1 candidate_status { last_received { term: 0 index: 0 } } ignore_live_leader: false dest_uuid: "53f417e88f55479ab00b9b04dc60dfb3" is_pre_election: true
I20260601 13:43:42.977391 13173 raft_consensus.cc:2468] T b17cceb2ae4346ec8752210dfbc04364 P d42da5317366430c85622e563c8aec27 [term 0 FOLLOWER]: Leader pre-election vote request: Granting yes vote for candidate bd8256581bf846f88e33d5977800a8b7 in term 0.
I20260601 13:43:42.977562 13324 raft_consensus.cc:2468] T b17cceb2ae4346ec8752210dfbc04364 P 53f417e88f55479ab00b9b04dc60dfb3 [term 0 FOLLOWER]: Leader pre-election vote request: Granting yes vote for candidate bd8256581bf846f88e33d5977800a8b7 in term 0.
I20260601 13:43:42.977828 13215 leader_election.cc:304] T b17cceb2ae4346ec8752210dfbc04364 P bd8256581bf846f88e33d5977800a8b7 [CANDIDATE]: Term 1 pre-election: Election decided. Result: candidate won. Election summary: received 2 responses out of 3 voters: 2 yes votes; 0 no votes. yes voters: bd8256581bf846f88e33d5977800a8b7, d42da5317366430c85622e563c8aec27; no voters: 
I20260601 13:43:42.978024 13398 raft_consensus.cc:2804] T b17cceb2ae4346ec8752210dfbc04364 P bd8256581bf846f88e33d5977800a8b7 [term 0 FOLLOWER]: Leader pre-election won for term 1
I20260601 13:43:42.978086 13398 raft_consensus.cc:493] T b17cceb2ae4346ec8752210dfbc04364 P bd8256581bf846f88e33d5977800a8b7 [term 0 FOLLOWER]: Starting leader election (no leader contacted us within the election timeout)
I20260601 13:43:42.978128 13398 raft_consensus.cc:3060] T b17cceb2ae4346ec8752210dfbc04364 P bd8256581bf846f88e33d5977800a8b7 [term 0 FOLLOWER]: Advancing to term 1
I20260601 13:43:42.979118 13398 raft_consensus.cc:515] T b17cceb2ae4346ec8752210dfbc04364 P bd8256581bf846f88e33d5977800a8b7 [term 1 FOLLOWER]: Starting leader election with config: opid_index: -1 OBSOLETE_local: false peers { permanent_uuid: "d42da5317366430c85622e563c8aec27" member_type: VOTER last_known_addr { host: "127.8.109.129" port: 46479 } } peers { permanent_uuid: "bd8256581bf846f88e33d5977800a8b7" member_type: VOTER last_known_addr { host: "127.8.109.130" port: 39859 } } peers { permanent_uuid: "53f417e88f55479ab00b9b04dc60dfb3" member_type: VOTER last_known_addr { host: "127.8.109.131" port: 36847 } }
I20260601 13:43:42.979633 13398 leader_election.cc:290] T b17cceb2ae4346ec8752210dfbc04364 P bd8256581bf846f88e33d5977800a8b7 [CANDIDATE]: Term 1 election: Requested vote from peers d42da5317366430c85622e563c8aec27 (127.8.109.129:46479), 53f417e88f55479ab00b9b04dc60dfb3 (127.8.109.131:36847)
I20260601 13:43:42.980012 13173 tablet_service.cc:1917] Received RequestConsensusVote() RPC: tablet_id: "b17cceb2ae4346ec8752210dfbc04364" candidate_uuid: "bd8256581bf846f88e33d5977800a8b7" candidate_term: 1 candidate_status { last_received { term: 0 index: 0 } } ignore_live_leader: false dest_uuid: "d42da5317366430c85622e563c8aec27"
I20260601 13:43:42.980020 13324 tablet_service.cc:1917] Received RequestConsensusVote() RPC: tablet_id: "b17cceb2ae4346ec8752210dfbc04364" candidate_uuid: "bd8256581bf846f88e33d5977800a8b7" candidate_term: 1 candidate_status { last_received { term: 0 index: 0 } } ignore_live_leader: false dest_uuid: "53f417e88f55479ab00b9b04dc60dfb3"
I20260601 13:43:42.980186 13173 raft_consensus.cc:3060] T b17cceb2ae4346ec8752210dfbc04364 P d42da5317366430c85622e563c8aec27 [term 0 FOLLOWER]: Advancing to term 1
I20260601 13:43:42.980261 13324 raft_consensus.cc:3060] T b17cceb2ae4346ec8752210dfbc04364 P 53f417e88f55479ab00b9b04dc60dfb3 [term 0 FOLLOWER]: Advancing to term 1
I20260601 13:43:42.981104 13173 raft_consensus.cc:2468] T b17cceb2ae4346ec8752210dfbc04364 P d42da5317366430c85622e563c8aec27 [term 1 FOLLOWER]: Leader election vote request: Granting yes vote for candidate bd8256581bf846f88e33d5977800a8b7 in term 1.
I20260601 13:43:42.981163 13324 raft_consensus.cc:2468] T b17cceb2ae4346ec8752210dfbc04364 P 53f417e88f55479ab00b9b04dc60dfb3 [term 1 FOLLOWER]: Leader election vote request: Granting yes vote for candidate bd8256581bf846f88e33d5977800a8b7 in term 1.
I20260601 13:43:42.981438 13215 leader_election.cc:304] T b17cceb2ae4346ec8752210dfbc04364 P bd8256581bf846f88e33d5977800a8b7 [CANDIDATE]: Term 1 election: Election decided. Result: candidate won. Election summary: received 2 responses out of 3 voters: 2 yes votes; 0 no votes. yes voters: bd8256581bf846f88e33d5977800a8b7, d42da5317366430c85622e563c8aec27; no voters: 
I20260601 13:43:42.981638 13398 raft_consensus.cc:2804] T b17cceb2ae4346ec8752210dfbc04364 P bd8256581bf846f88e33d5977800a8b7 [term 1 FOLLOWER]: Leader election won for term 1
I20260601 13:43:42.981731 13398 raft_consensus.cc:697] T b17cceb2ae4346ec8752210dfbc04364 P bd8256581bf846f88e33d5977800a8b7 [term 1 LEADER]: Becoming Leader. State: Replica: bd8256581bf846f88e33d5977800a8b7, State: Running, Role: LEADER
I20260601 13:43:42.981869 13398 consensus_queue.cc:237] T b17cceb2ae4346ec8752210dfbc04364 P bd8256581bf846f88e33d5977800a8b7 [LEADER]: Queue going to LEADER mode. State: All replicated index: 0, Majority replicated index: 0, Committed index: 0, Last appended: 0.0, Last appended by leader: 0, Current term: 1, Majority size: 2, State: 0, Mode: LEADER, active raft config: opid_index: -1 OBSOLETE_local: false peers { permanent_uuid: "d42da5317366430c85622e563c8aec27" member_type: VOTER last_known_addr { host: "127.8.109.129" port: 46479 } } peers { permanent_uuid: "bd8256581bf846f88e33d5977800a8b7" member_type: VOTER last_known_addr { host: "127.8.109.130" port: 39859 } } peers { permanent_uuid: "53f417e88f55479ab00b9b04dc60dfb3" member_type: VOTER last_known_addr { host: "127.8.109.131" port: 36847 } }
I20260601 13:43:42.983987 13068 catalog_manager.cc:5696] T b17cceb2ae4346ec8752210dfbc04364 P bd8256581bf846f88e33d5977800a8b7 reported cstate change: term changed from 0 to 1, leader changed from <none> to bd8256581bf846f88e33d5977800a8b7 (127.8.109.130). New cstate: current_term: 1 leader_uuid: "bd8256581bf846f88e33d5977800a8b7" committed_config { opid_index: -1 OBSOLETE_local: false peers { permanent_uuid: "d42da5317366430c85622e563c8aec27" member_type: VOTER last_known_addr { host: "127.8.109.129" port: 46479 } health_report { overall_health: UNKNOWN } } peers { permanent_uuid: "bd8256581bf846f88e33d5977800a8b7" member_type: VOTER last_known_addr { host: "127.8.109.130" port: 39859 } health_report { overall_health: HEALTHY } } peers { permanent_uuid: "53f417e88f55479ab00b9b04dc60dfb3" member_type: VOTER last_known_addr { host: "127.8.109.131" port: 36847 } health_report { overall_health: UNKNOWN } } }
I20260601 13:43:43.027071 13428 raft_consensus.cc:493] T ec71d3b9f3b34db2b7c8eda4fc4d39c4 P 53f417e88f55479ab00b9b04dc60dfb3 [term 0 FOLLOWER]: Starting pre-election (no leader contacted us within the election timeout)
I20260601 13:43:43.027252 13428 raft_consensus.cc:515] T ec71d3b9f3b34db2b7c8eda4fc4d39c4 P 53f417e88f55479ab00b9b04dc60dfb3 [term 0 FOLLOWER]: Starting pre-election with config: opid_index: -1 OBSOLETE_local: false peers { permanent_uuid: "d42da5317366430c85622e563c8aec27" member_type: VOTER last_known_addr { host: "127.8.109.129" port: 46479 } } peers { permanent_uuid: "bd8256581bf846f88e33d5977800a8b7" member_type: VOTER last_known_addr { host: "127.8.109.130" port: 39859 } } peers { permanent_uuid: "53f417e88f55479ab00b9b04dc60dfb3" member_type: VOTER last_known_addr { host: "127.8.109.131" port: 36847 } }
I20260601 13:43:43.027820 13428 leader_election.cc:290] T ec71d3b9f3b34db2b7c8eda4fc4d39c4 P 53f417e88f55479ab00b9b04dc60dfb3 [CANDIDATE]: Term 1 pre-election: Requested pre-vote from peers d42da5317366430c85622e563c8aec27 (127.8.109.129:46479), bd8256581bf846f88e33d5977800a8b7 (127.8.109.130:39859)
I20260601 13:43:43.028484 13173 tablet_service.cc:1917] Received RequestConsensusVote() RPC: tablet_id: "ec71d3b9f3b34db2b7c8eda4fc4d39c4" candidate_uuid: "53f417e88f55479ab00b9b04dc60dfb3" candidate_term: 1 candidate_status { last_received { term: 0 index: 0 } } ignore_live_leader: false dest_uuid: "d42da5317366430c85622e563c8aec27" is_pre_election: true
I20260601 13:43:43.028501 13249 tablet_service.cc:1917] Received RequestConsensusVote() RPC: tablet_id: "ec71d3b9f3b34db2b7c8eda4fc4d39c4" candidate_uuid: "53f417e88f55479ab00b9b04dc60dfb3" candidate_term: 1 candidate_status { last_received { term: 0 index: 0 } } ignore_live_leader: false dest_uuid: "bd8256581bf846f88e33d5977800a8b7" is_pre_election: true
I20260601 13:43:43.028604 13173 raft_consensus.cc:2468] T ec71d3b9f3b34db2b7c8eda4fc4d39c4 P d42da5317366430c85622e563c8aec27 [term 0 FOLLOWER]: Leader pre-election vote request: Granting yes vote for candidate 53f417e88f55479ab00b9b04dc60dfb3 in term 0.
I20260601 13:43:43.028823 13249 raft_consensus.cc:2468] T ec71d3b9f3b34db2b7c8eda4fc4d39c4 P bd8256581bf846f88e33d5977800a8b7 [term 0 FOLLOWER]: Leader pre-election vote request: Granting yes vote for candidate 53f417e88f55479ab00b9b04dc60dfb3 in term 0.
I20260601 13:43:43.029134 13290 leader_election.cc:304] T ec71d3b9f3b34db2b7c8eda4fc4d39c4 P 53f417e88f55479ab00b9b04dc60dfb3 [CANDIDATE]: Term 1 pre-election: Election decided. Result: candidate won. Election summary: received 2 responses out of 3 voters: 2 yes votes; 0 no votes. yes voters: 53f417e88f55479ab00b9b04dc60dfb3, d42da5317366430c85622e563c8aec27; no voters: 
I20260601 13:43:43.029417 13428 raft_consensus.cc:2804] T ec71d3b9f3b34db2b7c8eda4fc4d39c4 P 53f417e88f55479ab00b9b04dc60dfb3 [term 0 FOLLOWER]: Leader pre-election won for term 1
I20260601 13:43:43.029500 13428 raft_consensus.cc:493] T ec71d3b9f3b34db2b7c8eda4fc4d39c4 P 53f417e88f55479ab00b9b04dc60dfb3 [term 0 FOLLOWER]: Starting leader election (no leader contacted us within the election timeout)
I20260601 13:43:43.029565 13428 raft_consensus.cc:3060] T ec71d3b9f3b34db2b7c8eda4fc4d39c4 P 53f417e88f55479ab00b9b04dc60dfb3 [term 0 FOLLOWER]: Advancing to term 1
I20260601 13:43:43.030660 13428 raft_consensus.cc:515] T ec71d3b9f3b34db2b7c8eda4fc4d39c4 P 53f417e88f55479ab00b9b04dc60dfb3 [term 1 FOLLOWER]: Starting leader election with config: opid_index: -1 OBSOLETE_local: false peers { permanent_uuid: "d42da5317366430c85622e563c8aec27" member_type: VOTER last_known_addr { host: "127.8.109.129" port: 46479 } } peers { permanent_uuid: "bd8256581bf846f88e33d5977800a8b7" member_type: VOTER last_known_addr { host: "127.8.109.130" port: 39859 } } peers { permanent_uuid: "53f417e88f55479ab00b9b04dc60dfb3" member_type: VOTER last_known_addr { host: "127.8.109.131" port: 36847 } }
I20260601 13:43:43.031143 13428 leader_election.cc:290] T ec71d3b9f3b34db2b7c8eda4fc4d39c4 P 53f417e88f55479ab00b9b04dc60dfb3 [CANDIDATE]: Term 1 election: Requested vote from peers d42da5317366430c85622e563c8aec27 (127.8.109.129:46479), bd8256581bf846f88e33d5977800a8b7 (127.8.109.130:39859)
I20260601 13:43:43.031673 13249 tablet_service.cc:1917] Received RequestConsensusVote() RPC: tablet_id: "ec71d3b9f3b34db2b7c8eda4fc4d39c4" candidate_uuid: "53f417e88f55479ab00b9b04dc60dfb3" candidate_term: 1 candidate_status { last_received { term: 0 index: 0 } } ignore_live_leader: false dest_uuid: "bd8256581bf846f88e33d5977800a8b7"
I20260601 13:43:43.031699 13173 tablet_service.cc:1917] Received RequestConsensusVote() RPC: tablet_id: "ec71d3b9f3b34db2b7c8eda4fc4d39c4" candidate_uuid: "53f417e88f55479ab00b9b04dc60dfb3" candidate_term: 1 candidate_status { last_received { term: 0 index: 0 } } ignore_live_leader: false dest_uuid: "d42da5317366430c85622e563c8aec27"
I20260601 13:43:43.031812 13249 raft_consensus.cc:3060] T ec71d3b9f3b34db2b7c8eda4fc4d39c4 P bd8256581bf846f88e33d5977800a8b7 [term 0 FOLLOWER]: Advancing to term 1
I20260601 13:43:43.031872 13173 raft_consensus.cc:3060] T ec71d3b9f3b34db2b7c8eda4fc4d39c4 P d42da5317366430c85622e563c8aec27 [term 0 FOLLOWER]: Advancing to term 1
I20260601 13:43:43.032785 13249 raft_consensus.cc:2468] T ec71d3b9f3b34db2b7c8eda4fc4d39c4 P bd8256581bf846f88e33d5977800a8b7 [term 1 FOLLOWER]: Leader election vote request: Granting yes vote for candidate 53f417e88f55479ab00b9b04dc60dfb3 in term 1.
I20260601 13:43:43.032837 13173 raft_consensus.cc:2468] T ec71d3b9f3b34db2b7c8eda4fc4d39c4 P d42da5317366430c85622e563c8aec27 [term 1 FOLLOWER]: Leader election vote request: Granting yes vote for candidate 53f417e88f55479ab00b9b04dc60dfb3 in term 1.
I20260601 13:43:43.033139 13287 leader_election.cc:304] T ec71d3b9f3b34db2b7c8eda4fc4d39c4 P 53f417e88f55479ab00b9b04dc60dfb3 [CANDIDATE]: Term 1 election: Election decided. Result: candidate won. Election summary: received 2 responses out of 3 voters: 2 yes votes; 0 no votes. yes voters: 53f417e88f55479ab00b9b04dc60dfb3, bd8256581bf846f88e33d5977800a8b7; no voters: 
I20260601 13:43:43.033447 13428 raft_consensus.cc:2804] T ec71d3b9f3b34db2b7c8eda4fc4d39c4 P 53f417e88f55479ab00b9b04dc60dfb3 [term 1 FOLLOWER]: Leader election won for term 1
I20260601 13:43:43.033563 13428 raft_consensus.cc:697] T ec71d3b9f3b34db2b7c8eda4fc4d39c4 P 53f417e88f55479ab00b9b04dc60dfb3 [term 1 LEADER]: Becoming Leader. State: Replica: 53f417e88f55479ab00b9b04dc60dfb3, State: Running, Role: LEADER
