I20260601 13:43:17.139583  5645 consensus_queue.cc:1048] T 3a8a9a6bd2ee4521b41ec9b412d33343 P dd8f46a20eab45ecbd0ff569a72fea2d [LEADER]: Connected to new peer: Peer: permanent_uuid: "2729954c2350482f83df324f17a79576" member_type: VOTER last_known_addr { host: "127.0.255.194" port: 35189 }, Status: LMP_MISMATCH, Last received: 0.0, Next index: 1, Last known committed idx: 0, Time since last communication: 0.000s
I20260601 13:43:17.143136  5636 consensus_queue.cc:1048] T 38e890da66034df59d5e87115af7f87c P 523bbb419d39475b86cf1d03c4c7729b [LEADER]: Connected to new peer: Peer: permanent_uuid: "2729954c2350482f83df324f17a79576" member_type: VOTER last_known_addr { host: "127.0.255.194" port: 35189 }, Status: LMP_MISMATCH, Last received: 0.0, Next index: 1, Last known committed idx: 0, Time since last communication: 0.000s
I20260601 13:43:17.143396  5636 consensus_queue.cc:1048] T 6b8bdc47f4d340459273afc5d8eb27a0 P 523bbb419d39475b86cf1d03c4c7729b [LEADER]: Connected to new peer: Peer: permanent_uuid: "2729954c2350482f83df324f17a79576" member_type: VOTER last_known_addr { host: "127.0.255.194" port: 35189 }, Status: LMP_MISMATCH, Last received: 0.0, Next index: 1, Last known committed idx: 0, Time since last communication: 0.000s
I20260601 13:43:17.143595  5584 raft_consensus.cc:1275] T 21e817d63802428daaeed68b1ef01be2 P 523bbb419d39475b86cf1d03c4c7729b [term 1 FOLLOWER]: Refusing update from remote peer dd8f46a20eab45ecbd0ff569a72fea2d: Log matching property violated. Preceding OpId in replica: term: 0 index: 0. Preceding OpId from leader: term: 1 index: 2. (index mismatch)
I20260601 13:43:17.143615  5636 consensus_queue.cc:1048] T 2c05f36fc44541b595e559a4323bc21a P 523bbb419d39475b86cf1d03c4c7729b [LEADER]: Connected to new peer: Peer: permanent_uuid: "2729954c2350482f83df324f17a79576" member_type: VOTER last_known_addr { host: "127.0.255.194" port: 35189 }, Status: LMP_MISMATCH, Last received: 0.0, Next index: 1, Last known committed idx: 0, Time since last communication: 0.000s
I20260601 13:43:17.144578  5508 raft_consensus.cc:1275] T 795eff59743a4eec8bb8f64ff43c6fd4 P 2729954c2350482f83df324f17a79576 [term 1 FOLLOWER]: Refusing update from remote peer 523bbb419d39475b86cf1d03c4c7729b: Log matching property violated. Preceding OpId in replica: term: 0 index: 0. Preceding OpId from leader: term: 1 index: 2. (index mismatch)
I20260601 13:43:17.145114  5584 raft_consensus.cc:1275] T 35bd598a5eaf4284babfaf5e094cbfc3 P 523bbb419d39475b86cf1d03c4c7729b [term 1 FOLLOWER]: Refusing update from remote peer 2729954c2350482f83df324f17a79576: Log matching property violated. Preceding OpId in replica: term: 0 index: 0. Preceding OpId from leader: term: 1 index: 2. (index mismatch)
I20260601 13:43:17.145543  5687 consensus_queue.cc:1048] T e7f3b2847bf9445690dd5f1a2777e322 P dd8f46a20eab45ecbd0ff569a72fea2d [LEADER]: Connected to new peer: Peer: permanent_uuid: "523bbb419d39475b86cf1d03c4c7729b" member_type: VOTER last_known_addr { host: "127.0.255.195" port: 41341 }, Status: LMP_MISMATCH, Last received: 0.0, Next index: 1, Last known committed idx: 0, Time since last communication: 0.000s
I20260601 13:43:17.145594  5646 consensus_queue.cc:1048] T 35bd598a5eaf4284babfaf5e094cbfc3 P 2729954c2350482f83df324f17a79576 [LEADER]: Connected to new peer: Peer: permanent_uuid: "523bbb419d39475b86cf1d03c4c7729b" member_type: VOTER last_known_addr { host: "127.0.255.195" port: 41341 }, Status: LMP_MISMATCH, Last received: 0.0, Next index: 1, Last known committed idx: 0, Time since last communication: 0.000s
I20260601 13:43:17.145802  5687 consensus_queue.cc:1048] T 929d4057c8d34145ba4de880f4465970 P dd8f46a20eab45ecbd0ff569a72fea2d [LEADER]: Connected to new peer: Peer: permanent_uuid: "523bbb419d39475b86cf1d03c4c7729b" member_type: VOTER last_known_addr { host: "127.0.255.195" port: 41341 }, Status: LMP_MISMATCH, Last received: 0.0, Next index: 1, Last known committed idx: 0, Time since last communication: 0.000s
I20260601 13:43:17.146061  5687 consensus_queue.cc:1048] T 2fc48a4a50bc48b2b89dff5fcff9f62c P dd8f46a20eab45ecbd0ff569a72fea2d [LEADER]: Connected to new peer: Peer: permanent_uuid: "523bbb419d39475b86cf1d03c4c7729b" member_type: VOTER last_known_addr { host: "127.0.255.195" port: 41341 }, Status: LMP_MISMATCH, Last received: 0.0, Next index: 1, Last known committed idx: 0, Time since last communication: 0.000s
I20260601 13:43:17.146348  5687 consensus_queue.cc:1048] T 3a8a9a6bd2ee4521b41ec9b412d33343 P dd8f46a20eab45ecbd0ff569a72fea2d [LEADER]: Connected to new peer: Peer: permanent_uuid: "523bbb419d39475b86cf1d03c4c7729b" member_type: VOTER last_known_addr { host: "127.0.255.195" port: 41341 }, Status: LMP_MISMATCH, Last received: 0.0, Next index: 1, Last known committed idx: 0, Time since last communication: 0.000s
I20260601 13:43:17.150564  5434 raft_consensus.cc:1275] T 35bd598a5eaf4284babfaf5e094cbfc3 P dd8f46a20eab45ecbd0ff569a72fea2d [term 1 FOLLOWER]: Refusing update from remote peer 2729954c2350482f83df324f17a79576: Log matching property violated. Preceding OpId in replica: term: 0 index: 0. Preceding OpId from leader: term: 1 index: 2. (index mismatch)
I20260601 13:43:17.151521  5646 consensus_queue.cc:1048] T 35bd598a5eaf4284babfaf5e094cbfc3 P 2729954c2350482f83df324f17a79576 [LEADER]: Connected to new peer: Peer: permanent_uuid: "dd8f46a20eab45ecbd0ff569a72fea2d" member_type: VOTER last_known_addr { host: "127.0.255.193" port: 43093 }, Status: LMP_MISMATCH, Last received: 0.0, Next index: 1, Last known committed idx: 0, Time since last communication: 0.000s
I20260601 13:43:17.154765  5687 consensus_queue.cc:1048] T 21e817d63802428daaeed68b1ef01be2 P dd8f46a20eab45ecbd0ff569a72fea2d [LEADER]: Connected to new peer: Peer: permanent_uuid: "523bbb419d39475b86cf1d03c4c7729b" member_type: VOTER last_known_addr { host: "127.0.255.195" port: 41341 }, Status: LMP_MISMATCH, Last received: 0.0, Next index: 1, Last known committed idx: 0, Time since last communication: 0.000s
I20260601 13:43:17.156455  5726 mvcc.cc:204] Tried to move back new op lower bound from 7292196442703585280 to 7292196442143670272. Current Snapshot: MvccSnapshot[applied={T|T < 7292196442703585280}]
I20260601 13:43:17.159597  5760 consensus_queue.cc:1048] T 795eff59743a4eec8bb8f64ff43c6fd4 P 523bbb419d39475b86cf1d03c4c7729b [LEADER]: Connected to new peer: Peer: permanent_uuid: "2729954c2350482f83df324f17a79576" member_type: VOTER last_known_addr { host: "127.0.255.194" port: 35189 }, Status: LMP_MISMATCH, Last received: 0.0, Next index: 1, Last known committed idx: 0, Time since last communication: 0.000s
I20260601 13:43:17.172662  5512 raft_consensus.cc:1275] T b60644ef807441329f5f80e91cae10d3 P 2729954c2350482f83df324f17a79576 [term 1 FOLLOWER]: Refusing update from remote peer 523bbb419d39475b86cf1d03c4c7729b: Log matching property violated. Preceding OpId in replica: term: 0 index: 0. Preceding OpId from leader: term: 1 index: 2. (index mismatch)
I20260601 13:43:17.173005  5760 consensus_queue.cc:1048] T b60644ef807441329f5f80e91cae10d3 P 523bbb419d39475b86cf1d03c4c7729b [LEADER]: Connected to new peer: Peer: permanent_uuid: "2729954c2350482f83df324f17a79576" member_type: VOTER last_known_addr { host: "127.0.255.194" port: 35189 }, Status: LMP_MISMATCH, Last received: 0.0, Next index: 1, Last known committed idx: 0, Time since last communication: 0.000s
I20260601 13:43:17.177513  5436 raft_consensus.cc:1275] T b60644ef807441329f5f80e91cae10d3 P dd8f46a20eab45ecbd0ff569a72fea2d [term 1 FOLLOWER]: Refusing update from remote peer 523bbb419d39475b86cf1d03c4c7729b: Log matching property violated. Preceding OpId in replica: term: 0 index: 0. Preceding OpId from leader: term: 1 index: 2. (index mismatch)
I20260601 13:43:17.177832  5636 consensus_queue.cc:1048] T b60644ef807441329f5f80e91cae10d3 P 523bbb419d39475b86cf1d03c4c7729b [LEADER]: Connected to new peer: Peer: permanent_uuid: "dd8f46a20eab45ecbd0ff569a72fea2d" member_type: VOTER last_known_addr { host: "127.0.255.193" port: 43093 }, Status: LMP_MISMATCH, Last received: 0.0, Next index: 1, Last known committed idx: 0, Time since last communication: 0.000s
I20260601 13:43:17.178465  5726 mvcc.cc:204] Tried to move back new op lower bound from 7292196442815221760 to 7292196441849225216. Current Snapshot: MvccSnapshot[applied={T|T < 7292196442815221760}]
I20260601 13:43:17.197963  5707 mvcc.cc:204] Tried to move back new op lower bound from 7292196442694524928 to 7292196442387255296. Current Snapshot: MvccSnapshot[applied={T|T < 7292196442647379968}]
I20260601 13:43:17.634789  1023 file_cache.cc:492] Constructed file cache file cache with capacity 419430
W20260601 13:43:17.637261  5771 instance_detector.cc:116] could not retrieve AWS instance metadata: Network error: curl error: HTTP response code said error: The requested URL returned error: 404
W20260601 13:43:17.637775  5772 instance_detector.cc:116] could not retrieve Azure instance metadata: Network error: curl error: HTTP response code said error: The requested URL returned error: 404
W20260601 13:43:17.642076  5774 instance_detector.cc:116] could not retrieve OpenStack instance metadata: Network error: curl error: HTTP response code said error: The requested URL returned error: 404
I20260601 13:43:17.642319  1023 server_base.cc:1061] running on GCE node
I20260601 13:43:17.642494  1023 hybrid_clock.cc:584] initializing the hybrid clock with 'system_unsync' time source
W20260601 13:43:17.642534  1023 system_unsync_time.cc:38] NTP support is disabled. Clock error bounds will not be accurate. This configuration is not suitable for distributed clusters.
I20260601 13:43:17.642553  1023 hybrid_clock.cc:648] HybridClock initialized: now 1780321397642553 us; error 0 us; skew 500 ppm
I20260601 13:43:17.643534  1023 webserver.cc:533] Webserver started at http://127.0.255.196:37831/ using document root <none> and password file <none>
I20260601 13:43:17.643680  1023 fs_manager.cc:362] Metadata directory not provided
I20260601 13:43:17.643728  1023 fs_manager.cc:368] Using write-ahead log directory (fs_wal_dir) as metadata directory
I20260601 13:43:17.643798  1023 server_base.cc:909] This appears to be a new deployment of Kudu; creating new FS layout
I20260601 13:43:17.644160  1023 fs_manager.cc:1068] Generated new instance metadata in path /tmp/dist-test-taskzXZicd/test-tmp/auto_rebalancer-test.0.AutoRebalancerTest.TestMaxMovesPerServer.1780321293432743-1023-0/minicluster-data/ts-3-root/instance:
uuid: "c15b24cd2ccf407bb76808067ef0c47e"
format_stamp: "Formatted at 2026-06-01 13:43:17 on dist-test-slave-5xhq"
I20260601 13:43:17.645902  1023 fs_manager.cc:696] Time spent creating directory manager: real 0.002s	user 0.002s	sys 0.000s
I20260601 13:43:17.646803  5779 log_block_manager.cc:4031] Time spent loading block containers with low live blocks: real 0.000s	user 0.000s	sys 0.000s
I20260601 13:43:17.647030  1023 fs_manager.cc:730] Time spent opening block manager: real 0.001s	user 0.001s	sys 0.000s
I20260601 13:43:17.647094  1023 fs_manager.cc:647] Opened local filesystem: /tmp/dist-test-taskzXZicd/test-tmp/auto_rebalancer-test.0.AutoRebalancerTest.TestMaxMovesPerServer.1780321293432743-1023-0/minicluster-data/ts-3-root
uuid: "c15b24cd2ccf407bb76808067ef0c47e"
format_stamp: "Formatted at 2026-06-01 13:43:17 on dist-test-slave-5xhq"
I20260601 13:43:17.647153  1023 fs_report.cc:389] FS layout report
--------------------
wal directory: /tmp/dist-test-taskzXZicd/test-tmp/auto_rebalancer-test.0.AutoRebalancerTest.TestMaxMovesPerServer.1780321293432743-1023-0/minicluster-data/ts-3-root
metadata directory: /tmp/dist-test-taskzXZicd/test-tmp/auto_rebalancer-test.0.AutoRebalancerTest.TestMaxMovesPerServer.1780321293432743-1023-0/minicluster-data/ts-3-root
1 data directories: /tmp/dist-test-taskzXZicd/test-tmp/auto_rebalancer-test.0.AutoRebalancerTest.TestMaxMovesPerServer.1780321293432743-1023-0/minicluster-data/ts-3-root/data
Total live blocks: 0
Total live bytes: 0
Total live bytes (after alignment): 0
Total number of LBM containers: 0 (0 full)
Did not check for missing blocks
Did not check for orphaned blocks
Total full LBM containers with extra space: 0 (0 repaired)
Total full LBM container extra space in bytes: 0 (0 repaired)
Total incomplete LBM containers: 0 (0 repaired)
Total LBM partial records: 0 (0 repaired)
Total corrupted LBM metadata records in RocksDB: 0 (0 repaired)
I20260601 13:43:17.657738  1023 rpc_server.cc:225] running with OpenSSL 1.1.1  11 Sep 2018
I20260601 13:43:17.658025  1023 kserver.cc:163] Server-wide thread pool size limit: 3276
I20260601 13:43:17.658262  1023 txn_system_client.cc:432] TxnSystemClient initialization is disabled...
I20260601 13:43:17.658640  1023 ts_tablet_manager.cc:585] Loaded tablet metadata (0 total tablets, 0 live tablets)
I20260601 13:43:17.658676  1023 ts_tablet_manager.cc:531] Time spent load tablet metadata: real 0.000s	user 0.000s	sys 0.000s
I20260601 13:43:17.658703  1023 ts_tablet_manager.cc:616] Registered 0 tablets
I20260601 13:43:17.658723  1023 ts_tablet_manager.cc:595] Time spent register tablets: real 0.000s	user 0.000s	sys 0.000s
I20260601 13:43:17.662829  1023 rpc_server.cc:307] RPC server started. Bound to: 127.0.255.196:45347
I20260601 13:43:17.662926  5842 acceptor_pool.cc:272] collecting diagnostics on the listening RPC socket 127.0.255.196:45347 every 8 connection(s)
I20260601 13:43:17.663656  1023 file_cache.cc:492] Constructed file cache file cache with capacity 419430
W20260601 13:43:17.665351  5848 instance_detector.cc:116] could not retrieve Azure instance metadata: Network error: curl error: HTTP response code said error: The requested URL returned error: 404
W20260601 13:43:17.665395  5850 instance_detector.cc:116] could not retrieve OpenStack instance metadata: Network error: curl error: HTTP response code said error: The requested URL returned error: 404
W20260601 13:43:17.665373  5847 instance_detector.cc:116] could not retrieve AWS instance metadata: Network error: curl error: HTTP response code said error: The requested URL returned error: 404
I20260601 13:43:17.665632  1023 server_base.cc:1061] running on GCE node
I20260601 13:43:17.665761  1023 hybrid_clock.cc:584] initializing the hybrid clock with 'system_unsync' time source
W20260601 13:43:17.665802  1023 system_unsync_time.cc:38] NTP support is disabled. Clock error bounds will not be accurate. This configuration is not suitable for distributed clusters.
I20260601 13:43:17.665827  1023 hybrid_clock.cc:648] HybridClock initialized: now 1780321397665827 us; error 0 us; skew 500 ppm
I20260601 13:43:17.666713  1023 webserver.cc:533] Webserver started at http://127.0.255.197:33553/ using document root <none> and password file <none>
I20260601 13:43:17.666855  1023 fs_manager.cc:362] Metadata directory not provided
I20260601 13:43:17.666909  1023 fs_manager.cc:368] Using write-ahead log directory (fs_wal_dir) as metadata directory
I20260601 13:43:17.666975  1023 server_base.cc:909] This appears to be a new deployment of Kudu; creating new FS layout
I20260601 13:43:17.667307  1023 fs_manager.cc:1068] Generated new instance metadata in path /tmp/dist-test-taskzXZicd/test-tmp/auto_rebalancer-test.0.AutoRebalancerTest.TestMaxMovesPerServer.1780321293432743-1023-0/minicluster-data/ts-4-root/instance:
uuid: "27bfd043033742309b5af1d3f601bf7c"
format_stamp: "Formatted at 2026-06-01 13:43:17 on dist-test-slave-5xhq"
I20260601 13:43:17.667944  5843 heartbeater.cc:344] Connected to a master server at 127.0.255.254:37143
I20260601 13:43:17.668030  5843 heartbeater.cc:461] Registering TS with master...
I20260601 13:43:17.668212  5843 heartbeater.cc:507] Master 127.0.255.254:37143 requested a full tablet report, sending...
I20260601 13:43:17.668781  5326 ts_manager.cc:194] Registered new tserver with Master: c15b24cd2ccf407bb76808067ef0c47e (127.0.255.196:45347)
I20260601 13:43:17.668937  1023 fs_manager.cc:696] Time spent creating directory manager: real 0.001s	user 0.001s	sys 0.000s
I20260601 13:43:17.669296  5326 master_service.cc:502] Signed X509 certificate for tserver {username='slave'} at 127.0.0.1:58876
I20260601 13:43:17.669881  5855 log_block_manager.cc:4031] Time spent loading block containers with low live blocks: real 0.000s	user 0.000s	sys 0.000s
I20260601 13:43:17.670096  1023 fs_manager.cc:730] Time spent opening block manager: real 0.001s	user 0.001s	sys 0.000s
I20260601 13:43:17.670157  1023 fs_manager.cc:647] Opened local filesystem: /tmp/dist-test-taskzXZicd/test-tmp/auto_rebalancer-test.0.AutoRebalancerTest.TestMaxMovesPerServer.1780321293432743-1023-0/minicluster-data/ts-4-root
uuid: "27bfd043033742309b5af1d3f601bf7c"
format_stamp: "Formatted at 2026-06-01 13:43:17 on dist-test-slave-5xhq"
I20260601 13:43:17.670220  1023 fs_report.cc:389] FS layout report
--------------------
wal directory: /tmp/dist-test-taskzXZicd/test-tmp/auto_rebalancer-test.0.AutoRebalancerTest.TestMaxMovesPerServer.1780321293432743-1023-0/minicluster-data/ts-4-root
metadata directory: /tmp/dist-test-taskzXZicd/test-tmp/auto_rebalancer-test.0.AutoRebalancerTest.TestMaxMovesPerServer.1780321293432743-1023-0/minicluster-data/ts-4-root
1 data directories: /tmp/dist-test-taskzXZicd/test-tmp/auto_rebalancer-test.0.AutoRebalancerTest.TestMaxMovesPerServer.1780321293432743-1023-0/minicluster-data/ts-4-root/data
Total live blocks: 0
Total live bytes: 0
Total live bytes (after alignment): 0
Total number of LBM containers: 0 (0 full)
Did not check for missing blocks
Did not check for orphaned blocks
Total full LBM containers with extra space: 0 (0 repaired)
Total full LBM container extra space in bytes: 0 (0 repaired)
Total incomplete LBM containers: 0 (0 repaired)
Total LBM partial records: 0 (0 repaired)
Total corrupted LBM metadata records in RocksDB: 0 (0 repaired)
I20260601 13:43:17.683462  1023 rpc_server.cc:225] running with OpenSSL 1.1.1  11 Sep 2018
I20260601 13:43:17.683808  1023 kserver.cc:163] Server-wide thread pool size limit: 3276
I20260601 13:43:17.684067  1023 txn_system_client.cc:432] TxnSystemClient initialization is disabled...
I20260601 13:43:17.684521  1023 ts_tablet_manager.cc:585] Loaded tablet metadata (0 total tablets, 0 live tablets)
I20260601 13:43:17.684557  1023 ts_tablet_manager.cc:531] Time spent load tablet metadata: real 0.000s	user 0.000s	sys 0.000s
I20260601 13:43:17.684594  1023 ts_tablet_manager.cc:616] Registered 0 tablets
I20260601 13:43:17.684623  1023 ts_tablet_manager.cc:595] Time spent register tablets: real 0.000s	user 0.000s	sys 0.000s
I20260601 13:43:17.689262  1023 rpc_server.cc:307] RPC server started. Bound to: 127.0.255.197:41075
I20260601 13:43:17.689353  5918 acceptor_pool.cc:272] collecting diagnostics on the listening RPC socket 127.0.255.197:41075 every 8 connection(s)
I20260601 13:43:17.690065  1023 file_cache.cc:492] Constructed file cache file cache with capacity 419430
W20260601 13:43:17.691946  5922 instance_detector.cc:116] could not retrieve AWS instance metadata: Network error: curl error: HTTP response code said error: The requested URL returned error: 404
W20260601 13:43:17.692087  5923 instance_detector.cc:116] could not retrieve Azure instance metadata: Network error: curl error: HTTP response code said error: The requested URL returned error: 404
I20260601 13:43:17.692245  1023 server_base.cc:1061] running on GCE node
W20260601 13:43:17.692322  5925 instance_detector.cc:116] could not retrieve OpenStack instance metadata: Network error: curl error: HTTP response code said error: The requested URL returned error: 404
I20260601 13:43:17.692546  1023 hybrid_clock.cc:584] initializing the hybrid clock with 'system_unsync' time source
W20260601 13:43:17.692590  1023 system_unsync_time.cc:38] NTP support is disabled. Clock error bounds will not be accurate. This configuration is not suitable for distributed clusters.
I20260601 13:43:17.692611  1023 hybrid_clock.cc:648] HybridClock initialized: now 1780321397692611 us; error 0 us; skew 500 ppm
I20260601 13:43:17.693532  1023 webserver.cc:533] Webserver started at http://127.0.255.198:35649/ using document root <none> and password file <none>
I20260601 13:43:17.693672  1023 fs_manager.cc:362] Metadata directory not provided
I20260601 13:43:17.693725  1023 fs_manager.cc:368] Using write-ahead log directory (fs_wal_dir) as metadata directory
I20260601 13:43:17.693877  1023 server_base.cc:909] This appears to be a new deployment of Kudu; creating new FS layout
I20260601 13:43:17.694062  5919 heartbeater.cc:344] Connected to a master server at 127.0.255.254:37143
I20260601 13:43:17.694146  5919 heartbeater.cc:461] Registering TS with master...
I20260601 13:43:17.694278  1023 fs_manager.cc:1068] Generated new instance metadata in path /tmp/dist-test-taskzXZicd/test-tmp/auto_rebalancer-test.0.AutoRebalancerTest.TestMaxMovesPerServer.1780321293432743-1023-0/minicluster-data/ts-5-root/instance:
uuid: "d790745f858e44b98e8a61dbdd47622f"
format_stamp: "Formatted at 2026-06-01 13:43:17 on dist-test-slave-5xhq"
I20260601 13:43:17.694337  5919 heartbeater.cc:507] Master 127.0.255.254:37143 requested a full tablet report, sending...
I20260601 13:43:17.694900  5326 ts_manager.cc:194] Registered new tserver with Master: 27bfd043033742309b5af1d3f601bf7c (127.0.255.197:41075)
I20260601 13:43:17.695441  5326 master_service.cc:502] Signed X509 certificate for tserver {username='slave'} at 127.0.0.1:58878
I20260601 13:43:17.695809  1023 fs_manager.cc:696] Time spent creating directory manager: real 0.001s	user 0.002s	sys 0.000s
I20260601 13:43:17.696645  5930 log_block_manager.cc:4031] Time spent loading block containers with low live blocks: real 0.000s	user 0.000s	sys 0.000s
I20260601 13:43:17.696858  1023 fs_manager.cc:730] Time spent opening block manager: real 0.001s	user 0.001s	sys 0.000s
I20260601 13:43:17.696916  1023 fs_manager.cc:647] Opened local filesystem: /tmp/dist-test-taskzXZicd/test-tmp/auto_rebalancer-test.0.AutoRebalancerTest.TestMaxMovesPerServer.1780321293432743-1023-0/minicluster-data/ts-5-root
uuid: "d790745f858e44b98e8a61dbdd47622f"
format_stamp: "Formatted at 2026-06-01 13:43:17 on dist-test-slave-5xhq"
I20260601 13:43:17.696978  1023 fs_report.cc:389] FS layout report
--------------------
wal directory: /tmp/dist-test-taskzXZicd/test-tmp/auto_rebalancer-test.0.AutoRebalancerTest.TestMaxMovesPerServer.1780321293432743-1023-0/minicluster-data/ts-5-root
metadata directory: /tmp/dist-test-taskzXZicd/test-tmp/auto_rebalancer-test.0.AutoRebalancerTest.TestMaxMovesPerServer.1780321293432743-1023-0/minicluster-data/ts-5-root
1 data directories: /tmp/dist-test-taskzXZicd/test-tmp/auto_rebalancer-test.0.AutoRebalancerTest.TestMaxMovesPerServer.1780321293432743-1023-0/minicluster-data/ts-5-root/data
Total live blocks: 0
Total live bytes: 0
Total live bytes (after alignment): 0
Total number of LBM containers: 0 (0 full)
Did not check for missing blocks
Did not check for orphaned blocks
Total full LBM containers with extra space: 0 (0 repaired)
Total full LBM container extra space in bytes: 0 (0 repaired)
Total incomplete LBM containers: 0 (0 repaired)
Total LBM partial records: 0 (0 repaired)
Total corrupted LBM metadata records in RocksDB: 0 (0 repaired)
I20260601 13:43:17.708257  1023 rpc_server.cc:225] running with OpenSSL 1.1.1  11 Sep 2018
I20260601 13:43:17.708635  1023 kserver.cc:163] Server-wide thread pool size limit: 3276
I20260601 13:43:17.708909  1023 txn_system_client.cc:432] TxnSystemClient initialization is disabled...
I20260601 13:43:17.709308  1023 ts_tablet_manager.cc:585] Loaded tablet metadata (0 total tablets, 0 live tablets)
I20260601 13:43:17.709347  1023 ts_tablet_manager.cc:531] Time spent load tablet metadata: real 0.000s	user 0.000s	sys 0.000s
I20260601 13:43:17.709384  1023 ts_tablet_manager.cc:616] Registered 0 tablets
I20260601 13:43:17.709412  1023 ts_tablet_manager.cc:595] Time spent register tablets: real 0.000s	user 0.000s	sys 0.000s
I20260601 13:43:17.713755  1023 rpc_server.cc:307] RPC server started. Bound to: 127.0.255.198:38575
I20260601 13:43:17.713877  5993 acceptor_pool.cc:272] collecting diagnostics on the listening RPC socket 127.0.255.198:38575 every 8 connection(s)
I20260601 13:43:17.717736  5994 heartbeater.cc:344] Connected to a master server at 127.0.255.254:37143
I20260601 13:43:17.717824  5994 heartbeater.cc:461] Registering TS with master...
I20260601 13:43:17.718012  5994 heartbeater.cc:507] Master 127.0.255.254:37143 requested a full tablet report, sending...
I20260601 13:43:17.718559  5326 ts_manager.cc:194] Registered new tserver with Master: d790745f858e44b98e8a61dbdd47622f (127.0.255.198:38575)
I20260601 13:43:17.719033  5326 master_service.cc:502] Signed X509 certificate for tserver {username='slave'} at 127.0.0.1:58888
I20260601 13:43:18.659263  5432 consensus_queue.cc:237] T 21e817d63802428daaeed68b1ef01be2 P dd8f46a20eab45ecbd0ff569a72fea2d [LEADER]: Queue going to LEADER mode. State: All replicated index: 0, Majority replicated index: 29, Committed index: 29, Last appended: 1.29, Last appended by leader: 0, Current term: 1, Majority size: 2, State: 0, Mode: LEADER, active raft config: opid_index: 30 OBSOLETE_local: false peers { permanent_uuid: "dd8f46a20eab45ecbd0ff569a72fea2d" member_type: VOTER last_known_addr { host: "127.0.255.193" port: 43093 } } peers { permanent_uuid: "2729954c2350482f83df324f17a79576" member_type: VOTER last_known_addr { host: "127.0.255.194" port: 35189 } } peers { permanent_uuid: "523bbb419d39475b86cf1d03c4c7729b" member_type: VOTER last_known_addr { host: "127.0.255.195" port: 41341 } attrs { replace: true } } peers { permanent_uuid: "d790745f858e44b98e8a61dbdd47622f" member_type: NON_VOTER last_known_addr { host: "127.0.255.198" port: 38575 } attrs { promote: true } }
I20260601 13:43:18.660645  5511 raft_consensus.cc:1275] T 21e817d63802428daaeed68b1ef01be2 P 2729954c2350482f83df324f17a79576 [term 1 FOLLOWER]: Refusing update from remote peer dd8f46a20eab45ecbd0ff569a72fea2d: Log matching property violated. Preceding OpId in replica: term: 1 index: 29. Preceding OpId from leader: term: 1 index: 30. (index mismatch)
I20260601 13:43:18.661018  5585 raft_consensus.cc:1275] T 21e817d63802428daaeed68b1ef01be2 P 523bbb419d39475b86cf1d03c4c7729b [term 1 FOLLOWER]: Refusing update from remote peer dd8f46a20eab45ecbd0ff569a72fea2d: Log matching property violated. Preceding OpId in replica: term: 1 index: 29. Preceding OpId from leader: term: 1 index: 30. (index mismatch)
I20260601 13:43:18.661021  5770 consensus_queue.cc:1048] T 21e817d63802428daaeed68b1ef01be2 P dd8f46a20eab45ecbd0ff569a72fea2d [LEADER]: Connected to new peer: Peer: permanent_uuid: "2729954c2350482f83df324f17a79576" member_type: VOTER last_known_addr { host: "127.0.255.194" port: 35189 }, Status: LMP_MISMATCH, Last received: 0.0, Next index: 30, Last known committed idx: 29, Time since last communication: 0.000s
I20260601 13:43:18.661422  6000 consensus_queue.cc:1048] T 21e817d63802428daaeed68b1ef01be2 P dd8f46a20eab45ecbd0ff569a72fea2d [LEADER]: Connected to new peer: Peer: permanent_uuid: "523bbb419d39475b86cf1d03c4c7729b" member_type: VOTER last_known_addr { host: "127.0.255.195" port: 41341 } attrs { replace: true }, Status: LMP_MISMATCH, Last received: 0.0, Next index: 30, Last known committed idx: 29, Time since last communication: 0.000s
I20260601 13:43:18.662642  5770 raft_consensus.cc:2955] T 21e817d63802428daaeed68b1ef01be2 P dd8f46a20eab45ecbd0ff569a72fea2d [term 1 LEADER]: Committing config change with OpId 1.30: config changed from index -1 to 30, NON_VOTER d790745f858e44b98e8a61dbdd47622f (127.0.255.198) added. New config: { opid_index: 30 OBSOLETE_local: false peers { permanent_uuid: "dd8f46a20eab45ecbd0ff569a72fea2d" member_type: VOTER last_known_addr { host: "127.0.255.193" port: 43093 } } peers { permanent_uuid: "2729954c2350482f83df324f17a79576" member_type: VOTER last_known_addr { host: "127.0.255.194" port: 35189 } } peers { permanent_uuid: "523bbb419d39475b86cf1d03c4c7729b" member_type: VOTER last_known_addr { host: "127.0.255.195" port: 41341 } attrs { replace: true } } peers { permanent_uuid: "d790745f858e44b98e8a61dbdd47622f" member_type: NON_VOTER last_known_addr { host: "127.0.255.198" port: 38575 } attrs { promote: true } } }
I20260601 13:43:18.663298  5585 raft_consensus.cc:2955] T 21e817d63802428daaeed68b1ef01be2 P 523bbb419d39475b86cf1d03c4c7729b [term 1 FOLLOWER]: Committing config change with OpId 1.30: config changed from index -1 to 30, NON_VOTER d790745f858e44b98e8a61dbdd47622f (127.0.255.198) added. New config: { opid_index: 30 OBSOLETE_local: false peers { permanent_uuid: "dd8f46a20eab45ecbd0ff569a72fea2d" member_type: VOTER last_known_addr { host: "127.0.255.193" port: 43093 } } peers { permanent_uuid: "2729954c2350482f83df324f17a79576" member_type: VOTER last_known_addr { host: "127.0.255.194" port: 35189 } } peers { permanent_uuid: "523bbb419d39475b86cf1d03c4c7729b" member_type: VOTER last_known_addr { host: "127.0.255.195" port: 41341 } attrs { replace: true } } peers { permanent_uuid: "d790745f858e44b98e8a61dbdd47622f" member_type: NON_VOTER last_known_addr { host: "127.0.255.198" port: 38575 } attrs { promote: true } } }
I20260601 13:43:18.664166  5511 raft_consensus.cc:2955] T 21e817d63802428daaeed68b1ef01be2 P 2729954c2350482f83df324f17a79576 [term 1 FOLLOWER]: Committing config change with OpId 1.30: config changed from index -1 to 30, NON_VOTER d790745f858e44b98e8a61dbdd47622f (127.0.255.198) added. New config: { opid_index: 30 OBSOLETE_local: false peers { permanent_uuid: "dd8f46a20eab45ecbd0ff569a72fea2d" member_type: VOTER last_known_addr { host: "127.0.255.193" port: 43093 } } peers { permanent_uuid: "2729954c2350482f83df324f17a79576" member_type: VOTER last_known_addr { host: "127.0.255.194" port: 35189 } } peers { permanent_uuid: "523bbb419d39475b86cf1d03c4c7729b" member_type: VOTER last_known_addr { host: "127.0.255.195" port: 41341 } attrs { replace: true } } peers { permanent_uuid: "d790745f858e44b98e8a61dbdd47622f" member_type: NON_VOTER last_known_addr { host: "127.0.255.198" port: 38575 } attrs { promote: true } } }
I20260601 13:43:18.665213  5326 catalog_manager.cc:5696] T 21e817d63802428daaeed68b1ef01be2 P dd8f46a20eab45ecbd0ff569a72fea2d reported cstate change: config changed from index -1 to 30, NON_VOTER d790745f858e44b98e8a61dbdd47622f (127.0.255.198) added. New cstate: current_term: 1 leader_uuid: "dd8f46a20eab45ecbd0ff569a72fea2d" committed_config { opid_index: 30 OBSOLETE_local: false peers { permanent_uuid: "dd8f46a20eab45ecbd0ff569a72fea2d" member_type: VOTER last_known_addr { host: "127.0.255.193" port: 43093 } health_report { overall_health: HEALTHY } } peers { permanent_uuid: "2729954c2350482f83df324f17a79576" member_type: VOTER last_known_addr { host: "127.0.255.194" port: 35189 } health_report { overall_health: HEALTHY } } peers { permanent_uuid: "523bbb419d39475b86cf1d03c4c7729b" member_type: VOTER last_known_addr { host: "127.0.255.195" port: 41341 } attrs { replace: true } health_report { overall_health: HEALTHY } } peers { permanent_uuid: "d790745f858e44b98e8a61dbdd47622f" member_type: NON_VOTER last_known_addr { host: "127.0.255.198" port: 38575 } attrs { promote: true } health_report { overall_health: UNKNOWN } } }
W20260601 13:43:18.665493  5399 consensus_peers.cc:597] T 21e817d63802428daaeed68b1ef01be2 P dd8f46a20eab45ecbd0ff569a72fea2d -> Peer d790745f858e44b98e8a61dbdd47622f (127.0.255.198:38575): Couldn't send request to peer d790745f858e44b98e8a61dbdd47622f. Error code: TABLET_NOT_FOUND (6). Status: Not found: Tablet not found: 21e817d63802428daaeed68b1ef01be2. This is attempt 1: this message will repeat every 5th retry.
I20260601 13:43:18.668836  5511 consensus_queue.cc:237] T 35bd598a5eaf4284babfaf5e094cbfc3 P 2729954c2350482f83df324f17a79576 [LEADER]: Queue going to LEADER mode. State: All replicated index: 0, Majority replicated index: 29, Committed index: 29, Last appended: 1.29, Last appended by leader: 0, Current term: 1, Majority size: 2, State: 0, Mode: LEADER, active raft config: opid_index: 30 OBSOLETE_local: false peers { permanent_uuid: "dd8f46a20eab45ecbd0ff569a72fea2d" member_type: VOTER last_known_addr { host: "127.0.255.193" port: 43093 } attrs { replace: true } } peers { permanent_uuid: "2729954c2350482f83df324f17a79576" member_type: VOTER last_known_addr { host: "127.0.255.194" port: 35189 } } peers { permanent_uuid: "523bbb419d39475b86cf1d03c4c7729b" member_type: VOTER last_known_addr { host: "127.0.255.195" port: 41341 } } peers { permanent_uuid: "27bfd043033742309b5af1d3f601bf7c" member_type: NON_VOTER last_known_addr { host: "127.0.255.197" port: 41075 } attrs { promote: true } }
I20260601 13:43:18.670203  5843 heartbeater.cc:499] Master 127.0.255.254:37143 was elected leader, sending a full tablet report...
I20260601 13:43:18.670559  5585 raft_consensus.cc:1275] T 35bd598a5eaf4284babfaf5e094cbfc3 P 523bbb419d39475b86cf1d03c4c7729b [term 1 FOLLOWER]: Refusing update from remote peer 2729954c2350482f83df324f17a79576: Log matching property violated. Preceding OpId in replica: term: 1 index: 29. Preceding OpId from leader: term: 1 index: 30. (index mismatch)
I20260601 13:43:18.670583  5432 raft_consensus.cc:1275] T 35bd598a5eaf4284babfaf5e094cbfc3 P dd8f46a20eab45ecbd0ff569a72fea2d [term 1 FOLLOWER]: Refusing update from remote peer 2729954c2350482f83df324f17a79576: Log matching property violated. Preceding OpId in replica: term: 1 index: 29. Preceding OpId from leader: term: 1 index: 30. (index mismatch)
I20260601 13:43:18.670917  6013 consensus_queue.cc:1048] T 35bd598a5eaf4284babfaf5e094cbfc3 P 2729954c2350482f83df324f17a79576 [LEADER]: Connected to new peer: Peer: permanent_uuid: "523bbb419d39475b86cf1d03c4c7729b" member_type: VOTER last_known_addr { host: "127.0.255.195" port: 41341 }, Status: LMP_MISMATCH, Last received: 0.0, Next index: 30, Last known committed idx: 29, Time since last communication: 0.000s
I20260601 13:43:18.671136  6012 consensus_queue.cc:1048] T 35bd598a5eaf4284babfaf5e094cbfc3 P 2729954c2350482f83df324f17a79576 [LEADER]: Connected to new peer: Peer: permanent_uuid: "dd8f46a20eab45ecbd0ff569a72fea2d" member_type: VOTER last_known_addr { host: "127.0.255.193" port: 43093 } attrs { replace: true }, Status: LMP_MISMATCH, Last received: 0.0, Next index: 30, Last known committed idx: 29, Time since last communication: 0.000s
I20260601 13:43:18.672693  5769 raft_consensus.cc:2955] T 35bd598a5eaf4284babfaf5e094cbfc3 P 2729954c2350482f83df324f17a79576 [term 1 LEADER]: Committing config change with OpId 1.30: config changed from index -1 to 30, NON_VOTER 27bfd043033742309b5af1d3f601bf7c (127.0.255.197) added. New config: { opid_index: 30 OBSOLETE_local: false peers { permanent_uuid: "dd8f46a20eab45ecbd0ff569a72fea2d" member_type: VOTER last_known_addr { host: "127.0.255.193" port: 43093 } attrs { replace: true } } peers { permanent_uuid: "2729954c2350482f83df324f17a79576" member_type: VOTER last_known_addr { host: "127.0.255.194" port: 35189 } } peers { permanent_uuid: "523bbb419d39475b86cf1d03c4c7729b" member_type: VOTER last_known_addr { host: "127.0.255.195" port: 41341 } } peers { permanent_uuid: "27bfd043033742309b5af1d3f601bf7c" member_type: NON_VOTER last_known_addr { host: "127.0.255.197" port: 41075 } attrs { promote: true } } }
I20260601 13:43:18.673091  5585 raft_consensus.cc:2955] T 35bd598a5eaf4284babfaf5e094cbfc3 P 523bbb419d39475b86cf1d03c4c7729b [term 1 FOLLOWER]: Committing config change with OpId 1.30: config changed from index -1 to 30, NON_VOTER 27bfd043033742309b5af1d3f601bf7c (127.0.255.197) added. New config: { opid_index: 30 OBSOLETE_local: false peers { permanent_uuid: "dd8f46a20eab45ecbd0ff569a72fea2d" member_type: VOTER last_known_addr { host: "127.0.255.193" port: 43093 } attrs { replace: true } } peers { permanent_uuid: "2729954c2350482f83df324f17a79576" member_type: VOTER last_known_addr { host: "127.0.255.194" port: 35189 } } peers { permanent_uuid: "523bbb419d39475b86cf1d03c4c7729b" member_type: VOTER last_known_addr { host: "127.0.255.195" port: 41341 } } peers { permanent_uuid: "27bfd043033742309b5af1d3f601bf7c" member_type: NON_VOTER last_known_addr { host: "127.0.255.197" port: 41075 } attrs { promote: true } } }
I20260601 13:43:18.673162  5432 raft_consensus.cc:2955] T 35bd598a5eaf4284babfaf5e094cbfc3 P dd8f46a20eab45ecbd0ff569a72fea2d [term 1 FOLLOWER]: Committing config change with OpId 1.30: config changed from index -1 to 30, NON_VOTER 27bfd043033742309b5af1d3f601bf7c (127.0.255.197) added. New config: { opid_index: 30 OBSOLETE_local: false peers { permanent_uuid: "dd8f46a20eab45ecbd0ff569a72fea2d" member_type: VOTER last_known_addr { host: "127.0.255.193" port: 43093 } attrs { replace: true } } peers { permanent_uuid: "2729954c2350482f83df324f17a79576" member_type: VOTER last_known_addr { host: "127.0.255.194" port: 35189 } } peers { permanent_uuid: "523bbb419d39475b86cf1d03c4c7729b" member_type: VOTER last_known_addr { host: "127.0.255.195" port: 41341 } } peers { permanent_uuid: "27bfd043033742309b5af1d3f601bf7c" member_type: NON_VOTER last_known_addr { host: "127.0.255.197" port: 41075 } attrs { promote: true } } }
I20260601 13:43:18.675132  5325 catalog_manager.cc:5696] T 35bd598a5eaf4284babfaf5e094cbfc3 P dd8f46a20eab45ecbd0ff569a72fea2d reported cstate change: config changed from index -1 to 30, NON_VOTER 27bfd043033742309b5af1d3f601bf7c (127.0.255.197) added. New cstate: current_term: 1 leader_uuid: "2729954c2350482f83df324f17a79576" committed_config { opid_index: 30 OBSOLETE_local: false peers { permanent_uuid: "dd8f46a20eab45ecbd0ff569a72fea2d" member_type: VOTER last_known_addr { host: "127.0.255.193" port: 43093 } attrs { replace: true } } peers { permanent_uuid: "2729954c2350482f83df324f17a79576" member_type: VOTER last_known_addr { host: "127.0.255.194" port: 35189 } } peers { permanent_uuid: "523bbb419d39475b86cf1d03c4c7729b" member_type: VOTER last_known_addr { host: "127.0.255.195" port: 41341 } } peers { permanent_uuid: "27bfd043033742309b5af1d3f601bf7c" member_type: NON_VOTER last_known_addr { host: "127.0.255.197" port: 41075 } attrs { promote: true } } }
W20260601 13:43:18.676973  5476 consensus_peers.cc:597] T 35bd598a5eaf4284babfaf5e094cbfc3 P 2729954c2350482f83df324f17a79576 -> Peer 27bfd043033742309b5af1d3f601bf7c (127.0.255.197:41075): Couldn't send request to peer 27bfd043033742309b5af1d3f601bf7c. Error code: TABLET_NOT_FOUND (6). Status: Not found: Tablet not found: 35bd598a5eaf4284babfaf5e094cbfc3. This is attempt 1: this message will repeat every 5th retry.
I20260601 13:43:18.680291  5585 consensus_queue.cc:237] T 795eff59743a4eec8bb8f64ff43c6fd4 P 523bbb419d39475b86cf1d03c4c7729b [LEADER]: Queue going to LEADER mode. State: All replicated index: 0, Majority replicated index: 29, Committed index: 29, Last appended: 1.29, Last appended by leader: 0, Current term: 1, Majority size: 2, State: 0, Mode: LEADER, active raft config: opid_index: 30 OBSOLETE_local: false peers { permanent_uuid: "dd8f46a20eab45ecbd0ff569a72fea2d" member_type: VOTER last_known_addr { host: "127.0.255.193" port: 43093 } } peers { permanent_uuid: "2729954c2350482f83df324f17a79576" member_type: VOTER last_known_addr { host: "127.0.255.194" port: 35189 } attrs { replace: true } } peers { permanent_uuid: "523bbb419d39475b86cf1d03c4c7729b" member_type: VOTER last_known_addr { host: "127.0.255.195" port: 41341 } } peers { permanent_uuid: "c15b24cd2ccf407bb76808067ef0c47e" member_type: NON_VOTER last_known_addr { host: "127.0.255.196" port: 45347 } attrs { promote: true } }
I20260601 13:43:18.681730  5511 raft_consensus.cc:1275] T 795eff59743a4eec8bb8f64ff43c6fd4 P 2729954c2350482f83df324f17a79576 [term 1 FOLLOWER]: Refusing update from remote peer 523bbb419d39475b86cf1d03c4c7729b: Log matching property violated. Preceding OpId in replica: term: 1 index: 29. Preceding OpId from leader: term: 1 index: 30. (index mismatch)
I20260601 13:43:18.681777  5432 raft_consensus.cc:1275] T 795eff59743a4eec8bb8f64ff43c6fd4 P dd8f46a20eab45ecbd0ff569a72fea2d [term 1 FOLLOWER]: Refusing update from remote peer 523bbb419d39475b86cf1d03c4c7729b: Log matching property violated. Preceding OpId in replica: term: 1 index: 29. Preceding OpId from leader: term: 1 index: 30. (index mismatch)
I20260601 13:43:18.682107  6018 consensus_queue.cc:1048] T 795eff59743a4eec8bb8f64ff43c6fd4 P 523bbb419d39475b86cf1d03c4c7729b [LEADER]: Connected to new peer: Peer: permanent_uuid: "dd8f46a20eab45ecbd0ff569a72fea2d" member_type: VOTER last_known_addr { host: "127.0.255.193" port: 43093 }, Status: LMP_MISMATCH, Last received: 0.0, Next index: 30, Last known committed idx: 29, Time since last communication: 0.000s
I20260601 13:43:18.682432  6021 consensus_queue.cc:1048] T 795eff59743a4eec8bb8f64ff43c6fd4 P 523bbb419d39475b86cf1d03c4c7729b [LEADER]: Connected to new peer: Peer: permanent_uuid: "2729954c2350482f83df324f17a79576" member_type: VOTER last_known_addr { host: "127.0.255.194" port: 35189 } attrs { replace: true }, Status: LMP_MISMATCH, Last received: 0.0, Next index: 30, Last known committed idx: 29, Time since last communication: 0.000s
I20260601 13:43:18.683599  5760 raft_consensus.cc:2955] T 795eff59743a4eec8bb8f64ff43c6fd4 P 523bbb419d39475b86cf1d03c4c7729b [term 1 LEADER]: Committing config change with OpId 1.30: config changed from index -1 to 30, NON_VOTER c15b24cd2ccf407bb76808067ef0c47e (127.0.255.196) added. New config: { opid_index: 30 OBSOLETE_local: false peers { permanent_uuid: "dd8f46a20eab45ecbd0ff569a72fea2d" member_type: VOTER last_known_addr { host: "127.0.255.193" port: 43093 } } peers { permanent_uuid: "2729954c2350482f83df324f17a79576" member_type: VOTER last_known_addr { host: "127.0.255.194" port: 35189 } attrs { replace: true } } peers { permanent_uuid: "523bbb419d39475b86cf1d03c4c7729b" member_type: VOTER last_known_addr { host: "127.0.255.195" port: 41341 } } peers { permanent_uuid: "c15b24cd2ccf407bb76808067ef0c47e" member_type: NON_VOTER last_known_addr { host: "127.0.255.196" port: 45347 } attrs { promote: true } } }
I20260601 13:43:18.683984  5432 raft_consensus.cc:2955] T 795eff59743a4eec8bb8f64ff43c6fd4 P dd8f46a20eab45ecbd0ff569a72fea2d [term 1 FOLLOWER]: Committing config change with OpId 1.30: config changed from index -1 to 30, NON_VOTER c15b24cd2ccf407bb76808067ef0c47e (127.0.255.196) added. New config: { opid_index: 30 OBSOLETE_local: false peers { permanent_uuid: "dd8f46a20eab45ecbd0ff569a72fea2d" member_type: VOTER last_known_addr { host: "127.0.255.193" port: 43093 } } peers { permanent_uuid: "2729954c2350482f83df324f17a79576" member_type: VOTER last_known_addr { host: "127.0.255.194" port: 35189 } attrs { replace: true } } peers { permanent_uuid: "523bbb419d39475b86cf1d03c4c7729b" member_type: VOTER last_known_addr { host: "127.0.255.195" port: 41341 } } peers { permanent_uuid: "c15b24cd2ccf407bb76808067ef0c47e" member_type: NON_VOTER last_known_addr { host: "127.0.255.196" port: 45347 } attrs { promote: true } } }
I20260601 13:43:18.685438  5511 raft_consensus.cc:2955] T 795eff59743a4eec8bb8f64ff43c6fd4 P 2729954c2350482f83df324f17a79576 [term 1 FOLLOWER]: Committing config change with OpId 1.30: config changed from index -1 to 30, NON_VOTER c15b24cd2ccf407bb76808067ef0c47e (127.0.255.196) added. New config: { opid_index: 30 OBSOLETE_local: false peers { permanent_uuid: "dd8f46a20eab45ecbd0ff569a72fea2d" member_type: VOTER last_known_addr { host: "127.0.255.193" port: 43093 } } peers { permanent_uuid: "2729954c2350482f83df324f17a79576" member_type: VOTER last_known_addr { host: "127.0.255.194" port: 35189 } attrs { replace: true } } peers { permanent_uuid: "523bbb419d39475b86cf1d03c4c7729b" member_type: VOTER last_known_addr { host: "127.0.255.195" port: 41341 } } peers { permanent_uuid: "c15b24cd2ccf407bb76808067ef0c47e" member_type: NON_VOTER last_known_addr { host: "127.0.255.196" port: 45347 } attrs { promote: true } } }
I20260601 13:43:18.686494  5326 catalog_manager.cc:5696] T 795eff59743a4eec8bb8f64ff43c6fd4 P 523bbb419d39475b86cf1d03c4c7729b reported cstate change: config changed from index -1 to 30, NON_VOTER c15b24cd2ccf407bb76808067ef0c47e (127.0.255.196) added. New cstate: current_term: 1 leader_uuid: "523bbb419d39475b86cf1d03c4c7729b" committed_config { opid_index: 30 OBSOLETE_local: false peers { permanent_uuid: "dd8f46a20eab45ecbd0ff569a72fea2d" member_type: VOTER last_known_addr { host: "127.0.255.193" port: 43093 } health_report { overall_health: HEALTHY } } peers { permanent_uuid: "2729954c2350482f83df324f17a79576" member_type: VOTER last_known_addr { host: "127.0.255.194" port: 35189 } attrs { replace: true } health_report { overall_health: HEALTHY } } peers { permanent_uuid: "523bbb419d39475b86cf1d03c4c7729b" member_type: VOTER last_known_addr { host: "127.0.255.195" port: 41341 } health_report { overall_health: HEALTHY } } peers { permanent_uuid: "c15b24cd2ccf407bb76808067ef0c47e" member_type: NON_VOTER last_known_addr { host: "127.0.255.196" port: 45347 } attrs { promote: true } health_report { overall_health: UNKNOWN } } }
I20260601 13:43:18.686556  5585 consensus_queue.cc:237] T 2c05f36fc44541b595e559a4323bc21a P 523bbb419d39475b86cf1d03c4c7729b [LEADER]: Queue going to LEADER mode. State: All replicated index: 0, Majority replicated index: 28, Committed index: 28, Last appended: 1.28, Last appended by leader: 0, Current term: 1, Majority size: 2, State: 0, Mode: LEADER, active raft config: opid_index: 29 OBSOLETE_local: false peers { permanent_uuid: "dd8f46a20eab45ecbd0ff569a72fea2d" member_type: VOTER last_known_addr { host: "127.0.255.193" port: 43093 } } peers { permanent_uuid: "2729954c2350482f83df324f17a79576" member_type: VOTER last_known_addr { host: "127.0.255.194" port: 35189 } attrs { replace: true } } peers { permanent_uuid: "523bbb419d39475b86cf1d03c4c7729b" member_type: VOTER last_known_addr { host: "127.0.255.195" port: 41341 } } peers { permanent_uuid: "c15b24cd2ccf407bb76808067ef0c47e" member_type: NON_VOTER last_known_addr { host: "127.0.255.196" port: 45347 } attrs { promote: true } }
W20260601 13:43:18.688056  5550 consensus_peers.cc:597] T 795eff59743a4eec8bb8f64ff43c6fd4 P 523bbb419d39475b86cf1d03c4c7729b -> Peer c15b24cd2ccf407bb76808067ef0c47e (127.0.255.196:45347): Couldn't send request to peer c15b24cd2ccf407bb76808067ef0c47e. Error code: TABLET_NOT_FOUND (6). Status: Not found: Tablet not found: 795eff59743a4eec8bb8f64ff43c6fd4. This is attempt 1: this message will repeat every 5th retry.
W20260601 13:43:18.688333  5550 consensus_peers.cc:597] T 2c05f36fc44541b595e559a4323bc21a P 523bbb419d39475b86cf1d03c4c7729b -> Peer c15b24cd2ccf407bb76808067ef0c47e (127.0.255.196:45347): Couldn't send request to peer c15b24cd2ccf407bb76808067ef0c47e. Error code: TABLET_NOT_FOUND (6). Status: Not found: Tablet not found: 2c05f36fc44541b595e559a4323bc21a. This is attempt 1: this message will repeat every 5th retry.
I20260601 13:43:18.688364  5511 raft_consensus.cc:1275] T 2c05f36fc44541b595e559a4323bc21a P 2729954c2350482f83df324f17a79576 [term 1 FOLLOWER]: Refusing update from remote peer 523bbb419d39475b86cf1d03c4c7729b: Log matching property violated. Preceding OpId in replica: term: 1 index: 28. Preceding OpId from leader: term: 1 index: 29. (index mismatch)
I20260601 13:43:18.688342  5432 raft_consensus.cc:1275] T 2c05f36fc44541b595e559a4323bc21a P dd8f46a20eab45ecbd0ff569a72fea2d [term 1 FOLLOWER]: Refusing update from remote peer 523bbb419d39475b86cf1d03c4c7729b: Log matching property violated. Preceding OpId in replica: term: 1 index: 28. Preceding OpId from leader: term: 1 index: 29. (index mismatch)
I20260601 13:43:18.688776  6021 consensus_queue.cc:1048] T 2c05f36fc44541b595e559a4323bc21a P 523bbb419d39475b86cf1d03c4c7729b [LEADER]: Connected to new peer: Peer: permanent_uuid: "dd8f46a20eab45ecbd0ff569a72fea2d" member_type: VOTER last_known_addr { host: "127.0.255.193" port: 43093 }, Status: LMP_MISMATCH, Last received: 0.0, Next index: 29, Last known committed idx: 28, Time since last communication: 0.000s
I20260601 13:43:18.689431  6021 consensus_queue.cc:1048] T 2c05f36fc44541b595e559a4323bc21a P 523bbb419d39475b86cf1d03c4c7729b [LEADER]: Connected to new peer: Peer: permanent_uuid: "2729954c2350482f83df324f17a79576" member_type: VOTER last_known_addr { host: "127.0.255.194" port: 35189 } attrs { replace: true }, Status: LMP_MISMATCH, Last received: 0.0, Next index: 29, Last known committed idx: 28, Time since last communication: 0.000s
I20260601 13:43:18.690346  6018 raft_consensus.cc:2955] T 2c05f36fc44541b595e559a4323bc21a P 523bbb419d39475b86cf1d03c4c7729b [term 1 LEADER]: Committing config change with OpId 1.29: config changed from index -1 to 29, NON_VOTER c15b24cd2ccf407bb76808067ef0c47e (127.0.255.196) added. New config: { opid_index: 29 OBSOLETE_local: false peers { permanent_uuid: "dd8f46a20eab45ecbd0ff569a72fea2d" member_type: VOTER last_known_addr { host: "127.0.255.193" port: 43093 } } peers { permanent_uuid: "2729954c2350482f83df324f17a79576" member_type: VOTER last_known_addr { host: "127.0.255.194" port: 35189 } attrs { replace: true } } peers { permanent_uuid: "523bbb419d39475b86cf1d03c4c7729b" member_type: VOTER last_known_addr { host: "127.0.255.195" port: 41341 } } peers { permanent_uuid: "c15b24cd2ccf407bb76808067ef0c47e" member_type: NON_VOTER last_known_addr { host: "127.0.255.196" port: 45347 } attrs { promote: true } } }
