I20260601 13:43:12.896976  2242 raft_consensus.cc:2468] T be45ab18fc654b0ba54b64dbdaac9b1f P 7938eb765b9142bba3efd56a66ffe37a [term 1 FOLLOWER]: Leader election vote request: Granting yes vote for candidate 0c96acc03e7a451d9022cae62435d1be in term 1.
I20260601 13:43:12.896976  2317 raft_consensus.cc:2468] T be45ab18fc654b0ba54b64dbdaac9b1f P 263a346b58714ddaa7038babfc4e634a [term 1 FOLLOWER]: Leader election vote request: Granting yes vote for candidate 0c96acc03e7a451d9022cae62435d1be in term 1.
I20260601 13:43:12.897306  2128 leader_election.cc:304] T be45ab18fc654b0ba54b64dbdaac9b1f P 0c96acc03e7a451d9022cae62435d1be [CANDIDATE]: Term 1 election: Election decided. Result: candidate won. Election summary: received 2 responses out of 3 voters: 2 yes votes; 0 no votes. yes voters: 0c96acc03e7a451d9022cae62435d1be, 7938eb765b9142bba3efd56a66ffe37a; no voters: 
I20260601 13:43:12.897534  2367 raft_consensus.cc:2804] T be45ab18fc654b0ba54b64dbdaac9b1f P 0c96acc03e7a451d9022cae62435d1be [term 1 FOLLOWER]: Leader election won for term 1
I20260601 13:43:12.897661  2367 raft_consensus.cc:697] T be45ab18fc654b0ba54b64dbdaac9b1f P 0c96acc03e7a451d9022cae62435d1be [term 1 LEADER]: Becoming Leader. State: Replica: 0c96acc03e7a451d9022cae62435d1be, State: Running, Role: LEADER
I20260601 13:43:12.897828  2367 consensus_queue.cc:237] T be45ab18fc654b0ba54b64dbdaac9b1f P 0c96acc03e7a451d9022cae62435d1be [LEADER]: Queue going to LEADER mode. State: All replicated index: 0, Majority replicated index: 0, Committed index: 0, Last appended: 0.0, Last appended by leader: 0, Current term: 1, Majority size: 2, State: 0, Mode: LEADER, active raft config: opid_index: -1 OBSOLETE_local: false peers { permanent_uuid: "0c96acc03e7a451d9022cae62435d1be" member_type: VOTER last_known_addr { host: "127.29.99.65" port: 41529 } } peers { permanent_uuid: "7938eb765b9142bba3efd56a66ffe37a" member_type: VOTER last_known_addr { host: "127.29.99.66" port: 34973 } } peers { permanent_uuid: "263a346b58714ddaa7038babfc4e634a" member_type: VOTER last_known_addr { host: "127.29.99.67" port: 43845 } }
I20260601 13:43:12.898416  2381 raft_consensus.cc:493] T 740184f7ade04db09d76a1368670c67a P 263a346b58714ddaa7038babfc4e634a [term 0 FOLLOWER]: Starting pre-election (no leader contacted us within the election timeout)
I20260601 13:43:12.898569  2381 raft_consensus.cc:515] T 740184f7ade04db09d76a1368670c67a P 263a346b58714ddaa7038babfc4e634a [term 0 FOLLOWER]: Starting pre-election with config: opid_index: -1 OBSOLETE_local: false peers { permanent_uuid: "0c96acc03e7a451d9022cae62435d1be" member_type: VOTER last_known_addr { host: "127.29.99.65" port: 41529 } } peers { permanent_uuid: "7938eb765b9142bba3efd56a66ffe37a" member_type: VOTER last_known_addr { host: "127.29.99.66" port: 34973 } } peers { permanent_uuid: "263a346b58714ddaa7038babfc4e634a" member_type: VOTER last_known_addr { host: "127.29.99.67" port: 43845 } }
I20260601 13:43:12.899196  2381 leader_election.cc:290] T 740184f7ade04db09d76a1368670c67a P 263a346b58714ddaa7038babfc4e634a [CANDIDATE]: Term 1 pre-election: Requested pre-vote from peers 0c96acc03e7a451d9022cae62435d1be (127.29.99.65:41529), 7938eb765b9142bba3efd56a66ffe37a (127.29.99.66:34973)
I20260601 13:43:12.899292  2164 tablet_service.cc:1917] Received RequestConsensusVote() RPC: tablet_id: "740184f7ade04db09d76a1368670c67a" candidate_uuid: "263a346b58714ddaa7038babfc4e634a" candidate_term: 1 candidate_status { last_received { term: 0 index: 0 } } ignore_live_leader: false dest_uuid: "0c96acc03e7a451d9022cae62435d1be" is_pre_election: true
I20260601 13:43:12.899339  2242 tablet_service.cc:1917] Received RequestConsensusVote() RPC: tablet_id: "740184f7ade04db09d76a1368670c67a" candidate_uuid: "263a346b58714ddaa7038babfc4e634a" candidate_term: 1 candidate_status { last_received { term: 0 index: 0 } } ignore_live_leader: false dest_uuid: "7938eb765b9142bba3efd56a66ffe37a" is_pre_election: true
I20260601 13:43:12.899384  2164 raft_consensus.cc:2468] T 740184f7ade04db09d76a1368670c67a P 0c96acc03e7a451d9022cae62435d1be [term 0 FOLLOWER]: Leader pre-election vote request: Granting yes vote for candidate 263a346b58714ddaa7038babfc4e634a in term 0.
I20260601 13:43:12.899477  2242 raft_consensus.cc:2468] T 740184f7ade04db09d76a1368670c67a P 7938eb765b9142bba3efd56a66ffe37a [term 0 FOLLOWER]: Leader pre-election vote request: Granting yes vote for candidate 263a346b58714ddaa7038babfc4e634a in term 0.
I20260601 13:43:12.899648  2282 leader_election.cc:304] T 740184f7ade04db09d76a1368670c67a P 263a346b58714ddaa7038babfc4e634a [CANDIDATE]: Term 1 pre-election: Election decided. Result: candidate won. Election summary: received 2 responses out of 3 voters: 2 yes votes; 0 no votes. yes voters: 0c96acc03e7a451d9022cae62435d1be, 263a346b58714ddaa7038babfc4e634a; no voters: 
I20260601 13:43:12.899791  2381 raft_consensus.cc:2804] T 740184f7ade04db09d76a1368670c67a P 263a346b58714ddaa7038babfc4e634a [term 0 FOLLOWER]: Leader pre-election won for term 1
I20260601 13:43:12.899716  2058 catalog_manager.cc:5696] T be45ab18fc654b0ba54b64dbdaac9b1f P 0c96acc03e7a451d9022cae62435d1be reported cstate change: term changed from 0 to 1, leader changed from <none> to 0c96acc03e7a451d9022cae62435d1be (127.29.99.65). New cstate: current_term: 1 leader_uuid: "0c96acc03e7a451d9022cae62435d1be" committed_config { opid_index: -1 OBSOLETE_local: false peers { permanent_uuid: "0c96acc03e7a451d9022cae62435d1be" member_type: VOTER last_known_addr { host: "127.29.99.65" port: 41529 } health_report { overall_health: HEALTHY } } peers { permanent_uuid: "7938eb765b9142bba3efd56a66ffe37a" member_type: VOTER last_known_addr { host: "127.29.99.66" port: 34973 } health_report { overall_health: UNKNOWN } } peers { permanent_uuid: "263a346b58714ddaa7038babfc4e634a" member_type: VOTER last_known_addr { host: "127.29.99.67" port: 43845 } health_report { overall_health: UNKNOWN } } }
I20260601 13:43:12.899834  2381 raft_consensus.cc:493] T 740184f7ade04db09d76a1368670c67a P 263a346b58714ddaa7038babfc4e634a [term 0 FOLLOWER]: Starting leader election (no leader contacted us within the election timeout)
I20260601 13:43:12.899876  2381 raft_consensus.cc:3060] T 740184f7ade04db09d76a1368670c67a P 263a346b58714ddaa7038babfc4e634a [term 0 FOLLOWER]: Advancing to term 1
I20260601 13:43:12.900815  2381 raft_consensus.cc:515] T 740184f7ade04db09d76a1368670c67a P 263a346b58714ddaa7038babfc4e634a [term 1 FOLLOWER]: Starting leader election with config: opid_index: -1 OBSOLETE_local: false peers { permanent_uuid: "0c96acc03e7a451d9022cae62435d1be" member_type: VOTER last_known_addr { host: "127.29.99.65" port: 41529 } } peers { permanent_uuid: "7938eb765b9142bba3efd56a66ffe37a" member_type: VOTER last_known_addr { host: "127.29.99.66" port: 34973 } } peers { permanent_uuid: "263a346b58714ddaa7038babfc4e634a" member_type: VOTER last_known_addr { host: "127.29.99.67" port: 43845 } }
I20260601 13:43:12.901222  2381 leader_election.cc:290] T 740184f7ade04db09d76a1368670c67a P 263a346b58714ddaa7038babfc4e634a [CANDIDATE]: Term 1 election: Requested vote from peers 0c96acc03e7a451d9022cae62435d1be (127.29.99.65:41529), 7938eb765b9142bba3efd56a66ffe37a (127.29.99.66:34973)
I20260601 13:43:12.901515  2164 tablet_service.cc:1917] Received RequestConsensusVote() RPC: tablet_id: "740184f7ade04db09d76a1368670c67a" candidate_uuid: "263a346b58714ddaa7038babfc4e634a" candidate_term: 1 candidate_status { last_received { term: 0 index: 0 } } ignore_live_leader: false dest_uuid: "0c96acc03e7a451d9022cae62435d1be"
I20260601 13:43:12.901612  2164 raft_consensus.cc:3060] T 740184f7ade04db09d76a1368670c67a P 0c96acc03e7a451d9022cae62435d1be [term 0 FOLLOWER]: Advancing to term 1
I20260601 13:43:12.902499  2164 raft_consensus.cc:2468] T 740184f7ade04db09d76a1368670c67a P 0c96acc03e7a451d9022cae62435d1be [term 1 FOLLOWER]: Leader election vote request: Granting yes vote for candidate 263a346b58714ddaa7038babfc4e634a in term 1.
I20260601 13:43:12.902791  2242 tablet_service.cc:1917] Received RequestConsensusVote() RPC: tablet_id: "740184f7ade04db09d76a1368670c67a" candidate_uuid: "263a346b58714ddaa7038babfc4e634a" candidate_term: 1 candidate_status { last_received { term: 0 index: 0 } } ignore_live_leader: false dest_uuid: "7938eb765b9142bba3efd56a66ffe37a"
I20260601 13:43:12.902853  2282 leader_election.cc:304] T 740184f7ade04db09d76a1368670c67a P 263a346b58714ddaa7038babfc4e634a [CANDIDATE]: Term 1 election: Election decided. Result: candidate won. Election summary: received 2 responses out of 3 voters: 2 yes votes; 0 no votes. yes voters: 0c96acc03e7a451d9022cae62435d1be, 263a346b58714ddaa7038babfc4e634a; no voters: 
I20260601 13:43:12.902900  2242 raft_consensus.cc:3060] T 740184f7ade04db09d76a1368670c67a P 7938eb765b9142bba3efd56a66ffe37a [term 0 FOLLOWER]: Advancing to term 1
I20260601 13:43:12.903035  2381 raft_consensus.cc:2804] T 740184f7ade04db09d76a1368670c67a P 263a346b58714ddaa7038babfc4e634a [term 1 FOLLOWER]: Leader election won for term 1
I20260601 13:43:12.903214  2381 raft_consensus.cc:697] T 740184f7ade04db09d76a1368670c67a P 263a346b58714ddaa7038babfc4e634a [term 1 LEADER]: Becoming Leader. State: Replica: 263a346b58714ddaa7038babfc4e634a, State: Running, Role: LEADER
I20260601 13:43:12.903339  2381 consensus_queue.cc:237] T 740184f7ade04db09d76a1368670c67a P 263a346b58714ddaa7038babfc4e634a [LEADER]: Queue going to LEADER mode. State: All replicated index: 0, Majority replicated index: 0, Committed index: 0, Last appended: 0.0, Last appended by leader: 0, Current term: 1, Majority size: 2, State: 0, Mode: LEADER, active raft config: opid_index: -1 OBSOLETE_local: false peers { permanent_uuid: "0c96acc03e7a451d9022cae62435d1be" member_type: VOTER last_known_addr { host: "127.29.99.65" port: 41529 } } peers { permanent_uuid: "7938eb765b9142bba3efd56a66ffe37a" member_type: VOTER last_known_addr { host: "127.29.99.66" port: 34973 } } peers { permanent_uuid: "263a346b58714ddaa7038babfc4e634a" member_type: VOTER last_known_addr { host: "127.29.99.67" port: 43845 } }
I20260601 13:43:12.903928  2242 raft_consensus.cc:2468] T 740184f7ade04db09d76a1368670c67a P 7938eb765b9142bba3efd56a66ffe37a [term 1 FOLLOWER]: Leader election vote request: Granting yes vote for candidate 263a346b58714ddaa7038babfc4e634a in term 1.
I20260601 13:43:12.905017  2058 catalog_manager.cc:5696] T 740184f7ade04db09d76a1368670c67a P 263a346b58714ddaa7038babfc4e634a reported cstate change: term changed from 0 to 1, leader changed from <none> to 263a346b58714ddaa7038babfc4e634a (127.29.99.67). New cstate: current_term: 1 leader_uuid: "263a346b58714ddaa7038babfc4e634a" committed_config { opid_index: -1 OBSOLETE_local: false peers { permanent_uuid: "0c96acc03e7a451d9022cae62435d1be" member_type: VOTER last_known_addr { host: "127.29.99.65" port: 41529 } health_report { overall_health: UNKNOWN } } peers { permanent_uuid: "7938eb765b9142bba3efd56a66ffe37a" member_type: VOTER last_known_addr { host: "127.29.99.66" port: 34973 } health_report { overall_health: UNKNOWN } } peers { permanent_uuid: "263a346b58714ddaa7038babfc4e634a" member_type: VOTER last_known_addr { host: "127.29.99.67" port: 43845 } health_report { overall_health: HEALTHY } } }
I20260601 13:43:12.951685  2317 raft_consensus.cc:1275] T 9524c333e9eb41369c97d1475b4abdb5 P 263a346b58714ddaa7038babfc4e634a [term 1 FOLLOWER]: Refusing update from remote peer 0c96acc03e7a451d9022cae62435d1be: Log matching property violated. Preceding OpId in replica: term: 0 index: 0. Preceding OpId from leader: term: 1 index: 2. (index mismatch)
I20260601 13:43:12.952281  2317 raft_consensus.cc:1275] T be45ab18fc654b0ba54b64dbdaac9b1f P 263a346b58714ddaa7038babfc4e634a [term 1 FOLLOWER]: Refusing update from remote peer 0c96acc03e7a451d9022cae62435d1be: Log matching property violated. Preceding OpId in replica: term: 0 index: 0. Preceding OpId from leader: term: 1 index: 2. (index mismatch)
I20260601 13:43:12.952884  2367 consensus_queue.cc:1048] T 9524c333e9eb41369c97d1475b4abdb5 P 0c96acc03e7a451d9022cae62435d1be [LEADER]: Connected to new peer: Peer: permanent_uuid: "263a346b58714ddaa7038babfc4e634a" member_type: VOTER last_known_addr { host: "127.29.99.67" port: 43845 }, Status: LMP_MISMATCH, Last received: 0.0, Next index: 1, Last known committed idx: 0, Time since last communication: 0.000s
I20260601 13:43:12.953207  2367 consensus_queue.cc:1048] T be45ab18fc654b0ba54b64dbdaac9b1f P 0c96acc03e7a451d9022cae62435d1be [LEADER]: Connected to new peer: Peer: permanent_uuid: "263a346b58714ddaa7038babfc4e634a" member_type: VOTER last_known_addr { host: "127.29.99.67" port: 43845 }, Status: LMP_MISMATCH, Last received: 0.0, Next index: 1, Last known committed idx: 0, Time since last communication: 0.000s
I20260601 13:43:12.953814  2318 raft_consensus.cc:1275] T dd44eff4263941029e5c8def38cb8786 P 263a346b58714ddaa7038babfc4e634a [term 1 FOLLOWER]: Refusing update from remote peer 7938eb765b9142bba3efd56a66ffe37a: Log matching property violated. Preceding OpId in replica: term: 0 index: 0. Preceding OpId from leader: term: 1 index: 2. (index mismatch)
I20260601 13:43:12.954039  2164 raft_consensus.cc:1275] T b064a24bdee3461187693e4263bc12e5 P 0c96acc03e7a451d9022cae62435d1be [term 1 FOLLOWER]: Refusing update from remote peer 7938eb765b9142bba3efd56a66ffe37a: Log matching property violated. Preceding OpId in replica: term: 0 index: 0. Preceding OpId from leader: term: 1 index: 2. (index mismatch)
I20260601 13:43:12.954337  2165 raft_consensus.cc:1275] T dd44eff4263941029e5c8def38cb8786 P 0c96acc03e7a451d9022cae62435d1be [term 1 FOLLOWER]: Refusing update from remote peer 7938eb765b9142bba3efd56a66ffe37a: Log matching property violated. Preceding OpId in replica: term: 0 index: 0. Preceding OpId from leader: term: 1 index: 2. (index mismatch)
I20260601 13:43:12.956678  2315 raft_consensus.cc:1275] T bca4e74cb58345a29b220ffa6818ea56 P 263a346b58714ddaa7038babfc4e634a [term 1 FOLLOWER]: Refusing update from remote peer 0c96acc03e7a451d9022cae62435d1be: Log matching property violated. Preceding OpId in replica: term: 0 index: 0. Preceding OpId from leader: term: 1 index: 2. (index mismatch)
I20260601 13:43:12.956871  2373 consensus_queue.cc:1048] T b064a24bdee3461187693e4263bc12e5 P 7938eb765b9142bba3efd56a66ffe37a [LEADER]: Connected to new peer: Peer: permanent_uuid: "0c96acc03e7a451d9022cae62435d1be" member_type: VOTER last_known_addr { host: "127.29.99.65" port: 41529 }, Status: LMP_MISMATCH, Last received: 0.0, Next index: 1, Last known committed idx: 0, Time since last communication: 0.000s
I20260601 13:43:12.957154  2373 consensus_queue.cc:1048] T dd44eff4263941029e5c8def38cb8786 P 7938eb765b9142bba3efd56a66ffe37a [LEADER]: Connected to new peer: Peer: permanent_uuid: "0c96acc03e7a451d9022cae62435d1be" member_type: VOTER last_known_addr { host: "127.29.99.65" port: 41529 }, Status: LMP_MISMATCH, Last received: 0.0, Next index: 1, Last known committed idx: 0, Time since last communication: 0.000s
I20260601 13:43:12.957877  2242 raft_consensus.cc:1275] T 9524c333e9eb41369c97d1475b4abdb5 P 7938eb765b9142bba3efd56a66ffe37a [term 1 FOLLOWER]: Refusing update from remote peer 0c96acc03e7a451d9022cae62435d1be: Log matching property violated. Preceding OpId in replica: term: 0 index: 0. Preceding OpId from leader: term: 1 index: 2. (index mismatch)
I20260601 13:43:12.958166  2241 raft_consensus.cc:1275] T be45ab18fc654b0ba54b64dbdaac9b1f P 7938eb765b9142bba3efd56a66ffe37a [term 1 FOLLOWER]: Refusing update from remote peer 0c96acc03e7a451d9022cae62435d1be: Log matching property violated. Preceding OpId in replica: term: 0 index: 0. Preceding OpId from leader: term: 1 index: 2. (index mismatch)
I20260601 13:43:12.965771  2315 raft_consensus.cc:1275] T f4aba4c8c1e5428e9374b565260037fa P 263a346b58714ddaa7038babfc4e634a [term 1 FOLLOWER]: Refusing update from remote peer 7938eb765b9142bba3efd56a66ffe37a: Log matching property violated. Preceding OpId in replica: term: 0 index: 0. Preceding OpId from leader: term: 1 index: 2. (index mismatch)
I20260601 13:43:12.966722  2241 raft_consensus.cc:1275] T 8c354daddd1d46e7ad02ea23846e1da8 P 7938eb765b9142bba3efd56a66ffe37a [term 1 FOLLOWER]: Refusing update from remote peer 263a346b58714ddaa7038babfc4e634a: Log matching property violated. Preceding OpId in replica: term: 0 index: 0. Preceding OpId from leader: term: 1 index: 2. (index mismatch)
I20260601 13:43:12.966792  2242 raft_consensus.cc:1275] T 91d0ab4f3c02462aaa908f94e8d08f31 P 7938eb765b9142bba3efd56a66ffe37a [term 1 FOLLOWER]: Refusing update from remote peer 263a346b58714ddaa7038babfc4e634a: Log matching property violated. Preceding OpId in replica: term: 0 index: 0. Preceding OpId from leader: term: 1 index: 2. (index mismatch)
I20260601 13:43:12.967016  2240 raft_consensus.cc:1275] T 740184f7ade04db09d76a1368670c67a P 7938eb765b9142bba3efd56a66ffe37a [term 1 FOLLOWER]: Refusing update from remote peer 263a346b58714ddaa7038babfc4e634a: Log matching property violated. Preceding OpId in replica: term: 0 index: 0. Preceding OpId from leader: term: 1 index: 2. (index mismatch)
I20260601 13:43:12.967306  2239 raft_consensus.cc:1275] T 7f7dc033fa2143f0abfe663e4b6e7215 P 7938eb765b9142bba3efd56a66ffe37a [term 1 FOLLOWER]: Refusing update from remote peer 0c96acc03e7a451d9022cae62435d1be: Log matching property violated. Preceding OpId in replica: term: 0 index: 0. Preceding OpId from leader: term: 1 index: 2. (index mismatch)
I20260601 13:43:12.967424  2381 consensus_queue.cc:1048] T 8c354daddd1d46e7ad02ea23846e1da8 P 263a346b58714ddaa7038babfc4e634a [LEADER]: Connected to new peer: Peer: permanent_uuid: "7938eb765b9142bba3efd56a66ffe37a" member_type: VOTER last_known_addr { host: "127.29.99.66" port: 34973 }, Status: LMP_MISMATCH, Last received: 0.0, Next index: 1, Last known committed idx: 0, Time since last communication: 0.000s
I20260601 13:43:12.967509  2314 raft_consensus.cc:1275] T f222201055d546868f9e7d4b2123b782 P 263a346b58714ddaa7038babfc4e634a [term 1 FOLLOWER]: Refusing update from remote peer 0c96acc03e7a451d9022cae62435d1be: Log matching property violated. Preceding OpId in replica: term: 0 index: 0. Preceding OpId from leader: term: 1 index: 2. (index mismatch)
I20260601 13:43:12.967603  2238 raft_consensus.cc:1275] T f222201055d546868f9e7d4b2123b782 P 7938eb765b9142bba3efd56a66ffe37a [term 1 FOLLOWER]: Refusing update from remote peer 0c96acc03e7a451d9022cae62435d1be: Log matching property violated. Preceding OpId in replica: term: 0 index: 0. Preceding OpId from leader: term: 1 index: 2. (index mismatch)
I20260601 13:43:12.967725  2405 consensus_queue.cc:1048] T dd44eff4263941029e5c8def38cb8786 P 7938eb765b9142bba3efd56a66ffe37a [LEADER]: Connected to new peer: Peer: permanent_uuid: "263a346b58714ddaa7038babfc4e634a" member_type: VOTER last_known_addr { host: "127.29.99.67" port: 43845 }, Status: LMP_MISMATCH, Last received: 0.0, Next index: 1, Last known committed idx: 0, Time since last communication: 0.000s
I20260601 13:43:12.967767  2416 consensus_queue.cc:1048] T 740184f7ade04db09d76a1368670c67a P 263a346b58714ddaa7038babfc4e634a [LEADER]: Connected to new peer: Peer: permanent_uuid: "7938eb765b9142bba3efd56a66ffe37a" member_type: VOTER last_known_addr { host: "127.29.99.66" port: 34973 }, Status: LMP_MISMATCH, Last received: 0.0, Next index: 1, Last known committed idx: 0, Time since last communication: 0.000s
I20260601 13:43:12.967851  2163 raft_consensus.cc:1275] T 740184f7ade04db09d76a1368670c67a P 0c96acc03e7a451d9022cae62435d1be [term 1 FOLLOWER]: Refusing update from remote peer 263a346b58714ddaa7038babfc4e634a: Log matching property violated. Preceding OpId in replica: term: 0 index: 0. Preceding OpId from leader: term: 1 index: 2. (index mismatch)
I20260601 13:43:12.967916  2164 raft_consensus.cc:1275] T 91d0ab4f3c02462aaa908f94e8d08f31 P 0c96acc03e7a451d9022cae62435d1be [term 1 FOLLOWER]: Refusing update from remote peer 263a346b58714ddaa7038babfc4e634a: Log matching property violated. Preceding OpId in replica: term: 0 index: 0. Preceding OpId from leader: term: 1 index: 2. (index mismatch)
I20260601 13:43:12.968024  2405 consensus_queue.cc:1048] T f4aba4c8c1e5428e9374b565260037fa P 7938eb765b9142bba3efd56a66ffe37a [LEADER]: Connected to new peer: Peer: permanent_uuid: "263a346b58714ddaa7038babfc4e634a" member_type: VOTER last_known_addr { host: "127.29.99.67" port: 43845 }, Status: LMP_MISMATCH, Last received: 0.0, Next index: 1, Last known committed idx: 0, Time since last communication: 0.000s
I20260601 13:43:12.967795  2369 consensus_queue.cc:1048] T be45ab18fc654b0ba54b64dbdaac9b1f P 0c96acc03e7a451d9022cae62435d1be [LEADER]: Connected to new peer: Peer: permanent_uuid: "7938eb765b9142bba3efd56a66ffe37a" member_type: VOTER last_known_addr { host: "127.29.99.66" port: 34973 }, Status: LMP_MISMATCH, Last received: 0.0, Next index: 1, Last known committed idx: 0, Time since last communication: 0.000s
I20260601 13:43:12.968122  2162 raft_consensus.cc:1275] T f4aba4c8c1e5428e9374b565260037fa P 0c96acc03e7a451d9022cae62435d1be [term 1 FOLLOWER]: Refusing update from remote peer 7938eb765b9142bba3efd56a66ffe37a: Log matching property violated. Preceding OpId in replica: term: 0 index: 0. Preceding OpId from leader: term: 1 index: 2. (index mismatch)
I20260601 13:43:12.968189  2317 raft_consensus.cc:1275] T b064a24bdee3461187693e4263bc12e5 P 263a346b58714ddaa7038babfc4e634a [term 1 FOLLOWER]: Refusing update from remote peer 7938eb765b9142bba3efd56a66ffe37a: Log matching property violated. Preceding OpId in replica: term: 0 index: 0. Preceding OpId from leader: term: 1 index: 2. (index mismatch)
I20260601 13:43:12.967729  2381 consensus_queue.cc:1048] T 91d0ab4f3c02462aaa908f94e8d08f31 P 263a346b58714ddaa7038babfc4e634a [LEADER]: Connected to new peer: Peer: permanent_uuid: "7938eb765b9142bba3efd56a66ffe37a" member_type: VOTER last_known_addr { host: "127.29.99.66" port: 34973 }, Status: LMP_MISMATCH, Last received: 0.0, Next index: 1, Last known committed idx: 0, Time since last communication: 0.001s
I20260601 13:43:12.968571  2318 raft_consensus.cc:1275] T 7f7dc033fa2143f0abfe663e4b6e7215 P 263a346b58714ddaa7038babfc4e634a [term 1 FOLLOWER]: Refusing update from remote peer 0c96acc03e7a451d9022cae62435d1be: Log matching property violated. Preceding OpId in replica: term: 0 index: 0. Preceding OpId from leader: term: 1 index: 2. (index mismatch)
I20260601 13:43:12.968058  2367 consensus_queue.cc:1048] T bca4e74cb58345a29b220ffa6818ea56 P 0c96acc03e7a451d9022cae62435d1be [LEADER]: Connected to new peer: Peer: permanent_uuid: "263a346b58714ddaa7038babfc4e634a" member_type: VOTER last_known_addr { host: "127.29.99.67" port: 43845 }, Status: LMP_MISMATCH, Last received: 0.0, Next index: 1, Last known committed idx: 0, Time since last communication: 0.001s
I20260601 13:43:12.967768  2446 consensus_queue.cc:1048] T 9524c333e9eb41369c97d1475b4abdb5 P 0c96acc03e7a451d9022cae62435d1be [LEADER]: Connected to new peer: Peer: permanent_uuid: "7938eb765b9142bba3efd56a66ffe37a" member_type: VOTER last_known_addr { host: "127.29.99.66" port: 34973 }, Status: LMP_MISMATCH, Last received: 0.0, Next index: 1, Last known committed idx: 0, Time since last communication: 0.001s
I20260601 13:43:12.970806  2241 raft_consensus.cc:1275] T bca4e74cb58345a29b220ffa6818ea56 P 7938eb765b9142bba3efd56a66ffe37a [term 1 FOLLOWER]: Refusing update from remote peer 0c96acc03e7a451d9022cae62435d1be: Log matching property violated. Preceding OpId in replica: term: 0 index: 0. Preceding OpId from leader: term: 1 index: 2. (index mismatch)
I20260601 13:43:12.968411  2165 raft_consensus.cc:1275] T 8c354daddd1d46e7ad02ea23846e1da8 P 0c96acc03e7a451d9022cae62435d1be [term 1 FOLLOWER]: Refusing update from remote peer 263a346b58714ddaa7038babfc4e634a: Log matching property violated. Preceding OpId in replica: term: 0 index: 0. Preceding OpId from leader: term: 1 index: 2. (index mismatch)
I20260601 13:43:12.971653  2373 consensus_queue.cc:1048] T b064a24bdee3461187693e4263bc12e5 P 7938eb765b9142bba3efd56a66ffe37a [LEADER]: Connected to new peer: Peer: permanent_uuid: "263a346b58714ddaa7038babfc4e634a" member_type: VOTER last_known_addr { host: "127.29.99.67" port: 43845 }, Status: LMP_MISMATCH, Last received: 0.0, Next index: 1, Last known committed idx: 0, Time since last communication: 0.000s
I20260601 13:43:12.972082  2405 consensus_queue.cc:1048] T f4aba4c8c1e5428e9374b565260037fa P 7938eb765b9142bba3efd56a66ffe37a [LEADER]: Connected to new peer: Peer: permanent_uuid: "0c96acc03e7a451d9022cae62435d1be" member_type: VOTER last_known_addr { host: "127.29.99.65" port: 41529 }, Status: LMP_MISMATCH, Last received: 0.0, Next index: 1, Last known committed idx: 0, Time since last communication: 0.000s
I20260601 13:43:12.972389  2367 consensus_queue.cc:1048] T f222201055d546868f9e7d4b2123b782 P 0c96acc03e7a451d9022cae62435d1be [LEADER]: Connected to new peer: Peer: permanent_uuid: "263a346b58714ddaa7038babfc4e634a" member_type: VOTER last_known_addr { host: "127.29.99.67" port: 43845 }, Status: LMP_MISMATCH, Last received: 0.0, Next index: 1, Last known committed idx: 0, Time since last communication: 0.000s
I20260601 13:43:12.972678  2367 consensus_queue.cc:1048] T 7f7dc033fa2143f0abfe663e4b6e7215 P 0c96acc03e7a451d9022cae62435d1be [LEADER]: Connected to new peer: Peer: permanent_uuid: "263a346b58714ddaa7038babfc4e634a" member_type: VOTER last_known_addr { host: "127.29.99.67" port: 43845 }, Status: LMP_MISMATCH, Last received: 0.0, Next index: 1, Last known committed idx: 0, Time since last communication: 0.000s
I20260601 13:43:12.972887  2416 consensus_queue.cc:1048] T 740184f7ade04db09d76a1368670c67a P 263a346b58714ddaa7038babfc4e634a [LEADER]: Connected to new peer: Peer: permanent_uuid: "0c96acc03e7a451d9022cae62435d1be" member_type: VOTER last_known_addr { host: "127.29.99.65" port: 41529 }, Status: LMP_MISMATCH, Last received: 0.0, Next index: 1, Last known committed idx: 0, Time since last communication: 0.000s
I20260601 13:43:12.972977  2452 consensus_queue.cc:1048] T 91d0ab4f3c02462aaa908f94e8d08f31 P 263a346b58714ddaa7038babfc4e634a [LEADER]: Connected to new peer: Peer: permanent_uuid: "0c96acc03e7a451d9022cae62435d1be" member_type: VOTER last_known_addr { host: "127.29.99.65" port: 41529 }, Status: LMP_MISMATCH, Last received: 0.0, Next index: 1, Last known committed idx: 0, Time since last communication: 0.000s
I20260601 13:43:12.973141  2416 consensus_queue.cc:1048] T 8c354daddd1d46e7ad02ea23846e1da8 P 263a346b58714ddaa7038babfc4e634a [LEADER]: Connected to new peer: Peer: permanent_uuid: "0c96acc03e7a451d9022cae62435d1be" member_type: VOTER last_known_addr { host: "127.29.99.65" port: 41529 }, Status: LMP_MISMATCH, Last received: 0.0, Next index: 1, Last known committed idx: 0, Time since last communication: 0.000s
I20260601 13:43:12.973016  2446 consensus_queue.cc:1048] T f222201055d546868f9e7d4b2123b782 P 0c96acc03e7a451d9022cae62435d1be [LEADER]: Connected to new peer: Peer: permanent_uuid: "7938eb765b9142bba3efd56a66ffe37a" member_type: VOTER last_known_addr { host: "127.29.99.66" port: 34973 }, Status: LMP_MISMATCH, Last received: 0.0, Next index: 1, Last known committed idx: 0, Time since last communication: 0.000s
I20260601 13:43:12.973409  2446 consensus_queue.cc:1048] T bca4e74cb58345a29b220ffa6818ea56 P 0c96acc03e7a451d9022cae62435d1be [LEADER]: Connected to new peer: Peer: permanent_uuid: "7938eb765b9142bba3efd56a66ffe37a" member_type: VOTER last_known_addr { host: "127.29.99.66" port: 34973 }, Status: LMP_MISMATCH, Last received: 0.0, Next index: 1, Last known committed idx: 0, Time since last communication: 0.000s
I20260601 13:43:12.973914  2315 raft_consensus.cc:1275] T a07ecd5f1bd74e4bb0e0d39fd2227869 P 263a346b58714ddaa7038babfc4e634a [term 1 FOLLOWER]: Refusing update from remote peer 0c96acc03e7a451d9022cae62435d1be: Log matching property violated. Preceding OpId in replica: term: 0 index: 0. Preceding OpId from leader: term: 1 index: 2. (index mismatch)
I20260601 13:43:12.973179  2242 raft_consensus.cc:1275] T a07ecd5f1bd74e4bb0e0d39fd2227869 P 7938eb765b9142bba3efd56a66ffe37a [term 1 FOLLOWER]: Refusing update from remote peer 0c96acc03e7a451d9022cae62435d1be: Log matching property violated. Preceding OpId in replica: term: 0 index: 0. Preceding OpId from leader: term: 1 index: 2. (index mismatch)
I20260601 13:43:12.972991  2367 consensus_queue.cc:1048] T 7f7dc033fa2143f0abfe663e4b6e7215 P 0c96acc03e7a451d9022cae62435d1be [LEADER]: Connected to new peer: Peer: permanent_uuid: "7938eb765b9142bba3efd56a66ffe37a" member_type: VOTER last_known_addr { host: "127.29.99.66" port: 34973 }, Status: LMP_MISMATCH, Last received: 0.0, Next index: 1, Last known committed idx: 0, Time since last communication: 0.004s
I20260601 13:43:12.984400  2446 consensus_queue.cc:1048] T a07ecd5f1bd74e4bb0e0d39fd2227869 P 0c96acc03e7a451d9022cae62435d1be [LEADER]: Connected to new peer: Peer: permanent_uuid: "7938eb765b9142bba3efd56a66ffe37a" member_type: VOTER last_known_addr { host: "127.29.99.66" port: 34973 }, Status: LMP_MISMATCH, Last received: 0.0, Next index: 1, Last known committed idx: 0, Time since last communication: 0.000s
I20260601 13:43:12.999218  2451 mvcc.cc:204] Tried to move back new op lower bound from 7292196425582657536 to 7292196425333612544. Current Snapshot: MvccSnapshot[applied={T|T < 7292196425572179968}]
I20260601 13:43:13.002632  2445 consensus_queue.cc:1048] T a07ecd5f1bd74e4bb0e0d39fd2227869 P 0c96acc03e7a451d9022cae62435d1be [LEADER]: Connected to new peer: Peer: permanent_uuid: "263a346b58714ddaa7038babfc4e634a" member_type: VOTER last_known_addr { host: "127.29.99.67" port: 43845 }, Status: LMP_MISMATCH, Last received: 0.0, Next index: 1, Last known committed idx: 0, Time since last communication: 0.000s
I20260601 13:43:13.019688  2438 mvcc.cc:204] Tried to move back new op lower bound from 7292196425580744704 to 7292196424082227200. Current Snapshot: MvccSnapshot[applied={T|T < 7292196425545228288}]
I20260601 13:43:13.048302  2480 mvcc.cc:204] Tried to move back new op lower bound from 7292196425555660800 to 7292196425311547392. Current Snapshot: MvccSnapshot[applied={T|T < 7292196425554087936}]
I20260601 13:43:13.443439 30093 file_cache.cc:492] Constructed file cache file cache with capacity 419430
W20260601 13:43:13.446185  2509 instance_detector.cc:116] could not retrieve OpenStack instance metadata: Network error: curl error: HTTP response code said error: The requested URL returned error: 404
W20260601 13:43:13.446451  2507 instance_detector.cc:116] could not retrieve Azure instance metadata: Network error: curl error: HTTP response code said error: The requested URL returned error: 404
I20260601 13:43:13.448333 30093 server_base.cc:1061] running on GCE node
W20260601 13:43:13.449761  2506 instance_detector.cc:116] could not retrieve AWS instance metadata: Network error: curl error: HTTP response code said error: The requested URL returned error: 404
I20260601 13:43:13.450096 30093 hybrid_clock.cc:584] initializing the hybrid clock with 'system_unsync' time source
W20260601 13:43:13.450147 30093 system_unsync_time.cc:38] NTP support is disabled. Clock error bounds will not be accurate. This configuration is not suitable for distributed clusters.
I20260601 13:43:13.450173 30093 hybrid_clock.cc:648] HybridClock initialized: now 1780321393450172 us; error 0 us; skew 500 ppm
I20260601 13:43:13.451277 30093 webserver.cc:533] Webserver started at http://127.29.99.68:35167/ using document root <none> and password file <none>
I20260601 13:43:13.451453 30093 fs_manager.cc:362] Metadata directory not provided
I20260601 13:43:13.451516 30093 fs_manager.cc:368] Using write-ahead log directory (fs_wal_dir) as metadata directory
I20260601 13:43:13.451586 30093 server_base.cc:909] This appears to be a new deployment of Kudu; creating new FS layout
I20260601 13:43:13.452023 30093 fs_manager.cc:1068] Generated new instance metadata in path /tmp/dist-test-taskDSimXF/test-tmp/auto_rebalancer-test.0.AutoRebalancerTest.TestMaxMovesPerServer.1780321287083484-30093-0/minicluster-data/ts-3-root/instance:
uuid: "f07c313e4c454376a62f195c6632274e"
format_stamp: "Formatted at 2026-06-01 13:43:13 on dist-test-slave-njcz"
I20260601 13:43:13.453773 30093 fs_manager.cc:696] Time spent creating directory manager: real 0.002s	user 0.002s	sys 0.000s
I20260601 13:43:13.454716  2514 log_block_manager.cc:4031] Time spent loading block containers with low live blocks: real 0.000s	user 0.000s	sys 0.000s
I20260601 13:43:13.454968 30093 fs_manager.cc:730] Time spent opening block manager: real 0.001s	user 0.001s	sys 0.000s
I20260601 13:43:13.455027 30093 fs_manager.cc:647] Opened local filesystem: /tmp/dist-test-taskDSimXF/test-tmp/auto_rebalancer-test.0.AutoRebalancerTest.TestMaxMovesPerServer.1780321287083484-30093-0/minicluster-data/ts-3-root
uuid: "f07c313e4c454376a62f195c6632274e"
format_stamp: "Formatted at 2026-06-01 13:43:13 on dist-test-slave-njcz"
I20260601 13:43:13.455112 30093 fs_report.cc:389] FS layout report
--------------------
wal directory: /tmp/dist-test-taskDSimXF/test-tmp/auto_rebalancer-test.0.AutoRebalancerTest.TestMaxMovesPerServer.1780321287083484-30093-0/minicluster-data/ts-3-root
metadata directory: /tmp/dist-test-taskDSimXF/test-tmp/auto_rebalancer-test.0.AutoRebalancerTest.TestMaxMovesPerServer.1780321287083484-30093-0/minicluster-data/ts-3-root
1 data directories: /tmp/dist-test-taskDSimXF/test-tmp/auto_rebalancer-test.0.AutoRebalancerTest.TestMaxMovesPerServer.1780321287083484-30093-0/minicluster-data/ts-3-root/data
Total live blocks: 0
Total live bytes: 0
Total live bytes (after alignment): 0
Total number of LBM containers: 0 (0 full)
Did not check for missing blocks
Did not check for orphaned blocks
Total full LBM containers with extra space: 0 (0 repaired)
Total full LBM container extra space in bytes: 0 (0 repaired)
Total incomplete LBM containers: 0 (0 repaired)
Total LBM partial records: 0 (0 repaired)
Total corrupted LBM metadata records in RocksDB: 0 (0 repaired)
I20260601 13:43:13.477921 30093 rpc_server.cc:225] running with OpenSSL 1.1.1  11 Sep 2018
I20260601 13:43:13.478307 30093 kserver.cc:163] Server-wide thread pool size limit: 3276
I20260601 13:43:13.478646 30093 txn_system_client.cc:432] TxnSystemClient initialization is disabled...
I20260601 13:43:13.479162 30093 ts_tablet_manager.cc:585] Loaded tablet metadata (0 total tablets, 0 live tablets)
I20260601 13:43:13.479202 30093 ts_tablet_manager.cc:531] Time spent load tablet metadata: real 0.000s	user 0.000s	sys 0.000s
I20260601 13:43:13.479261 30093 ts_tablet_manager.cc:616] Registered 0 tablets
I20260601 13:43:13.479302 30093 ts_tablet_manager.cc:595] Time spent register tablets: real 0.000s	user 0.000s	sys 0.000s
I20260601 13:43:13.484225 30093 rpc_server.cc:307] RPC server started. Bound to: 127.29.99.68:40877
I20260601 13:43:13.484344  2577 acceptor_pool.cc:272] collecting diagnostics on the listening RPC socket 127.29.99.68:40877 every 8 connection(s)
I20260601 13:43:13.485180 30093 file_cache.cc:492] Constructed file cache file cache with capacity 419430
W20260601 13:43:13.487215  2582 instance_detector.cc:116] could not retrieve AWS instance metadata: Network error: curl error: HTTP response code said error: The requested URL returned error: 404
W20260601 13:43:13.487243  2583 instance_detector.cc:116] could not retrieve Azure instance metadata: Network error: curl error: HTTP response code said error: The requested URL returned error: 404
W20260601 13:43:13.487426  2585 instance_detector.cc:116] could not retrieve OpenStack instance metadata: Network error: curl error: HTTP response code said error: The requested URL returned error: 404
I20260601 13:43:13.487643 30093 server_base.cc:1061] running on GCE node
I20260601 13:43:13.487795 30093 hybrid_clock.cc:584] initializing the hybrid clock with 'system_unsync' time source
W20260601 13:43:13.487860 30093 system_unsync_time.cc:38] NTP support is disabled. Clock error bounds will not be accurate. This configuration is not suitable for distributed clusters.
I20260601 13:43:13.487893 30093 hybrid_clock.cc:648] HybridClock initialized: now 1780321393487892 us; error 0 us; skew 500 ppm
I20260601 13:43:13.488873 30093 webserver.cc:533] Webserver started at http://127.29.99.69:33525/ using document root <none> and password file <none>
I20260601 13:43:13.489048 30093 fs_manager.cc:362] Metadata directory not provided
I20260601 13:43:13.489128 30093 fs_manager.cc:368] Using write-ahead log directory (fs_wal_dir) as metadata directory
I20260601 13:43:13.489219 30093 server_base.cc:909] This appears to be a new deployment of Kudu; creating new FS layout
I20260601 13:43:13.489694 30093 fs_manager.cc:1068] Generated new instance metadata in path /tmp/dist-test-taskDSimXF/test-tmp/auto_rebalancer-test.0.AutoRebalancerTest.TestMaxMovesPerServer.1780321287083484-30093-0/minicluster-data/ts-4-root/instance:
uuid: "87a1628f1b584c258cebfb60986ec012"
format_stamp: "Formatted at 2026-06-01 13:43:13 on dist-test-slave-njcz"
I20260601 13:43:13.489996  2578 heartbeater.cc:344] Connected to a master server at 127.29.99.126:40231
I20260601 13:43:13.490139  2578 heartbeater.cc:461] Registering TS with master...
I20260601 13:43:13.490360  2578 heartbeater.cc:507] Master 127.29.99.126:40231 requested a full tablet report, sending...
I20260601 13:43:13.491056  2061 ts_manager.cc:194] Registered new tserver with Master: f07c313e4c454376a62f195c6632274e (127.29.99.68:40877)
I20260601 13:43:13.491570 30093 fs_manager.cc:696] Time spent creating directory manager: real 0.002s	user 0.002s	sys 0.000s
I20260601 13:43:13.491739  2061 master_service.cc:502] Signed X509 certificate for tserver {username='slave'} at 127.0.0.1:36860
I20260601 13:43:13.492702  2590 log_block_manager.cc:4031] Time spent loading block containers with low live blocks: real 0.000s	user 0.000s	sys 0.000s
I20260601 13:43:13.492986 30093 fs_manager.cc:730] Time spent opening block manager: real 0.001s	user 0.001s	sys 0.000s
I20260601 13:43:13.493048 30093 fs_manager.cc:647] Opened local filesystem: /tmp/dist-test-taskDSimXF/test-tmp/auto_rebalancer-test.0.AutoRebalancerTest.TestMaxMovesPerServer.1780321287083484-30093-0/minicluster-data/ts-4-root
uuid: "87a1628f1b584c258cebfb60986ec012"
format_stamp: "Formatted at 2026-06-01 13:43:13 on dist-test-slave-njcz"
I20260601 13:43:13.493140 30093 fs_report.cc:389] FS layout report
--------------------
wal directory: /tmp/dist-test-taskDSimXF/test-tmp/auto_rebalancer-test.0.AutoRebalancerTest.TestMaxMovesPerServer.1780321287083484-30093-0/minicluster-data/ts-4-root
metadata directory: /tmp/dist-test-taskDSimXF/test-tmp/auto_rebalancer-test.0.AutoRebalancerTest.TestMaxMovesPerServer.1780321287083484-30093-0/minicluster-data/ts-4-root
1 data directories: /tmp/dist-test-taskDSimXF/test-tmp/auto_rebalancer-test.0.AutoRebalancerTest.TestMaxMovesPerServer.1780321287083484-30093-0/minicluster-data/ts-4-root/data
Total live blocks: 0
Total live bytes: 0
Total live bytes (after alignment): 0
Total number of LBM containers: 0 (0 full)
Did not check for missing blocks
Did not check for orphaned blocks
Total full LBM containers with extra space: 0 (0 repaired)
Total full LBM container extra space in bytes: 0 (0 repaired)
Total incomplete LBM containers: 0 (0 repaired)
Total LBM partial records: 0 (0 repaired)
Total corrupted LBM metadata records in RocksDB: 0 (0 repaired)
I20260601 13:43:13.499282 30093 rpc_server.cc:225] running with OpenSSL 1.1.1  11 Sep 2018
I20260601 13:43:13.499598 30093 kserver.cc:163] Server-wide thread pool size limit: 3276
I20260601 13:43:13.499819 30093 txn_system_client.cc:432] TxnSystemClient initialization is disabled...
I20260601 13:43:13.500259 30093 ts_tablet_manager.cc:585] Loaded tablet metadata (0 total tablets, 0 live tablets)
I20260601 13:43:13.500295 30093 ts_tablet_manager.cc:531] Time spent load tablet metadata: real 0.000s	user 0.000s	sys 0.000s
I20260601 13:43:13.500350 30093 ts_tablet_manager.cc:616] Registered 0 tablets
I20260601 13:43:13.500388 30093 ts_tablet_manager.cc:595] Time spent register tablets: real 0.000s	user 0.000s	sys 0.000s
I20260601 13:43:13.505587 30093 rpc_server.cc:307] RPC server started. Bound to: 127.29.99.69:45917
I20260601 13:43:13.505772  2654 acceptor_pool.cc:272] collecting diagnostics on the listening RPC socket 127.29.99.69:45917 every 8 connection(s)
I20260601 13:43:13.506434 30093 file_cache.cc:492] Constructed file cache file cache with capacity 419430
W20260601 13:43:13.508641  2659 instance_detector.cc:116] could not retrieve Azure instance metadata: Network error: curl error: HTTP response code said error: The requested URL returned error: 404
W20260601 13:43:13.508596  2658 instance_detector.cc:116] could not retrieve AWS instance metadata: Network error: curl error: HTTP response code said error: The requested URL returned error: 404
I20260601 13:43:13.508795 30093 server_base.cc:1061] running on GCE node
W20260601 13:43:13.509003  2661 instance_detector.cc:116] could not retrieve OpenStack instance metadata: Network error: curl error: HTTP response code said error: The requested URL returned error: 404
I20260601 13:43:13.509265 30093 hybrid_clock.cc:584] initializing the hybrid clock with 'system_unsync' time source
W20260601 13:43:13.509305 30093 system_unsync_time.cc:38] NTP support is disabled. Clock error bounds will not be accurate. This configuration is not suitable for distributed clusters.
I20260601 13:43:13.509322 30093 hybrid_clock.cc:648] HybridClock initialized: now 1780321393509323 us; error 0 us; skew 500 ppm
I20260601 13:43:13.510336 30093 webserver.cc:533] Webserver started at http://127.29.99.70:44683/ using document root <none> and password file <none>
I20260601 13:43:13.510495 30093 fs_manager.cc:362] Metadata directory not provided
I20260601 13:43:13.510572 30093 fs_manager.cc:368] Using write-ahead log directory (fs_wal_dir) as metadata directory
I20260601 13:43:13.510649 30093 server_base.cc:909] This appears to be a new deployment of Kudu; creating new FS layout
I20260601 13:43:13.510782  2655 heartbeater.cc:344] Connected to a master server at 127.29.99.126:40231
I20260601 13:43:13.510880  2655 heartbeater.cc:461] Registering TS with master...
I20260601 13:43:13.511085 30093 fs_manager.cc:1068] Generated new instance metadata in path /tmp/dist-test-taskDSimXF/test-tmp/auto_rebalancer-test.0.AutoRebalancerTest.TestMaxMovesPerServer.1780321287083484-30093-0/minicluster-data/ts-5-root/instance:
uuid: "dca17580e6f24cbb86dbee57547892a0"
format_stamp: "Formatted at 2026-06-01 13:43:13 on dist-test-slave-njcz"
I20260601 13:43:13.511124  2655 heartbeater.cc:507] Master 127.29.99.126:40231 requested a full tablet report, sending...
I20260601 13:43:13.511848  2061 ts_manager.cc:194] Registered new tserver with Master: 87a1628f1b584c258cebfb60986ec012 (127.29.99.69:45917)
I20260601 13:43:13.512540  2061 master_service.cc:502] Signed X509 certificate for tserver {username='slave'} at 127.0.0.1:36862
I20260601 13:43:13.512965 30093 fs_manager.cc:696] Time spent creating directory manager: real 0.002s	user 0.002s	sys 0.000s
I20260601 13:43:13.513912  2666 log_block_manager.cc:4031] Time spent loading block containers with low live blocks: real 0.000s	user 0.000s	sys 0.000s
I20260601 13:43:13.514180 30093 fs_manager.cc:730] Time spent opening block manager: real 0.001s	user 0.001s	sys 0.000s
I20260601 13:43:13.514242 30093 fs_manager.cc:647] Opened local filesystem: /tmp/dist-test-taskDSimXF/test-tmp/auto_rebalancer-test.0.AutoRebalancerTest.TestMaxMovesPerServer.1780321287083484-30093-0/minicluster-data/ts-5-root
uuid: "dca17580e6f24cbb86dbee57547892a0"
format_stamp: "Formatted at 2026-06-01 13:43:13 on dist-test-slave-njcz"
I20260601 13:43:13.514326 30093 fs_report.cc:389] FS layout report
--------------------
wal directory: /tmp/dist-test-taskDSimXF/test-tmp/auto_rebalancer-test.0.AutoRebalancerTest.TestMaxMovesPerServer.1780321287083484-30093-0/minicluster-data/ts-5-root
metadata directory: /tmp/dist-test-taskDSimXF/test-tmp/auto_rebalancer-test.0.AutoRebalancerTest.TestMaxMovesPerServer.1780321287083484-30093-0/minicluster-data/ts-5-root
1 data directories: /tmp/dist-test-taskDSimXF/test-tmp/auto_rebalancer-test.0.AutoRebalancerTest.TestMaxMovesPerServer.1780321287083484-30093-0/minicluster-data/ts-5-root/data
Total live blocks: 0
Total live bytes: 0
Total live bytes (after alignment): 0
Total number of LBM containers: 0 (0 full)
Did not check for missing blocks
Did not check for orphaned blocks
Total full LBM containers with extra space: 0 (0 repaired)
Total full LBM container extra space in bytes: 0 (0 repaired)
Total incomplete LBM containers: 0 (0 repaired)
Total LBM partial records: 0 (0 repaired)
Total corrupted LBM metadata records in RocksDB: 0 (0 repaired)
I20260601 13:43:13.529727 30093 rpc_server.cc:225] running with OpenSSL 1.1.1  11 Sep 2018
I20260601 13:43:13.530213 30093 kserver.cc:163] Server-wide thread pool size limit: 3276
I20260601 13:43:13.530591 30093 txn_system_client.cc:432] TxnSystemClient initialization is disabled...
I20260601 13:43:13.531091 30093 ts_tablet_manager.cc:585] Loaded tablet metadata (0 total tablets, 0 live tablets)
I20260601 13:43:13.531154 30093 ts_tablet_manager.cc:531] Time spent load tablet metadata: real 0.000s	user 0.000s	sys 0.000s
I20260601 13:43:13.531209 30093 ts_tablet_manager.cc:616] Registered 0 tablets
I20260601 13:43:13.531260 30093 ts_tablet_manager.cc:595] Time spent register tablets: real 0.000s	user 0.000s	sys 0.000s
I20260601 13:43:13.535970 30093 rpc_server.cc:307] RPC server started. Bound to: 127.29.99.70:32951
I20260601 13:43:13.536134  2730 acceptor_pool.cc:272] collecting diagnostics on the listening RPC socket 127.29.99.70:32951 every 8 connection(s)
I20260601 13:43:13.540791  2731 heartbeater.cc:344] Connected to a master server at 127.29.99.126:40231
I20260601 13:43:13.540877  2731 heartbeater.cc:461] Registering TS with master...
I20260601 13:43:13.541231  2731 heartbeater.cc:507] Master 127.29.99.126:40231 requested a full tablet report, sending...
I20260601 13:43:13.542023  2061 ts_manager.cc:194] Registered new tserver with Master: dca17580e6f24cbb86dbee57547892a0 (127.29.99.70:32951)
I20260601 13:43:13.542507  2061 master_service.cc:502] Signed X509 certificate for tserver {username='slave'} at 127.0.0.1:36864
I20260601 13:43:14.291500  2316 consensus_queue.cc:237] T 8c354daddd1d46e7ad02ea23846e1da8 P 263a346b58714ddaa7038babfc4e634a [LEADER]: Queue going to LEADER mode. State: All replicated index: 0, Majority replicated index: 26, Committed index: 26, Last appended: 1.26, Last appended by leader: 0, Current term: 1, Majority size: 2, State: 0, Mode: LEADER, active raft config: opid_index: 27 OBSOLETE_local: false peers { permanent_uuid: "0c96acc03e7a451d9022cae62435d1be" member_type: VOTER last_known_addr { host: "127.29.99.65" port: 41529 } attrs { replace: true } } peers { permanent_uuid: "7938eb765b9142bba3efd56a66ffe37a" member_type: VOTER last_known_addr { host: "127.29.99.66" port: 34973 } } peers { permanent_uuid: "263a346b58714ddaa7038babfc4e634a" member_type: VOTER last_known_addr { host: "127.29.99.67" port: 43845 } } peers { permanent_uuid: "dca17580e6f24cbb86dbee57547892a0" member_type: NON_VOTER last_known_addr { host: "127.29.99.70" port: 32951 } attrs { promote: true } }
I20260601 13:43:14.293058  2160 raft_consensus.cc:1275] T 8c354daddd1d46e7ad02ea23846e1da8 P 0c96acc03e7a451d9022cae62435d1be [term 1 FOLLOWER]: Refusing update from remote peer 263a346b58714ddaa7038babfc4e634a: Log matching property violated. Preceding OpId in replica: term: 1 index: 26. Preceding OpId from leader: term: 1 index: 27. (index mismatch)
I20260601 13:43:14.293272  2242 raft_consensus.cc:1275] T 8c354daddd1d46e7ad02ea23846e1da8 P 7938eb765b9142bba3efd56a66ffe37a [term 1 FOLLOWER]: Refusing update from remote peer 263a346b58714ddaa7038babfc4e634a: Log matching property violated. Preceding OpId in replica: term: 1 index: 26. Preceding OpId from leader: term: 1 index: 27. (index mismatch)
I20260601 13:43:14.293520  2737 consensus_queue.cc:1048] T 8c354daddd1d46e7ad02ea23846e1da8 P 263a346b58714ddaa7038babfc4e634a [LEADER]: Connected to new peer: Peer: permanent_uuid: "0c96acc03e7a451d9022cae62435d1be" member_type: VOTER last_known_addr { host: "127.29.99.65" port: 41529 } attrs { replace: true }, Status: LMP_MISMATCH, Last received: 0.0, Next index: 27, Last known committed idx: 26, Time since last communication: 0.000s
I20260601 13:43:14.293684  2500 consensus_queue.cc:1048] T 8c354daddd1d46e7ad02ea23846e1da8 P 263a346b58714ddaa7038babfc4e634a [LEADER]: Connected to new peer: Peer: permanent_uuid: "7938eb765b9142bba3efd56a66ffe37a" member_type: VOTER last_known_addr { host: "127.29.99.66" port: 34973 }, Status: LMP_MISMATCH, Last received: 0.0, Next index: 27, Last known committed idx: 26, Time since last communication: 0.000s
I20260601 13:43:14.295303  2736 raft_consensus.cc:2955] T 8c354daddd1d46e7ad02ea23846e1da8 P 263a346b58714ddaa7038babfc4e634a [term 1 LEADER]: Committing config change with OpId 1.27: config changed from index -1 to 27, NON_VOTER dca17580e6f24cbb86dbee57547892a0 (127.29.99.70) added. New config: { opid_index: 27 OBSOLETE_local: false peers { permanent_uuid: "0c96acc03e7a451d9022cae62435d1be" member_type: VOTER last_known_addr { host: "127.29.99.65" port: 41529 } attrs { replace: true } } peers { permanent_uuid: "7938eb765b9142bba3efd56a66ffe37a" member_type: VOTER last_known_addr { host: "127.29.99.66" port: 34973 } } peers { permanent_uuid: "263a346b58714ddaa7038babfc4e634a" member_type: VOTER last_known_addr { host: "127.29.99.67" port: 43845 } } peers { permanent_uuid: "dca17580e6f24cbb86dbee57547892a0" member_type: NON_VOTER last_known_addr { host: "127.29.99.70" port: 32951 } attrs { promote: true } } }
