I20260601 13:23:28.611886 16970 raft_consensus.cc:359] T 55da054d839a4db6a602c8b13d82fd8b P 13a7672590e842b59955cbeb19f09111 [term 1 LEARNER]: Replica starting. Triggering 0 pending ops. Active config: opid_index: 2 OBSOLETE_local: false peers { permanent_uuid: "c8529493195246458e45426986c33377" member_type: VOTER last_known_addr { host: "127.13.57.4" port: 46845 } attrs { replace: true } } peers { permanent_uuid: "bcad9ca7e946471ca8eedd2b66c1626b" member_type: VOTER last_known_addr { host: "127.13.57.1" port: 46135 } } peers { permanent_uuid: "71bbb30327154fd7ba566f5e3ec1ec53" member_type: VOTER last_known_addr { host: "127.13.57.2" port: 40149 } } peers { permanent_uuid: "13a7672590e842b59955cbeb19f09111" member_type: NON_VOTER last_known_addr { host: "127.13.57.3" port: 42407 } attrs { promote: true } }
I20260601 13:23:28.612042 16970 raft_consensus.cc:740] T 55da054d839a4db6a602c8b13d82fd8b P 13a7672590e842b59955cbeb19f09111 [term 1 LEARNER]: Becoming Follower/Learner. State: Replica: 13a7672590e842b59955cbeb19f09111, State: Initialized, Role: LEARNER
I20260601 13:23:28.612214 16970 consensus_queue.cc:260] T 55da054d839a4db6a602c8b13d82fd8b P 13a7672590e842b59955cbeb19f09111 [NON_LEADER]: Queue going to NON_LEADER mode. State: All replicated index: 0, Majority replicated index: 0, Committed index: 2, Last appended: 1.2, Last appended by leader: 2, Current term: 0, Majority size: -1, State: 0, Mode: NON_LEADER, active raft config: opid_index: 2 OBSOLETE_local: false peers { permanent_uuid: "c8529493195246458e45426986c33377" member_type: VOTER last_known_addr { host: "127.13.57.4" port: 46845 } attrs { replace: true } } peers { permanent_uuid: "bcad9ca7e946471ca8eedd2b66c1626b" member_type: VOTER last_known_addr { host: "127.13.57.1" port: 46135 } } peers { permanent_uuid: "71bbb30327154fd7ba566f5e3ec1ec53" member_type: VOTER last_known_addr { host: "127.13.57.2" port: 40149 } } peers { permanent_uuid: "13a7672590e842b59955cbeb19f09111" member_type: NON_VOTER last_known_addr { host: "127.13.57.3" port: 42407 } attrs { promote: true } }
I20260601 13:23:28.612591 16970 ts_tablet_manager.cc:1434] T 55da054d839a4db6a602c8b13d82fd8b P 13a7672590e842b59955cbeb19f09111: Time spent starting tablet: real 0.001s	user 0.000s	sys 0.000s
I20260601 13:23:28.613324 16502 tablet_copy_service.cc:342] P bcad9ca7e946471ca8eedd2b66c1626b: Request end of tablet copy session 13a7672590e842b59955cbeb19f09111-55da054d839a4db6a602c8b13d82fd8b received from {username='slave'} at 127.0.0.1:38038
I20260601 13:23:28.613415 16502 tablet_copy_service.cc:434] P bcad9ca7e946471ca8eedd2b66c1626b: ending tablet copy session 13a7672590e842b59955cbeb19f09111-55da054d839a4db6a602c8b13d82fd8b on tablet 55da054d839a4db6a602c8b13d82fd8b with peer 13a7672590e842b59955cbeb19f09111
I20260601 13:23:28.979961 16567 raft_consensus.cc:1217] T 4f93a10d50e94f2797c2be30b7917667 P 71bbb30327154fd7ba566f5e3ec1ec53 [term 2 LEARNER]: Deduplicated request from leader. Original: 2.2->[2.3-2.3]   Dedup: 2.3->[]
I20260601 13:23:29.001230 16643 raft_consensus.cc:1217] T 55da054d839a4db6a602c8b13d82fd8b P 13a7672590e842b59955cbeb19f09111 [term 1 LEARNER]: Deduplicated request from leader. Original: 1.1->[1.2-1.2]   Dedup: 1.2->[]
I20260601 13:23:29.102475 16783 raft_consensus.cc:1217] T c09fedda347e4f88918b2523e9859995 P c8529493195246458e45426986c33377 [term 3 LEARNER]: Deduplicated request from leader. Original: 3.3->[3.4-3.4]   Dedup: 3.4->[]
I20260601 13:23:29.127373 16783 raft_consensus.cc:1217] T bf82c3e3740141bb8f09ab7f872112ac P c8529493195246458e45426986c33377 [term 1 LEARNER]: Deduplicated request from leader. Original: 1.1->[1.2-1.2]   Dedup: 1.2->[]
I20260601 13:23:29.184968 16443 auto_leader_rebalancer.cc:140] leader rebalance for table range_aware_rebalance_new_range
I20260601 13:23:29.187476 16492 tablet_service.cc:2072] Received LeaderStepDown RPC: tablet_id: "2bc927b052cf4c9db69265185c84c12e"
dest_uuid: "bcad9ca7e946471ca8eedd2b66c1626b"
mode: GRACEFUL
new_leader_uuid: "71bbb30327154fd7ba566f5e3ec1ec53"
 from {username='slave'} at 127.0.0.1:38052
I20260601 13:23:29.187704 16492 raft_consensus.cc:606] T 2bc927b052cf4c9db69265185c84c12e P bcad9ca7e946471ca8eedd2b66c1626b [term 1 LEADER]: Received request to transfer leadership to TS 71bbb30327154fd7ba566f5e3ec1ec53
I20260601 13:23:29.188177 16443 auto_leader_rebalancer.cc:388] table: range_aware_rebalance_new_range, leader rebalance finish, leader transfer count: 1
I20260601 13:23:29.188356 16443 auto_leader_rebalancer.cc:451] All tables' leader rebalancing finished this round
I20260601 13:23:29.389009 16698 raft_consensus.cc:1064] T 55da054d839a4db6a602c8b13d82fd8b P bcad9ca7e946471ca8eedd2b66c1626b: attempting to promote NON_VOTER 13a7672590e842b59955cbeb19f09111 to VOTER
I20260601 13:23:29.389540 16698 consensus_queue.cc:237] T 55da054d839a4db6a602c8b13d82fd8b P bcad9ca7e946471ca8eedd2b66c1626b [LEADER]: Queue going to LEADER mode. State: All replicated index: 0, Majority replicated index: 2, Committed index: 2, Last appended: 1.2, Last appended by leader: 0, Current term: 1, Majority size: 3, State: 0, Mode: LEADER, active raft config: opid_index: 3 OBSOLETE_local: false peers { permanent_uuid: "c8529493195246458e45426986c33377" member_type: VOTER last_known_addr { host: "127.13.57.4" port: 46845 } attrs { replace: true } } peers { permanent_uuid: "bcad9ca7e946471ca8eedd2b66c1626b" member_type: VOTER last_known_addr { host: "127.13.57.1" port: 46135 } } peers { permanent_uuid: "71bbb30327154fd7ba566f5e3ec1ec53" member_type: VOTER last_known_addr { host: "127.13.57.2" port: 40149 } } peers { permanent_uuid: "13a7672590e842b59955cbeb19f09111" member_type: VOTER last_known_addr { host: "127.13.57.3" port: 42407 } attrs { promote: false } }
I20260601 13:23:29.391115 16643 raft_consensus.cc:1275] T 55da054d839a4db6a602c8b13d82fd8b P 13a7672590e842b59955cbeb19f09111 [term 1 LEARNER]: Refusing update from remote peer bcad9ca7e946471ca8eedd2b66c1626b: Log matching property violated. Preceding OpId in replica: term: 1 index: 2. Preceding OpId from leader: term: 1 index: 3. (index mismatch)
I20260601 13:23:29.391211 16567 raft_consensus.cc:1275] T 55da054d839a4db6a602c8b13d82fd8b P 71bbb30327154fd7ba566f5e3ec1ec53 [term 1 FOLLOWER]: Refusing update from remote peer bcad9ca7e946471ca8eedd2b66c1626b: Log matching property violated. Preceding OpId in replica: term: 1 index: 2. Preceding OpId from leader: term: 1 index: 3. (index mismatch)
I20260601 13:23:29.391281 16783 raft_consensus.cc:1275] T 55da054d839a4db6a602c8b13d82fd8b P c8529493195246458e45426986c33377 [term 1 FOLLOWER]: Refusing update from remote peer bcad9ca7e946471ca8eedd2b66c1626b: Log matching property violated. Preceding OpId in replica: term: 1 index: 2. Preceding OpId from leader: term: 1 index: 3. (index mismatch)
I20260601 13:23:29.391599 16978 consensus_queue.cc:1048] T 55da054d839a4db6a602c8b13d82fd8b P bcad9ca7e946471ca8eedd2b66c1626b [LEADER]: Connected to new peer: Peer: permanent_uuid: "71bbb30327154fd7ba566f5e3ec1ec53" member_type: VOTER last_known_addr { host: "127.13.57.2" port: 40149 }, Status: LMP_MISMATCH, Last received: 0.0, Next index: 3, Last known committed idx: 2, Time since last communication: 0.000s
I20260601 13:23:29.391834 16975 consensus_queue.cc:1048] T 55da054d839a4db6a602c8b13d82fd8b P bcad9ca7e946471ca8eedd2b66c1626b [LEADER]: Connected to new peer: Peer: permanent_uuid: "c8529493195246458e45426986c33377" member_type: VOTER last_known_addr { host: "127.13.57.4" port: 46845 } attrs { replace: true }, Status: LMP_MISMATCH, Last received: 0.0, Next index: 3, Last known committed idx: 2, Time since last communication: 0.000s
I20260601 13:23:29.392112 16969 consensus_queue.cc:1048] T 55da054d839a4db6a602c8b13d82fd8b P bcad9ca7e946471ca8eedd2b66c1626b [LEADER]: Connected to new peer: Peer: permanent_uuid: "13a7672590e842b59955cbeb19f09111" member_type: VOTER last_known_addr { host: "127.13.57.3" port: 42407 } attrs { promote: false }, Status: LMP_MISMATCH, Last received: 0.0, Next index: 3, Last known committed idx: 2, Time since last communication: 0.000s
I20260601 13:23:29.394170 16978 raft_consensus.cc:2955] T 55da054d839a4db6a602c8b13d82fd8b P bcad9ca7e946471ca8eedd2b66c1626b [term 1 LEADER]: Committing config change with OpId 1.3: config changed from index 2 to 3, 13a7672590e842b59955cbeb19f09111 (127.13.57.3) changed from NON_VOTER to VOTER. New config: { opid_index: 3 OBSOLETE_local: false peers { permanent_uuid: "c8529493195246458e45426986c33377" member_type: VOTER last_known_addr { host: "127.13.57.4" port: 46845 } attrs { replace: true } } peers { permanent_uuid: "bcad9ca7e946471ca8eedd2b66c1626b" member_type: VOTER last_known_addr { host: "127.13.57.1" port: 46135 } } peers { permanent_uuid: "71bbb30327154fd7ba566f5e3ec1ec53" member_type: VOTER last_known_addr { host: "127.13.57.2" port: 40149 } } peers { permanent_uuid: "13a7672590e842b59955cbeb19f09111" member_type: VOTER last_known_addr { host: "127.13.57.3" port: 42407 } attrs { promote: false } } }
I20260601 13:23:29.394698 16783 raft_consensus.cc:2955] T 55da054d839a4db6a602c8b13d82fd8b P c8529493195246458e45426986c33377 [term 1 FOLLOWER]: Committing config change with OpId 1.3: config changed from index 2 to 3, 13a7672590e842b59955cbeb19f09111 (127.13.57.3) changed from NON_VOTER to VOTER. New config: { opid_index: 3 OBSOLETE_local: false peers { permanent_uuid: "c8529493195246458e45426986c33377" member_type: VOTER last_known_addr { host: "127.13.57.4" port: 46845 } attrs { replace: true } } peers { permanent_uuid: "bcad9ca7e946471ca8eedd2b66c1626b" member_type: VOTER last_known_addr { host: "127.13.57.1" port: 46135 } } peers { permanent_uuid: "71bbb30327154fd7ba566f5e3ec1ec53" member_type: VOTER last_known_addr { host: "127.13.57.2" port: 40149 } } peers { permanent_uuid: "13a7672590e842b59955cbeb19f09111" member_type: VOTER last_known_addr { host: "127.13.57.3" port: 42407 } attrs { promote: false } } }
I20260601 13:23:29.397311 16643 raft_consensus.cc:2955] T 55da054d839a4db6a602c8b13d82fd8b P 13a7672590e842b59955cbeb19f09111 [term 1 FOLLOWER]: Committing config change with OpId 1.3: config changed from index 2 to 3, 13a7672590e842b59955cbeb19f09111 (127.13.57.3) changed from NON_VOTER to VOTER. New config: { opid_index: 3 OBSOLETE_local: false peers { permanent_uuid: "c8529493195246458e45426986c33377" member_type: VOTER last_known_addr { host: "127.13.57.4" port: 46845 } attrs { replace: true } } peers { permanent_uuid: "bcad9ca7e946471ca8eedd2b66c1626b" member_type: VOTER last_known_addr { host: "127.13.57.1" port: 46135 } } peers { permanent_uuid: "71bbb30327154fd7ba566f5e3ec1ec53" member_type: VOTER last_known_addr { host: "127.13.57.2" port: 40149 } } peers { permanent_uuid: "13a7672590e842b59955cbeb19f09111" member_type: VOTER last_known_addr { host: "127.13.57.3" port: 42407 } attrs { promote: false } } }
I20260601 13:23:29.397953 16386 catalog_manager.cc:5696] T 55da054d839a4db6a602c8b13d82fd8b P c8529493195246458e45426986c33377 reported cstate change: config changed from index 2 to 3, 13a7672590e842b59955cbeb19f09111 (127.13.57.3) changed from NON_VOTER to VOTER. New cstate: current_term: 1 leader_uuid: "bcad9ca7e946471ca8eedd2b66c1626b" committed_config { opid_index: 3 OBSOLETE_local: false peers { permanent_uuid: "c8529493195246458e45426986c33377" member_type: VOTER last_known_addr { host: "127.13.57.4" port: 46845 } attrs { replace: true } } peers { permanent_uuid: "bcad9ca7e946471ca8eedd2b66c1626b" member_type: VOTER last_known_addr { host: "127.13.57.1" port: 46135 } } peers { permanent_uuid: "71bbb30327154fd7ba566f5e3ec1ec53" member_type: VOTER last_known_addr { host: "127.13.57.2" port: 40149 } } peers { permanent_uuid: "13a7672590e842b59955cbeb19f09111" member_type: VOTER last_known_addr { host: "127.13.57.3" port: 42407 } attrs { promote: false } } }
I20260601 13:23:29.398778 16567 raft_consensus.cc:2955] T 55da054d839a4db6a602c8b13d82fd8b P 71bbb30327154fd7ba566f5e3ec1ec53 [term 1 FOLLOWER]: Committing config change with OpId 1.3: config changed from index 2 to 3, 13a7672590e842b59955cbeb19f09111 (127.13.57.3) changed from NON_VOTER to VOTER. New config: { opid_index: 3 OBSOLETE_local: false peers { permanent_uuid: "c8529493195246458e45426986c33377" member_type: VOTER last_known_addr { host: "127.13.57.4" port: 46845 } attrs { replace: true } } peers { permanent_uuid: "bcad9ca7e946471ca8eedd2b66c1626b" member_type: VOTER last_known_addr { host: "127.13.57.1" port: 46135 } } peers { permanent_uuid: "71bbb30327154fd7ba566f5e3ec1ec53" member_type: VOTER last_known_addr { host: "127.13.57.2" port: 40149 } } peers { permanent_uuid: "13a7672590e842b59955cbeb19f09111" member_type: VOTER last_known_addr { host: "127.13.57.3" port: 42407 } attrs { promote: false } } }
I20260601 13:23:29.404934 16492 consensus_queue.cc:237] T 55da054d839a4db6a602c8b13d82fd8b P bcad9ca7e946471ca8eedd2b66c1626b [LEADER]: Queue going to LEADER mode. State: All replicated index: 0, Majority replicated index: 3, Committed index: 3, Last appended: 1.3, Last appended by leader: 0, Current term: 1, Majority size: 2, State: 0, Mode: LEADER, active raft config: opid_index: 4 OBSOLETE_local: false peers { permanent_uuid: "bcad9ca7e946471ca8eedd2b66c1626b" member_type: VOTER last_known_addr { host: "127.13.57.1" port: 46135 } } peers { permanent_uuid: "71bbb30327154fd7ba566f5e3ec1ec53" member_type: VOTER last_known_addr { host: "127.13.57.2" port: 40149 } } peers { permanent_uuid: "13a7672590e842b59955cbeb19f09111" member_type: VOTER last_known_addr { host: "127.13.57.3" port: 42407 } attrs { promote: false } }
I20260601 13:23:29.406235 16643 raft_consensus.cc:1275] T 55da054d839a4db6a602c8b13d82fd8b P 13a7672590e842b59955cbeb19f09111 [term 1 FOLLOWER]: Refusing update from remote peer bcad9ca7e946471ca8eedd2b66c1626b: Log matching property violated. Preceding OpId in replica: term: 1 index: 3. Preceding OpId from leader: term: 1 index: 4. (index mismatch)
I20260601 13:23:29.406237 16567 raft_consensus.cc:1275] T 55da054d839a4db6a602c8b13d82fd8b P 71bbb30327154fd7ba566f5e3ec1ec53 [term 1 FOLLOWER]: Refusing update from remote peer bcad9ca7e946471ca8eedd2b66c1626b: Log matching property violated. Preceding OpId in replica: term: 1 index: 3. Preceding OpId from leader: term: 1 index: 4. (index mismatch)
I20260601 13:23:29.406608 16969 consensus_queue.cc:1048] T 55da054d839a4db6a602c8b13d82fd8b P bcad9ca7e946471ca8eedd2b66c1626b [LEADER]: Connected to new peer: Peer: permanent_uuid: "13a7672590e842b59955cbeb19f09111" member_type: VOTER last_known_addr { host: "127.13.57.3" port: 42407 } attrs { promote: false }, Status: LMP_MISMATCH, Last received: 0.0, Next index: 4, Last known committed idx: 3, Time since last communication: 0.000s
I20260601 13:23:29.406998 16969 consensus_queue.cc:1048] T 55da054d839a4db6a602c8b13d82fd8b P bcad9ca7e946471ca8eedd2b66c1626b [LEADER]: Connected to new peer: Peer: permanent_uuid: "71bbb30327154fd7ba566f5e3ec1ec53" member_type: VOTER last_known_addr { host: "127.13.57.2" port: 40149 }, Status: LMP_MISMATCH, Last received: 0.0, Next index: 4, Last known committed idx: 3, Time since last communication: 0.000s
I20260601 13:23:29.408334 16978 raft_consensus.cc:2955] T 55da054d839a4db6a602c8b13d82fd8b P bcad9ca7e946471ca8eedd2b66c1626b [term 1 LEADER]: Committing config change with OpId 1.4: config changed from index 3 to 4, VOTER c8529493195246458e45426986c33377 (127.13.57.4) evicted. New config: { opid_index: 4 OBSOLETE_local: false peers { permanent_uuid: "bcad9ca7e946471ca8eedd2b66c1626b" member_type: VOTER last_known_addr { host: "127.13.57.1" port: 46135 } } peers { permanent_uuid: "71bbb30327154fd7ba566f5e3ec1ec53" member_type: VOTER last_known_addr { host: "127.13.57.2" port: 40149 } } peers { permanent_uuid: "13a7672590e842b59955cbeb19f09111" member_type: VOTER last_known_addr { host: "127.13.57.3" port: 42407 } attrs { promote: false } } }
I20260601 13:23:29.408865 16643 raft_consensus.cc:2955] T 55da054d839a4db6a602c8b13d82fd8b P 13a7672590e842b59955cbeb19f09111 [term 1 FOLLOWER]: Committing config change with OpId 1.4: config changed from index 3 to 4, VOTER c8529493195246458e45426986c33377 (127.13.57.4) evicted. New config: { opid_index: 4 OBSOLETE_local: false peers { permanent_uuid: "bcad9ca7e946471ca8eedd2b66c1626b" member_type: VOTER last_known_addr { host: "127.13.57.1" port: 46135 } } peers { permanent_uuid: "71bbb30327154fd7ba566f5e3ec1ec53" member_type: VOTER last_known_addr { host: "127.13.57.2" port: 40149 } } peers { permanent_uuid: "13a7672590e842b59955cbeb19f09111" member_type: VOTER last_known_addr { host: "127.13.57.3" port: 42407 } attrs { promote: false } } }
I20260601 13:23:29.410116 16373 catalog_manager.cc:5209] ChangeConfig:REMOVE_PEER RPC for tablet 55da054d839a4db6a602c8b13d82fd8b with cas_config_opid_index 3: ChangeConfig:REMOVE_PEER succeeded (attempt 1)
I20260601 13:23:29.410550 16567 raft_consensus.cc:2955] T 55da054d839a4db6a602c8b13d82fd8b P 71bbb30327154fd7ba566f5e3ec1ec53 [term 1 FOLLOWER]: Committing config change with OpId 1.4: config changed from index 3 to 4, VOTER c8529493195246458e45426986c33377 (127.13.57.4) evicted. New config: { opid_index: 4 OBSOLETE_local: false peers { permanent_uuid: "bcad9ca7e946471ca8eedd2b66c1626b" member_type: VOTER last_known_addr { host: "127.13.57.1" port: 46135 } } peers { permanent_uuid: "71bbb30327154fd7ba566f5e3ec1ec53" member_type: VOTER last_known_addr { host: "127.13.57.2" port: 40149 } } peers { permanent_uuid: "13a7672590e842b59955cbeb19f09111" member_type: VOTER last_known_addr { host: "127.13.57.3" port: 42407 } attrs { promote: false } } }
I20260601 13:23:29.411039 16388 catalog_manager.cc:5696] T 55da054d839a4db6a602c8b13d82fd8b P bcad9ca7e946471ca8eedd2b66c1626b reported cstate change: config changed from index 3 to 4, VOTER c8529493195246458e45426986c33377 (127.13.57.4) evicted. New cstate: current_term: 1 leader_uuid: "bcad9ca7e946471ca8eedd2b66c1626b" committed_config { opid_index: 4 OBSOLETE_local: false peers { permanent_uuid: "bcad9ca7e946471ca8eedd2b66c1626b" member_type: VOTER last_known_addr { host: "127.13.57.1" port: 46135 } health_report { overall_health: HEALTHY } } peers { permanent_uuid: "71bbb30327154fd7ba566f5e3ec1ec53" member_type: VOTER last_known_addr { host: "127.13.57.2" port: 40149 } health_report { overall_health: HEALTHY } } peers { permanent_uuid: "13a7672590e842b59955cbeb19f09111" member_type: VOTER last_known_addr { host: "127.13.57.3" port: 42407 } attrs { promote: false } health_report { overall_health: HEALTHY } } }
I20260601 13:23:29.414331 16769 tablet_service.cc:1558] Processing DeleteTablet for tablet 55da054d839a4db6a602c8b13d82fd8b with delete_type TABLET_DATA_TOMBSTONED (TS c8529493195246458e45426986c33377 not found in new config with opid_index 4) from {username='slave'} at 127.0.0.1:37792
I20260601 13:23:29.414800 16986 tablet_replica.cc:333] T 55da054d839a4db6a602c8b13d82fd8b P c8529493195246458e45426986c33377: stopping tablet replica
I20260601 13:23:29.415033 16986 raft_consensus.cc:2243] T 55da054d839a4db6a602c8b13d82fd8b P c8529493195246458e45426986c33377 [term 1 FOLLOWER]: Raft consensus shutting down.
I20260601 13:23:29.415242 16986 raft_consensus.cc:2272] T 55da054d839a4db6a602c8b13d82fd8b P c8529493195246458e45426986c33377 [term 1 FOLLOWER]: Raft consensus is shut down!
I20260601 13:23:29.416100 16986 ts_tablet_manager.cc:1916] T 55da054d839a4db6a602c8b13d82fd8b P c8529493195246458e45426986c33377: Deleting tablet data with delete state TABLET_DATA_TOMBSTONED
I20260601 13:23:29.418202 16986 ts_tablet_manager.cc:1929] T 55da054d839a4db6a602c8b13d82fd8b P c8529493195246458e45426986c33377: tablet deleted with delete type TABLET_DATA_TOMBSTONED: last-logged OpId 1.3
I20260601 13:23:29.418269 16986 log.cc:1199] T 55da054d839a4db6a602c8b13d82fd8b P c8529493195246458e45426986c33377: Deleting WAL directory at /tmp/dist-test-taskLk7tLE/test-tmp/auto_rebalancer-test.0.AutoRebalancerTest.RangeAwareRebalancesNewRangeReplicas.1780320135353165-13540-0/minicluster-data/ts-3-root/wals/55da054d839a4db6a602c8b13d82fd8b
I20260601 13:23:29.418808 16374 catalog_manager.cc:5027] TS c8529493195246458e45426986c33377 (127.13.57.4:46845): tablet 55da054d839a4db6a602c8b13d82fd8b (table range_aware_rebalance_new_range [id=6b1d8cdcfaa540df976a542871867c82]) successfully deleted
I20260601 13:23:29.428010 16702 raft_consensus.cc:1064] T 4f93a10d50e94f2797c2be30b7917667 P 13a7672590e842b59955cbeb19f09111: attempting to promote NON_VOTER 71bbb30327154fd7ba566f5e3ec1ec53 to VOTER
I20260601 13:23:29.428488 16702 consensus_queue.cc:237] T 4f93a10d50e94f2797c2be30b7917667 P 13a7672590e842b59955cbeb19f09111 [LEADER]: Queue going to LEADER mode. State: All replicated index: 0, Majority replicated index: 3, Committed index: 3, Last appended: 2.3, Last appended by leader: 1, Current term: 2, Majority size: 3, State: 0, Mode: LEADER, active raft config: opid_index: 4 OBSOLETE_local: false peers { permanent_uuid: "c8529493195246458e45426986c33377" member_type: VOTER last_known_addr { host: "127.13.57.4" port: 46845 } attrs { replace: true } } peers { permanent_uuid: "bcad9ca7e946471ca8eedd2b66c1626b" member_type: VOTER last_known_addr { host: "127.13.57.1" port: 46135 } } peers { permanent_uuid: "13a7672590e842b59955cbeb19f09111" member_type: VOTER last_known_addr { host: "127.13.57.3" port: 42407 } } peers { permanent_uuid: "71bbb30327154fd7ba566f5e3ec1ec53" member_type: VOTER last_known_addr { host: "127.13.57.2" port: 40149 } attrs { promote: false } }
I20260601 13:23:29.430171 16568 raft_consensus.cc:1275] T 4f93a10d50e94f2797c2be30b7917667 P 71bbb30327154fd7ba566f5e3ec1ec53 [term 2 LEARNER]: Refusing update from remote peer 13a7672590e842b59955cbeb19f09111: Log matching property violated. Preceding OpId in replica: term: 2 index: 3. Preceding OpId from leader: term: 2 index: 4. (index mismatch)
I20260601 13:23:29.430251 16492 raft_consensus.cc:1275] T 4f93a10d50e94f2797c2be30b7917667 P bcad9ca7e946471ca8eedd2b66c1626b [term 2 FOLLOWER]: Refusing update from remote peer 13a7672590e842b59955cbeb19f09111: Log matching property violated. Preceding OpId in replica: term: 2 index: 3. Preceding OpId from leader: term: 2 index: 4. (index mismatch)
I20260601 13:23:29.430510 16783 raft_consensus.cc:1275] T 4f93a10d50e94f2797c2be30b7917667 P c8529493195246458e45426986c33377 [term 2 FOLLOWER]: Refusing update from remote peer 13a7672590e842b59955cbeb19f09111: Log matching property violated. Preceding OpId in replica: term: 2 index: 3. Preceding OpId from leader: term: 2 index: 4. (index mismatch)
I20260601 13:23:29.430590 16988 consensus_queue.cc:1048] T 4f93a10d50e94f2797c2be30b7917667 P 13a7672590e842b59955cbeb19f09111 [LEADER]: Connected to new peer: Peer: permanent_uuid: "71bbb30327154fd7ba566f5e3ec1ec53" member_type: VOTER last_known_addr { host: "127.13.57.2" port: 40149 } attrs { promote: false }, Status: LMP_MISMATCH, Last received: 0.0, Next index: 4, Last known committed idx: 3, Time since last communication: 0.000s
I20260601 13:23:29.430893 16702 consensus_queue.cc:1048] T 4f93a10d50e94f2797c2be30b7917667 P 13a7672590e842b59955cbeb19f09111 [LEADER]: Connected to new peer: Peer: permanent_uuid: "c8529493195246458e45426986c33377" member_type: VOTER last_known_addr { host: "127.13.57.4" port: 46845 } attrs { replace: true }, Status: LMP_MISMATCH, Last received: 0.0, Next index: 4, Last known committed idx: 3, Time since last communication: 0.000s
I20260601 13:23:29.431288 16973 consensus_queue.cc:1048] T 4f93a10d50e94f2797c2be30b7917667 P 13a7672590e842b59955cbeb19f09111 [LEADER]: Connected to new peer: Peer: permanent_uuid: "bcad9ca7e946471ca8eedd2b66c1626b" member_type: VOTER last_known_addr { host: "127.13.57.1" port: 46135 }, Status: LMP_MISMATCH, Last received: 0.0, Next index: 4, Last known committed idx: 3, Time since last communication: 0.000s
I20260601 13:23:29.433151 16988 raft_consensus.cc:2955] T 4f93a10d50e94f2797c2be30b7917667 P 13a7672590e842b59955cbeb19f09111 [term 2 LEADER]: Committing config change with OpId 2.4: config changed from index 3 to 4, 71bbb30327154fd7ba566f5e3ec1ec53 (127.13.57.2) changed from NON_VOTER to VOTER. New config: { opid_index: 4 OBSOLETE_local: false peers { permanent_uuid: "c8529493195246458e45426986c33377" member_type: VOTER last_known_addr { host: "127.13.57.4" port: 46845 } attrs { replace: true } } peers { permanent_uuid: "bcad9ca7e946471ca8eedd2b66c1626b" member_type: VOTER last_known_addr { host: "127.13.57.1" port: 46135 } } peers { permanent_uuid: "13a7672590e842b59955cbeb19f09111" member_type: VOTER last_known_addr { host: "127.13.57.3" port: 42407 } } peers { permanent_uuid: "71bbb30327154fd7ba566f5e3ec1ec53" member_type: VOTER last_known_addr { host: "127.13.57.2" port: 40149 } attrs { promote: false } } }
I20260601 13:23:29.433507 16568 raft_consensus.cc:2955] T 4f93a10d50e94f2797c2be30b7917667 P 71bbb30327154fd7ba566f5e3ec1ec53 [term 2 FOLLOWER]: Committing config change with OpId 2.4: config changed from index 3 to 4, 71bbb30327154fd7ba566f5e3ec1ec53 (127.13.57.2) changed from NON_VOTER to VOTER. New config: { opid_index: 4 OBSOLETE_local: false peers { permanent_uuid: "c8529493195246458e45426986c33377" member_type: VOTER last_known_addr { host: "127.13.57.4" port: 46845 } attrs { replace: true } } peers { permanent_uuid: "bcad9ca7e946471ca8eedd2b66c1626b" member_type: VOTER last_known_addr { host: "127.13.57.1" port: 46135 } } peers { permanent_uuid: "13a7672590e842b59955cbeb19f09111" member_type: VOTER last_known_addr { host: "127.13.57.3" port: 42407 } } peers { permanent_uuid: "71bbb30327154fd7ba566f5e3ec1ec53" member_type: VOTER last_known_addr { host: "127.13.57.2" port: 40149 } attrs { promote: false } } }
I20260601 13:23:29.434346 16492 raft_consensus.cc:2955] T 4f93a10d50e94f2797c2be30b7917667 P bcad9ca7e946471ca8eedd2b66c1626b [term 2 FOLLOWER]: Committing config change with OpId 2.4: config changed from index 3 to 4, 71bbb30327154fd7ba566f5e3ec1ec53 (127.13.57.2) changed from NON_VOTER to VOTER. New config: { opid_index: 4 OBSOLETE_local: false peers { permanent_uuid: "c8529493195246458e45426986c33377" member_type: VOTER last_known_addr { host: "127.13.57.4" port: 46845 } attrs { replace: true } } peers { permanent_uuid: "bcad9ca7e946471ca8eedd2b66c1626b" member_type: VOTER last_known_addr { host: "127.13.57.1" port: 46135 } } peers { permanent_uuid: "13a7672590e842b59955cbeb19f09111" member_type: VOTER last_known_addr { host: "127.13.57.3" port: 42407 } } peers { permanent_uuid: "71bbb30327154fd7ba566f5e3ec1ec53" member_type: VOTER last_known_addr { host: "127.13.57.2" port: 40149 } attrs { promote: false } } }
I20260601 13:23:29.436887 16387 catalog_manager.cc:5696] T 4f93a10d50e94f2797c2be30b7917667 P bcad9ca7e946471ca8eedd2b66c1626b reported cstate change: config changed from index 3 to 4, 71bbb30327154fd7ba566f5e3ec1ec53 (127.13.57.2) changed from NON_VOTER to VOTER. New cstate: current_term: 2 leader_uuid: "13a7672590e842b59955cbeb19f09111" committed_config { opid_index: 4 OBSOLETE_local: false peers { permanent_uuid: "c8529493195246458e45426986c33377" member_type: VOTER last_known_addr { host: "127.13.57.4" port: 46845 } attrs { replace: true } } peers { permanent_uuid: "bcad9ca7e946471ca8eedd2b66c1626b" member_type: VOTER last_known_addr { host: "127.13.57.1" port: 46135 } } peers { permanent_uuid: "13a7672590e842b59955cbeb19f09111" member_type: VOTER last_known_addr { host: "127.13.57.3" port: 42407 } } peers { permanent_uuid: "71bbb30327154fd7ba566f5e3ec1ec53" member_type: VOTER last_known_addr { host: "127.13.57.2" port: 40149 } attrs { promote: false } } }
I20260601 13:23:29.436810 16783 raft_consensus.cc:2955] T 4f93a10d50e94f2797c2be30b7917667 P c8529493195246458e45426986c33377 [term 2 FOLLOWER]: Committing config change with OpId 2.4: config changed from index 3 to 4, 71bbb30327154fd7ba566f5e3ec1ec53 (127.13.57.2) changed from NON_VOTER to VOTER. New config: { opid_index: 4 OBSOLETE_local: false peers { permanent_uuid: "c8529493195246458e45426986c33377" member_type: VOTER last_known_addr { host: "127.13.57.4" port: 46845 } attrs { replace: true } } peers { permanent_uuid: "bcad9ca7e946471ca8eedd2b66c1626b" member_type: VOTER last_known_addr { host: "127.13.57.1" port: 46135 } } peers { permanent_uuid: "13a7672590e842b59955cbeb19f09111" member_type: VOTER last_known_addr { host: "127.13.57.3" port: 42407 } } peers { permanent_uuid: "71bbb30327154fd7ba566f5e3ec1ec53" member_type: VOTER last_known_addr { host: "127.13.57.2" port: 40149 } attrs { promote: false } } }
I20260601 13:23:29.441985 16643 consensus_queue.cc:237] T 4f93a10d50e94f2797c2be30b7917667 P 13a7672590e842b59955cbeb19f09111 [LEADER]: Queue going to LEADER mode. State: All replicated index: 0, Majority replicated index: 4, Committed index: 4, Last appended: 2.4, Last appended by leader: 1, Current term: 2, Majority size: 2, State: 0, Mode: LEADER, active raft config: opid_index: 5 OBSOLETE_local: false peers { permanent_uuid: "bcad9ca7e946471ca8eedd2b66c1626b" member_type: VOTER last_known_addr { host: "127.13.57.1" port: 46135 } } peers { permanent_uuid: "13a7672590e842b59955cbeb19f09111" member_type: VOTER last_known_addr { host: "127.13.57.3" port: 42407 } } peers { permanent_uuid: "71bbb30327154fd7ba566f5e3ec1ec53" member_type: VOTER last_known_addr { host: "127.13.57.2" port: 40149 } attrs { promote: false } }
I20260601 13:23:29.443200 16568 raft_consensus.cc:1275] T 4f93a10d50e94f2797c2be30b7917667 P 71bbb30327154fd7ba566f5e3ec1ec53 [term 2 FOLLOWER]: Refusing update from remote peer 13a7672590e842b59955cbeb19f09111: Log matching property violated. Preceding OpId in replica: term: 2 index: 4. Preceding OpId from leader: term: 2 index: 5. (index mismatch)
I20260601 13:23:29.443241 16492 raft_consensus.cc:1275] T 4f93a10d50e94f2797c2be30b7917667 P bcad9ca7e946471ca8eedd2b66c1626b [term 2 FOLLOWER]: Refusing update from remote peer 13a7672590e842b59955cbeb19f09111: Log matching property violated. Preceding OpId in replica: term: 2 index: 4. Preceding OpId from leader: term: 2 index: 5. (index mismatch)
I20260601 13:23:29.443663 16974 consensus_queue.cc:1048] T 4f93a10d50e94f2797c2be30b7917667 P 13a7672590e842b59955cbeb19f09111 [LEADER]: Connected to new peer: Peer: permanent_uuid: "bcad9ca7e946471ca8eedd2b66c1626b" member_type: VOTER last_known_addr { host: "127.13.57.1" port: 46135 }, Status: LMP_MISMATCH, Last received: 0.0, Next index: 5, Last known committed idx: 4, Time since last communication: 0.000s
I20260601 13:23:29.444058 16974 consensus_queue.cc:1048] T 4f93a10d50e94f2797c2be30b7917667 P 13a7672590e842b59955cbeb19f09111 [LEADER]: Connected to new peer: Peer: permanent_uuid: "71bbb30327154fd7ba566f5e3ec1ec53" member_type: VOTER last_known_addr { host: "127.13.57.2" port: 40149 } attrs { promote: false }, Status: LMP_MISMATCH, Last received: 0.0, Next index: 5, Last known committed idx: 4, Time since last communication: 0.000s
I20260601 13:23:29.445576 16702 raft_consensus.cc:2955] T 4f93a10d50e94f2797c2be30b7917667 P 13a7672590e842b59955cbeb19f09111 [term 2 LEADER]: Committing config change with OpId 2.5: config changed from index 4 to 5, VOTER c8529493195246458e45426986c33377 (127.13.57.4) evicted. New config: { opid_index: 5 OBSOLETE_local: false peers { permanent_uuid: "bcad9ca7e946471ca8eedd2b66c1626b" member_type: VOTER last_known_addr { host: "127.13.57.1" port: 46135 } } peers { permanent_uuid: "13a7672590e842b59955cbeb19f09111" member_type: VOTER last_known_addr { host: "127.13.57.3" port: 42407 } } peers { permanent_uuid: "71bbb30327154fd7ba566f5e3ec1ec53" member_type: VOTER last_known_addr { host: "127.13.57.2" port: 40149 } attrs { promote: false } } }
I20260601 13:23:29.446009 16568 raft_consensus.cc:2955] T 4f93a10d50e94f2797c2be30b7917667 P 71bbb30327154fd7ba566f5e3ec1ec53 [term 2 FOLLOWER]: Committing config change with OpId 2.5: config changed from index 4 to 5, VOTER c8529493195246458e45426986c33377 (127.13.57.4) evicted. New config: { opid_index: 5 OBSOLETE_local: false peers { permanent_uuid: "bcad9ca7e946471ca8eedd2b66c1626b" member_type: VOTER last_known_addr { host: "127.13.57.1" port: 46135 } } peers { permanent_uuid: "13a7672590e842b59955cbeb19f09111" member_type: VOTER last_known_addr { host: "127.13.57.3" port: 42407 } } peers { permanent_uuid: "71bbb30327154fd7ba566f5e3ec1ec53" member_type: VOTER last_known_addr { host: "127.13.57.2" port: 40149 } attrs { promote: false } } }
I20260601 13:23:29.447956 16388 catalog_manager.cc:5696] T 4f93a10d50e94f2797c2be30b7917667 P 71bbb30327154fd7ba566f5e3ec1ec53 reported cstate change: config changed from index 4 to 5, VOTER c8529493195246458e45426986c33377 (127.13.57.4) evicted. New cstate: current_term: 2 leader_uuid: "13a7672590e842b59955cbeb19f09111" committed_config { opid_index: 5 OBSOLETE_local: false peers { permanent_uuid: "bcad9ca7e946471ca8eedd2b66c1626b" member_type: VOTER last_known_addr { host: "127.13.57.1" port: 46135 } } peers { permanent_uuid: "13a7672590e842b59955cbeb19f09111" member_type: VOTER last_known_addr { host: "127.13.57.3" port: 42407 } } peers { permanent_uuid: "71bbb30327154fd7ba566f5e3ec1ec53" member_type: VOTER last_known_addr { host: "127.13.57.2" port: 40149 } attrs { promote: false } } }
I20260601 13:23:29.448081 16374 catalog_manager.cc:5209] ChangeConfig:REMOVE_PEER RPC for tablet 4f93a10d50e94f2797c2be30b7917667 with cas_config_opid_index 4: ChangeConfig:REMOVE_PEER succeeded (attempt 1)
I20260601 13:23:29.448024 16492 raft_consensus.cc:2955] T 4f93a10d50e94f2797c2be30b7917667 P bcad9ca7e946471ca8eedd2b66c1626b [term 2 FOLLOWER]: Committing config change with OpId 2.5: config changed from index 4 to 5, VOTER c8529493195246458e45426986c33377 (127.13.57.4) evicted. New config: { opid_index: 5 OBSOLETE_local: false peers { permanent_uuid: "bcad9ca7e946471ca8eedd2b66c1626b" member_type: VOTER last_known_addr { host: "127.13.57.1" port: 46135 } } peers { permanent_uuid: "13a7672590e842b59955cbeb19f09111" member_type: VOTER last_known_addr { host: "127.13.57.3" port: 42407 } } peers { permanent_uuid: "71bbb30327154fd7ba566f5e3ec1ec53" member_type: VOTER last_known_addr { host: "127.13.57.2" port: 40149 } attrs { promote: false } } }
I20260601 13:23:29.451246 16769 tablet_service.cc:1558] Processing DeleteTablet for tablet 4f93a10d50e94f2797c2be30b7917667 with delete_type TABLET_DATA_TOMBSTONED (TS c8529493195246458e45426986c33377 not found in new config with opid_index 5) from {username='slave'} at 127.0.0.1:37792
I20260601 13:23:29.451486 16986 tablet_replica.cc:333] T 4f93a10d50e94f2797c2be30b7917667 P c8529493195246458e45426986c33377: stopping tablet replica
I20260601 13:23:29.451646 16986 raft_consensus.cc:2243] T 4f93a10d50e94f2797c2be30b7917667 P c8529493195246458e45426986c33377 [term 2 FOLLOWER]: Raft consensus shutting down.
I20260601 13:23:29.451809 16986 raft_consensus.cc:2272] T 4f93a10d50e94f2797c2be30b7917667 P c8529493195246458e45426986c33377 [term 2 FOLLOWER]: Raft consensus is shut down!
I20260601 13:23:29.452502 16986 ts_tablet_manager.cc:1916] T 4f93a10d50e94f2797c2be30b7917667 P c8529493195246458e45426986c33377: Deleting tablet data with delete state TABLET_DATA_TOMBSTONED
I20260601 13:23:29.455145 16986 ts_tablet_manager.cc:1929] T 4f93a10d50e94f2797c2be30b7917667 P c8529493195246458e45426986c33377: tablet deleted with delete type TABLET_DATA_TOMBSTONED: last-logged OpId 2.4
I20260601 13:23:29.455238 16986 log.cc:1199] T 4f93a10d50e94f2797c2be30b7917667 P c8529493195246458e45426986c33377: Deleting WAL directory at /tmp/dist-test-taskLk7tLE/test-tmp/auto_rebalancer-test.0.AutoRebalancerTest.RangeAwareRebalancesNewRangeReplicas.1780320135353165-13540-0/minicluster-data/ts-3-root/wals/4f93a10d50e94f2797c2be30b7917667
I20260601 13:23:29.455832 16374 catalog_manager.cc:5027] TS c8529493195246458e45426986c33377 (127.13.57.4:46845): tablet 4f93a10d50e94f2797c2be30b7917667 (table range_aware_rebalance_new_range [id=6b1d8cdcfaa540df976a542871867c82]) successfully deleted
I20260601 13:23:29.556651 16975 raft_consensus.cc:993] T 2bc927b052cf4c9db69265185c84c12e P bcad9ca7e946471ca8eedd2b66c1626b: : Instructing follower 71bbb30327154fd7ba566f5e3ec1ec53 to start an election
I20260601 13:23:29.556818 16975 raft_consensus.cc:1081] T 2bc927b052cf4c9db69265185c84c12e P bcad9ca7e946471ca8eedd2b66c1626b [term 1 LEADER]: Signalling peer 71bbb30327154fd7ba566f5e3ec1ec53 to start an election
I20260601 13:23:29.557330 16568 tablet_service.cc:2044] Received Run Leader Election RPC: tablet_id: "2bc927b052cf4c9db69265185c84c12e"
dest_uuid: "71bbb30327154fd7ba566f5e3ec1ec53"
 from {username='slave'} at 127.0.0.1:43512
I20260601 13:23:29.557478 16568 raft_consensus.cc:493] T 2bc927b052cf4c9db69265185c84c12e P 71bbb30327154fd7ba566f5e3ec1ec53 [term 1 FOLLOWER]: Starting forced leader election (received explicit request)
I20260601 13:23:29.557574 16568 raft_consensus.cc:3060] T 2bc927b052cf4c9db69265185c84c12e P 71bbb30327154fd7ba566f5e3ec1ec53 [term 1 FOLLOWER]: Advancing to term 2
I20260601 13:23:29.559064 16568 raft_consensus.cc:515] T 2bc927b052cf4c9db69265185c84c12e P 71bbb30327154fd7ba566f5e3ec1ec53 [term 2 FOLLOWER]: Starting forced leader election with config: opid_index: -1 OBSOLETE_local: false peers { permanent_uuid: "bcad9ca7e946471ca8eedd2b66c1626b" member_type: VOTER last_known_addr { host: "127.13.57.1" port: 46135 } } peers { permanent_uuid: "71bbb30327154fd7ba566f5e3ec1ec53" member_type: VOTER last_known_addr { host: "127.13.57.2" port: 40149 } } peers { permanent_uuid: "13a7672590e842b59955cbeb19f09111" member_type: VOTER last_known_addr { host: "127.13.57.3" port: 42407 } }
I20260601 13:23:29.559494 16568 leader_election.cc:290] T 2bc927b052cf4c9db69265185c84c12e P 71bbb30327154fd7ba566f5e3ec1ec53 [CANDIDATE]: Term 2 election: Requested vote from peers bcad9ca7e946471ca8eedd2b66c1626b (127.13.57.1:46135), 13a7672590e842b59955cbeb19f09111 (127.13.57.3:42407)
I20260601 13:23:29.559787 16492 tablet_service.cc:1917] Received RequestConsensusVote() RPC: tablet_id: "2bc927b052cf4c9db69265185c84c12e" candidate_uuid: "71bbb30327154fd7ba566f5e3ec1ec53" candidate_term: 2 candidate_status { last_received { term: 1 index: 1 } } ignore_live_leader: true dest_uuid: "bcad9ca7e946471ca8eedd2b66c1626b"
I20260601 13:23:29.559929 16492 raft_consensus.cc:3055] T 2bc927b052cf4c9db69265185c84c12e P bcad9ca7e946471ca8eedd2b66c1626b [term 1 LEADER]: Stepping down as leader of term 1
I20260601 13:23:29.559983 16492 raft_consensus.cc:740] T 2bc927b052cf4c9db69265185c84c12e P bcad9ca7e946471ca8eedd2b66c1626b [term 1 LEADER]: Becoming Follower/Learner. State: Replica: bcad9ca7e946471ca8eedd2b66c1626b, State: Running, Role: LEADER
I20260601 13:23:29.560133 16492 consensus_queue.cc:260] T 2bc927b052cf4c9db69265185c84c12e P bcad9ca7e946471ca8eedd2b66c1626b [NON_LEADER]: Queue going to NON_LEADER mode. State: All replicated index: 0, Majority replicated index: 1, Committed index: 1, Last appended: 1.1, Last appended by leader: 1, Current term: 1, Majority size: -1, State: 0, Mode: NON_LEADER, active raft config: opid_index: -1 OBSOLETE_local: false peers { permanent_uuid: "bcad9ca7e946471ca8eedd2b66c1626b" member_type: VOTER last_known_addr { host: "127.13.57.1" port: 46135 } } peers { permanent_uuid: "71bbb30327154fd7ba566f5e3ec1ec53" member_type: VOTER last_known_addr { host: "127.13.57.2" port: 40149 } } peers { permanent_uuid: "13a7672590e842b59955cbeb19f09111" member_type: VOTER last_known_addr { host: "127.13.57.3" port: 42407 } }
I20260601 13:23:29.560328 16492 raft_consensus.cc:3060] T 2bc927b052cf4c9db69265185c84c12e P bcad9ca7e946471ca8eedd2b66c1626b [term 1 FOLLOWER]: Advancing to term 2
I20260601 13:23:29.561441 16492 raft_consensus.cc:2468] T 2bc927b052cf4c9db69265185c84c12e P bcad9ca7e946471ca8eedd2b66c1626b [term 2 FOLLOWER]: Leader election vote request: Granting yes vote for candidate 71bbb30327154fd7ba566f5e3ec1ec53 in term 2.
I20260601 13:23:29.561687 16643 tablet_service.cc:1917] Received RequestConsensusVote() RPC: tablet_id: "2bc927b052cf4c9db69265185c84c12e" candidate_uuid: "71bbb30327154fd7ba566f5e3ec1ec53" candidate_term: 2 candidate_status { last_received { term: 1 index: 1 } } ignore_live_leader: true dest_uuid: "13a7672590e842b59955cbeb19f09111"
I20260601 13:23:29.561780 16531 leader_election.cc:304] T 2bc927b052cf4c9db69265185c84c12e P 71bbb30327154fd7ba566f5e3ec1ec53 [CANDIDATE]: Term 2 election: Election decided. Result: candidate won. Election summary: received 2 responses out of 3 voters: 2 yes votes; 0 no votes. yes voters: 71bbb30327154fd7ba566f5e3ec1ec53, bcad9ca7e946471ca8eedd2b66c1626b; no voters: 
I20260601 13:23:29.561822 16643 raft_consensus.cc:3060] T 2bc927b052cf4c9db69265185c84c12e P 13a7672590e842b59955cbeb19f09111 [term 1 FOLLOWER]: Advancing to term 2
I20260601 13:23:29.561966 16869 raft_consensus.cc:2804] T 2bc927b052cf4c9db69265185c84c12e P 71bbb30327154fd7ba566f5e3ec1ec53 [term 2 FOLLOWER]: Leader election won for term 2
I20260601 13:23:29.562067 16869 raft_consensus.cc:697] T 2bc927b052cf4c9db69265185c84c12e P 71bbb30327154fd7ba566f5e3ec1ec53 [term 2 LEADER]: Becoming Leader. State: Replica: 71bbb30327154fd7ba566f5e3ec1ec53, State: Running, Role: LEADER
I20260601 13:23:29.562191 16869 consensus_queue.cc:237] T 2bc927b052cf4c9db69265185c84c12e P 71bbb30327154fd7ba566f5e3ec1ec53 [LEADER]: Queue going to LEADER mode. State: All replicated index: 0, Majority replicated index: 1, Committed index: 1, Last appended: 1.1, Last appended by leader: 1, Current term: 2, Majority size: 2, State: 0, Mode: LEADER, active raft config: opid_index: -1 OBSOLETE_local: false peers { permanent_uuid: "bcad9ca7e946471ca8eedd2b66c1626b" member_type: VOTER last_known_addr { host: "127.13.57.1" port: 46135 } } peers { permanent_uuid: "71bbb30327154fd7ba566f5e3ec1ec53" member_type: VOTER last_known_addr { host: "127.13.57.2" port: 40149 } } peers { permanent_uuid: "13a7672590e842b59955cbeb19f09111" member_type: VOTER last_known_addr { host: "127.13.57.3" port: 42407 } }
I20260601 13:23:29.562820 16643 raft_consensus.cc:2468] T 2bc927b052cf4c9db69265185c84c12e P 13a7672590e842b59955cbeb19f09111 [term 2 FOLLOWER]: Leader election vote request: Granting yes vote for candidate 71bbb30327154fd7ba566f5e3ec1ec53 in term 2.
I20260601 13:23:29.564158 16386 catalog_manager.cc:5696] T 2bc927b052cf4c9db69265185c84c12e P 71bbb30327154fd7ba566f5e3ec1ec53 reported cstate change: term changed from 1 to 2, leader changed from bcad9ca7e946471ca8eedd2b66c1626b (127.13.57.1) to 71bbb30327154fd7ba566f5e3ec1ec53 (127.13.57.2). New cstate: current_term: 2 leader_uuid: "71bbb30327154fd7ba566f5e3ec1ec53" committed_config { opid_index: -1 OBSOLETE_local: false peers { permanent_uuid: "bcad9ca7e946471ca8eedd2b66c1626b" member_type: VOTER last_known_addr { host: "127.13.57.1" port: 46135 } health_report { overall_health: UNKNOWN } } peers { permanent_uuid: "71bbb30327154fd7ba566f5e3ec1ec53" member_type: VOTER last_known_addr { host: "127.13.57.2" port: 40149 } health_report { overall_health: HEALTHY } } peers { permanent_uuid: "13a7672590e842b59955cbeb19f09111" member_type: VOTER last_known_addr { host: "127.13.57.3" port: 42407 } health_report { overall_health: UNKNOWN } } }
I20260601 13:23:29.574664 16975 raft_consensus.cc:1064] T bf82c3e3740141bb8f09ab7f872112ac P bcad9ca7e946471ca8eedd2b66c1626b: attempting to promote NON_VOTER c8529493195246458e45426986c33377 to VOTER
I20260601 13:23:29.575138 16975 consensus_queue.cc:237] T bf82c3e3740141bb8f09ab7f872112ac P bcad9ca7e946471ca8eedd2b66c1626b [LEADER]: Queue going to LEADER mode. State: All replicated index: 0, Majority replicated index: 2, Committed index: 2, Last appended: 1.2, Last appended by leader: 0, Current term: 1, Majority size: 3, State: 0, Mode: LEADER, active raft config: opid_index: 3 OBSOLETE_local: false peers { permanent_uuid: "bcad9ca7e946471ca8eedd2b66c1626b" member_type: VOTER last_known_addr { host: "127.13.57.1" port: 46135 } } peers { permanent_uuid: "71bbb30327154fd7ba566f5e3ec1ec53" member_type: VOTER last_known_addr { host: "127.13.57.2" port: 40149 } } peers { permanent_uuid: "13a7672590e842b59955cbeb19f09111" member_type: VOTER last_known_addr { host: "127.13.57.3" port: 42407 } attrs { replace: true } } peers { permanent_uuid: "c8529493195246458e45426986c33377" member_type: VOTER last_known_addr { host: "127.13.57.4" port: 46845 } attrs { promote: false } }
I20260601 13:23:29.576799 16643 raft_consensus.cc:1275] T bf82c3e3740141bb8f09ab7f872112ac P 13a7672590e842b59955cbeb19f09111 [term 1 FOLLOWER]: Refusing update from remote peer bcad9ca7e946471ca8eedd2b66c1626b: Log matching property violated. Preceding OpId in replica: term: 1 index: 2. Preceding OpId from leader: term: 1 index: 3. (index mismatch)
I20260601 13:23:29.576725 16783 raft_consensus.cc:1275] T bf82c3e3740141bb8f09ab7f872112ac P c8529493195246458e45426986c33377 [term 1 LEARNER]: Refusing update from remote peer bcad9ca7e946471ca8eedd2b66c1626b: Log matching property violated. Preceding OpId in replica: term: 1 index: 2. Preceding OpId from leader: term: 1 index: 3. (index mismatch)
I20260601 13:23:29.577240 16568 raft_consensus.cc:1275] T bf82c3e3740141bb8f09ab7f872112ac P 71bbb30327154fd7ba566f5e3ec1ec53 [term 1 FOLLOWER]: Refusing update from remote peer bcad9ca7e946471ca8eedd2b66c1626b: Log matching property violated. Preceding OpId in replica: term: 1 index: 2. Preceding OpId from leader: term: 1 index: 3. (index mismatch)
I20260601 13:23:29.577198 16969 consensus_queue.cc:1048] T bf82c3e3740141bb8f09ab7f872112ac P bcad9ca7e946471ca8eedd2b66c1626b [LEADER]: Connected to new peer: Peer: permanent_uuid: "c8529493195246458e45426986c33377" member_type: VOTER last_known_addr { host: "127.13.57.4" port: 46845 } attrs { promote: false }, Status: LMP_MISMATCH, Last received: 0.0, Next index: 3, Last known committed idx: 2, Time since last communication: 0.000s
I20260601 13:23:29.577452 16978 consensus_queue.cc:1048] T bf82c3e3740141bb8f09ab7f872112ac P bcad9ca7e946471ca8eedd2b66c1626b [LEADER]: Connected to new peer: Peer: permanent_uuid: "13a7672590e842b59955cbeb19f09111" member_type: VOTER last_known_addr { host: "127.13.57.3" port: 42407 } attrs { replace: true }, Status: LMP_MISMATCH, Last received: 0.0, Next index: 3, Last known committed idx: 2, Time since last communication: 0.000s
I20260601 13:23:29.578050 16978 consensus_queue.cc:1048] T bf82c3e3740141bb8f09ab7f872112ac P bcad9ca7e946471ca8eedd2b66c1626b [LEADER]: Connected to new peer: Peer: permanent_uuid: "71bbb30327154fd7ba566f5e3ec1ec53" member_type: VOTER last_known_addr { host: "127.13.57.2" port: 40149 }, Status: LMP_MISMATCH, Last received: 0.0, Next index: 3, Last known committed idx: 2, Time since last communication: 0.000s
I20260601 13:23:29.579524 16969 raft_consensus.cc:2955] T bf82c3e3740141bb8f09ab7f872112ac P bcad9ca7e946471ca8eedd2b66c1626b [term 1 LEADER]: Committing config change with OpId 1.3: config changed from index 2 to 3, c8529493195246458e45426986c33377 (127.13.57.4) changed from NON_VOTER to VOTER. New config: { opid_index: 3 OBSOLETE_local: false peers { permanent_uuid: "bcad9ca7e946471ca8eedd2b66c1626b" member_type: VOTER last_known_addr { host: "127.13.57.1" port: 46135 } } peers { permanent_uuid: "71bbb30327154fd7ba566f5e3ec1ec53" member_type: VOTER last_known_addr { host: "127.13.57.2" port: 40149 } } peers { permanent_uuid: "13a7672590e842b59955cbeb19f09111" member_type: VOTER last_known_addr { host: "127.13.57.3" port: 42407 } attrs { replace: true } } peers { permanent_uuid: "c8529493195246458e45426986c33377" member_type: VOTER last_known_addr { host: "127.13.57.4" port: 46845 } attrs { promote: false } } }
I20260601 13:23:29.581812 16643 raft_consensus.cc:2955] T bf82c3e3740141bb8f09ab7f872112ac P 13a7672590e842b59955cbeb19f09111 [term 1 FOLLOWER]: Committing config change with OpId 1.3: config changed from index 2 to 3, c8529493195246458e45426986c33377 (127.13.57.4) changed from NON_VOTER to VOTER. New config: { opid_index: 3 OBSOLETE_local: false peers { permanent_uuid: "bcad9ca7e946471ca8eedd2b66c1626b" member_type: VOTER last_known_addr { host: "127.13.57.1" port: 46135 } } peers { permanent_uuid: "71bbb30327154fd7ba566f5e3ec1ec53" member_type: VOTER last_known_addr { host: "127.13.57.2" port: 40149 } } peers { permanent_uuid: "13a7672590e842b59955cbeb19f09111" member_type: VOTER last_known_addr { host: "127.13.57.3" port: 42407 } attrs { replace: true } } peers { permanent_uuid: "c8529493195246458e45426986c33377" member_type: VOTER last_known_addr { host: "127.13.57.4" port: 46845 } attrs { promote: false } } }
I20260601 13:23:29.582346 16386 catalog_manager.cc:5696] T bf82c3e3740141bb8f09ab7f872112ac P bcad9ca7e946471ca8eedd2b66c1626b reported cstate change: config changed from index 2 to 3, c8529493195246458e45426986c33377 (127.13.57.4) changed from NON_VOTER to VOTER. New cstate: current_term: 1 leader_uuid: "bcad9ca7e946471ca8eedd2b66c1626b" committed_config { opid_index: 3 OBSOLETE_local: false peers { permanent_uuid: "bcad9ca7e946471ca8eedd2b66c1626b" member_type: VOTER last_known_addr { host: "127.13.57.1" port: 46135 } health_report { overall_health: HEALTHY } } peers { permanent_uuid: "71bbb30327154fd7ba566f5e3ec1ec53" member_type: VOTER last_known_addr { host: "127.13.57.2" port: 40149 } health_report { overall_health: UNKNOWN } } peers { permanent_uuid: "13a7672590e842b59955cbeb19f09111" member_type: VOTER last_known_addr { host: "127.13.57.3" port: 42407 } attrs { replace: true } health_report { overall_health: HEALTHY } } peers { permanent_uuid: "c8529493195246458e45426986c33377" member_type: VOTER last_known_addr { host: "127.13.57.4" port: 46845 } attrs { promote: false } health_report { overall_health: HEALTHY } } }
