I20260601 13:23:56.894814 18110 tablet_bootstrap.cc:492] T a4556619b6244d44a1db769dc50bd77e P 821cc32b4cbc4e18a33a895ef5e4ba73: Bootstrap starting.
I20260601 13:23:56.894827 18112 raft_consensus.cc:740] T c6ad1e2063674bf09c21a62c081c9f1c P 4bbb5be6b69045368c7447e7c48753b1 [term 0 FOLLOWER]: Becoming Follower/Learner. State: Replica: 4bbb5be6b69045368c7447e7c48753b1, State: Initialized, Role: FOLLOWER
I20260601 13:23:56.894946 18112 consensus_queue.cc:260] T c6ad1e2063674bf09c21a62c081c9f1c P 4bbb5be6b69045368c7447e7c48753b1 [NON_LEADER]: Queue going to NON_LEADER mode. State: All replicated index: 0, Majority replicated index: 0, Committed index: 0, Last appended: 0.0, Last appended by leader: 0, Current term: 0, Majority size: -1, State: 0, Mode: NON_LEADER, active raft config: opid_index: -1 OBSOLETE_local: false peers { permanent_uuid: "4bbb5be6b69045368c7447e7c48753b1" member_type: VOTER last_known_addr { host: "127.13.57.1" port: 35301 } } peers { permanent_uuid: "40150559225f40c3993cadf59b84f3dc" member_type: VOTER last_known_addr { host: "127.13.57.2" port: 40463 } } peers { permanent_uuid: "821cc32b4cbc4e18a33a895ef5e4ba73" member_type: VOTER last_known_addr { host: "127.13.57.3" port: 41531 } }
I20260601 13:23:56.895208 18112 ts_tablet_manager.cc:1434] T c6ad1e2063674bf09c21a62c081c9f1c P 4bbb5be6b69045368c7447e7c48753b1: Time spent starting tablet: real 0.001s	user 0.000s	sys 0.000s
I20260601 13:23:56.895426 18112 tablet_bootstrap.cc:492] T 35a50f34ecfa4eceadac119902b55c7b P 4bbb5be6b69045368c7447e7c48753b1: Bootstrap starting.
I20260601 13:23:56.896323 18110 tablet_bootstrap.cc:654] T a4556619b6244d44a1db769dc50bd77e P 821cc32b4cbc4e18a33a895ef5e4ba73: Neither blocks nor log segments found. Creating new log.
I20260601 13:23:56.896416 18112 tablet_bootstrap.cc:654] T 35a50f34ecfa4eceadac119902b55c7b P 4bbb5be6b69045368c7447e7c48753b1: Neither blocks nor log segments found. Creating new log.
I20260601 13:23:56.897519 18112 tablet_bootstrap.cc:492] T 35a50f34ecfa4eceadac119902b55c7b P 4bbb5be6b69045368c7447e7c48753b1: No bootstrap required, opened a new log
I20260601 13:23:56.897529 18109 tablet_bootstrap.cc:492] T 530db9b24c544a05a2381cb7fe0a7767 P 40150559225f40c3993cadf59b84f3dc: No bootstrap required, opened a new log
I20260601 13:23:56.897620 18112 ts_tablet_manager.cc:1403] T 35a50f34ecfa4eceadac119902b55c7b P 4bbb5be6b69045368c7447e7c48753b1: Time spent bootstrapping tablet: real 0.002s	user 0.001s	sys 0.001s
I20260601 13:23:56.897646 18109 ts_tablet_manager.cc:1403] T 530db9b24c544a05a2381cb7fe0a7767 P 40150559225f40c3993cadf59b84f3dc: Time spent bootstrapping tablet: real 0.006s	user 0.001s	sys 0.001s
I20260601 13:23:56.898077 18109 raft_consensus.cc:359] T 530db9b24c544a05a2381cb7fe0a7767 P 40150559225f40c3993cadf59b84f3dc [term 0 FOLLOWER]: Replica starting. Triggering 0 pending ops. Active config: opid_index: -1 OBSOLETE_local: false peers { permanent_uuid: "4bbb5be6b69045368c7447e7c48753b1" member_type: VOTER last_known_addr { host: "127.13.57.1" port: 35301 } } peers { permanent_uuid: "40150559225f40c3993cadf59b84f3dc" member_type: VOTER last_known_addr { host: "127.13.57.2" port: 40463 } } peers { permanent_uuid: "821cc32b4cbc4e18a33a895ef5e4ba73" member_type: VOTER last_known_addr { host: "127.13.57.3" port: 41531 } }
I20260601 13:23:56.898116 18112 raft_consensus.cc:359] T 35a50f34ecfa4eceadac119902b55c7b P 4bbb5be6b69045368c7447e7c48753b1 [term 0 FOLLOWER]: Replica starting. Triggering 0 pending ops. Active config: opid_index: -1 OBSOLETE_local: false peers { permanent_uuid: "4bbb5be6b69045368c7447e7c48753b1" member_type: VOTER last_known_addr { host: "127.13.57.1" port: 35301 } } peers { permanent_uuid: "40150559225f40c3993cadf59b84f3dc" member_type: VOTER last_known_addr { host: "127.13.57.2" port: 40463 } } peers { permanent_uuid: "821cc32b4cbc4e18a33a895ef5e4ba73" member_type: VOTER last_known_addr { host: "127.13.57.3" port: 41531 } }
I20260601 13:23:56.898209 18109 raft_consensus.cc:385] T 530db9b24c544a05a2381cb7fe0a7767 P 40150559225f40c3993cadf59b84f3dc [term 0 FOLLOWER]: Consensus starting up: Expiring failure detector timer to make a prompt election more likely
I20260601 13:23:56.898245 18112 raft_consensus.cc:385] T 35a50f34ecfa4eceadac119902b55c7b P 4bbb5be6b69045368c7447e7c48753b1 [term 0 FOLLOWER]: Consensus starting up: Expiring failure detector timer to make a prompt election more likely
I20260601 13:23:56.898253 18109 raft_consensus.cc:740] T 530db9b24c544a05a2381cb7fe0a7767 P 40150559225f40c3993cadf59b84f3dc [term 0 FOLLOWER]: Becoming Follower/Learner. State: Replica: 40150559225f40c3993cadf59b84f3dc, State: Initialized, Role: FOLLOWER
I20260601 13:23:56.898309 18112 raft_consensus.cc:740] T 35a50f34ecfa4eceadac119902b55c7b P 4bbb5be6b69045368c7447e7c48753b1 [term 0 FOLLOWER]: Becoming Follower/Learner. State: Replica: 4bbb5be6b69045368c7447e7c48753b1, State: Initialized, Role: FOLLOWER
I20260601 13:23:56.898444 18112 consensus_queue.cc:260] T 35a50f34ecfa4eceadac119902b55c7b P 4bbb5be6b69045368c7447e7c48753b1 [NON_LEADER]: Queue going to NON_LEADER mode. State: All replicated index: 0, Majority replicated index: 0, Committed index: 0, Last appended: 0.0, Last appended by leader: 0, Current term: 0, Majority size: -1, State: 0, Mode: NON_LEADER, active raft config: opid_index: -1 OBSOLETE_local: false peers { permanent_uuid: "4bbb5be6b69045368c7447e7c48753b1" member_type: VOTER last_known_addr { host: "127.13.57.1" port: 35301 } } peers { permanent_uuid: "40150559225f40c3993cadf59b84f3dc" member_type: VOTER last_known_addr { host: "127.13.57.2" port: 40463 } } peers { permanent_uuid: "821cc32b4cbc4e18a33a895ef5e4ba73" member_type: VOTER last_known_addr { host: "127.13.57.3" port: 41531 } }
I20260601 13:23:56.898448 18109 consensus_queue.cc:260] T 530db9b24c544a05a2381cb7fe0a7767 P 40150559225f40c3993cadf59b84f3dc [NON_LEADER]: Queue going to NON_LEADER mode. State: All replicated index: 0, Majority replicated index: 0, Committed index: 0, Last appended: 0.0, Last appended by leader: 0, Current term: 0, Majority size: -1, State: 0, Mode: NON_LEADER, active raft config: opid_index: -1 OBSOLETE_local: false peers { permanent_uuid: "4bbb5be6b69045368c7447e7c48753b1" member_type: VOTER last_known_addr { host: "127.13.57.1" port: 35301 } } peers { permanent_uuid: "40150559225f40c3993cadf59b84f3dc" member_type: VOTER last_known_addr { host: "127.13.57.2" port: 40463 } } peers { permanent_uuid: "821cc32b4cbc4e18a33a895ef5e4ba73" member_type: VOTER last_known_addr { host: "127.13.57.3" port: 41531 } }
I20260601 13:23:56.898613 18110 tablet_bootstrap.cc:492] T a4556619b6244d44a1db769dc50bd77e P 821cc32b4cbc4e18a33a895ef5e4ba73: No bootstrap required, opened a new log
I20260601 13:23:56.898694 18110 ts_tablet_manager.cc:1403] T a4556619b6244d44a1db769dc50bd77e P 821cc32b4cbc4e18a33a895ef5e4ba73: Time spent bootstrapping tablet: real 0.004s	user 0.002s	sys 0.000s
I20260601 13:23:56.898734 18112 ts_tablet_manager.cc:1434] T 35a50f34ecfa4eceadac119902b55c7b P 4bbb5be6b69045368c7447e7c48753b1: Time spent starting tablet: real 0.001s	user 0.001s	sys 0.000s
I20260601 13:23:56.898934 18112 tablet_bootstrap.cc:492] T 49e48bb783334e75867514185be246a0 P 4bbb5be6b69045368c7447e7c48753b1: Bootstrap starting.
I20260601 13:23:56.899130 18110 raft_consensus.cc:359] T a4556619b6244d44a1db769dc50bd77e P 821cc32b4cbc4e18a33a895ef5e4ba73 [term 0 FOLLOWER]: Replica starting. Triggering 0 pending ops. Active config: opid_index: -1 OBSOLETE_local: false peers { permanent_uuid: "4bbb5be6b69045368c7447e7c48753b1" member_type: VOTER last_known_addr { host: "127.13.57.1" port: 35301 } } peers { permanent_uuid: "40150559225f40c3993cadf59b84f3dc" member_type: VOTER last_known_addr { host: "127.13.57.2" port: 40463 } } peers { permanent_uuid: "821cc32b4cbc4e18a33a895ef5e4ba73" member_type: VOTER last_known_addr { host: "127.13.57.3" port: 41531 } }
I20260601 13:23:56.899222 18110 raft_consensus.cc:385] T a4556619b6244d44a1db769dc50bd77e P 821cc32b4cbc4e18a33a895ef5e4ba73 [term 0 FOLLOWER]: Consensus starting up: Expiring failure detector timer to make a prompt election more likely
I20260601 13:23:56.899253 18110 raft_consensus.cc:740] T a4556619b6244d44a1db769dc50bd77e P 821cc32b4cbc4e18a33a895ef5e4ba73 [term 0 FOLLOWER]: Becoming Follower/Learner. State: Replica: 821cc32b4cbc4e18a33a895ef5e4ba73, State: Initialized, Role: FOLLOWER
I20260601 13:23:56.899385 18110 consensus_queue.cc:260] T a4556619b6244d44a1db769dc50bd77e P 821cc32b4cbc4e18a33a895ef5e4ba73 [NON_LEADER]: Queue going to NON_LEADER mode. State: All replicated index: 0, Majority replicated index: 0, Committed index: 0, Last appended: 0.0, Last appended by leader: 0, Current term: 0, Majority size: -1, State: 0, Mode: NON_LEADER, active raft config: opid_index: -1 OBSOLETE_local: false peers { permanent_uuid: "4bbb5be6b69045368c7447e7c48753b1" member_type: VOTER last_known_addr { host: "127.13.57.1" port: 35301 } } peers { permanent_uuid: "40150559225f40c3993cadf59b84f3dc" member_type: VOTER last_known_addr { host: "127.13.57.2" port: 40463 } } peers { permanent_uuid: "821cc32b4cbc4e18a33a895ef5e4ba73" member_type: VOTER last_known_addr { host: "127.13.57.3" port: 41531 } }
I20260601 13:23:56.899688 18110 ts_tablet_manager.cc:1434] T a4556619b6244d44a1db769dc50bd77e P 821cc32b4cbc4e18a33a895ef5e4ba73: Time spent starting tablet: real 0.001s	user 0.000s	sys 0.000s
I20260601 13:23:56.899896 18110 tablet_bootstrap.cc:492] T 6cb688cf1e3f48149597e11fcdda929a P 821cc32b4cbc4e18a33a895ef5e4ba73: Bootstrap starting.
I20260601 13:23:56.899986 18112 tablet_bootstrap.cc:654] T 49e48bb783334e75867514185be246a0 P 4bbb5be6b69045368c7447e7c48753b1: Neither blocks nor log segments found. Creating new log.
I20260601 13:23:56.900534 18119 raft_consensus.cc:493] T f3027afe73b94346a4d348988663dac6 P 821cc32b4cbc4e18a33a895ef5e4ba73 [term 0 FOLLOWER]: Starting pre-election (no leader contacted us within the election timeout)
I20260601 13:23:56.900626 18119 raft_consensus.cc:515] T f3027afe73b94346a4d348988663dac6 P 821cc32b4cbc4e18a33a895ef5e4ba73 [term 0 FOLLOWER]: Starting pre-election with config: opid_index: -1 OBSOLETE_local: false peers { permanent_uuid: "4bbb5be6b69045368c7447e7c48753b1" member_type: VOTER last_known_addr { host: "127.13.57.1" port: 35301 } } peers { permanent_uuid: "40150559225f40c3993cadf59b84f3dc" member_type: VOTER last_known_addr { host: "127.13.57.2" port: 40463 } } peers { permanent_uuid: "821cc32b4cbc4e18a33a895ef5e4ba73" member_type: VOTER last_known_addr { host: "127.13.57.3" port: 41531 } }
I20260601 13:23:56.898741 18109 ts_tablet_manager.cc:1434] T 530db9b24c544a05a2381cb7fe0a7767 P 40150559225f40c3993cadf59b84f3dc: Time spent starting tablet: real 0.001s	user 0.001s	sys 0.000s
I20260601 13:23:56.900909 18109 tablet_bootstrap.cc:492] T 6cb688cf1e3f48149597e11fcdda929a P 40150559225f40c3993cadf59b84f3dc: Bootstrap starting.
I20260601 13:23:56.900941 18110 tablet_bootstrap.cc:654] T 6cb688cf1e3f48149597e11fcdda929a P 821cc32b4cbc4e18a33a895ef5e4ba73: Neither blocks nor log segments found. Creating new log.
I20260601 13:23:56.901041 18119 leader_election.cc:290] T f3027afe73b94346a4d348988663dac6 P 821cc32b4cbc4e18a33a895ef5e4ba73 [CANDIDATE]: Term 1 pre-election: Requested pre-vote from peers 4bbb5be6b69045368c7447e7c48753b1 (127.13.57.1:35301), 40150559225f40c3993cadf59b84f3dc (127.13.57.2:40463)
I20260601 13:23:56.901520 17988 tablet_service.cc:1917] Received RequestConsensusVote() RPC: tablet_id: "f3027afe73b94346a4d348988663dac6" candidate_uuid: "821cc32b4cbc4e18a33a895ef5e4ba73" candidate_term: 1 candidate_status { last_received { term: 0 index: 0 } } ignore_live_leader: false dest_uuid: "40150559225f40c3993cadf59b84f3dc" is_pre_election: true
I20260601 13:23:56.901652 17988 raft_consensus.cc:2468] T f3027afe73b94346a4d348988663dac6 P 40150559225f40c3993cadf59b84f3dc [term 0 FOLLOWER]: Leader pre-election vote request: Granting yes vote for candidate 821cc32b4cbc4e18a33a895ef5e4ba73 in term 0.
I20260601 13:23:56.901871 17912 tablet_service.cc:1917] Received RequestConsensusVote() RPC: tablet_id: "f3027afe73b94346a4d348988663dac6" candidate_uuid: "821cc32b4cbc4e18a33a895ef5e4ba73" candidate_term: 1 candidate_status { last_received { term: 0 index: 0 } } ignore_live_leader: false dest_uuid: "4bbb5be6b69045368c7447e7c48753b1" is_pre_election: true
I20260601 13:23:56.901971 17912 raft_consensus.cc:2468] T f3027afe73b94346a4d348988663dac6 P 4bbb5be6b69045368c7447e7c48753b1 [term 0 FOLLOWER]: Leader pre-election vote request: Granting yes vote for candidate 821cc32b4cbc4e18a33a895ef5e4ba73 in term 0.
I20260601 13:23:56.902038 18109 tablet_bootstrap.cc:654] T 6cb688cf1e3f48149597e11fcdda929a P 40150559225f40c3993cadf59b84f3dc: Neither blocks nor log segments found. Creating new log.
I20260601 13:23:56.902343 18028 leader_election.cc:304] T f3027afe73b94346a4d348988663dac6 P 821cc32b4cbc4e18a33a895ef5e4ba73 [CANDIDATE]: Term 1 pre-election: Election decided. Result: candidate won. Election summary: received 2 responses out of 3 voters: 2 yes votes; 0 no votes. yes voters: 4bbb5be6b69045368c7447e7c48753b1, 821cc32b4cbc4e18a33a895ef5e4ba73; no voters: 
I20260601 13:23:56.902751 18112 tablet_bootstrap.cc:492] T 49e48bb783334e75867514185be246a0 P 4bbb5be6b69045368c7447e7c48753b1: No bootstrap required, opened a new log
I20260601 13:23:56.902783 18119 raft_consensus.cc:2804] T f3027afe73b94346a4d348988663dac6 P 821cc32b4cbc4e18a33a895ef5e4ba73 [term 0 FOLLOWER]: Leader pre-election won for term 1
I20260601 13:23:56.902827 18119 raft_consensus.cc:493] T f3027afe73b94346a4d348988663dac6 P 821cc32b4cbc4e18a33a895ef5e4ba73 [term 0 FOLLOWER]: Starting leader election (no leader contacted us within the election timeout)
I20260601 13:23:56.902853 18112 ts_tablet_manager.cc:1403] T 49e48bb783334e75867514185be246a0 P 4bbb5be6b69045368c7447e7c48753b1: Time spent bootstrapping tablet: real 0.004s	user 0.002s	sys 0.000s
I20260601 13:23:56.902874 18119 raft_consensus.cc:3060] T f3027afe73b94346a4d348988663dac6 P 821cc32b4cbc4e18a33a895ef5e4ba73 [term 0 FOLLOWER]: Advancing to term 1
I20260601 13:23:56.903304 18112 raft_consensus.cc:359] T 49e48bb783334e75867514185be246a0 P 4bbb5be6b69045368c7447e7c48753b1 [term 0 FOLLOWER]: Replica starting. Triggering 0 pending ops. Active config: opid_index: -1 OBSOLETE_local: false peers { permanent_uuid: "4bbb5be6b69045368c7447e7c48753b1" member_type: VOTER last_known_addr { host: "127.13.57.1" port: 35301 } } peers { permanent_uuid: "40150559225f40c3993cadf59b84f3dc" member_type: VOTER last_known_addr { host: "127.13.57.2" port: 40463 } } peers { permanent_uuid: "821cc32b4cbc4e18a33a895ef5e4ba73" member_type: VOTER last_known_addr { host: "127.13.57.3" port: 41531 } }
I20260601 13:23:56.903404 18112 raft_consensus.cc:385] T 49e48bb783334e75867514185be246a0 P 4bbb5be6b69045368c7447e7c48753b1 [term 0 FOLLOWER]: Consensus starting up: Expiring failure detector timer to make a prompt election more likely
I20260601 13:23:56.903435 18112 raft_consensus.cc:740] T 49e48bb783334e75867514185be246a0 P 4bbb5be6b69045368c7447e7c48753b1 [term 0 FOLLOWER]: Becoming Follower/Learner. State: Replica: 4bbb5be6b69045368c7447e7c48753b1, State: Initialized, Role: FOLLOWER
I20260601 13:23:56.903559 18112 consensus_queue.cc:260] T 49e48bb783334e75867514185be246a0 P 4bbb5be6b69045368c7447e7c48753b1 [NON_LEADER]: Queue going to NON_LEADER mode. State: All replicated index: 0, Majority replicated index: 0, Committed index: 0, Last appended: 0.0, Last appended by leader: 0, Current term: 0, Majority size: -1, State: 0, Mode: NON_LEADER, active raft config: opid_index: -1 OBSOLETE_local: false peers { permanent_uuid: "4bbb5be6b69045368c7447e7c48753b1" member_type: VOTER last_known_addr { host: "127.13.57.1" port: 35301 } } peers { permanent_uuid: "40150559225f40c3993cadf59b84f3dc" member_type: VOTER last_known_addr { host: "127.13.57.2" port: 40463 } } peers { permanent_uuid: "821cc32b4cbc4e18a33a895ef5e4ba73" member_type: VOTER last_known_addr { host: "127.13.57.3" port: 41531 } }
I20260601 13:23:56.903939 18112 ts_tablet_manager.cc:1434] T 49e48bb783334e75867514185be246a0 P 4bbb5be6b69045368c7447e7c48753b1: Time spent starting tablet: real 0.001s	user 0.001s	sys 0.000s
I20260601 13:23:56.904141 18112 tablet_bootstrap.cc:492] T 6cb688cf1e3f48149597e11fcdda929a P 4bbb5be6b69045368c7447e7c48753b1: Bootstrap starting.
I20260601 13:23:56.904177 18119 raft_consensus.cc:515] T f3027afe73b94346a4d348988663dac6 P 821cc32b4cbc4e18a33a895ef5e4ba73 [term 1 FOLLOWER]: Starting leader election with config: opid_index: -1 OBSOLETE_local: false peers { permanent_uuid: "4bbb5be6b69045368c7447e7c48753b1" member_type: VOTER last_known_addr { host: "127.13.57.1" port: 35301 } } peers { permanent_uuid: "40150559225f40c3993cadf59b84f3dc" member_type: VOTER last_known_addr { host: "127.13.57.2" port: 40463 } } peers { permanent_uuid: "821cc32b4cbc4e18a33a895ef5e4ba73" member_type: VOTER last_known_addr { host: "127.13.57.3" port: 41531 } }
I20260601 13:23:56.904539 18119 leader_election.cc:290] T f3027afe73b94346a4d348988663dac6 P 821cc32b4cbc4e18a33a895ef5e4ba73 [CANDIDATE]: Term 1 election: Requested vote from peers 4bbb5be6b69045368c7447e7c48753b1 (127.13.57.1:35301), 40150559225f40c3993cadf59b84f3dc (127.13.57.2:40463)
I20260601 13:23:56.905043 17912 tablet_service.cc:1917] Received RequestConsensusVote() RPC: tablet_id: "f3027afe73b94346a4d348988663dac6" candidate_uuid: "821cc32b4cbc4e18a33a895ef5e4ba73" candidate_term: 1 candidate_status { last_received { term: 0 index: 0 } } ignore_live_leader: false dest_uuid: "4bbb5be6b69045368c7447e7c48753b1"
I20260601 13:23:56.905160 17912 raft_consensus.cc:3060] T f3027afe73b94346a4d348988663dac6 P 4bbb5be6b69045368c7447e7c48753b1 [term 0 FOLLOWER]: Advancing to term 1
I20260601 13:23:56.905232 18112 tablet_bootstrap.cc:654] T 6cb688cf1e3f48149597e11fcdda929a P 4bbb5be6b69045368c7447e7c48753b1: Neither blocks nor log segments found. Creating new log.
I20260601 13:23:56.905390 17988 tablet_service.cc:1917] Received RequestConsensusVote() RPC: tablet_id: "f3027afe73b94346a4d348988663dac6" candidate_uuid: "821cc32b4cbc4e18a33a895ef5e4ba73" candidate_term: 1 candidate_status { last_received { term: 0 index: 0 } } ignore_live_leader: false dest_uuid: "40150559225f40c3993cadf59b84f3dc"
I20260601 13:23:56.905503 17988 raft_consensus.cc:3060] T f3027afe73b94346a4d348988663dac6 P 40150559225f40c3993cadf59b84f3dc [term 0 FOLLOWER]: Advancing to term 1
I20260601 13:23:56.906317 17912 raft_consensus.cc:2468] T f3027afe73b94346a4d348988663dac6 P 4bbb5be6b69045368c7447e7c48753b1 [term 1 FOLLOWER]: Leader election vote request: Granting yes vote for candidate 821cc32b4cbc4e18a33a895ef5e4ba73 in term 1.
I20260601 13:23:56.906421 18110 tablet_bootstrap.cc:492] T 6cb688cf1e3f48149597e11fcdda929a P 821cc32b4cbc4e18a33a895ef5e4ba73: No bootstrap required, opened a new log
I20260601 13:23:56.906499 18110 ts_tablet_manager.cc:1403] T 6cb688cf1e3f48149597e11fcdda929a P 821cc32b4cbc4e18a33a895ef5e4ba73: Time spent bootstrapping tablet: real 0.007s	user 0.001s	sys 0.000s
I20260601 13:23:56.906613 18028 leader_election.cc:304] T f3027afe73b94346a4d348988663dac6 P 821cc32b4cbc4e18a33a895ef5e4ba73 [CANDIDATE]: Term 1 election: Election decided. Result: candidate won. Election summary: received 2 responses out of 3 voters: 2 yes votes; 0 no votes. yes voters: 4bbb5be6b69045368c7447e7c48753b1, 821cc32b4cbc4e18a33a895ef5e4ba73; no voters: 
I20260601 13:23:56.906625 17988 raft_consensus.cc:2468] T f3027afe73b94346a4d348988663dac6 P 40150559225f40c3993cadf59b84f3dc [term 1 FOLLOWER]: Leader election vote request: Granting yes vote for candidate 821cc32b4cbc4e18a33a895ef5e4ba73 in term 1.
I20260601 13:23:56.907155 18119 raft_consensus.cc:2804] T f3027afe73b94346a4d348988663dac6 P 821cc32b4cbc4e18a33a895ef5e4ba73 [term 1 FOLLOWER]: Leader election won for term 1
I20260601 13:23:56.907084 18110 raft_consensus.cc:359] T 6cb688cf1e3f48149597e11fcdda929a P 821cc32b4cbc4e18a33a895ef5e4ba73 [term 0 FOLLOWER]: Replica starting. Triggering 0 pending ops. Active config: opid_index: -1 OBSOLETE_local: false peers { permanent_uuid: "4bbb5be6b69045368c7447e7c48753b1" member_type: VOTER last_known_addr { host: "127.13.57.1" port: 35301 } } peers { permanent_uuid: "40150559225f40c3993cadf59b84f3dc" member_type: VOTER last_known_addr { host: "127.13.57.2" port: 40463 } } peers { permanent_uuid: "821cc32b4cbc4e18a33a895ef5e4ba73" member_type: VOTER last_known_addr { host: "127.13.57.3" port: 41531 } }
I20260601 13:23:56.907243 18119 raft_consensus.cc:697] T f3027afe73b94346a4d348988663dac6 P 821cc32b4cbc4e18a33a895ef5e4ba73 [term 1 LEADER]: Becoming Leader. State: Replica: 821cc32b4cbc4e18a33a895ef5e4ba73, State: Running, Role: LEADER
I20260601 13:23:56.907265 18110 raft_consensus.cc:385] T 6cb688cf1e3f48149597e11fcdda929a P 821cc32b4cbc4e18a33a895ef5e4ba73 [term 0 FOLLOWER]: Consensus starting up: Expiring failure detector timer to make a prompt election more likely
I20260601 13:23:56.907299 18110 raft_consensus.cc:740] T 6cb688cf1e3f48149597e11fcdda929a P 821cc32b4cbc4e18a33a895ef5e4ba73 [term 0 FOLLOWER]: Becoming Follower/Learner. State: Replica: 821cc32b4cbc4e18a33a895ef5e4ba73, State: Initialized, Role: FOLLOWER
I20260601 13:23:56.907374 18119 consensus_queue.cc:237] T f3027afe73b94346a4d348988663dac6 P 821cc32b4cbc4e18a33a895ef5e4ba73 [LEADER]: Queue going to LEADER mode. State: All replicated index: 0, Majority replicated index: 0, Committed index: 0, Last appended: 0.0, Last appended by leader: 0, Current term: 1, Majority size: 2, State: 0, Mode: LEADER, active raft config: opid_index: -1 OBSOLETE_local: false peers { permanent_uuid: "4bbb5be6b69045368c7447e7c48753b1" member_type: VOTER last_known_addr { host: "127.13.57.1" port: 35301 } } peers { permanent_uuid: "40150559225f40c3993cadf59b84f3dc" member_type: VOTER last_known_addr { host: "127.13.57.2" port: 40463 } } peers { permanent_uuid: "821cc32b4cbc4e18a33a895ef5e4ba73" member_type: VOTER last_known_addr { host: "127.13.57.3" port: 41531 } }
I20260601 13:23:56.907398 18110 consensus_queue.cc:260] T 6cb688cf1e3f48149597e11fcdda929a P 821cc32b4cbc4e18a33a895ef5e4ba73 [NON_LEADER]: Queue going to NON_LEADER mode. State: All replicated index: 0, Majority replicated index: 0, Committed index: 0, Last appended: 0.0, Last appended by leader: 0, Current term: 0, Majority size: -1, State: 0, Mode: NON_LEADER, active raft config: opid_index: -1 OBSOLETE_local: false peers { permanent_uuid: "4bbb5be6b69045368c7447e7c48753b1" member_type: VOTER last_known_addr { host: "127.13.57.1" port: 35301 } } peers { permanent_uuid: "40150559225f40c3993cadf59b84f3dc" member_type: VOTER last_known_addr { host: "127.13.57.2" port: 40463 } } peers { permanent_uuid: "821cc32b4cbc4e18a33a895ef5e4ba73" member_type: VOTER last_known_addr { host: "127.13.57.3" port: 41531 } }
I20260601 13:23:56.907675 18110 ts_tablet_manager.cc:1434] T 6cb688cf1e3f48149597e11fcdda929a P 821cc32b4cbc4e18a33a895ef5e4ba73: Time spent starting tablet: real 0.001s	user 0.000s	sys 0.000s
I20260601 13:23:56.908368 18112 tablet_bootstrap.cc:492] T 6cb688cf1e3f48149597e11fcdda929a P 4bbb5be6b69045368c7447e7c48753b1: No bootstrap required, opened a new log
I20260601 13:23:56.908455 18112 ts_tablet_manager.cc:1403] T 6cb688cf1e3f48149597e11fcdda929a P 4bbb5be6b69045368c7447e7c48753b1: Time spent bootstrapping tablet: real 0.004s	user 0.000s	sys 0.002s
I20260601 13:23:56.908569 18109 tablet_bootstrap.cc:492] T 6cb688cf1e3f48149597e11fcdda929a P 40150559225f40c3993cadf59b84f3dc: No bootstrap required, opened a new log
I20260601 13:23:56.908648 18109 ts_tablet_manager.cc:1403] T 6cb688cf1e3f48149597e11fcdda929a P 40150559225f40c3993cadf59b84f3dc: Time spent bootstrapping tablet: real 0.008s	user 0.002s	sys 0.000s
I20260601 13:23:56.908912 18112 raft_consensus.cc:359] T 6cb688cf1e3f48149597e11fcdda929a P 4bbb5be6b69045368c7447e7c48753b1 [term 0 FOLLOWER]: Replica starting. Triggering 0 pending ops. Active config: opid_index: -1 OBSOLETE_local: false peers { permanent_uuid: "4bbb5be6b69045368c7447e7c48753b1" member_type: VOTER last_known_addr { host: "127.13.57.1" port: 35301 } } peers { permanent_uuid: "40150559225f40c3993cadf59b84f3dc" member_type: VOTER last_known_addr { host: "127.13.57.2" port: 40463 } } peers { permanent_uuid: "821cc32b4cbc4e18a33a895ef5e4ba73" member_type: VOTER last_known_addr { host: "127.13.57.3" port: 41531 } }
I20260601 13:23:56.909031 18112 raft_consensus.cc:385] T 6cb688cf1e3f48149597e11fcdda929a P 4bbb5be6b69045368c7447e7c48753b1 [term 0 FOLLOWER]: Consensus starting up: Expiring failure detector timer to make a prompt election more likely
I20260601 13:23:56.909109 18112 raft_consensus.cc:740] T 6cb688cf1e3f48149597e11fcdda929a P 4bbb5be6b69045368c7447e7c48753b1 [term 0 FOLLOWER]: Becoming Follower/Learner. State: Replica: 4bbb5be6b69045368c7447e7c48753b1, State: Initialized, Role: FOLLOWER
I20260601 13:23:56.909031 18109 raft_consensus.cc:359] T 6cb688cf1e3f48149597e11fcdda929a P 40150559225f40c3993cadf59b84f3dc [term 0 FOLLOWER]: Replica starting. Triggering 0 pending ops. Active config: opid_index: -1 OBSOLETE_local: false peers { permanent_uuid: "4bbb5be6b69045368c7447e7c48753b1" member_type: VOTER last_known_addr { host: "127.13.57.1" port: 35301 } } peers { permanent_uuid: "40150559225f40c3993cadf59b84f3dc" member_type: VOTER last_known_addr { host: "127.13.57.2" port: 40463 } } peers { permanent_uuid: "821cc32b4cbc4e18a33a895ef5e4ba73" member_type: VOTER last_known_addr { host: "127.13.57.3" port: 41531 } }
I20260601 13:23:56.909183 18109 raft_consensus.cc:385] T 6cb688cf1e3f48149597e11fcdda929a P 40150559225f40c3993cadf59b84f3dc [term 0 FOLLOWER]: Consensus starting up: Expiring failure detector timer to make a prompt election more likely
I20260601 13:23:56.909220 18109 raft_consensus.cc:740] T 6cb688cf1e3f48149597e11fcdda929a P 40150559225f40c3993cadf59b84f3dc [term 0 FOLLOWER]: Becoming Follower/Learner. State: Replica: 40150559225f40c3993cadf59b84f3dc, State: Initialized, Role: FOLLOWER
I20260601 13:23:56.909243 18112 consensus_queue.cc:260] T 6cb688cf1e3f48149597e11fcdda929a P 4bbb5be6b69045368c7447e7c48753b1 [NON_LEADER]: Queue going to NON_LEADER mode. State: All replicated index: 0, Majority replicated index: 0, Committed index: 0, Last appended: 0.0, Last appended by leader: 0, Current term: 0, Majority size: -1, State: 0, Mode: NON_LEADER, active raft config: opid_index: -1 OBSOLETE_local: false peers { permanent_uuid: "4bbb5be6b69045368c7447e7c48753b1" member_type: VOTER last_known_addr { host: "127.13.57.1" port: 35301 } } peers { permanent_uuid: "40150559225f40c3993cadf59b84f3dc" member_type: VOTER last_known_addr { host: "127.13.57.2" port: 40463 } } peers { permanent_uuid: "821cc32b4cbc4e18a33a895ef5e4ba73" member_type: VOTER last_known_addr { host: "127.13.57.3" port: 41531 } }
I20260601 13:23:56.909353 18109 consensus_queue.cc:260] T 6cb688cf1e3f48149597e11fcdda929a P 40150559225f40c3993cadf59b84f3dc [NON_LEADER]: Queue going to NON_LEADER mode. State: All replicated index: 0, Majority replicated index: 0, Committed index: 0, Last appended: 0.0, Last appended by leader: 0, Current term: 0, Majority size: -1, State: 0, Mode: NON_LEADER, active raft config: opid_index: -1 OBSOLETE_local: false peers { permanent_uuid: "4bbb5be6b69045368c7447e7c48753b1" member_type: VOTER last_known_addr { host: "127.13.57.1" port: 35301 } } peers { permanent_uuid: "40150559225f40c3993cadf59b84f3dc" member_type: VOTER last_known_addr { host: "127.13.57.2" port: 40463 } } peers { permanent_uuid: "821cc32b4cbc4e18a33a895ef5e4ba73" member_type: VOTER last_known_addr { host: "127.13.57.3" port: 41531 } }
I20260601 13:23:56.909323 17809 catalog_manager.cc:5696] T f3027afe73b94346a4d348988663dac6 P 821cc32b4cbc4e18a33a895ef5e4ba73 reported cstate change: term changed from 0 to 1, leader changed from <none> to 821cc32b4cbc4e18a33a895ef5e4ba73 (127.13.57.3). New cstate: current_term: 1 leader_uuid: "821cc32b4cbc4e18a33a895ef5e4ba73" committed_config { opid_index: -1 OBSOLETE_local: false peers { permanent_uuid: "4bbb5be6b69045368c7447e7c48753b1" member_type: VOTER last_known_addr { host: "127.13.57.1" port: 35301 } health_report { overall_health: UNKNOWN } } peers { permanent_uuid: "40150559225f40c3993cadf59b84f3dc" member_type: VOTER last_known_addr { host: "127.13.57.2" port: 40463 } health_report { overall_health: UNKNOWN } } peers { permanent_uuid: "821cc32b4cbc4e18a33a895ef5e4ba73" member_type: VOTER last_known_addr { host: "127.13.57.3" port: 41531 } health_report { overall_health: HEALTHY } } }
I20260601 13:23:56.909541 18112 ts_tablet_manager.cc:1434] T 6cb688cf1e3f48149597e11fcdda929a P 4bbb5be6b69045368c7447e7c48753b1: Time spent starting tablet: real 0.001s	user 0.000s	sys 0.001s
I20260601 13:23:56.909700 18112 tablet_bootstrap.cc:492] T a4556619b6244d44a1db769dc50bd77e P 4bbb5be6b69045368c7447e7c48753b1: Bootstrap starting.
I20260601 13:23:56.910007 18125 raft_consensus.cc:493] T c6ad1e2063674bf09c21a62c081c9f1c P 40150559225f40c3993cadf59b84f3dc [term 0 FOLLOWER]: Starting pre-election (no leader contacted us within the election timeout)
I20260601 13:23:56.910104 18125 raft_consensus.cc:515] T c6ad1e2063674bf09c21a62c081c9f1c P 40150559225f40c3993cadf59b84f3dc [term 0 FOLLOWER]: Starting pre-election with config: opid_index: -1 OBSOLETE_local: false peers { permanent_uuid: "4bbb5be6b69045368c7447e7c48753b1" member_type: VOTER last_known_addr { host: "127.13.57.1" port: 35301 } } peers { permanent_uuid: "40150559225f40c3993cadf59b84f3dc" member_type: VOTER last_known_addr { host: "127.13.57.2" port: 40463 } } peers { permanent_uuid: "821cc32b4cbc4e18a33a895ef5e4ba73" member_type: VOTER last_known_addr { host: "127.13.57.3" port: 41531 } }
I20260601 13:23:56.909696 18109 ts_tablet_manager.cc:1434] T 6cb688cf1e3f48149597e11fcdda929a P 40150559225f40c3993cadf59b84f3dc: Time spent starting tablet: real 0.001s	user 0.001s	sys 0.000s
I20260601 13:23:56.910598 18109 tablet_bootstrap.cc:492] T 35a50f34ecfa4eceadac119902b55c7b P 40150559225f40c3993cadf59b84f3dc: Bootstrap starting.
I20260601 13:23:56.910816 18112 tablet_bootstrap.cc:654] T a4556619b6244d44a1db769dc50bd77e P 4bbb5be6b69045368c7447e7c48753b1: Neither blocks nor log segments found. Creating new log.
I20260601 13:23:56.911681 18109 tablet_bootstrap.cc:654] T 35a50f34ecfa4eceadac119902b55c7b P 40150559225f40c3993cadf59b84f3dc: Neither blocks nor log segments found. Creating new log.
I20260601 13:23:56.910578 18125 leader_election.cc:290] T c6ad1e2063674bf09c21a62c081c9f1c P 40150559225f40c3993cadf59b84f3dc [CANDIDATE]: Term 1 pre-election: Requested pre-vote from peers 4bbb5be6b69045368c7447e7c48753b1 (127.13.57.1:35301), 821cc32b4cbc4e18a33a895ef5e4ba73 (127.13.57.3:41531)
I20260601 13:23:56.912829 18109 tablet_bootstrap.cc:492] T 35a50f34ecfa4eceadac119902b55c7b P 40150559225f40c3993cadf59b84f3dc: No bootstrap required, opened a new log
I20260601 13:23:56.912951 18109 ts_tablet_manager.cc:1403] T 35a50f34ecfa4eceadac119902b55c7b P 40150559225f40c3993cadf59b84f3dc: Time spent bootstrapping tablet: real 0.002s	user 0.002s	sys 0.000s
I20260601 13:23:56.913792 18112 tablet_bootstrap.cc:492] T a4556619b6244d44a1db769dc50bd77e P 4bbb5be6b69045368c7447e7c48753b1: No bootstrap required, opened a new log
I20260601 13:23:56.913884 18112 ts_tablet_manager.cc:1403] T a4556619b6244d44a1db769dc50bd77e P 4bbb5be6b69045368c7447e7c48753b1: Time spent bootstrapping tablet: real 0.004s	user 0.000s	sys 0.002s
I20260601 13:23:56.914088 18109 raft_consensus.cc:359] T 35a50f34ecfa4eceadac119902b55c7b P 40150559225f40c3993cadf59b84f3dc [term 0 FOLLOWER]: Replica starting. Triggering 0 pending ops. Active config: opid_index: -1 OBSOLETE_local: false peers { permanent_uuid: "4bbb5be6b69045368c7447e7c48753b1" member_type: VOTER last_known_addr { host: "127.13.57.1" port: 35301 } } peers { permanent_uuid: "40150559225f40c3993cadf59b84f3dc" member_type: VOTER last_known_addr { host: "127.13.57.2" port: 40463 } } peers { permanent_uuid: "821cc32b4cbc4e18a33a895ef5e4ba73" member_type: VOTER last_known_addr { host: "127.13.57.3" port: 41531 } }
I20260601 13:23:56.914194 18109 raft_consensus.cc:385] T 35a50f34ecfa4eceadac119902b55c7b P 40150559225f40c3993cadf59b84f3dc [term 0 FOLLOWER]: Consensus starting up: Expiring failure detector timer to make a prompt election more likely
I20260601 13:23:56.914222 18109 raft_consensus.cc:740] T 35a50f34ecfa4eceadac119902b55c7b P 40150559225f40c3993cadf59b84f3dc [term 0 FOLLOWER]: Becoming Follower/Learner. State: Replica: 40150559225f40c3993cadf59b84f3dc, State: Initialized, Role: FOLLOWER
I20260601 13:23:56.914340 18112 raft_consensus.cc:359] T a4556619b6244d44a1db769dc50bd77e P 4bbb5be6b69045368c7447e7c48753b1 [term 0 FOLLOWER]: Replica starting. Triggering 0 pending ops. Active config: opid_index: -1 OBSOLETE_local: false peers { permanent_uuid: "4bbb5be6b69045368c7447e7c48753b1" member_type: VOTER last_known_addr { host: "127.13.57.1" port: 35301 } } peers { permanent_uuid: "40150559225f40c3993cadf59b84f3dc" member_type: VOTER last_known_addr { host: "127.13.57.2" port: 40463 } } peers { permanent_uuid: "821cc32b4cbc4e18a33a895ef5e4ba73" member_type: VOTER last_known_addr { host: "127.13.57.3" port: 41531 } }
I20260601 13:23:56.914480 18112 raft_consensus.cc:385] T a4556619b6244d44a1db769dc50bd77e P 4bbb5be6b69045368c7447e7c48753b1 [term 0 FOLLOWER]: Consensus starting up: Expiring failure detector timer to make a prompt election more likely
I20260601 13:23:56.914512 18112 raft_consensus.cc:740] T a4556619b6244d44a1db769dc50bd77e P 4bbb5be6b69045368c7447e7c48753b1 [term 0 FOLLOWER]: Becoming Follower/Learner. State: Replica: 4bbb5be6b69045368c7447e7c48753b1, State: Initialized, Role: FOLLOWER
I20260601 13:23:56.914356 18109 consensus_queue.cc:260] T 35a50f34ecfa4eceadac119902b55c7b P 40150559225f40c3993cadf59b84f3dc [NON_LEADER]: Queue going to NON_LEADER mode. State: All replicated index: 0, Majority replicated index: 0, Committed index: 0, Last appended: 0.0, Last appended by leader: 0, Current term: 0, Majority size: -1, State: 0, Mode: NON_LEADER, active raft config: opid_index: -1 OBSOLETE_local: false peers { permanent_uuid: "4bbb5be6b69045368c7447e7c48753b1" member_type: VOTER last_known_addr { host: "127.13.57.1" port: 35301 } } peers { permanent_uuid: "40150559225f40c3993cadf59b84f3dc" member_type: VOTER last_known_addr { host: "127.13.57.2" port: 40463 } } peers { permanent_uuid: "821cc32b4cbc4e18a33a895ef5e4ba73" member_type: VOTER last_known_addr { host: "127.13.57.3" port: 41531 } }
I20260601 13:23:56.914623 18112 consensus_queue.cc:260] T a4556619b6244d44a1db769dc50bd77e P 4bbb5be6b69045368c7447e7c48753b1 [NON_LEADER]: Queue going to NON_LEADER mode. State: All replicated index: 0, Majority replicated index: 0, Committed index: 0, Last appended: 0.0, Last appended by leader: 0, Current term: 0, Majority size: -1, State: 0, Mode: NON_LEADER, active raft config: opid_index: -1 OBSOLETE_local: false peers { permanent_uuid: "4bbb5be6b69045368c7447e7c48753b1" member_type: VOTER last_known_addr { host: "127.13.57.1" port: 35301 } } peers { permanent_uuid: "40150559225f40c3993cadf59b84f3dc" member_type: VOTER last_known_addr { host: "127.13.57.2" port: 40463 } } peers { permanent_uuid: "821cc32b4cbc4e18a33a895ef5e4ba73" member_type: VOTER last_known_addr { host: "127.13.57.3" port: 41531 } }
I20260601 13:23:56.914793 18109 ts_tablet_manager.cc:1434] T 35a50f34ecfa4eceadac119902b55c7b P 40150559225f40c3993cadf59b84f3dc: Time spent starting tablet: real 0.002s	user 0.001s	sys 0.000s
I20260601 13:23:56.914893 18112 ts_tablet_manager.cc:1434] T a4556619b6244d44a1db769dc50bd77e P 4bbb5be6b69045368c7447e7c48753b1: Time spent starting tablet: real 0.001s	user 0.000s	sys 0.000s
I20260601 13:23:56.915313 18109 tablet_bootstrap.cc:492] T a4556619b6244d44a1db769dc50bd77e P 40150559225f40c3993cadf59b84f3dc: Bootstrap starting.
I20260601 13:23:56.916303 18109 tablet_bootstrap.cc:654] T a4556619b6244d44a1db769dc50bd77e P 40150559225f40c3993cadf59b84f3dc: Neither blocks nor log segments found. Creating new log.
I20260601 13:23:56.917883 17912 tablet_service.cc:1917] Received RequestConsensusVote() RPC: tablet_id: "c6ad1e2063674bf09c21a62c081c9f1c" candidate_uuid: "40150559225f40c3993cadf59b84f3dc" candidate_term: 1 candidate_status { last_received { term: 0 index: 0 } } ignore_live_leader: false dest_uuid: "4bbb5be6b69045368c7447e7c48753b1" is_pre_election: true
W20260601 13:23:56.918008 17939 tablet.cc:2404] T 278998b966094242ab881346f75308da P 4bbb5be6b69045368c7447e7c48753b1: Can't schedule compaction. Clean time has not been advanced past its initial value.
I20260601 13:23:56.918016 17912 raft_consensus.cc:2468] T c6ad1e2063674bf09c21a62c081c9f1c P 4bbb5be6b69045368c7447e7c48753b1 [term 0 FOLLOWER]: Leader pre-election vote request: Granting yes vote for candidate 40150559225f40c3993cadf59b84f3dc in term 0.
I20260601 13:23:56.918406 17953 leader_election.cc:304] T c6ad1e2063674bf09c21a62c081c9f1c P 40150559225f40c3993cadf59b84f3dc [CANDIDATE]: Term 1 pre-election: Election decided. Result: candidate won. Election summary: received 2 responses out of 3 voters: 2 yes votes; 0 no votes. yes voters: 40150559225f40c3993cadf59b84f3dc, 4bbb5be6b69045368c7447e7c48753b1; no voters: 
I20260601 13:23:56.919036 18125 raft_consensus.cc:2804] T c6ad1e2063674bf09c21a62c081c9f1c P 40150559225f40c3993cadf59b84f3dc [term 0 FOLLOWER]: Leader pre-election won for term 1
I20260601 13:23:56.919113 18125 raft_consensus.cc:493] T c6ad1e2063674bf09c21a62c081c9f1c P 40150559225f40c3993cadf59b84f3dc [term 0 FOLLOWER]: Starting leader election (no leader contacted us within the election timeout)
I20260601 13:23:56.919169 18125 raft_consensus.cc:3060] T c6ad1e2063674bf09c21a62c081c9f1c P 40150559225f40c3993cadf59b84f3dc [term 0 FOLLOWER]: Advancing to term 1
I20260601 13:23:56.919409 18109 tablet_bootstrap.cc:492] T a4556619b6244d44a1db769dc50bd77e P 40150559225f40c3993cadf59b84f3dc: No bootstrap required, opened a new log
I20260601 13:23:56.919514 18109 ts_tablet_manager.cc:1403] T a4556619b6244d44a1db769dc50bd77e P 40150559225f40c3993cadf59b84f3dc: Time spent bootstrapping tablet: real 0.004s	user 0.001s	sys 0.000s
I20260601 13:23:56.919553 18063 tablet_service.cc:1917] Received RequestConsensusVote() RPC: tablet_id: "c6ad1e2063674bf09c21a62c081c9f1c" candidate_uuid: "40150559225f40c3993cadf59b84f3dc" candidate_term: 1 candidate_status { last_received { term: 0 index: 0 } } ignore_live_leader: false dest_uuid: "821cc32b4cbc4e18a33a895ef5e4ba73" is_pre_election: true
I20260601 13:23:56.919667 18063 raft_consensus.cc:2468] T c6ad1e2063674bf09c21a62c081c9f1c P 821cc32b4cbc4e18a33a895ef5e4ba73 [term 0 FOLLOWER]: Leader pre-election vote request: Granting yes vote for candidate 40150559225f40c3993cadf59b84f3dc in term 0.
I20260601 13:23:56.920030 18109 raft_consensus.cc:359] T a4556619b6244d44a1db769dc50bd77e P 40150559225f40c3993cadf59b84f3dc [term 0 FOLLOWER]: Replica starting. Triggering 0 pending ops. Active config: opid_index: -1 OBSOLETE_local: false peers { permanent_uuid: "4bbb5be6b69045368c7447e7c48753b1" member_type: VOTER last_known_addr { host: "127.13.57.1" port: 35301 } } peers { permanent_uuid: "40150559225f40c3993cadf59b84f3dc" member_type: VOTER last_known_addr { host: "127.13.57.2" port: 40463 } } peers { permanent_uuid: "821cc32b4cbc4e18a33a895ef5e4ba73" member_type: VOTER last_known_addr { host: "127.13.57.3" port: 41531 } }
I20260601 13:23:56.920156 18109 raft_consensus.cc:385] T a4556619b6244d44a1db769dc50bd77e P 40150559225f40c3993cadf59b84f3dc [term 0 FOLLOWER]: Consensus starting up: Expiring failure detector timer to make a prompt election more likely
I20260601 13:23:56.920221 18109 raft_consensus.cc:740] T a4556619b6244d44a1db769dc50bd77e P 40150559225f40c3993cadf59b84f3dc [term 0 FOLLOWER]: Becoming Follower/Learner. State: Replica: 40150559225f40c3993cadf59b84f3dc, State: Initialized, Role: FOLLOWER
I20260601 13:23:56.920356 18109 consensus_queue.cc:260] T a4556619b6244d44a1db769dc50bd77e P 40150559225f40c3993cadf59b84f3dc [NON_LEADER]: Queue going to NON_LEADER mode. State: All replicated index: 0, Majority replicated index: 0, Committed index: 0, Last appended: 0.0, Last appended by leader: 0, Current term: 0, Majority size: -1, State: 0, Mode: NON_LEADER, active raft config: opid_index: -1 OBSOLETE_local: false peers { permanent_uuid: "4bbb5be6b69045368c7447e7c48753b1" member_type: VOTER last_known_addr { host: "127.13.57.1" port: 35301 } } peers { permanent_uuid: "40150559225f40c3993cadf59b84f3dc" member_type: VOTER last_known_addr { host: "127.13.57.2" port: 40463 } } peers { permanent_uuid: "821cc32b4cbc4e18a33a895ef5e4ba73" member_type: VOTER last_known_addr { host: "127.13.57.3" port: 41531 } }
I20260601 13:23:56.920405 18125 raft_consensus.cc:515] T c6ad1e2063674bf09c21a62c081c9f1c P 40150559225f40c3993cadf59b84f3dc [term 1 FOLLOWER]: Starting leader election with config: opid_index: -1 OBSOLETE_local: false peers { permanent_uuid: "4bbb5be6b69045368c7447e7c48753b1" member_type: VOTER last_known_addr { host: "127.13.57.1" port: 35301 } } peers { permanent_uuid: "40150559225f40c3993cadf59b84f3dc" member_type: VOTER last_known_addr { host: "127.13.57.2" port: 40463 } } peers { permanent_uuid: "821cc32b4cbc4e18a33a895ef5e4ba73" member_type: VOTER last_known_addr { host: "127.13.57.3" port: 41531 } }
I20260601 13:23:56.920765 18109 ts_tablet_manager.cc:1434] T a4556619b6244d44a1db769dc50bd77e P 40150559225f40c3993cadf59b84f3dc: Time spent starting tablet: real 0.001s	user 0.001s	sys 0.000s
I20260601 13:23:56.920801 18125 leader_election.cc:290] T c6ad1e2063674bf09c21a62c081c9f1c P 40150559225f40c3993cadf59b84f3dc [CANDIDATE]: Term 1 election: Requested vote from peers 4bbb5be6b69045368c7447e7c48753b1 (127.13.57.1:35301), 821cc32b4cbc4e18a33a895ef5e4ba73 (127.13.57.3:41531)
I20260601 13:23:56.920980 18109 tablet_bootstrap.cc:492] T 49e48bb783334e75867514185be246a0 P 40150559225f40c3993cadf59b84f3dc: Bootstrap starting.
I20260601 13:23:56.921134 17912 tablet_service.cc:1917] Received RequestConsensusVote() RPC: tablet_id: "c6ad1e2063674bf09c21a62c081c9f1c" candidate_uuid: "40150559225f40c3993cadf59b84f3dc" candidate_term: 1 candidate_status { last_received { term: 0 index: 0 } } ignore_live_leader: false dest_uuid: "4bbb5be6b69045368c7447e7c48753b1"
I20260601 13:23:56.921240 17912 raft_consensus.cc:3060] T c6ad1e2063674bf09c21a62c081c9f1c P 4bbb5be6b69045368c7447e7c48753b1 [term 0 FOLLOWER]: Advancing to term 1
I20260601 13:23:56.921273 18063 tablet_service.cc:1917] Received RequestConsensusVote() RPC: tablet_id: "c6ad1e2063674bf09c21a62c081c9f1c" candidate_uuid: "40150559225f40c3993cadf59b84f3dc" candidate_term: 1 candidate_status { last_received { term: 0 index: 0 } } ignore_live_leader: false dest_uuid: "821cc32b4cbc4e18a33a895ef5e4ba73"
I20260601 13:23:56.921366 18063 raft_consensus.cc:3060] T c6ad1e2063674bf09c21a62c081c9f1c P 821cc32b4cbc4e18a33a895ef5e4ba73 [term 0 FOLLOWER]: Advancing to term 1
I20260601 13:23:56.922071 18109 tablet_bootstrap.cc:654] T 49e48bb783334e75867514185be246a0 P 40150559225f40c3993cadf59b84f3dc: Neither blocks nor log segments found. Creating new log.
I20260601 13:23:56.922304 17912 raft_consensus.cc:2468] T c6ad1e2063674bf09c21a62c081c9f1c P 4bbb5be6b69045368c7447e7c48753b1 [term 1 FOLLOWER]: Leader election vote request: Granting yes vote for candidate 40150559225f40c3993cadf59b84f3dc in term 1.
I20260601 13:23:56.922494 18063 raft_consensus.cc:2468] T c6ad1e2063674bf09c21a62c081c9f1c P 821cc32b4cbc4e18a33a895ef5e4ba73 [term 1 FOLLOWER]: Leader election vote request: Granting yes vote for candidate 40150559225f40c3993cadf59b84f3dc in term 1.
I20260601 13:23:56.922544 17953 leader_election.cc:304] T c6ad1e2063674bf09c21a62c081c9f1c P 40150559225f40c3993cadf59b84f3dc [CANDIDATE]: Term 1 election: Election decided. Result: candidate won. Election summary: received 2 responses out of 3 voters: 2 yes votes; 0 no votes. yes voters: 40150559225f40c3993cadf59b84f3dc, 4bbb5be6b69045368c7447e7c48753b1; no voters: 
I20260601 13:23:56.922854 18125 raft_consensus.cc:2804] T c6ad1e2063674bf09c21a62c081c9f1c P 40150559225f40c3993cadf59b84f3dc [term 1 FOLLOWER]: Leader election won for term 1
I20260601 13:23:56.922938 18125 raft_consensus.cc:697] T c6ad1e2063674bf09c21a62c081c9f1c P 40150559225f40c3993cadf59b84f3dc [term 1 LEADER]: Becoming Leader. State: Replica: 40150559225f40c3993cadf59b84f3dc, State: Running, Role: LEADER
I20260601 13:23:56.923074 18125 consensus_queue.cc:237] T c6ad1e2063674bf09c21a62c081c9f1c P 40150559225f40c3993cadf59b84f3dc [LEADER]: Queue going to LEADER mode. State: All replicated index: 0, Majority replicated index: 0, Committed index: 0, Last appended: 0.0, Last appended by leader: 0, Current term: 1, Majority size: 2, State: 0, Mode: LEADER, active raft config: opid_index: -1 OBSOLETE_local: false peers { permanent_uuid: "4bbb5be6b69045368c7447e7c48753b1" member_type: VOTER last_known_addr { host: "127.13.57.1" port: 35301 } } peers { permanent_uuid: "40150559225f40c3993cadf59b84f3dc" member_type: VOTER last_known_addr { host: "127.13.57.2" port: 40463 } } peers { permanent_uuid: "821cc32b4cbc4e18a33a895ef5e4ba73" member_type: VOTER last_known_addr { host: "127.13.57.3" port: 41531 } }
I20260601 13:23:56.924492 18109 tablet_bootstrap.cc:492] T 49e48bb783334e75867514185be246a0 P 40150559225f40c3993cadf59b84f3dc: No bootstrap required, opened a new log
I20260601 13:23:56.924602 18109 ts_tablet_manager.cc:1403] T 49e48bb783334e75867514185be246a0 P 40150559225f40c3993cadf59b84f3dc: Time spent bootstrapping tablet: real 0.004s	user 0.002s	sys 0.000s
I20260601 13:23:56.924839 17809 catalog_manager.cc:5696] T c6ad1e2063674bf09c21a62c081c9f1c P 40150559225f40c3993cadf59b84f3dc reported cstate change: term changed from 0 to 1, leader changed from <none> to 40150559225f40c3993cadf59b84f3dc (127.13.57.2). New cstate: current_term: 1 leader_uuid: "40150559225f40c3993cadf59b84f3dc" committed_config { opid_index: -1 OBSOLETE_local: false peers { permanent_uuid: "4bbb5be6b69045368c7447e7c48753b1" member_type: VOTER last_known_addr { host: "127.13.57.1" port: 35301 } health_report { overall_health: UNKNOWN } } peers { permanent_uuid: "40150559225f40c3993cadf59b84f3dc" member_type: VOTER last_known_addr { host: "127.13.57.2" port: 40463 } health_report { overall_health: HEALTHY } } peers { permanent_uuid: "821cc32b4cbc4e18a33a895ef5e4ba73" member_type: VOTER last_known_addr { host: "127.13.57.3" port: 41531 } health_report { overall_health: UNKNOWN } } }
I20260601 13:23:56.925011 18109 raft_consensus.cc:359] T 49e48bb783334e75867514185be246a0 P 40150559225f40c3993cadf59b84f3dc [term 0 FOLLOWER]: Replica starting. Triggering 0 pending ops. Active config: opid_index: -1 OBSOLETE_local: false peers { permanent_uuid: "4bbb5be6b69045368c7447e7c48753b1" member_type: VOTER last_known_addr { host: "127.13.57.1" port: 35301 } } peers { permanent_uuid: "40150559225f40c3993cadf59b84f3dc" member_type: VOTER last_known_addr { host: "127.13.57.2" port: 40463 } } peers { permanent_uuid: "821cc32b4cbc4e18a33a895ef5e4ba73" member_type: VOTER last_known_addr { host: "127.13.57.3" port: 41531 } }
I20260601 13:23:56.925135 18109 raft_consensus.cc:385] T 49e48bb783334e75867514185be246a0 P 40150559225f40c3993cadf59b84f3dc [term 0 FOLLOWER]: Consensus starting up: Expiring failure detector timer to make a prompt election more likely
I20260601 13:23:56.925179 18109 raft_consensus.cc:740] T 49e48bb783334e75867514185be246a0 P 40150559225f40c3993cadf59b84f3dc [term 0 FOLLOWER]: Becoming Follower/Learner. State: Replica: 40150559225f40c3993cadf59b84f3dc, State: Initialized, Role: FOLLOWER
I20260601 13:23:56.925307 18109 consensus_queue.cc:260] T 49e48bb783334e75867514185be246a0 P 40150559225f40c3993cadf59b84f3dc [NON_LEADER]: Queue going to NON_LEADER mode. State: All replicated index: 0, Majority replicated index: 0, Committed index: 0, Last appended: 0.0, Last appended by leader: 0, Current term: 0, Majority size: -1, State: 0, Mode: NON_LEADER, active raft config: opid_index: -1 OBSOLETE_local: false peers { permanent_uuid: "4bbb5be6b69045368c7447e7c48753b1" member_type: VOTER last_known_addr { host: "127.13.57.1" port: 35301 } } peers { permanent_uuid: "40150559225f40c3993cadf59b84f3dc" member_type: VOTER last_known_addr { host: "127.13.57.2" port: 40463 } } peers { permanent_uuid: "821cc32b4cbc4e18a33a895ef5e4ba73" member_type: VOTER last_known_addr { host: "127.13.57.3" port: 41531 } }
I20260601 13:23:56.925599 18109 ts_tablet_manager.cc:1434] T 49e48bb783334e75867514185be246a0 P 40150559225f40c3993cadf59b84f3dc: Time spent starting tablet: real 0.001s	user 0.000s	sys 0.000s
I20260601 13:23:56.940395 18162 raft_consensus.cc:493] T a4556619b6244d44a1db769dc50bd77e P 40150559225f40c3993cadf59b84f3dc [term 0 FOLLOWER]: Starting pre-election (no leader contacted us within the election timeout)
I20260601 13:23:56.940583 18162 raft_consensus.cc:515] T a4556619b6244d44a1db769dc50bd77e P 40150559225f40c3993cadf59b84f3dc [term 0 FOLLOWER]: Starting pre-election with config: opid_index: -1 OBSOLETE_local: false peers { permanent_uuid: "4bbb5be6b69045368c7447e7c48753b1" member_type: VOTER last_known_addr { host: "127.13.57.1" port: 35301 } } peers { permanent_uuid: "40150559225f40c3993cadf59b84f3dc" member_type: VOTER last_known_addr { host: "127.13.57.2" port: 40463 } } peers { permanent_uuid: "821cc32b4cbc4e18a33a895ef5e4ba73" member_type: VOTER last_known_addr { host: "127.13.57.3" port: 41531 } }
I20260601 13:23:56.941295 18162 leader_election.cc:290] T a4556619b6244d44a1db769dc50bd77e P 40150559225f40c3993cadf59b84f3dc [CANDIDATE]: Term 1 pre-election: Requested pre-vote from peers 4bbb5be6b69045368c7447e7c48753b1 (127.13.57.1:35301), 821cc32b4cbc4e18a33a895ef5e4ba73 (127.13.57.3:41531)
